[INFO] fetching crate datadot 0.0.1...
[INFO] testing datadot-0.0.1 against 1.100.0-beta.1+cargoflags=--release for beta-release-1.100-2
[INFO] extracting crate datadot 0.0.1 into /workspace/builds/worker-5-tc2/source
[INFO] started tweaking crates.io crate datadot 0.0.1
[INFO] removed 1 missing examples
[INFO] finished tweaking crates.io crate datadot 0.0.1
[INFO] tweaked toml for crates.io crate datadot 0.0.1 written to /workspace/builds/worker-5-tc2/source/Cargo.toml
[INFO] validating manifest of crates.io crate datadot 0.0.1 on toolchain 1.100.0-beta.1
[INFO] running `Command { std: CARGO_HOME="/workspace/cargo-home" RUSTUP_HOME="/workspace/rustup-home" "/workspace/cargo-home/bin/cargo" "+1.100.0-beta.1" "metadata" "--manifest-path" "Cargo.toml" "--no-deps", kill_on_drop: false }`
[INFO] running `Command { std: CARGO_HOME="/workspace/cargo-home" RUSTUP_HOME="/workspace/rustup-home" "/workspace/cargo-home/bin/cargo" "+1.100.0-beta.1" "generate-lockfile" "--manifest-path" "Cargo.toml", kill_on_drop: false }`
[INFO] [stderr]     Updating crates.io index
[INFO] [stderr]      Locking 79 packages to highest compatible versions
[INFO] [stderr]       Adding clap v2.34.0 (available: v4.6.7)
[INFO] [stderr]       Adding dynamic_reload v0.3.0 (available: v0.10.0)
[INFO] [stderr]       Adding json v0.11.15 (available: v0.12.4)
[INFO] [stderr]       Adding socket2 v0.3.19 (available: v0.6.5)
[INFO] [stderr]       Adding wasi v0.10.0+wasi-snapshot-preview1 (available: v0.10.2+wasi-snapshot-preview1)
[INFO] running `Command { std: CARGO_HOME="/workspace/cargo-home" RUSTUP_HOME="/workspace/rustup-home" "/workspace/cargo-home/bin/cargo" "+1.100.0-beta.1" "fetch" "--manifest-path" "Cargo.toml", kill_on_drop: false }`
[INFO] [stderr] warning: Cargo.toml: `package.edition` is unspecified, defaulting to `2015` while the latest is `2024`
[INFO] [stderr] warning: `datadot` (manifest) generated 1 warning
[INFO] running `Command { std: "docker" "create" "-v" "/var/lib/crater-agent-workspace/builds/worker-5-tc2/source:/opt/rustwide/workdir:ro,Z" "-v" "/var/lib/crater-agent-workspace/builds/worker-5-tc2/target:/opt/rustwide/target:rw,Z" "-v" "/var/lib/crater-agent-workspace/cargo-home:/opt/rustwide/cargo-home:ro,Z" "-v" "/var/lib/crater-agent-workspace/rustup-home:/opt/rustwide/rustup-home:ro,Z" "-m" "1610612736" "--network" "none" "ghcr.io/rust-lang/crates-build-env/linux@sha256:77db811e55d90add9212f6832c23229e3de5f1c1f9905e8cb07319ea15df73ac" "sleep" "infinity", kill_on_drop: false }`
[INFO] [stdout] 6f3ff2f3f21c097986567965d775a6522bc0a63095319c3ff2f7d751fe0db2ef
[INFO] running `Command { std: "docker" "start" "6f3ff2f3f21c097986567965d775a6522bc0a63095319c3ff2f7d751fe0db2ef", kill_on_drop: false }`
[INFO] running `Command { std: "docker" "inspect" "6f3ff2f3f21c097986567965d775a6522bc0a63095319c3ff2f7d751fe0db2ef", kill_on_drop: false }`
[INFO] running `Command { std: "docker" "exec" "-e" "SOURCE_DIR=/opt/rustwide/workdir" "-e" "CARGO_HOME=/opt/rustwide/cargo-home" "-e" "RUSTUP_HOME=/opt/rustwide/rustup-home" "-e" "CARGO_TARGET_DIR=/opt/rustwide/target" "-w" "/opt/rustwide/workdir" "--user" "0:0" "6f3ff2f3f21c097986567965d775a6522bc0a63095319c3ff2f7d751fe0db2ef" "/opt/rustwide/cargo-home/bin/cargo" "+1.100.0-beta.1" "metadata" "--no-deps" "--format-version=1", kill_on_drop: false }`
[INFO] running `Command { std: "docker" "inspect" "6f3ff2f3f21c097986567965d775a6522bc0a63095319c3ff2f7d751fe0db2ef", kill_on_drop: false }`
[INFO] running `Command { std: "docker" "exec" "-e" "SOURCE_DIR=/opt/rustwide/workdir" "-e" "CARGO_HOME=/opt/rustwide/cargo-home" "-e" "RUSTUP_HOME=/opt/rustwide/rustup-home" "-e" "CARGO_TARGET_DIR=/opt/rustwide/target" "-e" "CARGO_INCREMENTAL=0" "-e" "RUST_BACKTRACE=full" "-e" "RUSTFLAGS=--cap-lints=warn" "-e" "RUSTDOCFLAGS=--cap-lints=warn" "-w" "/opt/rustwide/workdir" "--user" "0:0" "6f3ff2f3f21c097986567965d775a6522bc0a63095319c3ff2f7d751fe0db2ef" "/opt/rustwide/cargo-home/bin/cargo" "+1.100.0-beta.1" "build" "--frozen" "--message-format=json" "--release", kill_on_drop: false }`
[INFO] [stderr] warning: Cargo.toml: `package.edition` is unspecified, defaulting to `2015` while the latest is `2024`
[INFO] [stderr] warning: `datadot` (manifest) generated 1 warning
[INFO] [stderr]    Compiling libc v0.2.191
[INFO] [stderr]    Compiling winapi-build v0.1.1
[INFO] [stderr]    Compiling num-traits v0.2.19
[INFO] [stderr]    Compiling winapi v0.2.8
[INFO] [stderr]    Compiling serde v0.9.15
[INFO] [stderr]    Compiling dtoa v0.4.8
[INFO] [stderr]    Compiling itoa v0.3.4
[INFO] [stderr]    Compiling phf_shared v0.7.24
[INFO] [stderr]    Compiling net2 v0.2.39
[INFO] [stderr]    Compiling bitflags v0.4.0
[INFO] [stderr]    Compiling time v0.1.45
[INFO] [stderr]    Compiling slab v0.1.3
[INFO] [stderr]    Compiling bytes v0.3.0
[INFO] [stderr]    Compiling filetime v0.1.15
[INFO] [stderr]    Compiling inotify v0.2.3
[INFO] [stderr]    Compiling lazy_static v0.2.11
[INFO] [stderr]    Compiling dynamic_reload v0.3.0
[INFO] [stderr]    Compiling tempdir v0.3.7
[INFO] [stderr]    Compiling regex-automata v0.4.18
[INFO] [stderr]    Compiling kernel32-sys v0.2.2
[INFO] [stderr]    Compiling ws2_32-sys v0.2.1
[INFO] [stderr]    Compiling phf v0.7.24
[INFO] [stderr]    Compiling nix v0.5.1
[INFO] [stderr]    Compiling atty v0.2.14
[INFO] [stderr]    Compiling walkdir v0.1.8
[INFO] [stderr]    Compiling datadot v0.0.1 (/opt/rustwide/workdir)
[INFO] [stderr]    Compiling socket2 v0.3.19
[INFO] [stderr]    Compiling json v0.11.15
[INFO] [stderr]    Compiling clap v2.34.0
[INFO] [stderr]    Compiling miow v0.1.5
[INFO] [stderr]    Compiling rand_os v0.1.3
[INFO] [stderr]    Compiling rand v0.6.5
[INFO] [stderr]    Compiling num-traits v0.1.43
[INFO] [stderr]    Compiling mio v0.5.1
[INFO] [stderr]    Compiling notify v2.6.3
[INFO] [stderr]    Compiling phf_generator v0.7.24
[INFO] [stderr]    Compiling phf_codegen v0.7.24
[INFO] [stderr]    Compiling target_build_utils v0.3.1
[INFO] [stderr]    Compiling serde_json v0.9.10
[INFO] [stderr]    Compiling regex v1.13.1
[INFO] [stderr]    Compiling libloading v0.3.4
[INFO] [stdout] warning: `extern` declarations without an explicit ABI are deprecated
[INFO] [stdout]   --> src/dot.rs:97:36
[INFO] [stdout]    |
[INFO] [stdout] 97 |                     let pc: Symbol<extern fn(message: &[u8], data: &json::JsonValue) -> json::JsonValue> = unsafe {
[INFO] [stdout]    |                                    ^^^^^^ help: explicitly specify the "C" ABI: `extern "C"`
[INFO] [stdout]    |
[INFO] [stdout]    = note: `#[warn(missing_abi)]` on by default
[INFO] [stdout] 
[INFO] [stdout] 
[INFO] [stdout] warning: trait objects without an explicit `dyn` are deprecated
[INFO] [stdout]   --> src/dot.rs:79:82
[INFO] [stdout]    |
[INFO] [stdout] 79 |     pub fn process_command(&mut self, message: &[u8]) -> std::result::Result<Box<Any>, &'static str>{
[INFO] [stdout]    |                                                                                  ^^^
[INFO] [stdout]    |
[INFO] [stdout]    = warning: this is accepted in the current edition (Rust 2015) but is a hard error in Rust 2021!
[INFO] [stdout]    = note: for more information, see <https://doc.rust-lang.org/edition-guide/rust-2021/warnings-promoted-to-error.html>
[INFO] [stdout]    = note: `#[warn(bare_trait_objects)]` (part of `#[warn(rust_2021_compatibility)]`) on by default
[INFO] [stdout] help: if this is a dyn-compatible trait, use `dyn`
[INFO] [stdout]    |
[INFO] [stdout] 79 |     pub fn process_command(&mut self, message: &[u8]) -> std::result::Result<Box<dyn Any>, &'static str>{
[INFO] [stdout]    |                                                                                  +++
[INFO] [stdout] 
[INFO] [stdout] 
[INFO] [stdout] warning: use of deprecated method `std::error::Error::description`: use the Display impl or to_string()
[INFO] [stdout]   --> src/helper.rs:92:14
[INFO] [stdout]    |
[INFO] [stdout] 92 |         self.description() == other.description()
[INFO] [stdout]    |              ^^^^^^^^^^^
[INFO] [stdout]    |
[INFO] [stdout]    = note: `#[warn(deprecated)]` on by default
[INFO] [stdout] 
[INFO] [stdout] 
[INFO] [stdout] warning: use of deprecated method `std::error::Error::description`: use the Display impl or to_string()
[INFO] [stdout]   --> src/helper.rs:92:37
[INFO] [stdout]    |
[INFO] [stdout] 92 |         self.description() == other.description()
[INFO] [stdout]    |                                     ^^^^^^^^^^^
[INFO] [stdout] 
[INFO] [stdout] 
[INFO] [stdout] warning: unused `Result` that must be used
[INFO] [stdout]   --> src/multicast.rs:70:5
[INFO] [stdout]    |
[INFO] [stdout] 70 |     socket.set_reuse_address(true);
[INFO] [stdout]    |     ^^^^^^^^^^^^^^^^^^^^^^^^^^^^^^
[INFO] [stdout]    |
[INFO] [stdout]    = note: this `Result` may be an `Err` variant, which should be handled
[INFO] [stdout]    = note: `#[warn(unused_must_use)]` (part of `#[warn(unused)]`) on by default
[INFO] [stdout] help: use `let _ = ...` to ignore the resulting value
[INFO] [stdout]    |
[INFO] [stdout] 70 |     let _ = socket.set_reuse_address(true);
[INFO] [stdout]    |     +++++++
[INFO] [stdout] 
[INFO] [stdout] 
[INFO] [stdout] warning: unused `Result` that must be used
[INFO] [stdout]   --> src/multicast.rs:73:5
[INFO] [stdout]    |
[INFO] [stdout] 73 |     socket.set_reuse_port(true);
[INFO] [stdout]    |     ^^^^^^^^^^^^^^^^^^^^^^^^^^^
[INFO] [stdout]    |
[INFO] [stdout]    = note: this `Result` may be an `Err` variant, which should be handled
[INFO] [stdout] help: use `let _ = ...` to ignore the resulting value
[INFO] [stdout]    |
[INFO] [stdout] 73 |     let _ = socket.set_reuse_port(true);
[INFO] [stdout]    |     +++++++
[INFO] [stdout] 
[INFO] [stdout] 
[INFO] [stdout] warning: call to `.clone()` on a reference in this situation does nothing
[INFO] [stdout]    --> src/multicast.rs:113:53
[INFO] [stdout]     |
[INFO] [stdout] 113 |                         if *STOP.as_bytes() == *data.clone() {
[INFO] [stdout]     |                                                     ^^^^^^^^ help: remove this redundant call
[INFO] [stdout]     |
[INFO] [stdout]     = note: the type `[u8]` does not implement `Clone`, so calling `clone` on `&[u8]` copies the reference, which does not do anything and can be removed
[INFO] [stdout]     = note: `#[warn(noop_method_call)]` on by default
[INFO] [stdout] 
[INFO] [stdout] 
[INFO] [stdout] warning: unused `Result` that must be used
[INFO] [stdout]   --> src/dot.rs:42:13
[INFO] [stdout]    |
[INFO] [stdout] 42 |             d.push(*byt as u64);
[INFO] [stdout]    |             ^^^^^^^^^^^^^^^^^^^
[INFO] [stdout]    |
[INFO] [stdout]    = note: this `Result` may be an `Err` variant, which should be handled
[INFO] [stdout] help: use `let _ = ...` to ignore the resulting value
[INFO] [stdout]    |
[INFO] [stdout] 42 |             let _ = d.push(*byt as u64);
[INFO] [stdout]    |             +++++++
[INFO] [stdout] 
[INFO] [stdout] 
[INFO] [stdout] warning: unused `Result` that must be used
[INFO] [stdout]   --> src/plugin_mngt.rs:60:9
[INFO] [stdout]    |
[INFO] [stdout] 60 |         self.unload();
[INFO] [stdout]    |         ^^^^^^^^^^^^^
[INFO] [stdout]    |
[INFO] [stdout]    = note: this `Result` may be an `Err` variant, which should be handled
[INFO] [stdout] help: use `let _ = ...` to ignore the resulting value
[INFO] [stdout]    |
[INFO] [stdout] 60 |         let _ = self.unload();
[INFO] [stdout]    |         +++++++
[INFO] [stdout] 
[INFO] [stdout] 
[INFO] [stdout] warning: unused borrow that must be used
[INFO] [stdout]    --> src/plugin_mngt.rs:100:9
[INFO] [stdout]     |
[INFO] [stdout] 100 |         &self.reload_handler.update(Plugins::reload_callback, &mut self.plugins);
[INFO] [stdout]     |         ^^^^^^^^^^^^^^^^^^^^^^^^^^^^^^^^^^^^^^^^^^^^^^^^^^^^^^^^^^^^^^^^^^^^^^^^ the borrow produces a value
[INFO] [stdout]     |
[INFO] [stdout] help: use `let _ = ...` to ignore the resulting value
[INFO] [stdout]     |
[INFO] [stdout] 100 |         let _ = &self.reload_handler.update(Plugins::reload_callback, &mut self.plugins);
[INFO] [stdout]     |         +++++++
[INFO] [stdout] 
[INFO] [stdout] 
[INFO] [stdout] warning: unused import: `Ipv6Addr`
[INFO] [stdout]  --> src/bin/datadot.rs:4:34
[INFO] [stdout]   |
[INFO] [stdout] 4 | use std::net::{IpAddr, Ipv4Addr, Ipv6Addr};
[INFO] [stdout]   |                                  ^^^^^^^^
[INFO] [stdout]   |
[INFO] [stdout]   = note: `#[warn(unused_imports)]` (part of `#[warn(unused)]`) on by default
[INFO] [stdout] 
[INFO] [stdout] 
[INFO] [stderr]     Finished `release` profile [optimized] target(s) in 28.22s
[INFO] [stderr] warning: the following packages contain code that will be rejected by a future version of Rust: bitflags v0.4.0
[INFO] [stderr] note: to see what the problems were, use the option `--future-incompat-report`, or run `cargo report future-incompatibilities --id 8`
[INFO] running `Command { std: "docker" "inspect" "6f3ff2f3f21c097986567965d775a6522bc0a63095319c3ff2f7d751fe0db2ef", kill_on_drop: false }`
[INFO] running `Command { std: "docker" "exec" "-e" "SOURCE_DIR=/opt/rustwide/workdir" "-e" "CARGO_HOME=/opt/rustwide/cargo-home" "-e" "RUSTUP_HOME=/opt/rustwide/rustup-home" "-e" "CARGO_TARGET_DIR=/opt/rustwide/target" "-e" "CARGO_INCREMENTAL=0" "-e" "RUST_BACKTRACE=full" "-e" "RUSTFLAGS=--cap-lints=warn" "-e" "RUSTDOCFLAGS=--cap-lints=warn" "-w" "/opt/rustwide/workdir" "--user" "0:0" "6f3ff2f3f21c097986567965d775a6522bc0a63095319c3ff2f7d751fe0db2ef" "/opt/rustwide/cargo-home/bin/cargo" "+1.100.0-beta.1" "test" "--frozen" "--no-run" "--message-format=json" "--release", kill_on_drop: false }`
[INFO] [stderr] warning: Cargo.toml: `package.edition` is unspecified, defaulting to `2015` while the latest is `2024`
[INFO] [stderr] warning: `datadot` (manifest) generated 1 warning
[INFO] [stdout] warning: `extern` declarations without an explicit ABI are deprecated
[INFO] [stdout]   --> src/dot.rs:97:36
[INFO] [stdout]    |
[INFO] [stdout] 97 |                     let pc: Symbol<extern fn(message: &[u8], data: &json::JsonValue) -> json::JsonValue> = unsafe {
[INFO] [stdout]    |                                    ^^^^^^ help: explicitly specify the "C" ABI: `extern "C"`
[INFO] [stdout]    |
[INFO] [stdout]    = note: `#[warn(missing_abi)]` on by default
[INFO] [stdout] 
[INFO] [stdout] 
[INFO] [stdout] warning: trait objects without an explicit `dyn` are deprecated
[INFO] [stdout]   --> src/dot.rs:79:82
[INFO] [stdout]    |
[INFO] [stdout] 79 |     pub fn process_command(&mut self, message: &[u8]) -> std::result::Result<Box<Any>, &'static str>{
[INFO] [stdout]    |                                                                                  ^^^
[INFO] [stdout]    |
[INFO] [stdout]    = warning: this is accepted in the current edition (Rust 2015) but is a hard error in Rust 2021!
[INFO] [stdout]    = note: for more information, see <https://doc.rust-lang.org/edition-guide/rust-2021/warnings-promoted-to-error.html>
[INFO] [stdout]    = note: `#[warn(bare_trait_objects)]` (part of `#[warn(rust_2021_compatibility)]`) on by default
[INFO] [stdout] help: if this is a dyn-compatible trait, use `dyn`
[INFO] [stdout]    |
[INFO] [stdout] 79 |     pub fn process_command(&mut self, message: &[u8]) -> std::result::Result<Box<dyn Any>, &'static str>{
[INFO] [stdout]    |                                                                                  +++
[INFO] [stdout] 
[INFO] [stdout] 
[INFO] [stdout] warning: use of deprecated method `std::error::Error::description`: use the Display impl or to_string()
[INFO] [stdout]   --> src/helper.rs:92:14
[INFO] [stdout]    |
[INFO] [stdout] 92 |         self.description() == other.description()
[INFO] [stdout]    |              ^^^^^^^^^^^
[INFO] [stdout]    |
[INFO] [stdout]    = note: `#[warn(deprecated)]` on by default
[INFO] [stdout] 
[INFO] [stdout] 
[INFO] [stdout] warning: use of deprecated method `std::error::Error::description`: use the Display impl or to_string()
[INFO] [stdout]   --> src/helper.rs:92:37
[INFO] [stdout]    |
[INFO] [stdout] 92 |         self.description() == other.description()
[INFO] [stdout]    |                                     ^^^^^^^^^^^
[INFO] [stdout] 
[INFO] [stdout] 
[INFO] [stdout] warning: unused `Result` that must be used
[INFO] [stdout]   --> src/multicast.rs:70:5
[INFO] [stdout]    |
[INFO] [stdout] 70 |     socket.set_reuse_address(true);
[INFO] [stdout]    |     ^^^^^^^^^^^^^^^^^^^^^^^^^^^^^^
[INFO] [stdout]    |
[INFO] [stdout]    = note: this `Result` may be an `Err` variant, which should be handled
[INFO] [stdout]    = note: `#[warn(unused_must_use)]` (part of `#[warn(unused)]`) on by default
[INFO] [stdout] help: use `let _ = ...` to ignore the resulting value
[INFO] [stdout]    |
[INFO] [stdout] 70 |     let _ = socket.set_reuse_address(true);
[INFO] [stdout]    |     +++++++
[INFO] [stdout] 
[INFO] [stdout] 
[INFO] [stdout] warning: unused `Result` that must be used
[INFO] [stdout]   --> src/multicast.rs:73:5
[INFO] [stdout]    |
[INFO] [stdout] 73 |     socket.set_reuse_port(true);
[INFO] [stdout]    |     ^^^^^^^^^^^^^^^^^^^^^^^^^^^
[INFO] [stdout]    |
[INFO] [stdout]    = note: this `Result` may be an `Err` variant, which should be handled
[INFO] [stdout] help: use `let _ = ...` to ignore the resulting value
[INFO] [stdout]    |
[INFO] [stdout] 73 |     let _ = socket.set_reuse_port(true);
[INFO] [stdout]    |     +++++++
[INFO] [stdout] 
[INFO] [stdout] 
[INFO] [stderr]    Compiling datadot v0.0.1 (/opt/rustwide/workdir)
[INFO] [stdout] warning: call to `.clone()` on a reference in this situation does nothing
[INFO] [stdout]    --> src/multicast.rs:113:53
[INFO] [stdout]     |
[INFO] [stdout] 113 |                         if *STOP.as_bytes() == *data.clone() {
[INFO] [stdout]     |                                                     ^^^^^^^^ help: remove this redundant call
[INFO] [stdout]     |
[INFO] [stdout]     = note: the type `[u8]` does not implement `Clone`, so calling `clone` on `&[u8]` copies the reference, which does not do anything and can be removed
[INFO] [stdout]     = note: `#[warn(noop_method_call)]` on by default
[INFO] [stdout] 
[INFO] [stdout] 
[INFO] [stdout] warning: unused `Result` that must be used
[INFO] [stdout]   --> src/dot.rs:42:13
[INFO] [stdout]    |
[INFO] [stdout] 42 |             d.push(*byt as u64);
[INFO] [stdout]    |             ^^^^^^^^^^^^^^^^^^^
[INFO] [stdout]    |
[INFO] [stdout]    = note: this `Result` may be an `Err` variant, which should be handled
[INFO] [stdout] help: use `let _ = ...` to ignore the resulting value
[INFO] [stdout]    |
[INFO] [stdout] 42 |             let _ = d.push(*byt as u64);
[INFO] [stdout]    |             +++++++
[INFO] [stdout] 
[INFO] [stdout] 
[INFO] [stdout] warning: unused `Result` that must be used
[INFO] [stdout]   --> src/plugin_mngt.rs:60:9
[INFO] [stdout]    |
[INFO] [stdout] 60 |         self.unload();
[INFO] [stdout]    |         ^^^^^^^^^^^^^
[INFO] [stdout]    |
[INFO] [stdout]    = note: this `Result` may be an `Err` variant, which should be handled
[INFO] [stdout] help: use `let _ = ...` to ignore the resulting value
[INFO] [stdout]    |
[INFO] [stdout] 60 |         let _ = self.unload();
[INFO] [stdout]    |         +++++++
[INFO] [stdout] 
[INFO] [stdout] 
[INFO] [stdout] warning: unused borrow that must be used
[INFO] [stdout]    --> src/plugin_mngt.rs:100:9
[INFO] [stdout]     |
[INFO] [stdout] 100 |         &self.reload_handler.update(Plugins::reload_callback, &mut self.plugins);
[INFO] [stdout]     |         ^^^^^^^^^^^^^^^^^^^^^^^^^^^^^^^^^^^^^^^^^^^^^^^^^^^^^^^^^^^^^^^^^^^^^^^^ the borrow produces a value
[INFO] [stdout]     |
[INFO] [stdout] help: use `let _ = ...` to ignore the resulting value
[INFO] [stdout]     |
[INFO] [stdout] 100 |         let _ = &self.reload_handler.update(Plugins::reload_callback, &mut self.plugins);
[INFO] [stdout]     |         +++++++
[INFO] [stdout] 
[INFO] [stdout] 
[INFO] [stdout] warning: `extern` declarations without an explicit ABI are deprecated
[INFO] [stdout]   --> src/dot.rs:97:36
[INFO] [stdout]    |
[INFO] [stdout] 97 |                     let pc: Symbol<extern fn(message: &[u8], data: &json::JsonValue) -> json::JsonValue> = unsafe {
[INFO] [stdout]    |                                    ^^^^^^ help: explicitly specify the "C" ABI: `extern "C"`
[INFO] [stdout]    |
[INFO] [stdout]    = note: `#[warn(missing_abi)]` on by default
[INFO] [stdout] 
[INFO] [stdout] 
[INFO] [stdout] warning: unused import: `Ipv6Addr`
[INFO] [stdout]  --> src/bin/datadot.rs:4:34
[INFO] [stdout]   |
[INFO] [stdout] 4 | use std::net::{IpAddr, Ipv4Addr, Ipv6Addr};
[INFO] [stdout]   |                                  ^^^^^^^^
[INFO] [stdout]   |
[INFO] [stdout]   = note: `#[warn(unused_imports)]` (part of `#[warn(unused)]`) on by default
[INFO] [stdout] 
[INFO] [stdout] 
[INFO] [stdout] warning: trait objects without an explicit `dyn` are deprecated
[INFO] [stdout]   --> src/dot.rs:79:82
[INFO] [stdout]    |
[INFO] [stdout] 79 |     pub fn process_command(&mut self, message: &[u8]) -> std::result::Result<Box<Any>, &'static str>{
[INFO] [stdout]    |                                                                                  ^^^
[INFO] [stdout]    |
[INFO] [stdout]    = warning: this is accepted in the current edition (Rust 2015) but is a hard error in Rust 2021!
[INFO] [stdout]    = note: for more information, see <https://doc.rust-lang.org/edition-guide/rust-2021/warnings-promoted-to-error.html>
[INFO] [stdout]    = note: `#[warn(bare_trait_objects)]` (part of `#[warn(rust_2021_compatibility)]`) on by default
[INFO] [stdout] help: if this is a dyn-compatible trait, use `dyn`
[INFO] [stdout]    |
[INFO] [stdout] 79 |     pub fn process_command(&mut self, message: &[u8]) -> std::result::Result<Box<dyn Any>, &'static str>{
[INFO] [stdout]    |                                                                                  +++
[INFO] [stdout] 
[INFO] [stdout] 
[INFO] [stdout] warning: use of deprecated method `std::error::Error::description`: use the Display impl or to_string()
[INFO] [stdout]   --> src/helper.rs:92:14
[INFO] [stdout]    |
[INFO] [stdout] 92 |         self.description() == other.description()
[INFO] [stdout]    |              ^^^^^^^^^^^
[INFO] [stdout]    |
[INFO] [stdout]    = note: `#[warn(deprecated)]` on by default
[INFO] [stdout] 
[INFO] [stdout] 
[INFO] [stdout] warning: use of deprecated method `std::error::Error::description`: use the Display impl or to_string()
[INFO] [stdout]   --> src/helper.rs:92:37
[INFO] [stdout]    |
[INFO] [stdout] 92 |         self.description() == other.description()
[INFO] [stdout]    |                                     ^^^^^^^^^^^
[INFO] [stdout] 
[INFO] [stdout] 
[INFO] [stdout] warning: unused `Result` that must be used
[INFO] [stdout]   --> src/multicast.rs:70:5
[INFO] [stdout]    |
[INFO] [stdout] 70 |     socket.set_reuse_address(true);
[INFO] [stdout]    |     ^^^^^^^^^^^^^^^^^^^^^^^^^^^^^^
[INFO] [stdout]    |
[INFO] [stdout]    = note: this `Result` may be an `Err` variant, which should be handled
[INFO] [stdout]    = note: `#[warn(unused_must_use)]` (part of `#[warn(unused)]`) on by default
[INFO] [stdout] help: use `let _ = ...` to ignore the resulting value
[INFO] [stdout]    |
[INFO] [stdout] 70 |     let _ = socket.set_reuse_address(true);
[INFO] [stdout]    |     +++++++
[INFO] [stdout] 
[INFO] [stdout] 
[INFO] [stdout] warning: unused `Result` that must be used
[INFO] [stdout]   --> src/multicast.rs:73:5
[INFO] [stdout]    |
[INFO] [stdout] 73 |     socket.set_reuse_port(true);
[INFO] [stdout]    |     ^^^^^^^^^^^^^^^^^^^^^^^^^^^
[INFO] [stdout]    |
[INFO] [stdout]    = note: this `Result` may be an `Err` variant, which should be handled
[INFO] [stdout] help: use `let _ = ...` to ignore the resulting value
[INFO] [stdout]    |
[INFO] [stdout] 73 |     let _ = socket.set_reuse_port(true);
[INFO] [stdout]    |     +++++++
[INFO] [stdout] 
[INFO] [stdout] 
[INFO] [stdout] warning: call to `.clone()` on a reference in this situation does nothing
[INFO] [stdout]    --> src/multicast.rs:113:53
[INFO] [stdout]     |
[INFO] [stdout] 113 |                         if *STOP.as_bytes() == *data.clone() {
[INFO] [stdout]     |                                                     ^^^^^^^^ help: remove this redundant call
[INFO] [stdout]     |
[INFO] [stdout]     = note: the type `[u8]` does not implement `Clone`, so calling `clone` on `&[u8]` copies the reference, which does not do anything and can be removed
[INFO] [stdout]     = note: `#[warn(noop_method_call)]` on by default
[INFO] [stdout] 
[INFO] [stdout] 
[INFO] [stdout] warning: unused `Result` that must be used
[INFO] [stdout]   --> src/dot.rs:42:13
[INFO] [stdout]    |
[INFO] [stdout] 42 |             d.push(*byt as u64);
[INFO] [stdout]    |             ^^^^^^^^^^^^^^^^^^^
[INFO] [stdout]    |
[INFO] [stdout]    = note: this `Result` may be an `Err` variant, which should be handled
[INFO] [stdout] help: use `let _ = ...` to ignore the resulting value
[INFO] [stdout]    |
[INFO] [stdout] 42 |             let _ = d.push(*byt as u64);
[INFO] [stdout]    |             +++++++
[INFO] [stdout] 
[INFO] [stdout] 
[INFO] [stdout] warning: unused `Result` that must be used
[INFO] [stdout]   --> src/plugin_mngt.rs:60:9
[INFO] [stdout]    |
[INFO] [stdout] 60 |         self.unload();
[INFO] [stdout]    |         ^^^^^^^^^^^^^
[INFO] [stdout]    |
[INFO] [stdout]    = note: this `Result` may be an `Err` variant, which should be handled
[INFO] [stdout] help: use `let _ = ...` to ignore the resulting value
[INFO] [stdout]    |
[INFO] [stdout] 60 |         let _ = self.unload();
[INFO] [stdout]    |         +++++++
[INFO] [stdout] 
[INFO] [stdout] 
[INFO] [stdout] warning: unused borrow that must be used
[INFO] [stdout]    --> src/plugin_mngt.rs:100:9
[INFO] [stdout]     |
[INFO] [stdout] 100 |         &self.reload_handler.update(Plugins::reload_callback, &mut self.plugins);
[INFO] [stdout]     |         ^^^^^^^^^^^^^^^^^^^^^^^^^^^^^^^^^^^^^^^^^^^^^^^^^^^^^^^^^^^^^^^^^^^^^^^^ the borrow produces a value
[INFO] [stdout]     |
[INFO] [stdout] help: use `let _ = ...` to ignore the resulting value
[INFO] [stdout]     |
[INFO] [stdout] 100 |         let _ = &self.reload_handler.update(Plugins::reload_callback, &mut self.plugins);
[INFO] [stdout]     |         +++++++
[INFO] [stdout] 
[INFO] [stdout] 
[INFO] [stderr]     Finished `release` profile [optimized] target(s) in 1.20s
[INFO] [stderr] warning: the following packages contain code that will be rejected by a future version of Rust: bitflags v0.4.0
[INFO] [stderr] note: to see what the problems were, use the option `--future-incompat-report`, or run `cargo report future-incompatibilities --id 8`
[INFO] running `Command { std: "docker" "inspect" "6f3ff2f3f21c097986567965d775a6522bc0a63095319c3ff2f7d751fe0db2ef", kill_on_drop: false }`
[INFO] running `Command { std: "docker" "exec" "-e" "SOURCE_DIR=/opt/rustwide/workdir" "-e" "CARGO_HOME=/opt/rustwide/cargo-home" "-e" "RUSTUP_HOME=/opt/rustwide/rustup-home" "-e" "CARGO_TARGET_DIR=/opt/rustwide/target" "-e" "CARGO_INCREMENTAL=0" "-e" "RUST_BACKTRACE=full" "-e" "RUSTFLAGS=--cap-lints=warn" "-e" "RUSTDOCFLAGS=--cap-lints=warn" "-w" "/opt/rustwide/workdir" "--user" "0:0" "6f3ff2f3f21c097986567965d775a6522bc0a63095319c3ff2f7d751fe0db2ef" "/opt/rustwide/cargo-home/bin/cargo" "+1.100.0-beta.1" "test" "--frozen" "--release", kill_on_drop: false }`
[INFO] [stderr] warning: Cargo.toml: `package.edition` is unspecified, defaulting to `2015` while the latest is `2024`
[INFO] [stderr] warning: `datadot` (manifest) generated 1 warning
[INFO] [stderr] warning: `extern` declarations without an explicit ABI are deprecated
[INFO] [stderr]   --> src/dot.rs:97:36
[INFO] [stderr]    |
[INFO] [stderr] 97 |                     let pc: Symbol<extern fn(message: &[u8], data: &json::JsonValue) -> json::JsonValue> = unsafe {
[INFO] [stderr]    |                                    ^^^^^^ help: explicitly specify the "C" ABI: `extern "C"`
[INFO] [stderr]    |
[INFO] [stderr]    = note: `#[warn(missing_abi)]` on by default
[INFO] [stderr] 
[INFO] [stderr] warning: trait objects without an explicit `dyn` are deprecated
[INFO] [stderr]   --> src/dot.rs:79:82
[INFO] [stderr]    |
[INFO] [stderr] 79 |     pub fn process_command(&mut self, message: &[u8]) -> std::result::Result<Box<Any>, &'static str>{
[INFO] [stderr]    |                                                                                  ^^^
[INFO] [stderr]    |
[INFO] [stderr]    = warning: this is accepted in the current edition (Rust 2015) but is a hard error in Rust 2021!
[INFO] [stderr]    = note: for more information, see <https://doc.rust-lang.org/edition-guide/rust-2021/warnings-promoted-to-error.html>
[INFO] [stderr]    = note: `#[warn(bare_trait_objects)]` (part of `#[warn(rust_2021_compatibility)]`) on by default
[INFO] [stderr] help: if this is a dyn-compatible trait, use `dyn`
[INFO] [stderr]    |
[INFO] [stderr] 79 |     pub fn process_command(&mut self, message: &[u8]) -> std::result::Result<Box<dyn Any>, &'static str>{
[INFO] [stderr]    |                                                                                  +++
[INFO] [stderr] 
[INFO] [stderr] warning: use of deprecated method `std::error::Error::description`: use the Display impl or to_string()
[INFO] [stderr]   --> src/helper.rs:92:14
[INFO] [stderr]    |
[INFO] [stderr] 92 |         self.description() == other.description()
[INFO] [stderr]    |              ^^^^^^^^^^^
[INFO] [stderr]    |
[INFO] [stderr]    = note: `#[warn(deprecated)]` on by default
[INFO] [stderr] 
[INFO] [stderr] warning: use of deprecated method `std::error::Error::description`: use the Display impl or to_string()
[INFO] [stderr]   --> src/helper.rs:92:37
[INFO] [stderr]    |
[INFO] [stderr] 92 |         self.description() == other.description()
[INFO] [stderr]    |                                     ^^^^^^^^^^^
[INFO] [stderr] 
[INFO] [stderr] warning: unused `Result` that must be used
[INFO] [stderr]   --> src/multicast.rs:70:5
[INFO] [stderr]    |
[INFO] [stderr] 70 |     socket.set_reuse_address(true);
[INFO] [stderr]    |     ^^^^^^^^^^^^^^^^^^^^^^^^^^^^^^
[INFO] [stderr]    |
[INFO] [stderr]    = note: this `Result` may be an `Err` variant, which should be handled
[INFO] [stderr]    = note: `#[warn(unused_must_use)]` (part of `#[warn(unused)]`) on by default
[INFO] [stderr] help: use `let _ = ...` to ignore the resulting value
[INFO] [stderr]    |
[INFO] [stderr] 70 |     let _ = socket.set_reuse_address(true);
[INFO] [stderr]    |     +++++++
[INFO] [stderr] 
[INFO] [stderr] warning: unused `Result` that must be used
[INFO] [stderr]   --> src/multicast.rs:73:5
[INFO] [stderr]    |
[INFO] [stderr] 73 |     socket.set_reuse_port(true);
[INFO] [stderr]    |     ^^^^^^^^^^^^^^^^^^^^^^^^^^^
[INFO] [stderr]    |
[INFO] [stderr]    = note: this `Result` may be an `Err` variant, which should be handled
[INFO] [stderr] help: use `let _ = ...` to ignore the resulting value
[INFO] [stderr]    |
[INFO] [stderr] 73 |     let _ = socket.set_reuse_port(true);
[INFO] [stderr]    |     +++++++
[INFO] [stderr] 
[INFO] [stderr] warning: call to `.clone()` on a reference in this situation does nothing
[INFO] [stderr]    --> src/multicast.rs:113:53
[INFO] [stderr]     |
[INFO] [stderr] 113 |                         if *STOP.as_bytes() == *data.clone() {
[INFO] [stderr]     |                                                     ^^^^^^^^ help: remove this redundant call
[INFO] [stderr]     |
[INFO] [stderr]     = note: the type `[u8]` does not implement `Clone`, so calling `clone` on `&[u8]` copies the reference, which does not do anything and can be removed
[INFO] [stderr]     = note: `#[warn(noop_method_call)]` on by default
[INFO] [stderr] 
[INFO] [stderr] warning: unused `Result` that must be used
[INFO] [stderr]   --> src/dot.rs:42:13
[INFO] [stderr]    |
[INFO] [stderr] 42 |             d.push(*byt as u64);
[INFO] [stderr]    |             ^^^^^^^^^^^^^^^^^^^
[INFO] [stderr]    |
[INFO] [stderr]    = note: this `Result` may be an `Err` variant, which should be handled
[INFO] [stderr] help: use `let _ = ...` to ignore the resulting value
[INFO] [stderr]    |
[INFO] [stderr] 42 |             let _ = d.push(*byt as u64);
[INFO] [stderr]    |             +++++++
[INFO] [stderr] 
[INFO] [stderr] warning: unused `Result` that must be used
[INFO] [stderr]   --> src/plugin_mngt.rs:60:9
[INFO] [stderr]    |
[INFO] [stderr] 60 |         self.unload();
[INFO] [stderr]    |         ^^^^^^^^^^^^^
[INFO] [stderr]    |
[INFO] [stderr]    = note: this `Result` may be an `Err` variant, which should be handled
[INFO] [stderr] help: use `let _ = ...` to ignore the resulting value
[INFO] [stderr]    |
[INFO] [stderr] 60 |         let _ = self.unload();
[INFO] [stderr]    |         +++++++
[INFO] [stderr] 
[INFO] [stderr] warning: unused borrow that must be used
[INFO] [stderr]    --> src/plugin_mngt.rs:100:9
[INFO] [stderr]     |
[INFO] [stderr] 100 |         &self.reload_handler.update(Plugins::reload_callback, &mut self.plugins);
[INFO] [stderr]     |         ^^^^^^^^^^^^^^^^^^^^^^^^^^^^^^^^^^^^^^^^^^^^^^^^^^^^^^^^^^^^^^^^^^^^^^^^ the borrow produces a value
[INFO] [stderr]     |
[INFO] [stderr] help: use `let _ = ...` to ignore the resulting value
[INFO] [stderr]     |
[INFO] [stderr] 100 |         let _ = &self.reload_handler.update(Plugins::reload_callback, &mut self.plugins);
[INFO] [stderr]     |         +++++++
[INFO] [stderr] 
[INFO] [stderr] warning: `datadot` (lib) generated 10 warnings (run `cargo fix --lib -p datadot` to apply 3 suggestions)
[INFO] [stderr] warning: `datadot` (lib test) generated 10 warnings (10 duplicates)
[INFO] [stderr] warning: unused import: `Ipv6Addr`
[INFO] [stderr]  --> src/bin/datadot.rs:4:34
[INFO] [stderr]   |
[INFO] [stderr] 4 | use std::net::{IpAddr, Ipv4Addr, Ipv6Addr};
[INFO] [stderr]   |                                  ^^^^^^^^
[INFO] [stderr]   |
[INFO] [stderr]   = note: `#[warn(unused_imports)]` (part of `#[warn(unused)]`) on by default
[INFO] [stderr] 
[INFO] [stderr] warning: `datadot` (bin "datadot" test) generated 1 warning (run `cargo fix --bin "datadot" -p datadot --tests` to apply 1 suggestion)
[INFO] [stderr]     Finished `release` profile [optimized] target(s) in 0.08s
[INFO] [stderr] warning: the following packages contain code that will be rejected by a future version of Rust: bitflags v0.4.0
[INFO] [stderr] note: to see what the problems were, use the option `--future-incompat-report`, or run `cargo report future-incompatibilities --id 8`
[INFO] [stderr]      Running unittests src/lib.rs (/opt/rustwide/target/release/build/datadot/1b043bdf67b276d5/out/dotlib-1b043bdf67b276d5)
[INFO] [stdout] 
[INFO] [stdout] running 5 tests
[INFO] [stdout] test plugin_mngt::tests::test_01 ... ignored
[INFO] [stdout] test dot::tests::test_get_datapoint ... FAILED
[INFO] [stdout] test dot::tests::test_health ... FAILED
[INFO] [stdout] test dot::tests::test_process_commands ... FAILED
[INFO] [stdout] test dot::tests::test_communication ... FAILED
[INFO] [stdout] 
[INFO] [stdout] failures:
[INFO] [stdout] 
[INFO] [stdout] ---- dot::tests::test_get_datapoint stdout ----
[INFO] [stdout] Unable to load dynamic lib plugin_helloWorld, err Find("plugin_helloWorld")
[INFO] [stdout] 
[INFO] [stdout] thread 'dot::tests::test_get_datapoint' (1910) panicked at src/dot.rs:36:9:
[INFO] [stdout] assertion failed: pm.add_plugin("plugin_helloWorld").is_ok()
[INFO] [stdout] stack backtrace:
[INFO] [stdout]    0:     0x5623e90ae8d1 - <<std[617be2ca0a6fd877]::sys::backtrace::BacktraceLock>::print::DisplayBacktrace as core[a373ad73a504971]::fmt::Display>::fmt
[INFO] [stdout]    1:     0x5623e90c441a - core[a373ad73a504971]::fmt::write
[INFO] [stdout]    2:     0x5623e90b2e6c - <alloc[2e1b2a31b91974c5]::vec::Vec<u8> as core[a373ad73a504971]::io::write::Write>::write_fmt
[INFO] [stdout]    3:     0x5623e9088266 - std[617be2ca0a6fd877]::panicking::default_hook::{closure#0}
[INFO] [stdout]    4:     0x5623e90a5769 - std[617be2ca0a6fd877]::panicking::default_hook
[INFO] [stdout]    5:     0x5623e8f5b1b0 - test[aada8e7e76ba119b]::test_main_inner::{closure#0}
[INFO] [stdout]    6:     0x5623e90a5922 - std[617be2ca0a6fd877]::panicking::panic_with_hook
[INFO] [stdout]    7:     0x5623e9088344 - std[617be2ca0a6fd877]::panicking::panic_handler::{closure#0}
[INFO] [stdout]    8:     0x5623e9080e39 - std[617be2ca0a6fd877]::sys::backtrace::__rust_end_short_backtrace::<std[617be2ca0a6fd877]::panicking::panic_handler::{closure#0}, !>
[INFO] [stdout]    9:     0x5623e9088f1d - __rustc[ea4f61d10b84890b]::rust_begin_unwind
[INFO] [stdout]   10:     0x5623e90c4bfc - core[a373ad73a504971]::panicking::panic_fmt
[INFO] [stdout]   11:     0x5623e90c4bc2 - core[a373ad73a504971]::panicking::panic
[INFO] [stdout]   12:     0x5623e8f4c1d1 - <dotlib[b49ee56a7db6cf2f]::dot::Dot>::new
[INFO] [stdout]   13:     0x5623e8f46cca - <dotlib[b49ee56a7db6cf2f]::dot::tests::test_get_datapoint::{closure#0} as core[a373ad73a504971]::ops::function::FnOnce<()>>::call_once
[INFO] [stdout]   14:     0x5623e8f4e5fb - test[aada8e7e76ba119b]::__rust_begin_short_backtrace::<core[a373ad73a504971]::result::Result<(), alloc[2e1b2a31b91974c5]::string::String>, fn() -> core[a373ad73a504971]::result::Result<(), alloc[2e1b2a31b91974c5]::string::String>>
[INFO] [stdout]   15:     0x5623e8f5b7d5 - test[aada8e7e76ba119b]::run_test::{closure#0}
[INFO] [stdout]   16:     0x5623e8f550c4 - std[617be2ca0a6fd877]::sys::backtrace::__rust_begin_short_backtrace::<test[aada8e7e76ba119b]::run_test::{closure#1}, ()>
[INFO] [stdout]   17:     0x5623e8f5e862 - <std[617be2ca0a6fd877]::thread::lifecycle::spawn_unchecked<test[aada8e7e76ba119b]::run_test::{closure#1}, ()>::{closure#1} as core[a373ad73a504971]::ops::function::FnOnce<()>>::call_once::{shim:vtable#0}
[INFO] [stdout]   18:     0x5623e90ae06f - <std[617be2ca0a6fd877]::sys::thread::unix::Thread>::new::thread_start
[INFO] [stdout]   19:     0x726c62157dfa - <unknown>
[INFO] [stdout]   20:     0x726c621eb3d4 - clone
[INFO] [stdout]   21:                0x0 - <unknown>
[INFO] [stdout] 
[INFO] [stdout] ---- dot::tests::test_health stdout ----
[INFO] [stdout] Unable to load dynamic lib plugin_helloWorld, err Find("plugin_helloWorld")
[INFO] [stdout] 
[INFO] [stdout] thread 'dot::tests::test_health' (1911) panicked at src/dot.rs:36:9:
[INFO] [stdout] assertion failed: pm.add_plugin("plugin_helloWorld").is_ok()
[INFO] [stdout] stack backtrace:
[INFO] [stdout]    0:     0x5623e90ae8d1 - <<std[617be2ca0a6fd877]::sys::backtrace::BacktraceLock>::print::DisplayBacktrace as core[a373ad73a504971]::fmt::Display>::fmt
[INFO] [stdout]    1:     0x5623e90c441a - core[a373ad73a504971]::fmt::write
[INFO] [stdout]    2:     0x5623e90b2e6c - <alloc[2e1b2a31b91974c5]::vec::Vec<u8> as core[a373ad73a504971]::io::write::Write>::write_fmt
[INFO] [stdout]    3:     0x5623e9088266 - std[617be2ca0a6fd877]::panicking::default_hook::{closure#0}
[INFO] [stdout]    4:     0x5623e90a5769 - std[617be2ca0a6fd877]::panicking::default_hook
[INFO] [stdout]    5:     0x5623e8f5b1b0 - test[aada8e7e76ba119b]::test_main_inner::{closure#0}
[INFO] [stdout]    6:     0x5623e90a5922 - std[617be2ca0a6fd877]::panicking::panic_with_hook
[INFO] [stdout]    7:     0x5623e9088344 - std[617be2ca0a6fd877]::panicking::panic_handler::{closure#0}
[INFO] [stdout]    8:     0x5623e9080e39 - std[617be2ca0a6fd877]::sys::backtrace::__rust_end_short_backtrace::<std[617be2ca0a6fd877]::panicking::panic_handler::{closure#0}, !>
[INFO] [stdout]    9:     0x5623e9088f1d - __rustc[ea4f61d10b84890b]::rust_begin_unwind
[INFO] [stdout]   10:     0x5623e90c4bfc - core[a373ad73a504971]::panicking::panic_fmt
[INFO] [stdout]   11:     0x5623e90c4bc2 - core[a373ad73a504971]::panicking::panic
[INFO] [stdout]   12:     0x5623e8f4c1d1 - <dotlib[b49ee56a7db6cf2f]::dot::Dot>::new
[INFO] [stdout]   13:     0x5623e8f468f5 - <dotlib[b49ee56a7db6cf2f]::dot::tests::test_health::{closure#0} as core[a373ad73a504971]::ops::function::FnOnce<()>>::call_once
[INFO] [stdout]   14:     0x5623e8f4e5fb - test[aada8e7e76ba119b]::__rust_begin_short_backtrace::<core[a373ad73a504971]::result::Result<(), alloc[2e1b2a31b91974c5]::string::String>, fn() -> core[a373ad73a504971]::result::Result<(), alloc[2e1b2a31b91974c5]::string::String>>
[INFO] [stdout]   15:     0x5623e8f5b7d5 - test[aada8e7e76ba119b]::run_test::{closure#0}
[INFO] [stdout]   16:     0x5623e8f550c4 - std[617be2ca0a6fd877]::sys::backtrace::__rust_begin_short_backtrace::<test[aada8e7e76ba119b]::run_test::{closure#1}, ()>
[INFO] [stdout]   17:     0x5623e8f5e862 - <std[617be2ca0a6fd877]::thread::lifecycle::spawn_unchecked<test[aada8e7e76ba119b]::run_test::{closure#1}, ()>::{closure#1} as core[a373ad73a504971]::ops::function::FnOnce<()>>::call_once::{shim:vtable#0}
[INFO] [stdout]   18:     0x5623e90ae06f - <std[617be2ca0a6fd877]::sys::thread::unix::Thread>::new::thread_start
[INFO] [stdout]   19:     0x726c62157dfa - <unknown>
[INFO] [stdout]   20:     0x726c621eb3d4 - clone
[INFO] [stdout]   21:                0x0 - <unknown>
[INFO] [stdout] 
[INFO] [stdout] ---- dot::tests::test_process_commands stdout ----
[INFO] [stdout] Unable to load dynamic lib plugin_helloWorld, err Find("plugin_helloWorld")
[INFO] [stdout] 
[INFO] [stdout] thread 'dot::tests::test_process_commands' (1912) panicked at src/dot.rs:36:9:
[INFO] [stdout] assertion failed: pm.add_plugin("plugin_helloWorld").is_ok()
[INFO] [stdout] stack backtrace:
[INFO] [stdout]    0:     0x5623e90ae8d1 - <<std[617be2ca0a6fd877]::sys::backtrace::BacktraceLock>::print::DisplayBacktrace as core[a373ad73a504971]::fmt::Display>::fmt
[INFO] [stdout]    1:     0x5623e90c441a - core[a373ad73a504971]::fmt::write
[INFO] [stdout]    2:     0x5623e90b2e6c - <alloc[2e1b2a31b91974c5]::vec::Vec<u8> as core[a373ad73a504971]::io::write::Write>::write_fmt
[INFO] [stdout]    3:     0x5623e9088266 - std[617be2ca0a6fd877]::panicking::default_hook::{closure#0}
[INFO] [stdout]    4:     0x5623e90a5769 - std[617be2ca0a6fd877]::panicking::default_hook
[INFO] [stdout]    5:     0x5623e8f5b1b0 - test[aada8e7e76ba119b]::test_main_inner::{closure#0}
[INFO] [stdout]    6:     0x5623e90a5922 - std[617be2ca0a6fd877]::panicking::panic_with_hook
[INFO] [stdout]    7:     0x5623e9088344 - std[617be2ca0a6fd877]::panicking::panic_handler::{closure#0}
[INFO] [stdout]    8:     0x5623e9080e39 - std[617be2ca0a6fd877]::sys::backtrace::__rust_end_short_backtrace::<std[617be2ca0a6fd877]::panicking::panic_handler::{closure#0}, !>
[INFO] [stdout]    9:     0x5623e9088f1d - __rustc[ea4f61d10b84890b]::rust_begin_unwind
[INFO] [stdout]   10:     0x5623e90c4bfc - core[a373ad73a504971]::panicking::panic_fmt
[INFO] [stdout]   11:     0x5623e90c4bc2 - core[a373ad73a504971]::panicking::panic
[INFO] [stdout]   12:     0x5623e8f4c1d1 - <dotlib[b49ee56a7db6cf2f]::dot::Dot>::new
[INFO] [stdout]   13:     0x5623e8f46e44 - <dotlib[b49ee56a7db6cf2f]::dot::tests::test_process_commands::{closure#0} as core[a373ad73a504971]::ops::function::FnOnce<()>>::call_once
[INFO] [stdout]   14:     0x5623e8f4e5fb - test[aada8e7e76ba119b]::__rust_begin_short_backtrace::<core[a373ad73a504971]::result::Result<(), alloc[2e1b2a31b91974c5]::string::String>, fn() -> core[a373ad73a504971]::result::Result<(), alloc[2e1b2a31b91974c5]::string::String>>
[INFO] [stdout]   15:     0x5623e8f5b7d5 - test[aada8e7e76ba119b]::run_test::{closure#0}
[INFO] [stdout]   16:     0x5623e8f550c4 - std[617be2ca0a6fd877]::sys::backtrace::__rust_begin_short_backtrace::<test[aada8e7e76ba119b]::run_test::{closure#1}, ()>
[INFO] [stdout]   17:     0x5623e8f5e862 - <std[617be2ca0a6fd877]::thread::lifecycle::spawn_unchecked<test[aada8e7e76ba119b]::run_test::{closure#1}, ()>::{closure#1} as core[a373ad73a504971]::ops::function::FnOnce<()>>::call_once::{shim:vtable#0}
[INFO] [stdout]   18:     0x5623e90ae06f - <std[617be2ca0a6fd877]::sys::thread::unix::Thread>::new::thread_start
[INFO] [stdout]   19:     0x726c62157dfa - <unknown>
[INFO] [stdout]   20:     0x726c621eb3d4 - clone
[INFO] [stdout]   21:                0x0 - <unknown>
[INFO] [stdout] 
[INFO] [stdout] ---- dot::tests::test_communication stdout ----
[INFO] [stdout] Unable to load dynamic lib plugin_helloWorld, err Find("plugin_helloWorld")
[INFO] [stdout] 
[INFO] [stdout] thread 'dot::tests::test_communication' (1909) panicked at src/dot.rs:36:9:
[INFO] [stdout] assertion failed: pm.add_plugin("plugin_helloWorld").is_ok()
[INFO] [stdout] stack backtrace:
[INFO] [stdout]    0:     0x5623e90ae8d1 - <<std[617be2ca0a6fd877]::sys::backtrace::BacktraceLock>::print::DisplayBacktrace as core[a373ad73a504971]::fmt::Display>::fmt
[INFO] [stdout]    1:     0x5623e90c441a - core[a373ad73a504971]::fmt::write
[INFO] [stdout]    2:     0x5623e90b2e6c - <alloc[2e1b2a31b91974c5]::vec::Vec<u8> as core[a373ad73a504971]::io::write::Write>::write_fmt
[INFO] [stdout]    3:     0x5623e9088266 - std[617be2ca0a6fd877]::panicking::default_hook::{closure#0}
[INFO] [stdout]    4:     0x5623e90a5769 - std[617be2ca0a6fd877]::panicking::default_hook
[INFO] [stdout]    5:     0x5623e8f5b1b0 - test[aada8e7e76ba119b]::test_main_inner::{closure#0}
[INFO] [stdout]    6:     0x5623e90a5922 - std[617be2ca0a6fd877]::panicking::panic_with_hook
[INFO] [stdout]    7:     0x5623e9088344 - std[617be2ca0a6fd877]::panicking::panic_handler::{closure#0}
[INFO] [stdout]    8:     0x5623e9080e39 - std[617be2ca0a6fd877]::sys::backtrace::__rust_end_short_backtrace::<std[617be2ca0a6fd877]::panicking::panic_handler::{closure#0}, !>
[INFO] [stdout]    9:     0x5623e9088f1d - __rustc[ea4f61d10b84890b]::rust_begin_unwind
[INFO] [stdout]   10:     0x5623e90c4bfc - core[a373ad73a504971]::panicking::panic_fmt
[INFO] [stdout]   11:     0x5623e90c4bc2 - core[a373ad73a504971]::panicking::panic
[INFO] [stdout]   12:     0x5623e8f4c1d1 - <dotlib[b49ee56a7db6cf2f]::dot::Dot>::new
[INFO] [stdout]   13:     0x5623e8f469d6 - <dotlib[b49ee56a7db6cf2f]::dot::tests::test_communication::{closure#0} as core[a373ad73a504971]::ops::function::FnOnce<()>>::call_once
[INFO] [stdout]   14:     0x5623e8f4e5fb - test[aada8e7e76ba119b]::__rust_begin_short_backtrace::<core[a373ad73a504971]::result::Result<(), alloc[2e1b2a31b91974c5]::string::String>, fn() -> core[a373ad73a504971]::result::Result<(), alloc[2e1b2a31b91974c5]::string::String>>
[INFO] [stdout]   15:     0x5623e8f5b7d5 - test[aada8e7e76ba119b]::run_test::{closure#0}
[INFO] [stdout]   16:     0x5623e8f550c4 - std[617be2ca0a6fd877]::sys::backtrace::__rust_begin_short_backtrace::<test[aada8e7e76ba119b]::run_test::{closure#1}, ()>
[INFO] [stdout]   17:     0x5623e8f5e862 - <std[617be2ca0a6fd877]::thread::lifecycle::spawn_unchecked<test[aada8e7e76ba119b]::run_test::{closure#1}, ()>::{closure#1} as core[a373ad73a504971]::ops::function::FnOnce<()>>::call_once::{shim:vtable#0}
[INFO] [stdout]   18:     0x5623e90ae06f - <std[617be2ca0a6fd877]::sys::thread::unix::Thread>::new::thread_start
[INFO] [stdout]   19:     0x726c62157dfa - <unknown>
[INFO] [stdout]   20:     0x726c621eb3d4 - clone
[INFO] [stdout]   21:                0x0 - <unknown>
[INFO] [stdout] 
[INFO] [stdout] 
[INFO] [stdout] failures:
[INFO] [stdout]     dot::tests::test_communication
[INFO] [stdout]     dot::tests::test_get_datapoint
[INFO] [stdout]     dot::tests::test_health
[INFO] [stdout]     dot::tests::test_process_commands
[INFO] [stdout] 
[INFO] [stdout] test result: FAILED. 0 passed; 4 failed; 1 ignored; 0 measured; 0 filtered out; finished in 0.01s
[INFO] [stdout] 
[INFO] [stderr] error: test failed, to rerun pass `--lib`
[INFO] running `Command { std: "docker" "inspect" "6f3ff2f3f21c097986567965d775a6522bc0a63095319c3ff2f7d751fe0db2ef", kill_on_drop: false }`
[INFO] running `Command { std: "docker" "rm" "-f" "6f3ff2f3f21c097986567965d775a6522bc0a63095319c3ff2f7d751fe0db2ef", kill_on_drop: false }`
[INFO] [stdout] 6f3ff2f3f21c097986567965d775a6522bc0a63095319c3ff2f7d751fe0db2ef
