[INFO] fetching crate databend-client 0.34.2...
[INFO] testing databend-client-0.34.2 against 1.99.0-beta.8+cargoflags=--release for beta-release-1.100-2
[INFO] extracting crate databend-client 0.34.2 into /workspace/builds/worker-3-tc1/source
[INFO] started tweaking crates.io crate databend-client 0.34.2
[INFO] removed 0 missing tests
[INFO] finished tweaking crates.io crate databend-client 0.34.2
[INFO] tweaked toml for crates.io crate databend-client 0.34.2 written to /workspace/builds/worker-3-tc1/source/Cargo.toml
[INFO] validating manifest of crates.io crate databend-client 0.34.2 on toolchain 1.99.0-beta.8
[INFO] running `Command { std: CARGO_HOME="/workspace/cargo-home" RUSTUP_HOME="/workspace/rustup-home" "/workspace/cargo-home/bin/cargo" "+1.99.0-beta.8" "metadata" "--manifest-path" "Cargo.toml" "--no-deps", kill_on_drop: false }`
[INFO] crate crates.io crate databend-client 0.34.2 already has a lockfile, it will not be regenerated
[INFO] running `Command { std: CARGO_HOME="/workspace/cargo-home" RUSTUP_HOME="/workspace/rustup-home" "/workspace/cargo-home/bin/cargo" "+1.99.0-beta.8" "fetch" "--manifest-path" "Cargo.toml", kill_on_drop: false }`
[INFO] [stderr]  Downloading crates ...
[INFO] [stderr]   Downloaded pkcs5 v0.8.1
[INFO] [stderr]   Downloaded polyval v0.7.2
[INFO] [stderr]   Downloaded time-macros v0.2.31
[INFO] [stderr]   Downloaded arrow-data v56.2.1
[INFO] [stderr]   Downloaded arrow-schema v56.2.1
[INFO] [stderr]   Downloaded arrow-buffer v56.2.1
[INFO] [stderr]   Downloaded arrow-select v56.2.1
[INFO] [stderr]   Downloaded jiff-static v0.2.32
[INFO] [stderr]   Downloaded arrow-ipc v56.2.1
[INFO] [stderr]   Downloaded time v0.3.53
[INFO] [stderr]   Downloaded arrow-array v56.2.1
[INFO] [stderr]   Downloaded jiff v0.2.32
[INFO] running `Command { std: "docker" "create" "-v" "/var/lib/crater-agent-workspace/builds/worker-3-tc1/source:/opt/rustwide/workdir:ro,Z" "-v" "/var/lib/crater-agent-workspace/builds/worker-3-tc1/target:/opt/rustwide/target:rw,Z" "-v" "/var/lib/crater-agent-workspace/cargo-home:/opt/rustwide/cargo-home:ro,Z" "-v" "/var/lib/crater-agent-workspace/rustup-home:/opt/rustwide/rustup-home:ro,Z" "-m" "1610612736" "--network" "none" "ghcr.io/rust-lang/crates-build-env/linux@sha256:77db811e55d90add9212f6832c23229e3de5f1c1f9905e8cb07319ea15df73ac" "sleep" "infinity", kill_on_drop: false }`
[INFO] [stdout] 6b8c9fddcfcab0a3c1ba03372429a77c5267dac2f1c967afd436c7c9faa6f8ad
[INFO] running `Command { std: "docker" "start" "6b8c9fddcfcab0a3c1ba03372429a77c5267dac2f1c967afd436c7c9faa6f8ad", kill_on_drop: false }`
[INFO] running `Command { std: "docker" "inspect" "6b8c9fddcfcab0a3c1ba03372429a77c5267dac2f1c967afd436c7c9faa6f8ad", kill_on_drop: false }`
[INFO] running `Command { std: "docker" "exec" "-e" "SOURCE_DIR=/opt/rustwide/workdir" "-e" "CARGO_HOME=/opt/rustwide/cargo-home" "-e" "RUSTUP_HOME=/opt/rustwide/rustup-home" "-e" "CARGO_TARGET_DIR=/opt/rustwide/target" "-w" "/opt/rustwide/workdir" "--user" "0:0" "6b8c9fddcfcab0a3c1ba03372429a77c5267dac2f1c967afd436c7c9faa6f8ad" "/opt/rustwide/cargo-home/bin/cargo" "+1.99.0-beta.8" "metadata" "--no-deps" "--format-version=1", kill_on_drop: false }`
[INFO] running `Command { std: "docker" "inspect" "6b8c9fddcfcab0a3c1ba03372429a77c5267dac2f1c967afd436c7c9faa6f8ad", kill_on_drop: false }`
[INFO] running `Command { std: "docker" "exec" "-e" "SOURCE_DIR=/opt/rustwide/workdir" "-e" "CARGO_HOME=/opt/rustwide/cargo-home" "-e" "RUSTUP_HOME=/opt/rustwide/rustup-home" "-e" "CARGO_TARGET_DIR=/opt/rustwide/target" "-e" "CARGO_INCREMENTAL=0" "-e" "RUST_BACKTRACE=full" "-e" "RUSTFLAGS=--cap-lints=warn" "-e" "RUSTDOCFLAGS=--cap-lints=warn" "-w" "/opt/rustwide/workdir" "--user" "0:0" "6b8c9fddcfcab0a3c1ba03372429a77c5267dac2f1c967afd436c7c9faa6f8ad" "/opt/rustwide/cargo-home/bin/cargo" "+1.99.0-beta.8" "build" "--frozen" "--message-format=json" "--release", kill_on_drop: false }`
[INFO] [stderr]    Compiling syn v2.0.119
[INFO] [stderr]    Compiling num-traits v0.2.19
[INFO] [stderr]    Compiling block-padding v0.4.2
[INFO] [stderr]    Compiling http v1.4.2
[INFO] [stderr]    Compiling digest v0.11.3
[INFO] [stderr]    Compiling ring v0.17.14
[INFO] [stderr]    Compiling zstd-sys v2.0.16+zstd.1.5.7
[INFO] [stderr]    Compiling time-macros v0.2.31
[INFO] [stderr]    Compiling futures-task v0.3.32
[INFO] [stderr]    Compiling slab v0.4.12
[INFO] [stderr]    Compiling universal-hash v0.6.1
[INFO] [stderr]    Compiling rustls v0.23.42
[INFO] [stderr]    Compiling futures-channel v0.3.32
[INFO] [stderr]    Compiling cookie v0.18.1
[INFO] [stderr]    Compiling bitflags v2.13.1
[INFO] [stderr]    Compiling thiserror v2.0.18
[INFO] [stderr]    Compiling unicase v2.9.0
[INFO] [stderr]    Compiling polyval v0.7.2
[INFO] [stderr]    Compiling arrow-schema v56.2.1
[INFO] [stderr]    Compiling inout v0.2.2
[INFO] [stderr]    Compiling hmac v0.13.0
[INFO] [stderr]    Compiling futures-util v0.3.32
[INFO] [stderr]    Compiling sha2 v0.11.0
[INFO] [stderr]    Compiling cipher v0.5.2
[INFO] [stderr]    Compiling aead v0.6.1
[INFO] [stderr]    Compiling mime_guess v2.0.5
[INFO] [stderr]    Compiling pbkdf2 v0.13.0
[INFO] [stderr]    Compiling ghash v0.6.0
[INFO] [stderr]    Compiling der v0.7.10
[INFO] [stderr]    Compiling serde_json v1.0.150
[INFO] [stderr]    Compiling der v0.8.1
[INFO] [stderr]    Compiling generic-array v0.14.9
[INFO] [stderr]    Compiling hashbrown v0.16.1
[INFO] [stderr]    Compiling psl-types v2.0.11
[INFO] [stderr]    Compiling webpki-roots v1.0.8
[INFO] [stderr]    Compiling log v0.4.33
[INFO] [stderr]    Compiling salsa20 v0.11.0
[INFO] [stderr]    Compiling aes v0.9.1
[INFO] [stderr]    Compiling ctr v0.10.1
[INFO] [stderr]    Compiling cbc v0.2.1
[INFO] [stderr]    Compiling lz4_flex v0.11.6
[INFO] [stderr]    Compiling time v0.3.53
[INFO] [stderr]    Compiling num-integer v0.1.46
[INFO] [stderr]    Compiling num-complex v0.4.6
[INFO] [stderr]    Compiling http-body v1.1.0
[INFO] [stderr]    Compiling chrono v0.4.45
[INFO] [stderr]    Compiling aes-gcm v0.11.0
[INFO] [stderr]    Compiling num-bigint v0.4.8
[INFO] [stderr]    Compiling num-iter v0.1.46
[INFO] [stderr]    Compiling spki v0.7.3
[INFO] [stderr]    Compiling scrypt v0.12.0
[INFO] [stderr]    Compiling http-body-util v0.1.4
[INFO] [stderr]    Compiling pkcs8 v0.10.2
[INFO] [stderr]    Compiling rand v0.10.2
[INFO] [stderr]    Compiling flatbuffers v25.12.19
[INFO] [stderr]    Compiling spki v0.8.0
[INFO] [stderr]    Compiling parking_lot_core v0.9.12
[INFO] [stderr]    Compiling pem v3.0.6
[INFO] [stderr]    Compiling pkcs5 v0.8.1
[INFO] [stderr]    Compiling jiff-tzdb v0.1.8
[INFO] [stderr]    Compiling sec1 v0.7.3
[INFO] [stderr]    Compiling jiff v0.2.32
[INFO] [stderr]    Compiling parking_lot v0.12.5
[INFO] [stderr]    Compiling uuid v1.24.0
[INFO] [stderr]    Compiling semver v1.0.28
[INFO] [stderr]    Compiling pkcs8 v0.11.0
[INFO] [stderr]    Compiling num-rational v0.4.2
[INFO] [stderr]    Compiling num v0.4.3
[INFO] [stderr]    Compiling synstructure v0.13.2
[INFO] [stderr]    Compiling zerofrom-derive v0.1.7
[INFO] [stderr]    Compiling yoke-derive v0.8.2
[INFO] [stderr]    Compiling zerovec-derive v0.11.3
[INFO] [stderr]    Compiling displaydoc v0.2.6
[INFO] [stderr]    Compiling tokio-macros v2.7.0
[INFO] [stderr]    Compiling zerocopy-derive v0.8.54
[INFO] [stderr]    Compiling serde_derive v1.0.228
[INFO] [stderr]    Compiling tokio v1.52.3
[INFO] [stderr]    Compiling thiserror-impl v2.0.18
[INFO] [stderr]    Compiling zerofrom v0.1.8
[INFO] [stderr]    Compiling yoke v0.8.3
[INFO] [stderr]    Compiling zerovec v0.11.6
[INFO] [stderr]    Compiling zerotrie v0.2.4
[INFO] [stderr]    Compiling zerocopy v0.8.54
[INFO] [stderr]    Compiling tinystr v0.8.3
[INFO] [stderr]    Compiling potential_utf v0.1.5
[INFO] [stderr]    Compiling icu_collections v2.2.0
[INFO] [stderr]    Compiling rustls-webpki v0.103.13
[INFO] [stderr]    Compiling simple_asn1 v0.6.4
[INFO] [stderr]    Compiling icu_locale_core v2.2.0
[INFO] [stderr]    Compiling serde v1.0.228
[INFO] [stderr]    Compiling icu_provider v2.2.0
[INFO] [stderr]    Compiling serde_urlencoded v0.7.1
[INFO] [stderr]    Compiling jsonwebtoken v9.3.1
[INFO] [stderr]    Compiling icu_properties v2.2.0
[INFO] [stderr]    Compiling icu_normalizer v2.2.0
[INFO] [stderr]    Compiling idna_adapter v1.2.2
[INFO] [stderr]    Compiling idna v1.1.0
[INFO] [stderr]    Compiling url v2.5.8
[INFO] [stderr]    Compiling publicsuffix v2.3.0
[INFO] [stderr]    Compiling cookie_store v0.22.1
[INFO] [stderr]    Compiling hyper v1.10.1
[INFO] [stderr]    Compiling tower v0.5.3
[INFO] [stderr]    Compiling tokio-util v0.7.18
[INFO] [stderr]    Compiling tokio-retry v0.3.2
[INFO] [stderr]    Compiling tokio-stream v0.1.18
[INFO] [stderr]    Compiling tokio-rustls v0.26.4
[INFO] [stderr]    Compiling hyper-util v0.1.20
[INFO] [stderr]    Compiling tower-http v0.6.11
[INFO] [stderr]    Compiling half v2.7.1
[INFO] [stderr]    Compiling ahash v0.8.12
[INFO] [stderr]    Compiling arrow-buffer v56.2.1
[INFO] [stderr]    Compiling hyper-rustls v0.27.9
[INFO] [stderr]    Compiling reqwest v0.12.28
[INFO] [stderr]    Compiling arrow-data v56.2.1
[INFO] [stderr]    Compiling arrow-array v56.2.1
[INFO] [stderr]    Compiling zstd-safe v7.2.4
[INFO] [stderr]    Compiling zstd v0.13.3
[INFO] [stderr]    Compiling arrow-select v56.2.1
[INFO] [stderr]    Compiling arrow-ipc v56.2.1
[INFO] [stderr]    Compiling databend-client v0.34.2 (/opt/rustwide/workdir)
[INFO] [stderr]     Finished `release` profile [optimized] target(s) in 2m 34s
[INFO] running `Command { std: "docker" "inspect" "6b8c9fddcfcab0a3c1ba03372429a77c5267dac2f1c967afd436c7c9faa6f8ad", kill_on_drop: false }`
[INFO] running `Command { std: "docker" "exec" "-e" "SOURCE_DIR=/opt/rustwide/workdir" "-e" "CARGO_HOME=/opt/rustwide/cargo-home" "-e" "RUSTUP_HOME=/opt/rustwide/rustup-home" "-e" "CARGO_TARGET_DIR=/opt/rustwide/target" "-e" "CARGO_INCREMENTAL=0" "-e" "RUST_BACKTRACE=full" "-e" "RUSTFLAGS=--cap-lints=warn" "-e" "RUSTDOCFLAGS=--cap-lints=warn" "-w" "/opt/rustwide/workdir" "--user" "0:0" "6b8c9fddcfcab0a3c1ba03372429a77c5267dac2f1c967afd436c7c9faa6f8ad" "/opt/rustwide/cargo-home/bin/cargo" "+1.99.0-beta.8" "test" "--frozen" "--no-run" "--message-format=json" "--release", kill_on_drop: false }`
[INFO] [stderr]    Compiling flatbuffers v25.12.19
[INFO] [stderr]    Compiling tower-http v0.6.11
[INFO] [stderr]    Compiling rustix v1.1.4
[INFO] [stderr]    Compiling arrow-ipc v56.2.1
[INFO] [stderr]    Compiling reqwest v0.12.28
[INFO] [stderr]    Compiling tempfile v3.27.0
[INFO] [stderr]    Compiling databend-client v0.34.2 (/opt/rustwide/workdir)
[INFO] [stderr]     Finished `release` profile [optimized] target(s) in 42.06s
[INFO] running `Command { std: "docker" "inspect" "6b8c9fddcfcab0a3c1ba03372429a77c5267dac2f1c967afd436c7c9faa6f8ad", kill_on_drop: false }`
[INFO] running `Command { std: "docker" "exec" "-e" "SOURCE_DIR=/opt/rustwide/workdir" "-e" "CARGO_HOME=/opt/rustwide/cargo-home" "-e" "RUSTUP_HOME=/opt/rustwide/rustup-home" "-e" "CARGO_TARGET_DIR=/opt/rustwide/target" "-e" "CARGO_INCREMENTAL=0" "-e" "RUST_BACKTRACE=full" "-e" "RUSTFLAGS=--cap-lints=warn" "-e" "RUSTDOCFLAGS=--cap-lints=warn" "-w" "/opt/rustwide/workdir" "--user" "0:0" "6b8c9fddcfcab0a3c1ba03372429a77c5267dac2f1c967afd436c7c9faa6f8ad" "/opt/rustwide/cargo-home/bin/cargo" "+1.99.0-beta.8" "test" "--frozen" "--release", kill_on_drop: false }`
[INFO] [stderr]     Finished `release` profile [optimized] target(s) in 0.25s
[INFO] [stderr]      Running unittests src/lib.rs (/opt/rustwide/target/release/deps/databend_client-844bf37c6526c48a)
[INFO] [stdout] 
[INFO] [stdout] running 33 tests
[INFO] [stdout] test auth::tests::serialization ... ok
[INFO] [stdout] test client::test::parse_dsn ... ok
[INFO] [stdout] test auth::tests::hide_content ... ok
[INFO] [stdout] test client::test::parse_encoded_password ... ok
[INFO] [stdout] test client::test::parse_special_chars_password ... ok
[INFO] [stdout] test client_mgr::tests::register_client_tracks_active_session ... ok
[INFO] [stdout] test client_mgr::tests::unregister_client_removes_session ... ok
[INFO] [stdout] test request::test::build_request ... ok
[INFO] [stdout] test request::test::build_request_with_params ... ok
[INFO] [stdout] test response::test::deserialize_session_config ... ok
[INFO] [stdout] test schema::test::test_parse_complex_type_with_null ... ok
[INFO] [stdout] test schema::test::test_parse_type_desc ... ok
[INFO] [stdout] test settings::tests::deserialize_query_result_format_settings_accepts_numeric_arrow_version ... ok
[INFO] [stdout] test settings::tests::deserialize_query_result_format_settings_from_strings ... ok
[INFO] [stdout] test settings::tests::deserialize_query_result_format_settings_with_defaults ... ok
[INFO] [stdout] test stage::test::parse_stage ... ok
[INFO] [stdout] test stage::test::parse_stage_empty_path ... ok
[INFO] [stdout] test stage::test::parse_stage_fail ... ok
[INFO] [stdout] test auth::tests::keypair_auth_encrypted_ec_p384 ... ok
[INFO] [stdout] test auth::tests::keypair_auth_encrypted_pkcs8_bundle_selects_private_key_block ... ok
[INFO] [stdout] test auth::tests::keypair_auth_encrypted_key ... ok
[INFO] [stdout] test auth::tests::keypair_auth_ed25519 ... ok
[INFO] [stdout] test auth::tests::keypair_auth_ec_p384 ... ok
[INFO] [stdout] test auth::tests::keypair_auth_ec ... ok
[INFO] [stdout] test auth::tests::keypair_auth_pkcs8_bundle_selects_private_key_block ... ok
[INFO] [stdout] test auth::tests::keypair_auth_sec1_ec_with_parameters_block ... ok
[INFO] [stdout] test auth::tests::keypair_auth_sec1_ec_p384 ... ok
[INFO] [stdout] test auth::tests::keypair_auth_rejects_unsupported_ec_curves ... ok
[INFO] [stdout] test auth::tests::keypair_auth_rsa ... ok
[INFO] [stdout] test client::test::parse_dsn_with_private_key_uses_keypair_auth ... ok
[INFO] [stdout] test client::test::parse_dsn_with_private_key_requires_user ... ok
[INFO] [stdout] test auth::tests::keypair_auth_rsa_pkcs1_bundle_selects_private_key_block ... ok
[INFO] [stdout] test auth::tests::keypair_auth_rsa_pkcs1 ... ok
[INFO] [stdout] 
[INFO] [stdout] test result: ok. 33 passed; 0 failed; 0 ignored; 0 measured; 0 filtered out; finished in 0.73s
[INFO] [stdout] 
[INFO] [stderr]      Running tests/core/main.rs (/opt/rustwide/target/release/deps/core-ff0dc6f3c53bfa54)
[INFO] [stdout] 
[INFO] [stdout] running 8 tests
[INFO] [stdout] test retry::retry_503_then_success ... ok
[INFO] [stdout] test retry::start_query_404_keeps_logic_error ... ok
[INFO] [stdout] test retry::retry_401_with_access_token_file_reload_then_success ... ok
[INFO] [stdout] test retry::query_page_404_maps_to_query_not_found ... ok
[INFO] [stdout] test retry::retry_401_auth_reload_stops_at_max_retries ... ok
[INFO] [stdout] test simple::select_simple ... FAILED
[INFO] [stdout] test stage::insert_with_stage_stream ... FAILED
[INFO] [stdout] test stage::insert_with_stage_presigned ... FAILED
[INFO] [stdout] 
[INFO] [stdout] failures:
[INFO] [stdout] 
[INFO] [stdout] ---- simple::select_simple stdout ----
[INFO] [stdout] 
[INFO] [stdout] thread 'simple::select_simple' (2815) panicked at tests/core/simple.rs:23:50:
[INFO] [stdout] called `Result::unwrap()` on an `Err` value: WithContext { inner: Request("reqwest::Error: error sending request, source_chain=client error (Connect) -> tcp connect error -> Connection refused (os error 111)"), request_kind: Some(Login), query_id: None, retry_times: Some(2) }
[INFO] [stdout] stack backtrace:
[INFO] [stdout]    0:     0x56faba84f2e1 - <<std[70759c8f55707aa4]::sys::backtrace::BacktraceLock>::print::DisplayBacktrace as core[df12db4294e9bfd3]::fmt::Display>::fmt
[INFO] [stdout]    1:     0x56faba867a7a - core[df12db4294e9bfd3]::fmt::write
[INFO] [stdout]    2:     0x56faba85411c - <alloc[2182bb758b4b3781]::vec::Vec<u8> as core[df12db4294e9bfd3]::io::write::Write>::write_fmt
[INFO] [stdout]    3:     0x56faba829446 - std[70759c8f55707aa4]::panicking::default_hook::{closure#0}
[INFO] [stdout]    4:     0x56faba846659 - std[70759c8f55707aa4]::panicking::default_hook
[INFO] [stdout]    5:     0x56faba3ca8f0 - test[9d35eded1c95d3be]::test_main_inner::<test[9d35eded1c95d3be]::test_main_static::{closure#0}>::{closure#0}
[INFO] [stdout]    6:     0x56faba846982 - std[70759c8f55707aa4]::panicking::panic_with_hook
[INFO] [stdout]    7:     0x56faba8294f2 - std[70759c8f55707aa4]::panicking::panic_handler::{closure#0}
[INFO] [stdout]    8:     0x56faba821f59 - std[70759c8f55707aa4]::sys::backtrace::__rust_end_short_backtrace::<std[70759c8f55707aa4]::panicking::panic_handler::{closure#0}, !>
[INFO] [stdout]    9:     0x56faba82a2dd - __rustc[8fa7c3cbc660c2b3]::rust_begin_unwind
[INFO] [stdout]   10:     0x56faba8681dc - core[df12db4294e9bfd3]::panicking::panic_fmt
[INFO] [stdout]   11:     0x56faba867fb2 - core[df12db4294e9bfd3]::result::unwrap_failed
[INFO] [stdout]   12:     0x56faba35d637 - core[1d909b8137ef0243]::simple::select_simple::{closure#0}
[INFO] [stdout]   13:     0x56faba3b97e3 - <tokio[cbbd1c2452c52487]::runtime::scheduler::current_thread::Context>::enter::<core[df12db4294e9bfd3]::task::poll::Poll<()>, <tokio[cbbd1c2452c52487]::runtime::scheduler::current_thread::CoreGuard>::block_on<core[df12db4294e9bfd3]::pin::Pin<&mut core[df12db4294e9bfd3]::pin::Pin<&mut dyn core[df12db4294e9bfd3]::future::future::Future<Output = ()>>>>::{closure#0}::{closure#0}>
[INFO] [stdout]   14:     0x56faba38405c - <tokio[cbbd1c2452c52487]::runtime::context::scoped::Scoped<tokio[cbbd1c2452c52487]::runtime::scheduler::Context>>::set::<<tokio[cbbd1c2452c52487]::runtime::scheduler::current_thread::CoreGuard>::enter<<tokio[cbbd1c2452c52487]::runtime::scheduler::current_thread::CoreGuard>::block_on<core[df12db4294e9bfd3]::pin::Pin<&mut core[df12db4294e9bfd3]::pin::Pin<&mut dyn core[df12db4294e9bfd3]::future::future::Future<Output = ()>>>>::{closure#0}, core[df12db4294e9bfd3]::option::Option<()>>::{closure#0}, (alloc[2182bb758b4b3781]::boxed::Box<tokio[cbbd1c2452c52487]::runtime::scheduler::current_thread::Core>, core[df12db4294e9bfd3]::option::Option<()>)>
[INFO] [stdout]   15:     0x56faba3b940c - <tokio[cbbd1c2452c52487]::runtime::runtime::Runtime>::block_on::<core[df12db4294e9bfd3]::pin::Pin<&mut dyn core[df12db4294e9bfd3]::future::future::Future<Output = ()>>>
[INFO] [stdout]   16:     0x56faba35db5b - core[1d909b8137ef0243]::simple::select_simple
[INFO] [stdout]   17:     0x56faba39d3e9 - <core[1d909b8137ef0243]::simple::select_simple::{closure#0} as core[df12db4294e9bfd3]::ops::function::FnOnce<()>>::call_once
[INFO] [stdout]   18:     0x56faba3bdbdb - test[9d35eded1c95d3be]::__rust_begin_short_backtrace::<core[df12db4294e9bfd3]::result::Result<(), alloc[2182bb758b4b3781]::string::String>, fn() -> core[df12db4294e9bfd3]::result::Result<(), alloc[2182bb758b4b3781]::string::String>>
[INFO] [stdout]   19:     0x56faba3cb245 - test[9d35eded1c95d3be]::run_test::{closure#0}
[INFO] [stdout]   20:     0x56faba3c4b04 - std[70759c8f55707aa4]::sys::backtrace::__rust_begin_short_backtrace::<test[9d35eded1c95d3be]::run_test::{closure#1}, ()>
[INFO] [stdout]   21:     0x56faba3ce3a2 - <std[70759c8f55707aa4]::thread::lifecycle::spawn_unchecked<test[9d35eded1c95d3be]::run_test::{closure#1}, ()>::{closure#1} as core[df12db4294e9bfd3]::ops::function::FnOnce<()>>::call_once::{shim:vtable#0}
[INFO] [stdout]   22:     0x56faba84dd39 - <std[70759c8f55707aa4]::sys::thread::unix::Thread>::new::thread_start
[INFO] [stdout]   23:     0x7bb7185aadfa - <unknown>
[INFO] [stdout]   24:     0x7bb71863e3d4 - clone
[INFO] [stdout]   25:                0x0 - <unknown>
[INFO] [stdout] 
[INFO] [stdout] ---- stage::insert_with_stage_stream stdout ----
[INFO] [stdout] 
[INFO] [stdout] thread 'stage::insert_with_stage_stream' (2817) panicked at tests/core/stage.rs:31:14:
[INFO] [stdout] called `Result::unwrap()` on an `Err` value: WithContext { inner: Request("reqwest::Error: error sending request, source_chain=client error (Connect) -> tcp connect error -> Connection refused (os error 111)"), request_kind: Some(Login), query_id: None, retry_times: Some(2) }
[INFO] [stdout] stack backtrace:
[INFO] [stdout]    0:     0x56faba84f2e1 - <<std[70759c8f55707aa4]::sys::backtrace::BacktraceLock>::print::DisplayBacktrace as core[df12db4294e9bfd3]::fmt::Display>::fmt
[INFO] [stdout]    1:     0x56faba867a7a - core[df12db4294e9bfd3]::fmt::write
[INFO] [stdout]    2:     0x56faba85411c - <alloc[2182bb758b4b3781]::vec::Vec<u8> as core[df12db4294e9bfd3]::io::write::Write>::write_fmt
[INFO] [stdout]    3:     0x56faba829446 - std[70759c8f55707aa4]::panicking::default_hook::{closure#0}
[INFO] [stdout]    4:     0x56faba846659 - std[70759c8f55707aa4]::panicking::default_hook
[INFO] [stdout]    5:     0x56faba3ca8f0 - test[9d35eded1c95d3be]::test_main_inner::<test[9d35eded1c95d3be]::test_main_static::{closure#0}>::{closure#0}
[INFO] [stdout]    6:     0x56faba846982 - std[70759c8f55707aa4]::panicking::panic_with_hook
[INFO] [stdout]    7:     0x56faba8294f2 - std[70759c8f55707aa4]::panicking::panic_handler::{closure#0}
[INFO] [stdout]    8:     0x56faba821f59 - std[70759c8f55707aa4]::sys::backtrace::__rust_end_short_backtrace::<std[70759c8f55707aa4]::panicking::panic_handler::{closure#0}, !>
[INFO] [stdout]    9:     0x56faba82a2dd - __rustc[8fa7c3cbc660c2b3]::rust_begin_unwind
[INFO] [stdout]   10:     0x56faba8681dc - core[df12db4294e9bfd3]::panicking::panic_fmt
[INFO] [stdout]   11:     0x56faba867fb2 - core[df12db4294e9bfd3]::result::unwrap_failed
[INFO] [stdout]   12:     0x56faba330139 - core[1d909b8137ef0243]::stage::insert_with_stage::{closure#0}
[INFO] [stdout]   13:     0x56faba33257f - core[1d909b8137ef0243]::stage::insert_with_stage_stream::{closure#0}
[INFO] [stdout]   14:     0x56faba3b97e3 - <tokio[cbbd1c2452c52487]::runtime::scheduler::current_thread::Context>::enter::<core[df12db4294e9bfd3]::task::poll::Poll<()>, <tokio[cbbd1c2452c52487]::runtime::scheduler::current_thread::CoreGuard>::block_on<core[df12db4294e9bfd3]::pin::Pin<&mut core[df12db4294e9bfd3]::pin::Pin<&mut dyn core[df12db4294e9bfd3]::future::future::Future<Output = ()>>>>::{closure#0}::{closure#0}>
[INFO] [stdout]   15:     0x56faba38405c - <tokio[cbbd1c2452c52487]::runtime::context::scoped::Scoped<tokio[cbbd1c2452c52487]::runtime::scheduler::Context>>::set::<<tokio[cbbd1c2452c52487]::runtime::scheduler::current_thread::CoreGuard>::enter<<tokio[cbbd1c2452c52487]::runtime::scheduler::current_thread::CoreGuard>::block_on<core[df12db4294e9bfd3]::pin::Pin<&mut core[df12db4294e9bfd3]::pin::Pin<&mut dyn core[df12db4294e9bfd3]::future::future::Future<Output = ()>>>>::{closure#0}, core[df12db4294e9bfd3]::option::Option<()>>::{closure#0}, (alloc[2182bb758b4b3781]::boxed::Box<tokio[cbbd1c2452c52487]::runtime::scheduler::current_thread::Core>, core[df12db4294e9bfd3]::option::Option<()>)>
[INFO] [stdout]   16:     0x56faba3b940c - <tokio[cbbd1c2452c52487]::runtime::runtime::Runtime>::block_on::<core[df12db4294e9bfd3]::pin::Pin<&mut dyn core[df12db4294e9bfd3]::future::future::Future<Output = ()>>>
[INFO] [stdout]   17:     0x56faba33287b - core[1d909b8137ef0243]::stage::insert_with_stage_stream
[INFO] [stdout]   18:     0x56faba39d3a9 - <core[1d909b8137ef0243]::stage::insert_with_stage_stream::{closure#0} as core[df12db4294e9bfd3]::ops::function::FnOnce<()>>::call_once
[INFO] [stdout]   19:     0x56faba3bdbdb - test[9d35eded1c95d3be]::__rust_begin_short_backtrace::<core[df12db4294e9bfd3]::result::Result<(), alloc[2182bb758b4b3781]::string::String>, fn() -> core[df12db4294e9bfd3]::result::Result<(), alloc[2182bb758b4b3781]::string::String>>
[INFO] [stdout]   20:     0x56faba3cb245 - test[9d35eded1c95d3be]::run_test::{closure#0}
[INFO] [stdout]   21:     0x56faba3c4b04 - std[70759c8f55707aa4]::sys::backtrace::__rust_begin_short_backtrace::<test[9d35eded1c95d3be]::run_test::{closure#1}, ()>
[INFO] [stdout]   22:     0x56faba3ce3a2 - <std[70759c8f55707aa4]::thread::lifecycle::spawn_unchecked<test[9d35eded1c95d3be]::run_test::{closure#1}, ()>::{closure#1} as core[df12db4294e9bfd3]::ops::function::FnOnce<()>>::call_once::{shim:vtable#0}
[INFO] [stdout]   23:     0x56faba84dd39 - <std[70759c8f55707aa4]::sys::thread::unix::Thread>::new::thread_start
[INFO] [stdout]   24:     0x7bb7185aadfa - <unknown>
[INFO] [stdout]   25:     0x7bb71863e3d4 - clone
[INFO] [stdout]   26:                0x0 - <unknown>
[INFO] [stdout] 
[INFO] [stdout] ---- stage::insert_with_stage_presigned stdout ----
[INFO] [stdout] 
[INFO] [stdout] thread 'stage::insert_with_stage_presigned' (2816) panicked at tests/core/stage.rs:27:14:
[INFO] [stdout] called `Result::unwrap()` on an `Err` value: WithContext { inner: Request("reqwest::Error: error sending request, source_chain=client error (Connect) -> tcp connect error -> Connection refused (os error 111)"), request_kind: Some(Login), query_id: None, retry_times: Some(2) }
[INFO] [stdout] stack backtrace:
[INFO] [stdout]    0:     0x56faba84f2e1 - <<std[70759c8f55707aa4]::sys::backtrace::BacktraceLock>::print::DisplayBacktrace as core[df12db4294e9bfd3]::fmt::Display>::fmt
[INFO] [stdout]    1:     0x56faba867a7a - core[df12db4294e9bfd3]::fmt::write
[INFO] [stdout]    2:     0x56faba85411c - <alloc[2182bb758b4b3781]::vec::Vec<u8> as core[df12db4294e9bfd3]::io::write::Write>::write_fmt
[INFO] [stdout]    3:     0x56faba829446 - std[70759c8f55707aa4]::panicking::default_hook::{closure#0}
[INFO] [stdout]    4:     0x56faba846659 - std[70759c8f55707aa4]::panicking::default_hook
[INFO] [stdout]    5:     0x56faba3ca8f0 - test[9d35eded1c95d3be]::test_main_inner::<test[9d35eded1c95d3be]::test_main_static::{closure#0}>::{closure#0}
[INFO] [stdout]    6:     0x56faba846982 - std[70759c8f55707aa4]::panicking::panic_with_hook
[INFO] [stdout]    7:     0x56faba8294f2 - std[70759c8f55707aa4]::panicking::panic_handler::{closure#0}
[INFO] [stdout]    8:     0x56faba821f59 - std[70759c8f55707aa4]::sys::backtrace::__rust_end_short_backtrace::<std[70759c8f55707aa4]::panicking::panic_handler::{closure#0}, !>
[INFO] [stdout]    9:     0x56faba82a2dd - __rustc[8fa7c3cbc660c2b3]::rust_begin_unwind
[INFO] [stdout]   10:     0x56faba8681dc - core[df12db4294e9bfd3]::panicking::panic_fmt
[INFO] [stdout]   11:     0x56faba867fb2 - core[df12db4294e9bfd3]::result::unwrap_failed
[INFO] [stdout]   12:     0x56faba32b45f - core[1d909b8137ef0243]::stage::insert_with_stage::{closure#0}
[INFO] [stdout]   13:     0x56faba33261f - core[1d909b8137ef0243]::stage::insert_with_stage_presigned::{closure#0}
[INFO] [stdout]   14:     0x56faba3b97e3 - <tokio[cbbd1c2452c52487]::runtime::scheduler::current_thread::Context>::enter::<core[df12db4294e9bfd3]::task::poll::Poll<()>, <tokio[cbbd1c2452c52487]::runtime::scheduler::current_thread::CoreGuard>::block_on<core[df12db4294e9bfd3]::pin::Pin<&mut core[df12db4294e9bfd3]::pin::Pin<&mut dyn core[df12db4294e9bfd3]::future::future::Future<Output = ()>>>>::{closure#0}::{closure#0}>
[INFO] [stdout]   15:     0x56faba38405c - <tokio[cbbd1c2452c52487]::runtime::context::scoped::Scoped<tokio[cbbd1c2452c52487]::runtime::scheduler::Context>>::set::<<tokio[cbbd1c2452c52487]::runtime::scheduler::current_thread::CoreGuard>::enter<<tokio[cbbd1c2452c52487]::runtime::scheduler::current_thread::CoreGuard>::block_on<core[df12db4294e9bfd3]::pin::Pin<&mut core[df12db4294e9bfd3]::pin::Pin<&mut dyn core[df12db4294e9bfd3]::future::future::Future<Output = ()>>>>::{closure#0}, core[df12db4294e9bfd3]::option::Option<()>>::{closure#0}, (alloc[2182bb758b4b3781]::boxed::Box<tokio[cbbd1c2452c52487]::runtime::scheduler::current_thread::Core>, core[df12db4294e9bfd3]::option::Option<()>)>
[INFO] [stdout]   16:     0x56faba3b940c - <tokio[cbbd1c2452c52487]::runtime::runtime::Runtime>::block_on::<core[df12db4294e9bfd3]::pin::Pin<&mut dyn core[df12db4294e9bfd3]::future::future::Future<Output = ()>>>
[INFO] [stdout]   17:     0x56faba3329db - core[1d909b8137ef0243]::stage::insert_with_stage_presigned
[INFO] [stdout]   18:     0x56faba39d3c9 - <core[1d909b8137ef0243]::stage::insert_with_stage_presigned::{closure#0} as core[df12db4294e9bfd3]::ops::function::FnOnce<()>>::call_once
[INFO] [stdout]   19:     0x56faba3bdbdb - test[9d35eded1c95d3be]::__rust_begin_short_backtrace::<core[df12db4294e9bfd3]::result::Result<(), alloc[2182bb758b4b3781]::string::String>, fn() -> core[df12db4294e9bfd3]::result::Result<(), alloc[2182bb758b4b3781]::string::String>>
[INFO] [stdout]   20:     0x56faba3cb245 - test[9d35eded1c95d3be]::run_test::{closure#0}
[INFO] [stdout]   21:     0x56faba3c4b04 - std[70759c8f55707aa4]::sys::backtrace::__rust_begin_short_backtrace::<test[9d35eded1c95d3be]::run_test::{closure#1}, ()>
[INFO] [stdout]   22:     0x56faba3ce3a2 - <std[70759c8f55707aa4]::thread::lifecycle::spawn_unchecked<test[9d35eded1c95d3be]::run_test::{closure#1}, ()>::{closure#1} as core[df12db4294e9bfd3]::ops::function::FnOnce<()>>::call_once::{shim:vtable#0}
[INFO] [stdout]   23:     0x56faba84dd39 - <std[70759c8f55707aa4]::sys::thread::unix::Thread>::new::thread_start
[INFO] [stdout]   24:     0x7bb7185aadfa - <unknown>
[INFO] [stdout]   25:     0x7bb71863e3d4 - clone
[INFO] [stdout]   26:                0x0 - <unknown>
[INFO] [stdout] 
[INFO] [stdout] 
[INFO] [stdout] failures:
[INFO] [stdout]     simple::select_simple
[INFO] [stdout]     stage::insert_with_stage_presigned
[INFO] [stdout]     stage::insert_with_stage_stream
[INFO] [stdout] 
[INFO] [stdout] test result: FAILED. 5 passed; 3 failed; 0 ignored; 0 measured; 0 filtered out; finished in 11.81s
[INFO] [stdout] 
[INFO] [stderr] error: test failed, to rerun pass `--test core`
[INFO] running `Command { std: "docker" "inspect" "6b8c9fddcfcab0a3c1ba03372429a77c5267dac2f1c967afd436c7c9faa6f8ad", kill_on_drop: false }`
[INFO] running `Command { std: "docker" "rm" "-f" "6b8c9fddcfcab0a3c1ba03372429a77c5267dac2f1c967afd436c7c9faa6f8ad", kill_on_drop: false }`
[INFO] [stdout] 6b8c9fddcfcab0a3c1ba03372429a77c5267dac2f1c967afd436c7c9faa6f8ad
