[INFO] fetching crate data_vault 0.3.4...
[INFO] testing data_vault-0.3.4 against 1.100.0-beta.1+cargoflags=--release for beta-release-1.100-2
[INFO] extracting crate data_vault 0.3.4 into /workspace/builds/worker-5-tc2/source
[INFO] started tweaking crates.io crate data_vault 0.3.4
[INFO] finished tweaking crates.io crate data_vault 0.3.4
[INFO] tweaked toml for crates.io crate data_vault 0.3.4 written to /workspace/builds/worker-5-tc2/source/Cargo.toml
[INFO] validating manifest of crates.io crate data_vault 0.3.4 on toolchain 1.100.0-beta.1
[INFO] running `Command { std: CARGO_HOME="/workspace/cargo-home" RUSTUP_HOME="/workspace/rustup-home" "/workspace/cargo-home/bin/cargo" "+1.100.0-beta.1" "metadata" "--manifest-path" "Cargo.toml" "--no-deps", kill_on_drop: false }`
[INFO] crate crates.io crate data_vault 0.3.4 already has a lockfile, it will not be regenerated
[INFO] running `Command { std: CARGO_HOME="/workspace/cargo-home" RUSTUP_HOME="/workspace/rustup-home" "/workspace/cargo-home/bin/cargo" "+1.100.0-beta.1" "fetch" "--manifest-path" "Cargo.toml", kill_on_drop: false }`
[INFO] running `Command { std: "docker" "create" "-v" "/var/lib/crater-agent-workspace/builds/worker-5-tc2/source:/opt/rustwide/workdir:ro,Z" "-v" "/var/lib/crater-agent-workspace/builds/worker-5-tc2/target:/opt/rustwide/target:rw,Z" "-v" "/var/lib/crater-agent-workspace/cargo-home:/opt/rustwide/cargo-home:ro,Z" "-v" "/var/lib/crater-agent-workspace/rustup-home:/opt/rustwide/rustup-home:ro,Z" "-m" "1610612736" "--network" "none" "ghcr.io/rust-lang/crates-build-env/linux@sha256:77db811e55d90add9212f6832c23229e3de5f1c1f9905e8cb07319ea15df73ac" "sleep" "infinity", kill_on_drop: false }`
[INFO] [stdout] a89970b77c273caab8137efe1b623ed170fcef69d5cdf6e6b05877cc9c455051
[INFO] running `Command { std: "docker" "start" "a89970b77c273caab8137efe1b623ed170fcef69d5cdf6e6b05877cc9c455051", kill_on_drop: false }`
[INFO] running `Command { std: "docker" "inspect" "a89970b77c273caab8137efe1b623ed170fcef69d5cdf6e6b05877cc9c455051", kill_on_drop: false }`
[INFO] running `Command { std: "docker" "exec" "-e" "SOURCE_DIR=/opt/rustwide/workdir" "-e" "CARGO_HOME=/opt/rustwide/cargo-home" "-e" "RUSTUP_HOME=/opt/rustwide/rustup-home" "-e" "CARGO_TARGET_DIR=/opt/rustwide/target" "-w" "/opt/rustwide/workdir" "--user" "0:0" "a89970b77c273caab8137efe1b623ed170fcef69d5cdf6e6b05877cc9c455051" "/opt/rustwide/cargo-home/bin/cargo" "+1.100.0-beta.1" "metadata" "--no-deps" "--format-version=1", kill_on_drop: false }`
[INFO] running `Command { std: "docker" "inspect" "a89970b77c273caab8137efe1b623ed170fcef69d5cdf6e6b05877cc9c455051", kill_on_drop: false }`
[INFO] running `Command { std: "docker" "exec" "-e" "SOURCE_DIR=/opt/rustwide/workdir" "-e" "CARGO_HOME=/opt/rustwide/cargo-home" "-e" "RUSTUP_HOME=/opt/rustwide/rustup-home" "-e" "CARGO_TARGET_DIR=/opt/rustwide/target" "-e" "CARGO_INCREMENTAL=0" "-e" "RUST_BACKTRACE=full" "-e" "RUSTFLAGS=--cap-lints=warn" "-e" "RUSTDOCFLAGS=--cap-lints=warn" "-w" "/opt/rustwide/workdir" "--user" "0:0" "a89970b77c273caab8137efe1b623ed170fcef69d5cdf6e6b05877cc9c455051" "/opt/rustwide/cargo-home/bin/cargo" "+1.100.0-beta.1" "build" "--frozen" "--message-format=json" "--release", kill_on_drop: false }`
[INFO] [stderr]    Compiling version_check v0.9.3
[INFO] [stderr]    Compiling cfg-if v1.0.0
[INFO] [stderr]    Compiling proc-macro2 v1.0.27
[INFO] [stderr]    Compiling typenum v1.13.0
[INFO] [stderr]    Compiling unicode-xid v0.2.2
[INFO] [stderr]    Compiling syn v1.0.73
[INFO] [stderr]    Compiling libc v0.2.97
[INFO] [stderr]    Compiling memchr v2.4.0
[INFO] [stderr]    Compiling autocfg v1.0.1
[INFO] [stderr]    Compiling futures-core v0.3.15
[INFO] [stderr]    Compiling log v0.4.14
[INFO] [stderr]    Compiling tinyvec_macros v0.1.0
[INFO] [stderr]    Compiling matches v0.1.8
[INFO] [stderr]    Compiling generic-array v0.14.4
[INFO] [stderr]    Compiling subtle v2.4.0
[INFO] [stderr]    Compiling proc-macro-hack v0.5.19
[INFO] [stderr]    Compiling pin-project-lite v0.2.6
[INFO] [stderr]    Compiling futures-macro v0.3.15
[INFO] [stderr]    Compiling tinyvec v1.2.0
[INFO] [stderr]    Compiling futures-task v0.3.15
[INFO] [stderr]    Compiling futures-sink v0.3.15
[INFO] [stderr]    Compiling proc-macro-nested v0.1.7
[INFO] [stderr]    Compiling bytes v1.0.1
[INFO] [stderr]    Compiling futures-channel v0.3.15
[INFO] [stderr]    Compiling quote v1.0.9
[INFO] [stderr]    Compiling futures-util v0.3.15
[INFO] [stderr]    Compiling tokio v1.7.1
[INFO] [stderr]    Compiling unicode-bidi v0.3.5
[INFO] [stderr]    Compiling ryu v1.0.5
[INFO] [stderr]    Compiling serde_derive v1.0.126
[INFO] [stderr]    Compiling opaque-debug v0.3.0
[INFO] [stderr]    Compiling mio v0.7.13
[INFO] [stderr]    Compiling num_cpus v1.13.0
[INFO] [stderr]    Compiling unicode-normalization v0.1.19
[INFO] [stderr]    Compiling cpufeatures v0.1.4
[INFO] [stderr]    Compiling pin-utils v0.1.0
[INFO] [stderr]    Compiling slab v0.4.3
[INFO] [stderr]    Compiling serde v1.0.126
[INFO] [stderr]    Compiling futures-io v0.3.15
[INFO] [stderr]    Compiling bitflags v1.2.1
[INFO] [stderr]    Compiling getrandom v0.2.3
[INFO] [stderr]    Compiling lexical-core v0.7.6
[INFO] [stderr]    Compiling digest v0.9.0
[INFO] [stderr]    Compiling async-trait v0.1.50
[INFO] [stderr]    Compiling arrayvec v0.5.2
[INFO] [stderr]    Compiling rand_core v0.6.3
[INFO] [stderr]    Compiling block-buffer v0.9.0
[INFO] [stderr]    Compiling nom v5.1.2
[INFO] [stderr]    Compiling ppv-lite86 v0.2.10
[INFO] [stderr]    Compiling static_assertions v1.1.0
[INFO] [stderr]    Compiling percent-encoding v2.1.0
[INFO] [stderr]    Compiling crypto-mac v0.10.0
[INFO] [stderr]    Compiling lazy_static v1.4.0
[INFO] [stderr]    Compiling hmac v0.10.1
[INFO] [stderr]    Compiling md-5 v0.9.1
[INFO] [stderr]    Compiling sha2 v0.9.5
[INFO] [stderr]    Compiling cipher v0.3.0
[INFO] [stderr]    Compiling instant v0.1.9
[INFO] [stderr]    Compiling siphasher v0.3.5
[INFO] [stderr]    Compiling fallible-iterator v0.2.0
[INFO] [stderr]    Compiling stringprep v0.1.2
[INFO] [stderr]    Compiling base64 v0.13.0
[INFO] [stderr]    Compiling rand_chacha v0.3.1
[INFO] [stderr]    Compiling byteorder v1.4.3
[INFO] [stderr]    Compiling rand v0.8.4
[INFO] [stderr]    Compiling smallvec v1.6.1
[INFO] [stderr]    Compiling scopeguard v1.1.0
[INFO] [stderr]    Compiling lock_api v0.4.4
[INFO] [stderr]    Compiling parking_lot_core v0.8.3
[INFO] [stderr]    Compiling phf_shared v0.8.0
[INFO] [stderr]    Compiling idna v0.2.3
[INFO] [stderr]    Compiling form_urlencoded v1.0.1
[INFO] [stderr]    Compiling itoa v0.4.7
[INFO] [stderr]    Compiling cc v1.0.68
[INFO] [stderr]    Compiling parking_lot v0.11.1
[INFO] [stderr]    Compiling phf v0.8.0
[INFO] [stderr]    Compiling universal-hash v0.4.0
[INFO] [stderr]    Compiling socket2 v0.4.0
[INFO] [stderr]    Compiling postgres-protocol v0.6.1
[INFO] [stderr]    Compiling url v2.2.2
[INFO] [stderr]    Compiling aho-corasick v0.7.18
[INFO] [stderr]    Compiling regex-syntax v0.6.25
[INFO] [stderr]    Compiling blake3 v0.3.8
[INFO] [stderr]    Compiling postgres-types v0.2.1
[INFO] [stderr]    Compiling serde_json v1.0.64
[INFO] [stderr]    Compiling dtoa v0.4.8
[INFO] [stderr]    Compiling polyval v0.5.1
[INFO] [stderr]    Compiling aes v0.7.4
[INFO] [stderr]    Compiling ctr v0.7.0
[INFO] [stderr]    Compiling aead v0.4.1
[INFO] [stderr]    Compiling crypto-mac v0.8.0
[INFO] [stderr]    Compiling arrayref v0.3.6
[INFO] [stderr]    Compiling cfg-if v0.1.10
[INFO] [stderr]    Compiling zeroize v1.3.0
[INFO] [stderr]    Compiling constant_time_eq v0.1.5
[INFO] [stderr]    Compiling block-padding v0.2.1
[INFO] [stderr]    Compiling block-modes v0.8.1
[INFO] [stderr]    Compiling aes-gcm-siv v0.10.1
[INFO] [stderr]    Compiling dotenv v0.15.0
[INFO] [stderr]    Compiling hex v0.4.3
[INFO] [stderr]    Compiling regex v1.5.4
[INFO] [stderr]    Compiling tokio-macros v1.2.0
[INFO] [stderr]    Compiling futures-executor v0.3.15
[INFO] [stderr]    Compiling futures v0.3.15
[INFO] [stderr]    Compiling tokio-util v0.6.7
[INFO] [stderr]    Compiling combine v4.6.0
[INFO] [stderr]    Compiling tokio-postgres v0.7.2
[INFO] [stderr]    Compiling config v0.11.0
[INFO] [stderr]    Compiling credit_card v0.1.4
[INFO] [stderr]    Compiling deadpool v0.8.0
[INFO] [stderr]    Compiling deadpool-postgres v0.9.0
[INFO] [stderr]    Compiling redis v0.20.2
[INFO] [stderr]    Compiling deadpool-redis v0.8.1
[INFO] [stderr]    Compiling data_vault v0.3.4 (/opt/rustwide/workdir)
[INFO] [stdout] warning: constant `INSERT_CREDIT_CARD` is never used
[INFO] [stdout]   --> src/postgres_data_vault.rs:53:7
[INFO] [stdout]    |
[INFO] [stdout] 53 | const INSERT_CREDIT_CARD: &str = "INSERT INTO data_vault VALUES (token, credit_card) ($1, $2)";
[INFO] [stdout]    |       ^^^^^^^^^^^^^^^^^^
[INFO] [stdout]    |
[INFO] [stdout]    = note: `#[warn(dead_code)]` (part of `#[warn(unused)]`) on by default
[INFO] [stdout] 
[INFO] [stdout] 
[INFO] [stdout] warning: constant `UPDATE_CREDIT_CARD` is never used
[INFO] [stdout]   --> src/postgres_data_vault.rs:54:7
[INFO] [stdout]    |
[INFO] [stdout] 54 | const UPDATE_CREDIT_CARD: &str = "UPDATE data_vault SET credit_card = $2 WHERE token = $1";
[INFO] [stdout]    |       ^^^^^^^^^^^^^^^^^^
[INFO] [stdout] 
[INFO] [stdout] 
[INFO] [stdout] warning: constant `DELETE_CREDIT_CARD` is never used
[INFO] [stdout]   --> src/postgres_data_vault.rs:56:7
[INFO] [stdout]    |
[INFO] [stdout] 56 | const DELETE_CREDIT_CARD: &str = "DELETE FROM data_vault WHERE token = $1";
[INFO] [stdout]    |       ^^^^^^^^^^^^^^^^^^
[INFO] [stdout] 
[INFO] [stdout] 
[INFO] [stderr]     Finished `release` profile [optimized] target(s) in 1m 34s
[INFO] [stderr] warning: the following packages contain code that will be rejected by a future version of Rust: nom v5.1.2, redis v0.20.2
[INFO] [stderr] note: to see what the problems were, use the option `--future-incompat-report`, or run `cargo report future-incompatibilities --id 2`
[INFO] running `Command { std: "docker" "inspect" "a89970b77c273caab8137efe1b623ed170fcef69d5cdf6e6b05877cc9c455051", kill_on_drop: false }`
[INFO] running `Command { std: "docker" "exec" "-e" "SOURCE_DIR=/opt/rustwide/workdir" "-e" "CARGO_HOME=/opt/rustwide/cargo-home" "-e" "RUSTUP_HOME=/opt/rustwide/rustup-home" "-e" "CARGO_TARGET_DIR=/opt/rustwide/target" "-e" "CARGO_INCREMENTAL=0" "-e" "RUST_BACKTRACE=full" "-e" "RUSTFLAGS=--cap-lints=warn" "-e" "RUSTDOCFLAGS=--cap-lints=warn" "-w" "/opt/rustwide/workdir" "--user" "0:0" "a89970b77c273caab8137efe1b623ed170fcef69d5cdf6e6b05877cc9c455051" "/opt/rustwide/cargo-home/bin/cargo" "+1.100.0-beta.1" "test" "--frozen" "--no-run" "--message-format=json" "--release", kill_on_drop: false }`
[INFO] [stderr]    Compiling ucd-trie v0.1.3
[INFO] [stderr]    Compiling crossbeam-utils v0.8.5
[INFO] [stderr]    Compiling memoffset v0.6.4
[INFO] [stderr]    Compiling crossbeam-epoch v0.9.5
[INFO] [stderr]    Compiling either v1.6.1
[INFO] [stderr]    Compiling rayon-core v1.9.1
[INFO] [stderr]    Compiling num-traits v0.2.14
[INFO] [stderr]    Compiling rayon v1.5.1
[INFO] [stderr]    Compiling plotters-backend v0.3.0
[INFO] [stderr]    Compiling unicode-width v0.1.8
[INFO] [stderr]    Compiling regex-automata v0.1.10
[INFO] [stderr]    Compiling itertools v0.9.0
[INFO] [stderr]    Compiling pest v2.1.3
[INFO] [stderr]    Compiling textwrap v0.11.0
[INFO] [stderr]    Compiling atty v0.2.14
[INFO] [stderr]    Compiling csv-core v0.1.10
[INFO] [stderr]    Compiling bstr v0.2.16
[INFO] [stderr]    Compiling crossbeam-channel v0.5.1
[INFO] [stderr]    Compiling plotters-svg v0.3.0
[INFO] [stderr]    Compiling half v1.7.1
[INFO] [stderr]    Compiling crossbeam-deque v0.8.0
[INFO] [stderr]    Compiling same-file v1.0.6
[INFO] [stderr]    Compiling semver-parser v0.10.2
[INFO] [stderr]    Compiling csv v1.1.6
[INFO] [stderr]    Compiling walkdir v2.3.2
[INFO] [stderr]    Compiling serde_cbor v0.11.1
[INFO] [stderr]    Compiling clap v2.33.3
[INFO] [stderr]    Compiling semver v0.11.0
[INFO] [stderr]    Compiling plotters v0.3.1
[INFO] [stderr]    Compiling itertools v0.10.1
[INFO] [stderr]    Compiling rustc_version v0.3.3
[INFO] [stderr]    Compiling tinytemplate v1.2.1
[INFO] [stderr]    Compiling cast v0.2.6
[INFO] [stderr]    Compiling humantime v2.1.0
[INFO] [stderr]    Compiling criterion-plot v0.4.3
[INFO] [stderr]    Compiling termcolor v1.1.2
[INFO] [stderr]    Compiling oorandom v11.1.3
[INFO] [stdout] warning: constant `INSERT_CREDIT_CARD` is never used
[INFO] [stdout]   --> src/postgres_data_vault.rs:53:7
[INFO] [stdout]    |
[INFO] [stdout] 53 | const INSERT_CREDIT_CARD: &str = "INSERT INTO data_vault VALUES (token, credit_card) ($1, $2)";
[INFO] [stdout]    |       ^^^^^^^^^^^^^^^^^^
[INFO] [stdout]    |
[INFO] [stdout]    = note: `#[warn(dead_code)]` (part of `#[warn(unused)]`) on by default
[INFO] [stdout] 
[INFO] [stdout] 
[INFO] [stdout] warning: constant `UPDATE_CREDIT_CARD` is never used
[INFO] [stdout]   --> src/postgres_data_vault.rs:54:7
[INFO] [stdout]    |
[INFO] [stdout] 54 | const UPDATE_CREDIT_CARD: &str = "UPDATE data_vault SET credit_card = $2 WHERE token = $1";
[INFO] [stdout]    |       ^^^^^^^^^^^^^^^^^^
[INFO] [stdout] 
[INFO] [stdout] 
[INFO] [stdout] warning: constant `DELETE_CREDIT_CARD` is never used
[INFO] [stdout]   --> src/postgres_data_vault.rs:56:7
[INFO] [stdout]    |
[INFO] [stdout] 56 | const DELETE_CREDIT_CARD: &str = "DELETE FROM data_vault WHERE token = $1";
[INFO] [stdout]    |       ^^^^^^^^^^^^^^^^^^
[INFO] [stdout] 
[INFO] [stdout] 
[INFO] [stderr]    Compiling env_logger v0.8.4
[INFO] [stderr]    Compiling criterion v0.3.4
[INFO] [stderr]    Compiling data_vault v0.3.4 (/opt/rustwide/workdir)
[INFO] [stdout] warning: unused import: `info`
[INFO] [stdout]  --> examples/redis_benchmark.rs:1:11
[INFO] [stdout]   |
[INFO] [stdout] 1 | use log::{info};
[INFO] [stdout]   |           ^^^^
[INFO] [stdout]   |
[INFO] [stdout]   = note: `#[warn(unused_imports)]` (part of `#[warn(unused)]`) on by default
[INFO] [stdout] 
[INFO] [stdout] 
[INFO] [stdout] warning: unused import: `RedisDataVault`
[INFO] [stdout]  --> examples/redis_benchmark.rs:4:18
[INFO] [stdout]   |
[INFO] [stdout] 4 | use data_vault::{RedisDataVault, DataVault, PostgresDataVault};
[INFO] [stdout]   |                  ^^^^^^^^^^^^^^
[INFO] [stdout] 
[INFO] [stdout] 
[INFO] [stdout] warning: unused import: `info`
[INFO] [stdout]  --> examples/postgres_benchmark.rs:1:11
[INFO] [stdout]   |
[INFO] [stdout] 1 | use log::{info};
[INFO] [stdout]   |           ^^^^
[INFO] [stdout]   |
[INFO] [stdout]   = note: `#[warn(unused_imports)]` (part of `#[warn(unused)]`) on by default
[INFO] [stdout] 
[INFO] [stdout] 
[INFO] [stdout] warning: constant `INSERT_CREDIT_CARD` is never used
[INFO] [stdout]   --> src/postgres_data_vault.rs:53:7
[INFO] [stdout]    |
[INFO] [stdout] 53 | const INSERT_CREDIT_CARD: &str = "INSERT INTO data_vault VALUES (token, credit_card) ($1, $2)";
[INFO] [stdout]    |       ^^^^^^^^^^^^^^^^^^
[INFO] [stdout]    |
[INFO] [stdout]    = note: `#[warn(dead_code)]` (part of `#[warn(unused)]`) on by default
[INFO] [stdout] 
[INFO] [stdout] 
[INFO] [stdout] warning: constant `UPDATE_CREDIT_CARD` is never used
[INFO] [stdout]   --> src/postgres_data_vault.rs:54:7
[INFO] [stdout]    |
[INFO] [stdout] 54 | const UPDATE_CREDIT_CARD: &str = "UPDATE data_vault SET credit_card = $2 WHERE token = $1";
[INFO] [stdout]    |       ^^^^^^^^^^^^^^^^^^
[INFO] [stdout] 
[INFO] [stdout] 
[INFO] [stdout] warning: constant `DELETE_CREDIT_CARD` is never used
[INFO] [stdout]   --> src/postgres_data_vault.rs:56:7
[INFO] [stdout]    |
[INFO] [stdout] 56 | const DELETE_CREDIT_CARD: &str = "DELETE FROM data_vault WHERE token = $1";
[INFO] [stdout]    |       ^^^^^^^^^^^^^^^^^^
[INFO] [stdout] 
[INFO] [stdout] 
[INFO] [stderr]     Finished `release` profile [optimized] target(s) in 1m 48s
[INFO] [stderr] warning: the following packages contain code that will be rejected by a future version of Rust: criterion v0.3.4, nom v5.1.2, redis v0.20.2
[INFO] [stderr] note: to see what the problems were, use the option `--future-incompat-report`, or run `cargo report future-incompatibilities --id 3`
[INFO] running `Command { std: "docker" "inspect" "a89970b77c273caab8137efe1b623ed170fcef69d5cdf6e6b05877cc9c455051", kill_on_drop: false }`
[INFO] running `Command { std: "docker" "exec" "-e" "SOURCE_DIR=/opt/rustwide/workdir" "-e" "CARGO_HOME=/opt/rustwide/cargo-home" "-e" "RUSTUP_HOME=/opt/rustwide/rustup-home" "-e" "CARGO_TARGET_DIR=/opt/rustwide/target" "-e" "CARGO_INCREMENTAL=0" "-e" "RUST_BACKTRACE=full" "-e" "RUSTFLAGS=--cap-lints=warn" "-e" "RUSTDOCFLAGS=--cap-lints=warn" "-w" "/opt/rustwide/workdir" "--user" "0:0" "a89970b77c273caab8137efe1b623ed170fcef69d5cdf6e6b05877cc9c455051" "/opt/rustwide/cargo-home/bin/cargo" "+1.100.0-beta.1" "test" "--frozen" "--release", kill_on_drop: false }`
[INFO] [stderr] warning: constant `INSERT_CREDIT_CARD` is never used
[INFO] [stderr]   --> src/postgres_data_vault.rs:53:7
[INFO] [stderr]    |
[INFO] [stderr] 53 | const INSERT_CREDIT_CARD: &str = "INSERT INTO data_vault VALUES (token, credit_card) ($1, $2)";
[INFO] [stderr]    |       ^^^^^^^^^^^^^^^^^^
[INFO] [stderr]    |
[INFO] [stderr]    = note: `#[warn(dead_code)]` (part of `#[warn(unused)]`) on by default
[INFO] [stderr] 
[INFO] [stderr] warning: constant `UPDATE_CREDIT_CARD` is never used
[INFO] [stderr]   --> src/postgres_data_vault.rs:54:7
[INFO] [stderr]    |
[INFO] [stderr] 54 | const UPDATE_CREDIT_CARD: &str = "UPDATE data_vault SET credit_card = $2 WHERE token = $1";
[INFO] [stderr]    |       ^^^^^^^^^^^^^^^^^^
[INFO] [stderr] 
[INFO] [stderr] warning: constant `DELETE_CREDIT_CARD` is never used
[INFO] [stderr]   --> src/postgres_data_vault.rs:56:7
[INFO] [stderr]    |
[INFO] [stderr] 56 | const DELETE_CREDIT_CARD: &str = "DELETE FROM data_vault WHERE token = $1";
[INFO] [stderr]    |       ^^^^^^^^^^^^^^^^^^
[INFO] [stderr] 
[INFO] [stderr] warning: `data_vault` (lib) generated 3 warnings
[INFO] [stderr] warning: unused import: `info`
[INFO] [stderr]  --> examples/redis_benchmark.rs:1:11
[INFO] [stderr]   |
[INFO] [stderr] 1 | use log::{info};
[INFO] [stderr]   |           ^^^^
[INFO] [stderr]   |
[INFO] [stderr]   = note: `#[warn(unused_imports)]` (part of `#[warn(unused)]`) on by default
[INFO] [stderr] 
[INFO] [stderr] warning: unused import: `RedisDataVault`
[INFO] [stderr]  --> examples/redis_benchmark.rs:4:18
[INFO] [stderr]   |
[INFO] [stderr] 4 | use data_vault::{RedisDataVault, DataVault, PostgresDataVault};
[INFO] [stderr]   |                  ^^^^^^^^^^^^^^
[INFO] [stderr] 
[INFO] [stderr] warning: unused import: `info`
[INFO] [stderr]  --> examples/postgres_benchmark.rs:1:11
[INFO] [stderr]   |
[INFO] [stderr] 1 | use log::{info};
[INFO] [stderr]   |           ^^^^
[INFO] [stderr]   |
[INFO] [stderr]   = note: `#[warn(unused_imports)]` (part of `#[warn(unused)]`) on by default
[INFO] [stderr] 
[INFO] [stderr] warning: `data_vault` (example "redis_benchmark") generated 2 warnings (run `cargo fix --example "redis_benchmark" -p data_vault` to apply 2 suggestions)
[INFO] [stderr] warning: `data_vault` (example "postgres_benchmark") generated 1 warning (run `cargo fix --example "postgres_benchmark" -p data_vault` to apply 1 suggestion)
[INFO] [stderr] warning: `data_vault` (lib test) generated 3 warnings (3 duplicates)
[INFO] [stderr]     Finished `release` profile [optimized] target(s) in 0.34s
[INFO] [stderr] warning: the following packages contain code that will be rejected by a future version of Rust: criterion v0.3.4, nom v5.1.2, redis v0.20.2
[INFO] [stderr] note: to see what the problems were, use the option `--future-incompat-report`, or run `cargo report future-incompatibilities --id 3`
[INFO] [stderr]      Running unittests src/lib.rs (/opt/rustwide/target/release/build/data_vault/99cd15aa57ed17eb/out/data_vault-99cd15aa57ed17eb)
[INFO] [stdout] 
[INFO] [stdout] running 11 tests
[INFO] [stdout] test encryption::aes128_cbc::test::test_aes128_cbc_encrypt ... ok
[INFO] [stdout] test encryption::aes_gcm_siv::test::test_aes_gcm_siv_encrypt_decrypt ... ok
[INFO] [stdout] test encryption::aes128_cbc::test::test_aes128_cbc_encrypt_decrypt ... ok
[INFO] [stdout] test tests::test_decrypt ... ok
[INFO] [stdout] test tests::test_encrypt_decrypt ... ok
[INFO] [stdout] test encryption::aes128_cbc::test::test_aes128_cbc_decrypt ... ok
[INFO] [stdout] test tests::test_encrypt_string ... ok
[INFO] [stdout] test tokenizer::blake3_tokenizer::test::test_blake3_tokenization ... ok
[INFO] [stdout] test utils::random::test::test_salt_generate ... ok
[INFO] [stdout] test tests::store_retrieve_redis ... FAILED
[INFO] [stderr] error: test failed, to rerun pass `--lib`
[INFO] [stdout] test tests::store_retrieve_postgres ... FAILED
[INFO] [stdout] 
[INFO] [stdout] failures:
[INFO] [stdout] 
[INFO] [stdout] ---- tests::store_retrieve_redis stdout ----
[INFO] [stdout] 
[INFO] [stdout] thread 'tests::store_retrieve_redis' (2108) panicked at src/lib.rs:116:56:
[INFO] [stdout] called `Result::unwrap()` on an `Err` value: RedisPoolError
[INFO] [stdout] stack backtrace:
[INFO] [stdout]    0:     0x59e22c4a0e65 - <<std[617be2ca0a6fd877]::sys::backtrace::BacktraceLock>::print::DisplayBacktrace as core[a373ad73a504971]::fmt::Display>::fmt
[INFO] [stdout]    1:     0x59e22c444fda - core[a373ad73a504971]::fmt::write
[INFO] [stdout]    2:     0x59e22c4a04fb - <alloc[2e1b2a31b91974c5]::vec::Vec<u8> as core[a373ad73a504971]::io::write::Write>::write_fmt
[INFO] [stdout]    3:     0x59e22c49ffdf - std[617be2ca0a6fd877]::panicking::default_hook::{closure#0}
[INFO] [stdout]    4:     0x59e22c49fc0a - std[617be2ca0a6fd877]::panicking::default_hook
[INFO] [stdout]    5:     0x59e22c49f745 - std[617be2ca0a6fd877]::panicking::panic_with_hook
[INFO] [stdout]    6:     0x59e22c4c6651 - std[617be2ca0a6fd877]::panicking::panic_handler::{closure#0}
[INFO] [stdout]    7:     0x59e22c4c6609 - std[617be2ca0a6fd877]::sys::backtrace::__rust_end_short_backtrace::<std[617be2ca0a6fd877]::panicking::panic_handler::{closure#0}, !>
[INFO] [stdout]    8:     0x59e22c4c6b0c - __rustc[ea4f61d10b84890b]::rust_begin_unwind
[INFO] [stdout]    9:     0x59e22c444e6b - core[a373ad73a504971]::panicking::panic_fmt
[INFO] [stdout]   10:     0x59e22c448f31 - core[a373ad73a504971]::result::unwrap_failed
[INFO] [stdout]   11:     0x59e22c410e81 - data_vault[75e41ce76029af71]::tests::store_retrieve_redis::{closure#0}
[INFO] [stdout]   12:     0x59e22c4311c5 - <data_vault[75e41ce76029af71]::tests::store_retrieve_redis::{closure#0} as core[a373ad73a504971]::ops::function::FnOnce<()>>::call_once
[INFO] [stdout]   13:     0x59e22c4e254b - test[aada8e7e76ba119b]::__rust_begin_short_backtrace::<core[a373ad73a504971]::result::Result<(), alloc[2e1b2a31b91974c5]::string::String>, fn() -> core[a373ad73a504971]::result::Result<(), alloc[2e1b2a31b91974c5]::string::String>>
[INFO] [stdout]   14:     0x59e22c4ddf92 - test[aada8e7e76ba119b]::run_test::{closure#0}
[INFO] [stdout]   15:     0x59e22c4dd9fc - std[617be2ca0a6fd877]::sys::backtrace::__rust_begin_short_backtrace::<test[aada8e7e76ba119b]::run_test::{closure#1}, ()>
[INFO] [stdout]   16:     0x59e22c4fd44c - <std[617be2ca0a6fd877]::thread::lifecycle::spawn_unchecked<test[aada8e7e76ba119b]::run_test::{closure#1}, ()>::{closure#1} as core[a373ad73a504971]::ops::function::FnOnce<()>>::call_once::{shim:vtable#0}
[INFO] [stdout]   17:     0x59e22c4c8534 - <std[617be2ca0a6fd877]::sys::thread::unix::Thread>::new::thread_start
[INFO] [stdout]   18:     0x74fc266d4dfa - <unknown>
[INFO] [stdout]   19:     0x74fc267683d4 - clone
[INFO] [stdout]   20:                0x0 - <unknown>
[INFO] [stdout] 
[INFO] [stdout] ---- tests::store_retrieve_postgres stdout ----
[INFO] [stdout] 
[INFO] [stdout] thread 'tests::store_retrieve_postgres' (2107) panicked at src/lib.rs:134:56:
[INFO] [stdout] called `Result::unwrap()` on an `Err` value: PostgresPoolError
[INFO] [stdout] stack backtrace:
[INFO] [stdout]    0:     0x59e22c4a0e65 - <<std[617be2ca0a6fd877]::sys::backtrace::BacktraceLock>::print::DisplayBacktrace as core[a373ad73a504971]::fmt::Display>::fmt
[INFO] [stdout]    1:     0x59e22c444fda - core[a373ad73a504971]::fmt::write
[INFO] [stdout]    2:     0x59e22c4a04fb - <alloc[2e1b2a31b91974c5]::vec::Vec<u8> as core[a373ad73a504971]::io::write::Write>::write_fmt
[INFO] [stdout]    3:     0x59e22c49ffdf - std[617be2ca0a6fd877]::panicking::default_hook::{closure#0}
[INFO] [stdout]    4:     0x59e22c49fc0a - std[617be2ca0a6fd877]::panicking::default_hook
[INFO] [stdout]    5:     0x59e22c49f745 - std[617be2ca0a6fd877]::panicking::panic_with_hook
[INFO] [stdout]    6:     0x59e22c4c6651 - std[617be2ca0a6fd877]::panicking::panic_handler::{closure#0}
[INFO] [stdout]    7:     0x59e22c4c6609 - std[617be2ca0a6fd877]::sys::backtrace::__rust_end_short_backtrace::<std[617be2ca0a6fd877]::panicking::panic_handler::{closure#0}, !>
[INFO] [stdout]    8:     0x59e22c4c6b0c - __rustc[ea4f61d10b84890b]::rust_begin_unwind
[INFO] [stdout]    9:     0x59e22c444e6b - core[a373ad73a504971]::panicking::panic_fmt
[INFO] [stdout]   10:     0x59e22c448f31 - core[a373ad73a504971]::result::unwrap_failed
[INFO] [stdout]   11:     0x59e22c413f70 - data_vault[75e41ce76029af71]::tests::store_retrieve_postgres::{closure#0}
[INFO] [stdout]   12:     0x59e22c432635 - <data_vault[75e41ce76029af71]::tests::store_retrieve_postgres::{closure#0} as core[a373ad73a504971]::ops::function::FnOnce<()>>::call_once
[INFO] [stdout]   13:     0x59e22c4e254b - test[aada8e7e76ba119b]::__rust_begin_short_backtrace::<core[a373ad73a504971]::result::Result<(), alloc[2e1b2a31b91974c5]::string::String>, fn() -> core[a373ad73a504971]::result::Result<(), alloc[2e1b2a31b91974c5]::string::String>>
[INFO] [stdout]   14:     0x59e22c4ddf92 - test[aada8e7e76ba119b]::run_test::{closure#0}
[INFO] [stdout]   15:     0x59e22c4dd9fc - std[617be2ca0a6fd877]::sys::backtrace::__rust_begin_short_backtrace::<test[aada8e7e76ba119b]::run_test::{closure#1}, ()>
[INFO] [stdout]   16:     0x59e22c4fd44c - <std[617be2ca0a6fd877]::thread::lifecycle::spawn_unchecked<test[aada8e7e76ba119b]::run_test::{closure#1}, ()>::{closure#1} as core[a373ad73a504971]::ops::function::FnOnce<()>>::call_once::{shim:vtable#0}
[INFO] [stdout]   17:     0x59e22c4c8534 - <std[617be2ca0a6fd877]::sys::thread::unix::Thread>::new::thread_start
[INFO] [stdout]   18:     0x74fc266d4dfa - <unknown>
[INFO] [stdout]   19:     0x74fc267683d4 - clone
[INFO] [stdout]   20:                0x0 - <unknown>
[INFO] [stdout] 
[INFO] [stdout] 
[INFO] [stdout] failures:
[INFO] [stdout]     tests::store_retrieve_postgres
[INFO] [stdout]     tests::store_retrieve_redis
[INFO] [stdout] 
[INFO] [stdout] test result: FAILED. 9 passed; 2 failed; 0 ignored; 0 measured; 0 filtered out; finished in 0.01s
[INFO] [stdout] 
[INFO] running `Command { std: "docker" "inspect" "a89970b77c273caab8137efe1b623ed170fcef69d5cdf6e6b05877cc9c455051", kill_on_drop: false }`
[INFO] running `Command { std: "docker" "rm" "-f" "a89970b77c273caab8137efe1b623ed170fcef69d5cdf6e6b05877cc9c455051", kill_on_drop: false }`
[INFO] [stdout] a89970b77c273caab8137efe1b623ed170fcef69d5cdf6e6b05877cc9c455051
