[INFO] fetching crate data_generator 0.1.119...
[INFO] testing data_generator-0.1.119 against 1.99.0-beta.8+cargoflags=--release for beta-release-1.100-2
[INFO] extracting crate data_generator 0.1.119 into /workspace/builds/worker-1-tc1/source
[INFO] started tweaking crates.io crate data_generator 0.1.119
[INFO] removed 0 missing tests
[INFO] finished tweaking crates.io crate data_generator 0.1.119
[INFO] tweaked toml for crates.io crate data_generator 0.1.119 written to /workspace/builds/worker-1-tc1/source/Cargo.toml
[INFO] validating manifest of crates.io crate data_generator 0.1.119 on toolchain 1.99.0-beta.8
[INFO] running `Command { std: CARGO_HOME="/workspace/cargo-home" RUSTUP_HOME="/workspace/rustup-home" "/workspace/cargo-home/bin/cargo" "+1.99.0-beta.8" "metadata" "--manifest-path" "Cargo.toml" "--no-deps", kill_on_drop: false }`
[INFO] crate crates.io crate data_generator 0.1.119 already has a lockfile, it will not be regenerated
[INFO] running `Command { std: CARGO_HOME="/workspace/cargo-home" RUSTUP_HOME="/workspace/rustup-home" "/workspace/cargo-home/bin/cargo" "+1.99.0-beta.8" "fetch" "--manifest-path" "Cargo.toml", kill_on_drop: false }`
[INFO] [stderr]     Blocking waiting for file lock on package cache
[INFO] [stderr]     Updating crates.io index
[INFO] [stderr]     Blocking waiting for file lock on package cache
[INFO] [stderr]  Downloading crates ...
[INFO] [stderr]   Downloaded toml v0.9.7
[INFO] [stderr]   Downloaded oxilangtag v0.1.5
[INFO] [stderr]   Downloaded srdf v0.1.118
[INFO] [stderr]   Downloaded serde_core v1.0.226
[INFO] [stderr]   Downloaded serde_spanned v1.0.2
[INFO] [stderr]   Downloaded rust_decimal_macros v1.38.0
[INFO] [stderr]   Downloaded serde v1.0.226
[INFO] [stderr]   Downloaded peg-macros v0.8.5
[INFO] [stderr]   Downloaded json-event-parser v0.2.2
[INFO] [stderr]   Downloaded toml_writer v1.0.3
[INFO] [stderr]   Downloaded peg v0.8.5
[INFO] [stderr]   Downloaded peg-runtime v0.8.5
[INFO] [stderr]   Downloaded find-msvc-tools v0.1.2
[INFO] [stderr]   Downloaded spargebra v0.4.0
[INFO] [stderr]   Downloaded oxrdf v0.3.0
[INFO] [stderr]   Downloaded lazy-regex-proc_macros v3.4.1
[INFO] [stderr]   Downloaded lazy-regex v3.4.1
[INFO] [stderr]   Downloaded oxsdatatypes v0.2.2
[INFO] [stderr]   Downloaded oxiri v0.2.11
[INFO] [stderr]   Downloaded sparesults v0.3.0
[INFO] [stderr]   Downloaded iri_s v0.1.117
[INFO] [stderr]   Downloaded oxrdfxml v0.2.0
[INFO] [stderr]   Downloaded oxrdfio v0.2.0
[INFO] [stderr]   Downloaded hashbag v0.1.12
[INFO] [stderr]   Downloaded serde_derive v1.0.226
[INFO] [stderr]   Downloaded rbe v0.1.118
[INFO] [stderr]   Downloaded nom_locate v4.2.0
[INFO] [stderr]   Downloaded shacl_rdf v0.1.116
[INFO] [stderr]   Downloaded prefixmap v0.1.118
[INFO] [stderr]   Downloaded oxjsonld v0.2.0
[INFO] [stderr]   Downloaded oxttl v0.2.0
[INFO] [stderr]   Downloaded shacl_ast v0.1.118
[INFO] [stderr]   Downloaded cc v1.2.38
[INFO] [stderr]   Downloaded reqwest v0.12.23
[INFO] [stderr]   Downloaded rust_decimal v1.38.0
[INFO] [stderr]   Downloaded shex_ast v0.1.119
[INFO] [stderr]   Downloaded petgraph v0.8.2
[INFO] [stderr]   Downloaded openssl-src v300.5.2+3.5.2
[INFO] running `Command { std: "docker" "create" "-v" "/var/lib/crater-agent-workspace/builds/worker-1-tc1/source:/opt/rustwide/workdir:ro,Z" "-v" "/var/lib/crater-agent-workspace/builds/worker-1-tc1/target:/opt/rustwide/target:rw,Z" "-v" "/var/lib/crater-agent-workspace/cargo-home:/opt/rustwide/cargo-home:ro,Z" "-v" "/var/lib/crater-agent-workspace/rustup-home:/opt/rustwide/rustup-home:ro,Z" "-m" "1610612736" "--network" "none" "ghcr.io/rust-lang/crates-build-env/linux@sha256:77db811e55d90add9212f6832c23229e3de5f1c1f9905e8cb07319ea15df73ac" "sleep" "infinity", kill_on_drop: false }`
[INFO] [stdout] 6d4541d6322420e2f737f2c798381f6ad58c6a4ec232492bf32c14e75c135d65
[INFO] running `Command { std: "docker" "start" "6d4541d6322420e2f737f2c798381f6ad58c6a4ec232492bf32c14e75c135d65", kill_on_drop: false }`
[INFO] running `Command { std: "docker" "inspect" "6d4541d6322420e2f737f2c798381f6ad58c6a4ec232492bf32c14e75c135d65", kill_on_drop: false }`
[INFO] running `Command { std: "docker" "exec" "-e" "SOURCE_DIR=/opt/rustwide/workdir" "-e" "CARGO_HOME=/opt/rustwide/cargo-home" "-e" "RUSTUP_HOME=/opt/rustwide/rustup-home" "-e" "CARGO_TARGET_DIR=/opt/rustwide/target" "-w" "/opt/rustwide/workdir" "--user" "0:0" "6d4541d6322420e2f737f2c798381f6ad58c6a4ec232492bf32c14e75c135d65" "/opt/rustwide/cargo-home/bin/cargo" "+1.99.0-beta.8" "metadata" "--no-deps" "--format-version=1", kill_on_drop: false }`
[INFO] running `Command { std: "docker" "inspect" "6d4541d6322420e2f737f2c798381f6ad58c6a4ec232492bf32c14e75c135d65", kill_on_drop: false }`
[INFO] running `Command { std: "docker" "exec" "-e" "SOURCE_DIR=/opt/rustwide/workdir" "-e" "CARGO_HOME=/opt/rustwide/cargo-home" "-e" "RUSTUP_HOME=/opt/rustwide/rustup-home" "-e" "CARGO_TARGET_DIR=/opt/rustwide/target" "-e" "CARGO_INCREMENTAL=0" "-e" "RUST_BACKTRACE=full" "-e" "RUSTFLAGS=--cap-lints=warn" "-e" "RUSTDOCFLAGS=--cap-lints=warn" "-w" "/opt/rustwide/workdir" "--user" "0:0" "6d4541d6322420e2f737f2c798381f6ad58c6a4ec232492bf32c14e75c135d65" "/opt/rustwide/cargo-home/bin/cargo" "+1.99.0-beta.8" "build" "--frozen" "--message-format=json" "--release", kill_on_drop: false }`
[INFO] [stderr]    Compiling proc-macro2 v1.0.101
[INFO] [stderr]    Compiling unicode-ident v1.0.19
[INFO] [stderr]    Compiling libc v0.2.176
[INFO] [stderr]    Compiling cfg-if v1.0.3
[INFO] [stderr]    Compiling serde_core v1.0.226
[INFO] [stderr]    Compiling memchr v2.7.5
[INFO] [stderr]    Compiling serde v1.0.226
[INFO] [stderr]    Compiling zerocopy v0.8.27
[INFO] [stderr]    Compiling lock_api v0.4.13
[INFO] [stderr]    Compiling parking_lot_core v0.9.11
[INFO] [stderr]    Compiling find-msvc-tools v0.1.2
[INFO] [stderr]    Compiling thiserror v2.0.16
[INFO] [stderr]    Compiling hashbrown v0.16.0
[INFO] [stderr]    Compiling tracing-core v0.1.34
[INFO] [stderr]    Compiling http v1.3.1
[INFO] [stderr]    Compiling bitflags v2.9.4
[INFO] [stderr]    Compiling icu_properties_data v2.0.1
[INFO] [stderr]    Compiling oxiri v0.2.11
[INFO] [stderr]    Compiling cc v1.2.38
[INFO] [stderr]    Compiling log v0.4.28
[INFO] [stderr]    Compiling openssl v0.10.73
[INFO] [stderr]    Compiling native-tls v0.2.14
[INFO] [stderr]    Compiling serde_json v1.0.145
[INFO] [stderr]    Compiling regex-syntax v0.8.6
[INFO] [stderr]    Compiling winnow v0.7.13
[INFO] [stderr]    Compiling num-traits v0.2.19
[INFO] [stderr]    Compiling iri-string v0.7.8
[INFO] [stderr]    Compiling encoding_rs v0.8.35
[INFO] [stderr]    Compiling peg-runtime v0.8.5
[INFO] [stderr]    Compiling aho-corasick v1.1.3
[INFO] [stderr]    Compiling quick-xml v0.37.5
[INFO] [stderr]    Compiling json-event-parser v0.2.2
[INFO] [stderr]    Compiling quote v1.0.40
[INFO] [stderr]    Compiling syn v2.0.106
[INFO] [stderr]    Compiling getrandom v0.3.3
[INFO] [stderr]    Compiling mio v1.0.4
[INFO] [stderr]    Compiling socket2 v0.6.0
[INFO] [stderr]    Compiling signal-hook-registry v1.4.6
[INFO] [stderr]    Compiling openssl-src v300.5.2+3.5.2
[INFO] [stderr]    Compiling parking_lot v0.12.4
[INFO] [stderr]    Compiling openssl-sys v0.9.109
[INFO] [stderr]    Compiling rand_core v0.9.3
[INFO] [stderr]    Compiling http-body v1.0.1
[INFO] [stderr]    Compiling peg-macros v0.8.5
[INFO] [stderr]    Compiling rust_decimal v1.38.0
[INFO] [stderr]    Compiling rustix v1.1.2
[INFO] [stderr]    Compiling http-body-util v0.1.3
[INFO] [stderr]    Compiling const_format_proc_macros v0.2.34
[INFO] [stderr]    Compiling indexmap v2.11.4
[INFO] [stderr]    Compiling regex-automata v0.4.10
[INFO] [stderr]    Compiling toml_parser v1.0.3
[INFO] [stderr]    Compiling serde_spanned v1.0.2
[INFO] [stderr]    Compiling ppv-lite86 v0.2.21
[INFO] [stderr]    Compiling toml_datetime v0.7.2
[INFO] [stderr]    Compiling rand_chacha v0.9.0
[INFO] [stderr]    Compiling itertools v0.14.0
[INFO] [stderr]    Compiling toml_writer v1.0.3
[INFO] [stderr]    Compiling rand v0.9.2
[INFO] [stderr]    Compiling peg v0.8.5
[INFO] [stderr]    Compiling colored v3.0.0
[INFO] [stderr]    Compiling arrayvec v0.7.6
[INFO] [stderr]    Compiling tempfile v3.23.0
[INFO] [stderr]    Compiling toml v0.9.7
[INFO] [stderr]    Compiling const_format v0.2.34
[INFO] [stderr]    Compiling getrandom v0.2.16
[INFO] [stderr]    Compiling anstyle v1.0.11
[INFO] [stderr]    Compiling anstyle-query v1.1.4
[INFO] [stderr]    Compiling rayon-core v1.13.0
[INFO] [stderr]    Compiling nom v7.1.3
[INFO] [stderr]    Compiling anstream v0.6.20
[INFO] [stderr]    Compiling rand_core v0.6.4
[INFO] [stderr]    Compiling anyhow v1.0.99
[INFO] [stderr]    Compiling fixedbitset v0.5.7
[INFO] [stderr]    Compiling clap_lex v0.7.5
[INFO] [stderr]    Compiling hashbag v0.1.12
[INFO] [stderr]    Compiling bytecount v0.6.9
[INFO] [stderr]    Compiling clap_builder v4.5.48
[INFO] [stderr]    Compiling pretty v0.12.4
[INFO] [stderr]    Compiling petgraph v0.8.2
[INFO] [stderr]    Compiling synstructure v0.13.2
[INFO] [stderr]    Compiling rand_chacha v0.3.1
[INFO] [stderr]    Compiling tracing-log v0.2.0
[INFO] [stderr]    Compiling thread_local v1.1.9
[INFO] [stderr]    Compiling nu-ansi-term v0.50.1
[INFO] [stderr]    Compiling iana-time-zone v0.1.63
[INFO] [stderr]    Compiling rand v0.8.5
[INFO] [stderr]    Compiling regex v1.11.2
[INFO] [stderr]    Compiling matchers v0.2.0
[INFO] [stderr]    Compiling rayon v1.11.0
[INFO] [stderr]    Compiling uuid v1.18.1
[INFO] [stderr]    Compiling serde_derive v1.0.226
[INFO] [stderr]    Compiling zerofrom-derive v0.1.6
[INFO] [stderr]    Compiling yoke-derive v0.8.0
[INFO] [stderr]    Compiling zerovec-derive v0.11.1
[INFO] [stderr]    Compiling displaydoc v0.2.5
[INFO] [stderr]    Compiling thiserror-impl v2.0.16
[INFO] [stderr]    Compiling tokio-macros v2.5.0
[INFO] [stderr]    Compiling futures-macro v0.3.31
[INFO] [stderr]    Compiling tracing-attributes v0.1.30
[INFO] [stderr]    Compiling zerofrom v0.1.6
[INFO] [stderr]    Compiling yoke v0.8.0
[INFO] [stderr]    Compiling openssl-macros v0.1.1
[INFO] [stderr]    Compiling rust_decimal_macros v1.38.0
[INFO] [stderr]    Compiling tokio v1.47.1
[INFO] [stderr]    Compiling async-trait v0.1.89
[INFO] [stderr]    Compiling nom_locate v4.2.0
[INFO] [stderr]    Compiling zerovec v0.11.4
[INFO] [stderr]    Compiling zerotrie v0.2.2
[INFO] [stderr]    Compiling futures-util v0.3.31
[INFO] [stderr]    Compiling thiserror-impl v1.0.69
[INFO] [stderr]    Compiling clap_derive v4.5.47
[INFO] [stderr]    Compiling oxsdatatypes v0.2.2
[INFO] [stderr]    Compiling tracing v0.1.41
[INFO] [stderr]    Compiling lazy-regex-proc_macros v3.4.1
[INFO] [stderr]    Compiling tracing-subscriber v0.3.20
[INFO] [stderr]    Compiling lazy-regex v3.4.1
[INFO] [stderr]    Compiling thiserror v1.0.69
[INFO] [stderr]    Compiling tinystr v0.8.1
[INFO] [stderr]    Compiling icu_locale_core v2.0.0
[INFO] [stderr]    Compiling potential_utf v0.1.3
[INFO] [stderr]    Compiling icu_collections v2.0.0
[INFO] [stderr]    Compiling oxilangtag v0.1.5
[INFO] [stderr]    Compiling icu_provider v2.0.0
[INFO] [stderr]    Compiling oxrdf v0.3.0
[INFO] [stderr]    Compiling icu_normalizer v2.0.0
[INFO] [stderr]    Compiling icu_properties v2.0.1
[INFO] [stderr]    Compiling serde_urlencoded v0.7.1
[INFO] [stderr]    Compiling toml_datetime v0.6.11
[INFO] [stderr]    Compiling serde_spanned v0.6.9
[INFO] [stderr]    Compiling clap v4.5.48
[INFO] [stderr]    Compiling toml_edit v0.22.27
[INFO] [stderr]    Compiling chrono v0.4.42
[INFO] [stderr]    Compiling idna_adapter v1.2.1
[INFO] [stderr]    Compiling idna v1.1.0
[INFO] [stderr]    Compiling oxjsonld v0.2.0
[INFO] [stderr]    Compiling oxrdfxml v0.2.0
[INFO] [stderr]    Compiling oxttl v0.2.0
[INFO] [stderr]    Compiling spargebra v0.4.0
[INFO] [stderr]    Compiling sparesults v0.3.0
[INFO] [stderr]    Compiling futures-executor v0.3.31
[INFO] [stderr]    Compiling url v2.5.7
[INFO] [stderr]    Compiling oxrdfio v0.2.0
[INFO] [stderr]    Compiling futures v0.3.31
[INFO] [stderr]    Compiling toml v0.8.23
[INFO] [stderr]    Compiling rbe v0.1.118
[INFO] [stderr]    Compiling tokio-util v0.7.16
[INFO] [stderr]    Compiling tower v0.5.2
[INFO] [stderr]    Compiling h2 v0.4.12
[INFO] [stderr]    Compiling tower-http v0.6.6
[INFO] [stderr]    Compiling hyper v1.7.0
[INFO] [stderr]    Compiling hyper-util v0.1.16
[INFO] [stderr]    Compiling tokio-native-tls v0.3.1
[INFO] [stderr]    Compiling hyper-tls v0.6.0
[INFO] [stderr]    Compiling reqwest v0.12.23
[INFO] [stderr]    Compiling iri_s v0.1.117
[INFO] [stderr]    Compiling prefixmap v0.1.118
[INFO] [stderr]    Compiling srdf v0.1.118
[INFO] [stderr]    Compiling shacl_ast v0.1.118
[INFO] [stderr]    Compiling shex_ast v0.1.119
[INFO] [stderr]    Compiling shacl_rdf v0.1.116
[INFO] [stderr]    Compiling data_generator v0.1.119 (/opt/rustwide/workdir)
[INFO] [stderr]     Finished `release` profile [optimized] target(s) in 6m 10s
[INFO] running `Command { std: "docker" "inspect" "6d4541d6322420e2f737f2c798381f6ad58c6a4ec232492bf32c14e75c135d65", kill_on_drop: false }`
[INFO] running `Command { std: "docker" "exec" "-e" "SOURCE_DIR=/opt/rustwide/workdir" "-e" "CARGO_HOME=/opt/rustwide/cargo-home" "-e" "RUSTUP_HOME=/opt/rustwide/rustup-home" "-e" "CARGO_TARGET_DIR=/opt/rustwide/target" "-e" "CARGO_INCREMENTAL=0" "-e" "RUST_BACKTRACE=full" "-e" "RUSTFLAGS=--cap-lints=warn" "-e" "RUSTDOCFLAGS=--cap-lints=warn" "-w" "/opt/rustwide/workdir" "--user" "0:0" "6d4541d6322420e2f737f2c798381f6ad58c6a4ec232492bf32c14e75c135d65" "/opt/rustwide/cargo-home/bin/cargo" "+1.99.0-beta.8" "test" "--frozen" "--no-run" "--message-format=json" "--release", kill_on_drop: false }`
[INFO] [stderr]    Compiling tokio v1.47.1
[INFO] [stderr]    Compiling async-stream-impl v0.3.6
[INFO] [stderr]    Compiling async-stream v0.3.6
[INFO] [stderr]    Compiling tokio-util v0.7.16
[INFO] [stderr]    Compiling tokio-native-tls v0.3.1
[INFO] [stderr]    Compiling tower v0.5.2
[INFO] [stderr]    Compiling tokio-stream v0.1.17
[INFO] [stderr]    Compiling tokio-test v0.4.4
[INFO] [stderr]    Compiling tower-http v0.6.6
[INFO] [stderr]    Compiling h2 v0.4.12
[INFO] [stderr]    Compiling hyper v1.7.0
[INFO] [stderr]    Compiling hyper-util v0.1.16
[INFO] [stderr]    Compiling hyper-tls v0.6.0
[INFO] [stderr]    Compiling reqwest v0.12.23
[INFO] [stderr]    Compiling iri_s v0.1.117
[INFO] [stderr]    Compiling prefixmap v0.1.118
[INFO] [stderr]    Compiling srdf v0.1.118
[INFO] [stderr]    Compiling shacl_ast v0.1.118
[INFO] [stderr]    Compiling shex_ast v0.1.119
[INFO] [stderr]    Compiling shacl_rdf v0.1.116
[INFO] [stderr]    Compiling data_generator v0.1.119 (/opt/rustwide/workdir)
[INFO] [stderr]     Finished `release` profile [optimized] target(s) in 2m 54s
[INFO] running `Command { std: "docker" "inspect" "6d4541d6322420e2f737f2c798381f6ad58c6a4ec232492bf32c14e75c135d65", kill_on_drop: false }`
[INFO] running `Command { std: "docker" "exec" "-e" "SOURCE_DIR=/opt/rustwide/workdir" "-e" "CARGO_HOME=/opt/rustwide/cargo-home" "-e" "RUSTUP_HOME=/opt/rustwide/rustup-home" "-e" "CARGO_TARGET_DIR=/opt/rustwide/target" "-e" "CARGO_INCREMENTAL=0" "-e" "RUST_BACKTRACE=full" "-e" "RUSTFLAGS=--cap-lints=warn" "-e" "RUSTDOCFLAGS=--cap-lints=warn" "-w" "/opt/rustwide/workdir" "--user" "0:0" "6d4541d6322420e2f737f2c798381f6ad58c6a4ec232492bf32c14e75c135d65" "/opt/rustwide/cargo-home/bin/cargo" "+1.99.0-beta.8" "test" "--frozen" "--release", kill_on_drop: false }`
[INFO] [stderr]     Finished `release` profile [optimized] target(s) in 0.41s
[INFO] [stderr]      Running unittests src/lib.rs (/opt/rustwide/target/release/deps/data_generator-a32c7d16c3054bee)
[INFO] [stdout] 
[INFO] [stdout] running 3 tests
[INFO] [stdout] test field_generators::pattern::tests::test_heuristic_generation ... ok
[INFO] [stdout] test field_generators::pattern::tests::test_email_pattern_generation ... ok
[INFO] [stdout] test field_generators::pattern::tests::test_phone_pattern_generation ... ok
[INFO] [stdout] 
[INFO] [stdout] test result: ok. 3 passed; 0 failed; 0 ignored; 0 measured; 0 filtered out; finished in 0.00s
[INFO] [stdout] 
[INFO] [stderr]      Running unittests src/main.rs (/opt/rustwide/target/release/deps/data_generator-2cc1dfca861d0ad7)
[INFO] [stdout] 
[INFO] [stdout] running 0 tests
[INFO] [stdout] 
[INFO] [stdout] test result: ok. 0 passed; 0 failed; 0 ignored; 0 measured; 0 filtered out; finished in 0.00s
[INFO] [stdout] 
[INFO] [stderr]      Running tests/basic_passthrough_tests.rs (/opt/rustwide/target/release/deps/basic_passthrough_tests-f5f2c6ad3406ec2e)
[INFO] [stdout] 
[INFO] [stdout] running 4 tests
[INFO] [stdout] test test_basic_generator_creation ... ok
[INFO] [stdout] test test_shacl_schema_loading ... ok
[INFO] [stdout] test test_shex_schema_loading ... ok
[INFO] [stdout] test test_data_generation_produces_output ... ok
[INFO] [stdout] 
[INFO] [stdout] test result: ok. 4 passed; 0 failed; 0 ignored; 0 measured; 0 filtered out; finished in 0.01s
[INFO] [stdout] 
[INFO] [stderr]      Running tests/configuration_tests.rs (/opt/rustwide/target/release/deps/configuration_tests-093acb859c28ba41)
[INFO] [stdout] 
[INFO] [stdout] running 9 tests
[INFO] [stdout] test test_complex_configuration_toml ... ok
[INFO] [stdout] test test_configuration_merge ... ok
[INFO] [stdout] test test_default_configuration ... ok
[INFO] [stdout] test test_datatype_configuration ... ok
[INFO] [stdout] test test_property_configuration ... ok
[INFO] [stdout] test test_configuration_validation ... ok
[INFO] [stdout] test test_configuration_loading_json ... ok
[INFO] [stdout] test test_configuration_serialization ... ok
[INFO] [stdout] test test_configuration_loading_toml ... ok
[INFO] [stdout] 
[INFO] [stdout] test result: ok. 9 passed; 0 failed; 0 ignored; 0 measured; 0 filtered out; finished in 0.00s
[INFO] [stdout] 
[INFO] [stderr]      Running tests/constraint_passthrough_tests.rs (/opt/rustwide/target/release/deps/constraint_passthrough_tests-93403247e67bc436)
[INFO] [stdout] 
[INFO] [stdout] running 7 tests
[INFO] [stdout] test test_shacl_shape_reference_passthrough ... ok
[INFO] [stdout] test test_shacl_datatype_passthrough ... ok
[INFO] [stdout] test test_shex_cardinality_passthrough ... ok
[INFO] [stdout] test test_shacl_cardinality_passthrough ... ok
[INFO] [stdout] test test_shacl_value_constraints_passthrough ... ok
[INFO] [stdout] test test_shex_shape_reference_passthrough ... ok
[INFO] [stdout] test test_shex_datatype_passthrough ... ok
[INFO] [stdout] 
[INFO] [stdout] test result: ok. 7 passed; 0 failed; 0 ignored; 0 measured; 0 filtered out; finished in 0.02s
[INFO] [stdout] 
[INFO] [stderr]      Running tests/debug_datatype_test.rs (/opt/rustwide/target/release/deps/debug_datatype_test-1b627e13f8b9ec82)
[INFO] [stdout] 
[INFO] [stdout] running 2 tests
[INFO] [stdout] test debug_shex_datatype_generation ... ok
[INFO] [stdout] test debug_shacl_datatype_generation ... ok
[INFO] [stdout] 
[INFO] [stdout] test result: ok. 2 passed; 0 failed; 0 ignored; 0 measured; 0 filtered out; finished in 0.01s
[INFO] [stdout] 
[INFO] [stderr]      Running tests/debug_failing_test.rs (/opt/rustwide/target/release/deps/debug_failing_test-286c2d9ca041a4a3)
[INFO] [stdout] 
[INFO] [stdout] running 1 test
[INFO] [stdout] test debug_shex_datatype_test ... ok
[INFO] [stdout] 
[INFO] [stdout] test result: ok. 1 passed; 0 failed; 0 ignored; 0 measured; 0 filtered out; finished in 0.01s
[INFO] [stdout] 
[INFO] [stderr]      Running tests/focused_constraint_tests.rs (/opt/rustwide/target/release/deps/focused_constraint_tests-c4e79b459b94c2a3)
[INFO] [stdout] 
[INFO] [stdout] running 4 tests
[INFO] [stdout] test test_constraint_pipeline_verification ... FAILED
[INFO] [stdout] test test_shacl_datatype_passthrough ... ok
[INFO] [stdout] test test_shex_datatype_passthrough ... ok
[INFO] [stdout] test test_shacl_cardinality_passthrough ... ok
[INFO] [stdout] 
[INFO] [stdout] failures:
[INFO] [stdout] 
[INFO] [stdout] ---- test_constraint_pipeline_verification stdout ----
[INFO] [stdout] 
[INFO] [stdout] thread 'test_constraint_pipeline_verification' (14921) panicked at tests/focused_constraint_tests.rs:276:5:
[INFO] [stdout] Should have generated at least one name property
[INFO] [stdout] stack backtrace:
[INFO] [stdout]    0:     0x5dc484b7e351 - <<std[70759c8f55707aa4]::sys::backtrace::BacktraceLock>::print::DisplayBacktrace as core[df12db4294e9bfd3]::fmt::Display>::fmt
[INFO] [stdout]    1:     0x5dc484b956ea - core[df12db4294e9bfd3]::fmt::write
[INFO] [stdout]    2:     0x5dc484b82a5c - <alloc[2182bb758b4b3781]::vec::Vec<u8> as core[df12db4294e9bfd3]::io::write::Write>::write_fmt
[INFO] [stdout]    3:     0x5dc484b58cb6 - std[70759c8f55707aa4]::panicking::default_hook::{closure#0}
[INFO] [stdout]    4:     0x5dc484b76189 - std[70759c8f55707aa4]::panicking::default_hook
[INFO] [stdout]    5:     0x5dc484957340 - test[9d35eded1c95d3be]::test_main_inner::<test[9d35eded1c95d3be]::test_main_static::{closure#0}>::{closure#0}
[INFO] [stdout]    6:     0x5dc484b76342 - std[70759c8f55707aa4]::panicking::panic_with_hook
[INFO] [stdout]    7:     0x5dc484b58d94 - std[70759c8f55707aa4]::panicking::panic_handler::{closure#0}
[INFO] [stdout]    8:     0x5dc484b51809 - std[70759c8f55707aa4]::sys::backtrace::__rust_end_short_backtrace::<std[70759c8f55707aa4]::panicking::panic_handler::{closure#0}, !>
[INFO] [stdout]    9:     0x5dc484b5995d - __rustc[8fa7c3cbc660c2b3]::rust_begin_unwind
[INFO] [stdout]   10:     0x5dc484b95e4c - core[df12db4294e9bfd3]::panicking::panic_fmt
[INFO] [stdout]   11:     0x5dc4848ac02a - focused_constraint_tests[58b2b0622318a562]::test_constraint_pipeline_verification::{closure#0}
[INFO] [stdout]   12:     0x5dc4848d7a03 - <tokio[1b2af8fc36d0b1ff]::runtime::scheduler::current_thread::Context>::enter::<core[df12db4294e9bfd3]::task::poll::Poll<()>, <tokio[1b2af8fc36d0b1ff]::runtime::scheduler::current_thread::CoreGuard>::block_on<core[df12db4294e9bfd3]::pin::Pin<&mut core[df12db4294e9bfd3]::pin::Pin<&mut dyn core[df12db4294e9bfd3]::future::future::Future<Output = ()>>>>::{closure#0}::{closure#0}>
[INFO] [stdout]   13:     0x5dc4848be24c - <tokio[1b2af8fc36d0b1ff]::runtime::context::scoped::Scoped<tokio[1b2af8fc36d0b1ff]::runtime::scheduler::Context>>::set::<<tokio[1b2af8fc36d0b1ff]::runtime::scheduler::current_thread::CoreGuard>::enter<<tokio[1b2af8fc36d0b1ff]::runtime::scheduler::current_thread::CoreGuard>::block_on<core[df12db4294e9bfd3]::pin::Pin<&mut core[df12db4294e9bfd3]::pin::Pin<&mut dyn core[df12db4294e9bfd3]::future::future::Future<Output = ()>>>>::{closure#0}, core[df12db4294e9bfd3]::option::Option<()>>::{closure#0}, (alloc[2182bb758b4b3781]::boxed::Box<tokio[1b2af8fc36d0b1ff]::runtime::scheduler::current_thread::Core>, core[df12db4294e9bfd3]::option::Option<()>)>
[INFO] [stdout]   14:     0x5dc4848d93c7 - <tokio[1b2af8fc36d0b1ff]::runtime::scheduler::current_thread::CoreGuard>::block_on::<core[df12db4294e9bfd3]::pin::Pin<&mut core[df12db4294e9bfd3]::pin::Pin<&mut dyn core[df12db4294e9bfd3]::future::future::Future<Output = ()>>>>
[INFO] [stdout]   15:     0x5dc484903add - tokio[1b2af8fc36d0b1ff]::runtime::context::runtime::enter_runtime::<<tokio[1b2af8fc36d0b1ff]::runtime::scheduler::current_thread::CurrentThread>::block_on<core[df12db4294e9bfd3]::pin::Pin<&mut dyn core[df12db4294e9bfd3]::future::future::Future<Output = ()>>>::{closure#0}, ()>
[INFO] [stdout]   16:     0x5dc4849015de - <tokio[1b2af8fc36d0b1ff]::runtime::runtime::Runtime>::block_on::<core[df12db4294e9bfd3]::pin::Pin<&mut dyn core[df12db4294e9bfd3]::future::future::Future<Output = ()>>>
[INFO] [stdout]   17:     0x5dc4848b39ae - <focused_constraint_tests[58b2b0622318a562]::test_constraint_pipeline_verification::{closure#0} as core[df12db4294e9bfd3]::ops::function::FnOnce<()>>::call_once
[INFO] [stdout]   18:     0x5dc48494a62b - test[9d35eded1c95d3be]::__rust_begin_short_backtrace::<core[df12db4294e9bfd3]::result::Result<(), alloc[2182bb758b4b3781]::string::String>, fn() -> core[df12db4294e9bfd3]::result::Result<(), alloc[2182bb758b4b3781]::string::String>>
[INFO] [stdout]   19:     0x5dc484957c95 - test[9d35eded1c95d3be]::run_test::{closure#0}
[INFO] [stdout]   20:     0x5dc484951554 - std[70759c8f55707aa4]::sys::backtrace::__rust_begin_short_backtrace::<test[9d35eded1c95d3be]::run_test::{closure#1}, ()>
[INFO] [stdout]   21:     0x5dc48495adf2 - <std[70759c8f55707aa4]::thread::lifecycle::spawn_unchecked<test[9d35eded1c95d3be]::run_test::{closure#1}, ()>::{closure#1} as core[df12db4294e9bfd3]::ops::function::FnOnce<()>>::call_once::{shim:vtable#0}
[INFO] [stdout]   22:     0x5dc484b7d699 - <std[70759c8f55707aa4]::sys::thread::unix::Thread>::new::thread_start
[INFO] [stdout]   23:     0x72d38d262dfa - <unknown>
[INFO] [stdout]   24:     0x72d38d2f63d4 - clone
[INFO] [stdout]   25:                0x0 - <unknown>
[INFO] [stdout] 
[INFO] [stdout] 
[INFO] [stdout] failures:
[INFO] [stdout]     test_constraint_pipeline_verification
[INFO] [stdout] 
[INFO] [stdout] test result: FAILED. 3 passed; 1 failed; 0 ignored; 0 measured; 0 filtered out; finished in 0.02s
[INFO] [stdout] 
[INFO] [stderr] error: test failed, to rerun pass `--test focused_constraint_tests`
[INFO] running `Command { std: "docker" "inspect" "6d4541d6322420e2f737f2c798381f6ad58c6a4ec232492bf32c14e75c135d65", kill_on_drop: false }`
[INFO] running `Command { std: "docker" "rm" "-f" "6d4541d6322420e2f737f2c798381f6ad58c6a4ec232492bf32c14e75c135d65", kill_on_drop: false }`
[INFO] [stdout] 6d4541d6322420e2f737f2c798381f6ad58c6a4ec232492bf32c14e75c135d65
