[INFO] fetching crate data3 0.2.0...
[INFO] testing data3-0.2.0 against 1.100.0-beta.1+cargoflags=--release for beta-release-1.100-2
[INFO] extracting crate data3 0.2.0 into /workspace/builds/worker-4-tc2/source
[INFO] started tweaking crates.io crate data3 0.2.0
[INFO] finished tweaking crates.io crate data3 0.2.0
[INFO] tweaked toml for crates.io crate data3 0.2.0 written to /workspace/builds/worker-4-tc2/source/Cargo.toml
[INFO] validating manifest of crates.io crate data3 0.2.0 on toolchain 1.100.0-beta.1
[INFO] running `Command { std: CARGO_HOME="/workspace/cargo-home" RUSTUP_HOME="/workspace/rustup-home" "/workspace/cargo-home/bin/cargo" "+1.100.0-beta.1" "metadata" "--manifest-path" "Cargo.toml" "--no-deps", kill_on_drop: false }`
[INFO] crate crates.io crate data3 0.2.0 already has a lockfile, it will not be regenerated
[INFO] running `Command { std: CARGO_HOME="/workspace/cargo-home" RUSTUP_HOME="/workspace/rustup-home" "/workspace/cargo-home/bin/cargo" "+1.100.0-beta.1" "fetch" "--manifest-path" "Cargo.toml", kill_on_drop: false }`
[INFO] running `Command { std: "docker" "create" "-v" "/var/lib/crater-agent-workspace/builds/worker-4-tc2/source:/opt/rustwide/workdir:ro,Z" "-v" "/var/lib/crater-agent-workspace/builds/worker-4-tc2/target:/opt/rustwide/target:rw,Z" "-v" "/var/lib/crater-agent-workspace/cargo-home:/opt/rustwide/cargo-home:ro,Z" "-v" "/var/lib/crater-agent-workspace/rustup-home:/opt/rustwide/rustup-home:ro,Z" "-m" "1610612736" "--network" "none" "ghcr.io/rust-lang/crates-build-env/linux@sha256:77db811e55d90add9212f6832c23229e3de5f1c1f9905e8cb07319ea15df73ac" "sleep" "infinity", kill_on_drop: false }`
[INFO] [stdout] 9a182697582f639718f5437b535c8374abd2f7b5701fbe66ec9819637b3150c3
[INFO] running `Command { std: "docker" "start" "9a182697582f639718f5437b535c8374abd2f7b5701fbe66ec9819637b3150c3", kill_on_drop: false }`
[INFO] running `Command { std: "docker" "inspect" "9a182697582f639718f5437b535c8374abd2f7b5701fbe66ec9819637b3150c3", kill_on_drop: false }`
[INFO] running `Command { std: "docker" "exec" "-e" "SOURCE_DIR=/opt/rustwide/workdir" "-e" "CARGO_HOME=/opt/rustwide/cargo-home" "-e" "RUSTUP_HOME=/opt/rustwide/rustup-home" "-e" "CARGO_TARGET_DIR=/opt/rustwide/target" "-w" "/opt/rustwide/workdir" "--user" "0:0" "9a182697582f639718f5437b535c8374abd2f7b5701fbe66ec9819637b3150c3" "/opt/rustwide/cargo-home/bin/cargo" "+1.100.0-beta.1" "metadata" "--no-deps" "--format-version=1", kill_on_drop: false }`
[INFO] running `Command { std: "docker" "inspect" "9a182697582f639718f5437b535c8374abd2f7b5701fbe66ec9819637b3150c3", kill_on_drop: false }`
[INFO] running `Command { std: "docker" "exec" "-e" "SOURCE_DIR=/opt/rustwide/workdir" "-e" "CARGO_HOME=/opt/rustwide/cargo-home" "-e" "RUSTUP_HOME=/opt/rustwide/rustup-home" "-e" "CARGO_TARGET_DIR=/opt/rustwide/target" "-e" "CARGO_INCREMENTAL=0" "-e" "RUST_BACKTRACE=full" "-e" "RUSTFLAGS=--cap-lints=warn" "-e" "RUSTDOCFLAGS=--cap-lints=warn" "-w" "/opt/rustwide/workdir" "--user" "0:0" "9a182697582f639718f5437b535c8374abd2f7b5701fbe66ec9819637b3150c3" "/opt/rustwide/cargo-home/bin/cargo" "+1.100.0-beta.1" "build" "--frozen" "--message-format=json" "--release", kill_on_drop: false }`
[INFO] [stderr]    Compiling serde v1.0.219
[INFO] [stderr]    Compiling libc v0.2.172
[INFO] [stderr]    Compiling tiny-keccak v2.0.2
[INFO] [stderr]    Compiling foldhash v0.1.5
[INFO] [stderr]    Compiling der v0.7.10
[INFO] [stderr]    Compiling syn v2.0.101
[INFO] [stderr]    Compiling crunchy v0.2.3
[INFO] [stderr]    Compiling itoa v1.0.15
[INFO] [stderr]    Compiling generic-array v0.14.7
[INFO] [stderr]    Compiling tracing-core v0.1.33
[INFO] [stderr]    Compiling thiserror v2.0.12
[INFO] [stderr]    Compiling serde_json v1.0.140
[INFO] [stderr]    Compiling futures-channel v0.3.31
[INFO] [stderr]    Compiling winnow v0.7.10
[INFO] [stderr]    Compiling ryu v1.0.20
[INFO] [stderr]    Compiling futures-io v0.3.31
[INFO] [stderr]    Compiling futures-task v0.3.31
[INFO] [stderr]    Compiling proc-macro-error-attr2 v2.0.0
[INFO] [stderr]    Compiling hashbrown v0.15.3
[INFO] [stderr]    Compiling cc v1.2.25
[INFO] [stderr]    Compiling crc v3.3.0
[INFO] [stderr]    Compiling openssl v0.10.73
[INFO] [stderr]    Compiling bitflags v2.9.1
[INFO] [stderr]    Compiling icu_normalizer_data v2.0.0
[INFO] [stderr]    Compiling icu_properties_data v2.0.1
[INFO] [stderr]    Compiling lock_api v0.4.13
[INFO] [stderr]    Compiling parking_lot_core v0.9.11
[INFO] [stderr]    Compiling ipnet v2.11.0
[INFO] [stderr]    Compiling futures-utils-wasm v0.1.0
[INFO] [stderr]    Compiling zerocopy v0.8.25
[INFO] [stderr]    Compiling iri-string v0.7.8
[INFO] [stderr]    Compiling encoding_rs v0.8.35
[INFO] [stderr]    Compiling block-buffer v0.10.4
[INFO] [stderr]    Compiling crypto-common v0.1.6
[INFO] [stderr]    Compiling indexmap v2.9.0
[INFO] [stderr]    Compiling digest v0.10.7
[INFO] [stderr]    Compiling getrandom v0.2.16
[INFO] [stderr]    Compiling mio v1.0.4
[INFO] [stderr]    Compiling rand_core v0.6.4
[INFO] [stderr]    Compiling hmac v0.12.1
[INFO] [stderr]    Compiling sec1 v0.7.3
[INFO] [stderr]    Compiling spki v0.7.3
[INFO] [stderr]    Compiling rfc6979 v0.4.0
[INFO] [stderr]    Compiling sha2 v0.10.9
[INFO] [stderr]    Compiling ff v0.13.1
[INFO] [stderr]    Compiling crypto-bigint v0.5.5
[INFO] [stderr]    Compiling signature v2.2.0
[INFO] [stderr]    Compiling socket2 v0.5.10
[INFO] [stderr]    Compiling group v0.13.0
[INFO] [stderr]    Compiling openssl-sys v0.9.109
[INFO] [stderr]    Compiling native-tls v0.2.14
[INFO] [stderr]    Compiling ppv-lite86 v0.2.21
[INFO] [stderr]    Compiling elliptic-curve v0.13.8
[INFO] [stderr]    Compiling rand_chacha v0.3.1
[INFO] [stderr]    Compiling rand v0.8.5
[INFO] [stderr]    Compiling ecdsa v0.16.9
[INFO] [stderr]    Compiling k256 v0.13.4
[INFO] [stderr]    Compiling synstructure v0.13.2
[INFO] [stderr]    Compiling syn-solidity v1.2.1
[INFO] [stderr]    Compiling macro-string v0.1.4
[INFO] [stderr]    Compiling proc-macro-error2 v2.0.1
[INFO] [stderr]    Compiling darling_core v0.20.11
[INFO] [stderr]    Compiling serde_derive v1.0.219
[INFO] [stderr]    Compiling derive_more-impl v2.0.1
[INFO] [stderr]    Compiling alloy-rlp-derive v0.3.12
[INFO] [stderr]    Compiling tracing-attributes v0.1.28
[INFO] [stderr]    Compiling tokio-macros v2.5.0
[INFO] [stderr]    Compiling thiserror-impl v2.0.12
[INFO] [stderr]    Compiling futures-macro v0.3.31
[INFO] [stderr]    Compiling zerovec-derive v0.11.1
[INFO] [stderr]    Compiling displaydoc v0.2.5
[INFO] [stderr]    Compiling zerofrom-derive v0.1.6
[INFO] [stderr]    Compiling yoke-derive v0.8.0
[INFO] [stderr]    Compiling auto_impl v1.3.0
[INFO] [stderr]    Compiling openssl-macros v0.1.1
[INFO] [stderr]    Compiling pin-project-internal v1.1.10
[INFO] [stderr]    Compiling async-trait v0.1.88
[INFO] [stderr]    Compiling async-stream-impl v0.3.6
[INFO] [stderr]    Compiling futures-util v0.3.31
[INFO] [stderr]    Compiling tracing v0.1.41
[INFO] [stderr]    Compiling num_enum_derive v0.7.3
[INFO] [stderr]    Compiling strum_macros v0.27.1
[INFO] [stderr]    Compiling async-stream v0.3.6
[INFO] [stderr]    Compiling zerofrom v0.1.6
[INFO] [stderr]    Compiling yoke v0.8.0
[INFO] [stderr]    Compiling zerovec v0.11.2
[INFO] [stderr]    Compiling zerotrie v0.2.2
[INFO] [stderr]    Compiling pin-project v1.1.10
[INFO] [stderr]    Compiling num_enum v0.7.3
[INFO] [stderr]    Compiling strum v0.27.1
[INFO] [stderr]    Compiling darling_macro v0.20.11
[INFO] [stderr]    Compiling derive_more v2.0.1
[INFO] [stderr]    Compiling darling v0.20.11
[INFO] [stderr]    Compiling tinystr v0.8.1
[INFO] [stderr]    Compiling potential_utf v0.1.2
[INFO] [stderr]    Compiling icu_collections v2.0.0
[INFO] [stderr]    Compiling icu_locale_core v2.0.0
[INFO] [stderr]    Compiling icu_provider v2.0.0
[INFO] [stderr]    Compiling icu_properties v2.0.1
[INFO] [stderr]    Compiling futures-executor v0.3.31
[INFO] [stderr]    Compiling futures v0.3.31
[INFO] [stderr]    Compiling tracing-futures v0.2.5
[INFO] [stderr]    Compiling bytes v1.10.1
[INFO] [stderr]    Compiling arrayvec v0.7.6
[INFO] [stderr]    Compiling smallvec v1.15.0
[INFO] [stderr]    Compiling const-hex v1.14.1
[INFO] [stderr]    Compiling alloy-sol-type-parser v1.2.1
[INFO] [stderr]    Compiling either v1.15.0
[INFO] [stderr]    Compiling serde_urlencoded v0.7.1
[INFO] [stderr]    Compiling serde_plain v1.0.2
[INFO] [stderr]    Compiling serde_path_to_error v0.1.17
[INFO] [stderr]    Compiling ruint v1.15.0
[INFO] [stderr]    Compiling icu_normalizer v2.0.0
[INFO] [stderr]    Compiling itertools v0.14.0
[INFO] [stderr]    Compiling parking_lot v0.12.4
[INFO] [stderr]    Compiling dashmap v6.1.0
[INFO] [stderr]    Compiling idna_adapter v1.2.1
[INFO] [stderr]    Compiling alloy-primitives v1.2.1
[INFO] [stderr]    Compiling alloy-rlp v0.3.12
[INFO] [stderr]    Compiling tokio v1.45.1
[INFO] [stderr]    Compiling http v1.3.1
[INFO] [stderr]    Compiling idna v1.0.3
[INFO] [stderr]    Compiling http v0.2.12
[INFO] [stderr]    Compiling lru v0.13.0
[INFO] [stderr]    Compiling alloy-json-abi v1.2.1
[INFO] [stderr]    Compiling url v2.5.4
[INFO] [stderr]    Compiling http-body v0.4.6
[INFO] [stderr]    Compiling alloy-tx-macros v1.0.17
[INFO] [stderr]    Compiling nybbles v0.4.0
[INFO] [stderr]    Compiling http-body v1.0.1
[INFO] [stderr]    Compiling http-body-util v0.1.3
[INFO] [stderr]    Compiling alloy-sol-macro-input v1.2.1
[INFO] [stderr]    Compiling alloy-sol-macro-expander v1.2.1
[INFO] [stderr]    Compiling alloy-eip2930 v0.2.1
[INFO] [stderr]    Compiling alloy-eip7702 v0.6.1
[INFO] [stderr]    Compiling alloy-eip2124 v0.2.0
[INFO] [stderr]    Compiling alloy-serde v1.0.17
[INFO] [stderr]    Compiling alloy-trie v0.9.0
[INFO] [stderr]    Compiling alloy-signer v1.0.17
[INFO] [stderr]    Compiling alloy-chains v0.2.5
[INFO] [stderr]    Compiling alloy-eips v1.0.17
[INFO] [stderr]    Compiling alloy-consensus v1.0.17
[INFO] [stderr]    Compiling alloy-sol-macro v1.2.1
[INFO] [stderr]    Compiling alloy-sol-types v1.2.1
[INFO] [stderr]    Compiling tokio-native-tls v0.3.1
[INFO] [stderr]    Compiling tokio-util v0.7.15
[INFO] [stderr]    Compiling hyper v1.6.0
[INFO] [stderr]    Compiling tower v0.5.2
[INFO] [stderr]    Compiling alloy-consensus-any v1.0.17
[INFO] [stderr]    Compiling alloy-network-primitives v1.0.17
[INFO] [stderr]    Compiling tower-http v0.6.4
[INFO] [stderr]    Compiling tokio-stream v0.1.17
[INFO] [stderr]    Compiling h2 v0.3.26
[INFO] [stderr]    Compiling hyper-util v0.1.13
[INFO] [stderr]    Compiling hyper-tls v0.6.0
[INFO] [stderr]    Compiling reqwest v0.12.18
[INFO] [stderr]    Compiling hyper v0.14.32
[INFO] [stderr]    Compiling hyper-tls v0.5.0
[INFO] [stderr]    Compiling reqwest v0.11.27
[INFO] [stderr]    Compiling alloy-json-rpc v1.0.17
[INFO] [stderr]    Compiling alloy-rpc-types-eth v1.0.17
[INFO] [stderr]    Compiling alloy-dyn-abi v1.2.1
[INFO] [stderr]    Compiling alloy-transport v1.0.17
[INFO] [stderr]    Compiling alloy-core v1.2.1
[INFO] [stderr]    Compiling alloy-transport-http v1.0.17
[INFO] [stderr]    Compiling alloy-rpc-client v1.0.17
[INFO] [stderr]    Compiling alloy-rpc-types-any v1.0.17
[INFO] [stderr]    Compiling alloy-rpc-types v1.0.17
[INFO] [stderr]    Compiling alloy-network v1.0.17
[INFO] [stderr]    Compiling alloy-provider v1.0.17
[INFO] [stderr]    Compiling alloy-signer-local v1.0.17
[INFO] [stderr]    Compiling alloy-contract v1.0.17
[INFO] [stderr]    Compiling alloy v1.0.17
[INFO] [stderr]    Compiling data3 v0.2.0 (/opt/rustwide/workdir)
[INFO] [stderr] warning: unused dependency `serde_plain`
[INFO] [stderr]   --> Cargo.toml:18:15
[INFO] [stderr]    |
[INFO] [stderr] 18 | [dependencies.serde_plain]
[INFO] [stderr]    |               ^^^^^^^^^^^^
[INFO] [stderr]    |
[INFO] [stderr]    = note: `cargo::unused_dependencies` is set to `warn` by default
[INFO] [stderr] help: consider removing the dependency on `serde_plain`
[INFO] [stderr] warning: `data3` (manifest) generated 1 warning
[INFO] [stderr]     Finished `release` profile [optimized] target(s) in 2m 04s
[INFO] [stderr] warning: the following packages contain code that will be rejected by a future version of Rust: proc-macro-error2 v2.0.1
[INFO] [stderr] note: to see what the problems were, use the option `--future-incompat-report`, or run `cargo report future-incompatibilities --id 7`
[INFO] running `Command { std: "docker" "inspect" "9a182697582f639718f5437b535c8374abd2f7b5701fbe66ec9819637b3150c3", kill_on_drop: false }`
[INFO] running `Command { std: "docker" "exec" "-e" "SOURCE_DIR=/opt/rustwide/workdir" "-e" "CARGO_HOME=/opt/rustwide/cargo-home" "-e" "RUSTUP_HOME=/opt/rustwide/rustup-home" "-e" "CARGO_TARGET_DIR=/opt/rustwide/target" "-e" "CARGO_INCREMENTAL=0" "-e" "RUST_BACKTRACE=full" "-e" "RUSTFLAGS=--cap-lints=warn" "-e" "RUSTDOCFLAGS=--cap-lints=warn" "-w" "/opt/rustwide/workdir" "--user" "0:0" "9a182697582f639718f5437b535c8374abd2f7b5701fbe66ec9819637b3150c3" "/opt/rustwide/cargo-home/bin/cargo" "+1.100.0-beta.1" "test" "--frozen" "--no-run" "--message-format=json" "--release", kill_on_drop: false }`
[INFO] [stderr]    Compiling memchr v2.7.4
[INFO] [stderr]    Compiling winnow v0.7.10
[INFO] [stderr]    Compiling toml_datetime v0.6.9
[INFO] [stderr]    Compiling futures-timer v3.0.3
[INFO] [stderr]    Compiling rstest_macros v0.25.0
[INFO] [stderr]    Compiling serde_json v1.0.140
[INFO] [stderr]    Compiling aho-corasick v1.1.3
[INFO] [stderr]    Compiling regex-automata v0.4.9
[INFO] [stderr]    Compiling alloy-sol-type-parser v1.2.1
[INFO] [stderr]    Compiling toml_edit v0.22.26
[INFO] [stderr]    Compiling alloy-json-abi v1.2.1
[INFO] [stderr]    Compiling proc-macro-crate v3.3.0
[INFO] [stderr]    Compiling alloy-sol-macro-input v1.2.1
[INFO] [stderr]    Compiling alloy-sol-macro-expander v1.2.1
[INFO] [stderr]    Compiling regex v1.11.1
[INFO] [stderr]    Compiling alloy-sol-macro v1.2.1
[INFO] [stderr]    Compiling alloy-sol-types v1.2.1
[INFO] [stderr]    Compiling rstest v0.25.0
[INFO] [stderr]    Compiling alloy-json-rpc v1.0.17
[INFO] [stderr]    Compiling alloy-rpc-types-eth v1.0.17
[INFO] [stderr]    Compiling alloy-dyn-abi v1.2.1
[INFO] [stderr]    Compiling alloy-transport v1.0.17
[INFO] [stderr]    Compiling alloy-core v1.2.1
[INFO] [stderr]    Compiling alloy-transport-http v1.0.17
[INFO] [stderr]    Compiling alloy-rpc-client v1.0.17
[INFO] [stderr]    Compiling alloy-rpc-types-any v1.0.17
[INFO] [stderr]    Compiling alloy-rpc-types v1.0.17
[INFO] [stderr]    Compiling alloy-network v1.0.17
[INFO] [stderr]    Compiling alloy-provider v1.0.17
[INFO] [stderr]    Compiling alloy-signer-local v1.0.17
[INFO] [stderr]    Compiling alloy-contract v1.0.17
[INFO] [stderr]    Compiling alloy v1.0.17
[INFO] [stderr]    Compiling data3 v0.2.0 (/opt/rustwide/workdir)
[INFO] [stderr] warning: unused dependency `serde_plain`
[INFO] [stderr]   --> Cargo.toml:18:15
[INFO] [stderr]    |
[INFO] [stderr] 18 | [dependencies.serde_plain]
[INFO] [stderr]    |               ^^^^^^^^^^^^
[INFO] [stderr]    |
[INFO] [stderr]    = note: `cargo::unused_dependencies` is set to `warn` by default
[INFO] [stderr] help: consider removing the dependency on `serde_plain`
[INFO] [stderr] warning: `data3` (manifest) generated 1 warning
[INFO] [stderr]     Finished `release` profile [optimized] target(s) in 47.25s
[INFO] [stderr] warning: the following packages contain code that will be rejected by a future version of Rust: proc-macro-error2 v2.0.1
[INFO] [stderr] note: to see what the problems were, use the option `--future-incompat-report`, or run `cargo report future-incompatibilities --id 7`
[INFO] running `Command { std: "docker" "inspect" "9a182697582f639718f5437b535c8374abd2f7b5701fbe66ec9819637b3150c3", kill_on_drop: false }`
[INFO] running `Command { std: "docker" "exec" "-e" "SOURCE_DIR=/opt/rustwide/workdir" "-e" "CARGO_HOME=/opt/rustwide/cargo-home" "-e" "RUSTUP_HOME=/opt/rustwide/rustup-home" "-e" "CARGO_TARGET_DIR=/opt/rustwide/target" "-e" "CARGO_INCREMENTAL=0" "-e" "RUST_BACKTRACE=full" "-e" "RUSTFLAGS=--cap-lints=warn" "-e" "RUSTDOCFLAGS=--cap-lints=warn" "-w" "/opt/rustwide/workdir" "--user" "0:0" "9a182697582f639718f5437b535c8374abd2f7b5701fbe66ec9819637b3150c3" "/opt/rustwide/cargo-home/bin/cargo" "+1.100.0-beta.1" "test" "--frozen" "--release", kill_on_drop: false }`
[INFO] [stderr] warning: unused dependency `serde_plain`
[INFO] [stderr]   --> Cargo.toml:18:15
[INFO] [stderr]    |
[INFO] [stderr] 18 | [dependencies.serde_plain]
[INFO] [stderr]    |               ^^^^^^^^^^^^
[INFO] [stderr]    |
[INFO] [stderr]    = note: `cargo::unused_dependencies` is set to `warn` by default
[INFO] [stderr] help: consider removing the dependency on `serde_plain`
[INFO] [stderr] warning: `data3` (manifest) generated 1 warning
[INFO] [stderr]     Finished `release` profile [optimized] target(s) in 0.37s
[INFO] [stderr] warning: the following packages contain code that will be rejected by a future version of Rust: proc-macro-error2 v2.0.1
[INFO] [stderr] note: to see what the problems were, use the option `--future-incompat-report`, or run `cargo report future-incompatibilities --id 7`
[INFO] [stderr]      Running unittests src/lib.rs (/opt/rustwide/target/release/build/data3/781f00161fae52ce/out/data3-781f00161fae52ce)
[INFO] [stdout] 
[INFO] [stdout] running 25 tests
[INFO] [stdout] test fallback::tests::test_fallback_balances ... FAILED
[INFO] [stdout] test alchemy::tests::test_get_price ... FAILED
[INFO] [stdout] test alchemy::tests::test_get_tokens_by_wallet ... FAILED
[INFO] [stdout] test oneinch::tests::test_balances::case_1 ... FAILED
[INFO] [stdout] test oneinch::tests::test_portfolio::case_1 ... FAILED
[INFO] [stdout] test oneinch::tests::test_ohlc ... FAILED
[INFO] [stdout] test oneinch::tests::test_portfolio::case_2 ... FAILED
[INFO] [stdout] test oneinch::tests::test_portfolio::case_3 ... FAILED
[INFO] [stdout] test oneinch::tests::test_prices::case_1 ... FAILED
[INFO] [stdout] test oneinch::tests::test_balances::case_3 ... FAILED
[INFO] [stdout] test oneinch::tests::test_prices::case_2 ... FAILED
[INFO] [stdout] test oneinch::tests::test_prices::case_3 ... FAILED
[INFO] [stdout] test oneinch::tests::test_balances::case_2 ... FAILED
[INFO] [stdout] test blockscout::tests::test_token_balances::case_3 ... FAILED
[INFO] [stdout] test blockscout::tests::test_address_transactions::case_3 ... FAILED
[INFO] [stdout] test blockscout::tests::test_address_transactions::case_2 ... FAILED
[INFO] [stdout] test blockscout::tests::test_address_info::case_2 ... FAILED
[INFO] [stdout] test blockscout::tests::test_token_transfers::case_2 ... FAILED
[INFO] [stdout] test blockscout::tests::test_token_balances::case_1 ... FAILED
[INFO] [stdout] test blockscout::tests::test_address_transactions::case_1 ... FAILED
[INFO] [stdout] test blockscout::tests::test_token_transfers::case_1 ... FAILED
[INFO] [stdout] test blockscout::tests::test_token_balances::case_2 ... FAILED
[INFO] [stdout] test blockscout::tests::test_token_transfers::case_3 ... FAILED
[INFO] [stdout] test blockscout::tests::test_address_info::case_1 ... FAILED
[INFO] [stderr] error: test failed, to rerun pass `--lib`
[INFO] [stdout] test blockscout::tests::test_address_info::case_3 ... FAILED
[INFO] [stdout] 
[INFO] [stdout] failures:
[INFO] [stdout] 
[INFO] [stdout] ---- fallback::tests::test_fallback_balances stdout ----
[INFO] [stdout] 
[INFO] [stdout] thread 'fallback::tests::test_fallback_balances' (3977) panicked at src/fallback.rs:74:46:
[INFO] [stdout] ALCHEMY_API_KEY key not set in env: NotPresent
[INFO] [stdout] stack backtrace:
[INFO] [stdout]    0:     0x5abc8a624b91 - <<std[617be2ca0a6fd877]::sys::backtrace::BacktraceLock>::print::DisplayBacktrace as core[a373ad73a504971]::fmt::Display>::fmt
[INFO] [stdout]    1:     0x5abc8a63b88a - core[a373ad73a504971]::fmt::write
[INFO] [stdout]    2:     0x5abc8a6293bc - <alloc[2e1b2a31b91974c5]::vec::Vec<u8> as core[a373ad73a504971]::io::write::Write>::write_fmt
[INFO] [stdout]    3:     0x5abc8a5ffd46 - std[617be2ca0a6fd877]::panicking::default_hook::{closure#0}
[INFO] [stdout]    4:     0x5abc8a61cb89 - std[617be2ca0a6fd877]::panicking::default_hook
[INFO] [stdout]    5:     0x5abc8a461820 - test[aada8e7e76ba119b]::test_main_inner::{closure#0}
[INFO] [stdout]    6:     0x5abc8a61ceb2 - std[617be2ca0a6fd877]::panicking::panic_with_hook
[INFO] [stdout]    7:     0x5abc8a5ffdf2 - std[617be2ca0a6fd877]::panicking::panic_handler::{closure#0}
[INFO] [stdout]    8:     0x5abc8a5f8a29 - std[617be2ca0a6fd877]::sys::backtrace::__rust_end_short_backtrace::<std[617be2ca0a6fd877]::panicking::panic_handler::{closure#0}, !>
[INFO] [stdout]    9:     0x5abc8a600bed - __rustc[ea4f61d10b84890b]::rust_begin_unwind
[INFO] [stdout]   10:     0x5abc8a63bfec - core[a373ad73a504971]::panicking::panic_fmt
[INFO] [stdout]   11:     0x5abc8a63bdc2 - core[a373ad73a504971]::result::unwrap_failed
[INFO] [stdout]   12:     0x5abc8a42fd0f - data3[b9a8dbca31e1168]::fallback::tests::test_fallback_balances::{closure#0}
[INFO] [stdout]   13:     0x5abc8a440893 - <tokio[4eb17f77efb2f81e]::runtime::scheduler::current_thread::Context>::enter::<core[a373ad73a504971]::task::poll::Poll<()>, <tokio[4eb17f77efb2f81e]::runtime::scheduler::current_thread::CoreGuard>::block_on<core[a373ad73a504971]::pin::Pin<&mut core[a373ad73a504971]::pin::Pin<&mut dyn core[a373ad73a504971]::future::future::Future<Output = ()>>>>::{closure#0}::{closure#0}>
[INFO] [stdout]   14:     0x5abc8a41947c - <tokio[4eb17f77efb2f81e]::runtime::context::scoped::Scoped<tokio[4eb17f77efb2f81e]::runtime::scheduler::Context>>::set::<<tokio[4eb17f77efb2f81e]::runtime::scheduler::current_thread::CoreGuard>::enter<<tokio[4eb17f77efb2f81e]::runtime::scheduler::current_thread::CoreGuard>::block_on<core[a373ad73a504971]::pin::Pin<&mut core[a373ad73a504971]::pin::Pin<&mut dyn core[a373ad73a504971]::future::future::Future<Output = ()>>>>::{closure#0}, core[a373ad73a504971]::option::Option<()>>::{closure#0}, (alloc[2e1b2a31b91974c5]::boxed::Box<tokio[4eb17f77efb2f81e]::runtime::scheduler::current_thread::Core>, core[a373ad73a504971]::option::Option<()>)>
[INFO] [stdout]   15:     0x5abc8a440be7 - <tokio[4eb17f77efb2f81e]::runtime::scheduler::current_thread::CoreGuard>::block_on::<core[a373ad73a504971]::pin::Pin<&mut core[a373ad73a504971]::pin::Pin<&mut dyn core[a373ad73a504971]::future::future::Future<Output = ()>>>>
[INFO] [stdout]   16:     0x5abc8a451b27 - tokio[4eb17f77efb2f81e]::runtime::context::runtime::enter_runtime::<<tokio[4eb17f77efb2f81e]::runtime::scheduler::current_thread::CurrentThread>::block_on<core[a373ad73a504971]::pin::Pin<&mut dyn core[a373ad73a504971]::future::future::Future<Output = ()>>>::{closure#0}, ()>
[INFO] [stdout]   17:     0x5abc8a440775 - <tokio[4eb17f77efb2f81e]::runtime::runtime::Runtime>::block_on::<core[a373ad73a504971]::pin::Pin<&mut dyn core[a373ad73a504971]::future::future::Future<Output = ()>>>
[INFO] [stdout]   18:     0x5abc8a4311ae - <data3[b9a8dbca31e1168]::fallback::tests::test_fallback_balances::{closure#0} as core[a373ad73a504971]::ops::function::FnOnce<()>>::call_once
[INFO] [stdout]   19:     0x5abc8a454c6b - test[aada8e7e76ba119b]::__rust_begin_short_backtrace::<core[a373ad73a504971]::result::Result<(), alloc[2e1b2a31b91974c5]::string::String>, fn() -> core[a373ad73a504971]::result::Result<(), alloc[2e1b2a31b91974c5]::string::String>>
[INFO] [stdout]   20:     0x5abc8a461e45 - test[aada8e7e76ba119b]::run_test::{closure#0}
[INFO] [stdout]   21:     0x5abc8a45b734 - std[617be2ca0a6fd877]::sys::backtrace::__rust_begin_short_backtrace::<test[aada8e7e76ba119b]::run_test::{closure#1}, ()>
[INFO] [stdout]   22:     0x5abc8a464ed2 - <std[617be2ca0a6fd877]::thread::lifecycle::spawn_unchecked<test[aada8e7e76ba119b]::run_test::{closure#1}, ()>::{closure#1} as core[a373ad73a504971]::ops::function::FnOnce<()>>::call_once::{shim:vtable#0}
[INFO] [stdout]   23:     0x5abc8a62403f - <std[617be2ca0a6fd877]::sys::thread::unix::Thread>::new::thread_start
[INFO] [stdout]   24:     0x795e79304dfa - <unknown>
[INFO] [stdout]   25:     0x795e793983d4 - clone
[INFO] [stdout]   26:                0x0 - <unknown>
[INFO] [stdout] 
[INFO] [stdout] ---- alchemy::tests::test_get_price stdout ----
[INFO] [stdout] 
[INFO] [stdout] thread 'alchemy::tests::test_get_price' (3963) panicked at src/alchemy.rs:183:56:
[INFO] [stdout] ALCHEMY_API_KEY key not set in env: NotPresent
[INFO] [stdout] stack backtrace:
[INFO] [stdout]    0:     0x5abc8a624b91 - <<std[617be2ca0a6fd877]::sys::backtrace::BacktraceLock>::print::DisplayBacktrace as core[a373ad73a504971]::fmt::Display>::fmt
[INFO] [stdout]    1:     0x5abc8a63b88a - core[a373ad73a504971]::fmt::write
[INFO] [stdout]    2:     0x5abc8a6293bc - <alloc[2e1b2a31b91974c5]::vec::Vec<u8> as core[a373ad73a504971]::io::write::Write>::write_fmt
[INFO] [stdout]    3:     0x5abc8a5ffd46 - std[617be2ca0a6fd877]::panicking::default_hook::{closure#0}
[INFO] [stdout]    4:     0x5abc8a61cb89 - std[617be2ca0a6fd877]::panicking::default_hook
[INFO] [stdout]    5:     0x5abc8a461820 - test[aada8e7e76ba119b]::test_main_inner::{closure#0}
[INFO] [stdout]    6:     0x5abc8a61ceb2 - std[617be2ca0a6fd877]::panicking::panic_with_hook
[INFO] [stdout]    7:     0x5abc8a5ffdf2 - std[617be2ca0a6fd877]::panicking::panic_handler::{closure#0}
[INFO] [stdout]    8:     0x5abc8a5f8a29 - std[617be2ca0a6fd877]::sys::backtrace::__rust_end_short_backtrace::<std[617be2ca0a6fd877]::panicking::panic_handler::{closure#0}, !>
[INFO] [stdout]    9:     0x5abc8a600bed - __rustc[ea4f61d10b84890b]::rust_begin_unwind
[INFO] [stdout]   10:     0x5abc8a63bfec - core[a373ad73a504971]::panicking::panic_fmt
[INFO] [stdout]   11:     0x5abc8a63bdc2 - core[a373ad73a504971]::result::unwrap_failed
[INFO] [stdout]   12:     0x5abc8a428af1 - data3[b9a8dbca31e1168]::alchemy::tests::test_get_price::{closure#0}
[INFO] [stdout]   13:     0x5abc8a440893 - <tokio[4eb17f77efb2f81e]::runtime::scheduler::current_thread::Context>::enter::<core[a373ad73a504971]::task::poll::Poll<()>, <tokio[4eb17f77efb2f81e]::runtime::scheduler::current_thread::CoreGuard>::block_on<core[a373ad73a504971]::pin::Pin<&mut core[a373ad73a504971]::pin::Pin<&mut dyn core[a373ad73a504971]::future::future::Future<Output = ()>>>>::{closure#0}::{closure#0}>
[INFO] [stdout]   14:     0x5abc8a41947c - <tokio[4eb17f77efb2f81e]::runtime::context::scoped::Scoped<tokio[4eb17f77efb2f81e]::runtime::scheduler::Context>>::set::<<tokio[4eb17f77efb2f81e]::runtime::scheduler::current_thread::CoreGuard>::enter<<tokio[4eb17f77efb2f81e]::runtime::scheduler::current_thread::CoreGuard>::block_on<core[a373ad73a504971]::pin::Pin<&mut core[a373ad73a504971]::pin::Pin<&mut dyn core[a373ad73a504971]::future::future::Future<Output = ()>>>>::{closure#0}, core[a373ad73a504971]::option::Option<()>>::{closure#0}, (alloc[2e1b2a31b91974c5]::boxed::Box<tokio[4eb17f77efb2f81e]::runtime::scheduler::current_thread::Core>, core[a373ad73a504971]::option::Option<()>)>
[INFO] [stdout]   15:     0x5abc8a440be7 - <tokio[4eb17f77efb2f81e]::runtime::scheduler::current_thread::CoreGuard>::block_on::<core[a373ad73a504971]::pin::Pin<&mut core[a373ad73a504971]::pin::Pin<&mut dyn core[a373ad73a504971]::future::future::Future<Output = ()>>>>
[INFO] [stdout]   16:     0x5abc8a451b27 - tokio[4eb17f77efb2f81e]::runtime::context::runtime::enter_runtime::<<tokio[4eb17f77efb2f81e]::runtime::scheduler::current_thread::CurrentThread>::block_on<core[a373ad73a504971]::pin::Pin<&mut dyn core[a373ad73a504971]::future::future::Future<Output = ()>>>::{closure#0}, ()>
[INFO] [stdout]   17:     0x5abc8a440775 - <tokio[4eb17f77efb2f81e]::runtime::runtime::Runtime>::block_on::<core[a373ad73a504971]::pin::Pin<&mut dyn core[a373ad73a504971]::future::future::Future<Output = ()>>>
[INFO] [stdout]   18:     0x5abc8a42ae4e - <data3[b9a8dbca31e1168]::alchemy::tests::test_get_price::{closure#0} as core[a373ad73a504971]::ops::function::FnOnce<()>>::call_once
[INFO] [stdout]   19:     0x5abc8a454c6b - test[aada8e7e76ba119b]::__rust_begin_short_backtrace::<core[a373ad73a504971]::result::Result<(), alloc[2e1b2a31b91974c5]::string::String>, fn() -> core[a373ad73a504971]::result::Result<(), alloc[2e1b2a31b91974c5]::string::String>>
[INFO] [stdout]   20:     0x5abc8a461e45 - test[aada8e7e76ba119b]::run_test::{closure#0}
[INFO] [stdout]   21:     0x5abc8a45b734 - std[617be2ca0a6fd877]::sys::backtrace::__rust_begin_short_backtrace::<test[aada8e7e76ba119b]::run_test::{closure#1}, ()>
[INFO] [stdout]   22:     0x5abc8a464ed2 - <std[617be2ca0a6fd877]::thread::lifecycle::spawn_unchecked<test[aada8e7e76ba119b]::run_test::{closure#1}, ()>::{closure#1} as core[a373ad73a504971]::ops::function::FnOnce<()>>::call_once::{shim:vtable#0}
[INFO] [stdout]   23:     0x5abc8a62403f - <std[617be2ca0a6fd877]::sys::thread::unix::Thread>::new::thread_start
[INFO] [stdout]   24:     0x795e79304dfa - <unknown>
[INFO] [stdout]   25:     0x795e793983d4 - clone
[INFO] [stdout]   26:                0x0 - <unknown>
[INFO] [stdout] 
[INFO] [stdout] ---- alchemy::tests::test_get_tokens_by_wallet stdout ----
[INFO] [stdout] 
[INFO] [stdout] thread 'alchemy::tests::test_get_tokens_by_wallet' (3964) panicked at src/alchemy.rs:192:56:
[INFO] [stdout] ALCHEMY_API_KEY key not set in env: NotPresent
[INFO] [stdout] stack backtrace:
[INFO] [stdout]    0:     0x5abc8a624b91 - <<std[617be2ca0a6fd877]::sys::backtrace::BacktraceLock>::print::DisplayBacktrace as core[a373ad73a504971]::fmt::Display>::fmt
[INFO] [stdout]    1:     0x5abc8a63b88a - core[a373ad73a504971]::fmt::write
[INFO] [stdout]    2:     0x5abc8a6293bc - <alloc[2e1b2a31b91974c5]::vec::Vec<u8> as core[a373ad73a504971]::io::write::Write>::write_fmt
[INFO] [stdout]    3:     0x5abc8a5ffd46 - std[617be2ca0a6fd877]::panicking::default_hook::{closure#0}
[INFO] [stdout]    4:     0x5abc8a61cb89 - std[617be2ca0a6fd877]::panicking::default_hook
[INFO] [stdout]    5:     0x5abc8a461820 - test[aada8e7e76ba119b]::test_main_inner::{closure#0}
[INFO] [stdout]    6:     0x5abc8a61ceb2 - std[617be2ca0a6fd877]::panicking::panic_with_hook
[INFO] [stdout]    7:     0x5abc8a5ffdf2 - std[617be2ca0a6fd877]::panicking::panic_handler::{closure#0}
[INFO] [stdout]    8:     0x5abc8a5f8a29 - std[617be2ca0a6fd877]::sys::backtrace::__rust_end_short_backtrace::<std[617be2ca0a6fd877]::panicking::panic_handler::{closure#0}, !>
[INFO] [stdout]    9:     0x5abc8a600bed - __rustc[ea4f61d10b84890b]::rust_begin_unwind
[INFO] [stdout]   10:     0x5abc8a63bfec - core[a373ad73a504971]::panicking::panic_fmt
[INFO] [stdout]   11:     0x5abc8a63bdc2 - core[a373ad73a504971]::result::unwrap_failed
[INFO] [stdout]   12:     0x5abc8a42928f - data3[b9a8dbca31e1168]::alchemy::tests::test_get_tokens_by_wallet::{closure#0}
[INFO] [stdout]   13:     0x5abc8a440893 - <tokio[4eb17f77efb2f81e]::runtime::scheduler::current_thread::Context>::enter::<core[a373ad73a504971]::task::poll::Poll<()>, <tokio[4eb17f77efb2f81e]::runtime::scheduler::current_thread::CoreGuard>::block_on<core[a373ad73a504971]::pin::Pin<&mut core[a373ad73a504971]::pin::Pin<&mut dyn core[a373ad73a504971]::future::future::Future<Output = ()>>>>::{closure#0}::{closure#0}>
[INFO] [stdout]   14:     0x5abc8a41947c - <tokio[4eb17f77efb2f81e]::runtime::context::scoped::Scoped<tokio[4eb17f77efb2f81e]::runtime::scheduler::Context>>::set::<<tokio[4eb17f77efb2f81e]::runtime::scheduler::current_thread::CoreGuard>::enter<<tokio[4eb17f77efb2f81e]::runtime::scheduler::current_thread::CoreGuard>::block_on<core[a373ad73a504971]::pin::Pin<&mut core[a373ad73a504971]::pin::Pin<&mut dyn core[a373ad73a504971]::future::future::Future<Output = ()>>>>::{closure#0}, core[a373ad73a504971]::option::Option<()>>::{closure#0}, (alloc[2e1b2a31b91974c5]::boxed::Box<tokio[4eb17f77efb2f81e]::runtime::scheduler::current_thread::Core>, core[a373ad73a504971]::option::Option<()>)>
[INFO] [stdout]   15:     0x5abc8a440be7 - <tokio[4eb17f77efb2f81e]::runtime::scheduler::current_thread::CoreGuard>::block_on::<core[a373ad73a504971]::pin::Pin<&mut core[a373ad73a504971]::pin::Pin<&mut dyn core[a373ad73a504971]::future::future::Future<Output = ()>>>>
[INFO] [stdout]   16:     0x5abc8a451b27 - tokio[4eb17f77efb2f81e]::runtime::context::runtime::enter_runtime::<<tokio[4eb17f77efb2f81e]::runtime::scheduler::current_thread::CurrentThread>::block_on<core[a373ad73a504971]::pin::Pin<&mut dyn core[a373ad73a504971]::future::future::Future<Output = ()>>>::{closure#0}, ()>
[INFO] [stdout]   17:     0x5abc8a440775 - <tokio[4eb17f77efb2f81e]::runtime::runtime::Runtime>::block_on::<core[a373ad73a504971]::pin::Pin<&mut dyn core[a373ad73a504971]::future::future::Future<Output = ()>>>
[INFO] [stdout]   18:     0x5abc8a42affe - <data3[b9a8dbca31e1168]::alchemy::tests::test_get_tokens_by_wallet::{closure#0} as core[a373ad73a504971]::ops::function::FnOnce<()>>::call_once
[INFO] [stdout]   19:     0x5abc8a454c6b - test[aada8e7e76ba119b]::__rust_begin_short_backtrace::<core[a373ad73a504971]::result::Result<(), alloc[2e1b2a31b91974c5]::string::String>, fn() -> core[a373ad73a504971]::result::Result<(), alloc[2e1b2a31b91974c5]::string::String>>
[INFO] [stdout]   20:     0x5abc8a461e45 - test[aada8e7e76ba119b]::run_test::{closure#0}
[INFO] [stdout]   21:     0x5abc8a45b734 - std[617be2ca0a6fd877]::sys::backtrace::__rust_begin_short_backtrace::<test[aada8e7e76ba119b]::run_test::{closure#1}, ()>
[INFO] [stdout]   22:     0x5abc8a464ed2 - <std[617be2ca0a6fd877]::thread::lifecycle::spawn_unchecked<test[aada8e7e76ba119b]::run_test::{closure#1}, ()>::{closure#1} as core[a373ad73a504971]::ops::function::FnOnce<()>>::call_once::{shim:vtable#0}
[INFO] [stdout]   23:     0x5abc8a62403f - <std[617be2ca0a6fd877]::sys::thread::unix::Thread>::new::thread_start
[INFO] [stdout]   24:     0x795e79304dfa - <unknown>
[INFO] [stdout]   25:     0x795e793983d4 - clone
[INFO] [stdout]   26:                0x0 - <unknown>
[INFO] [stdout] 
[INFO] [stdout] ---- oneinch::tests::test_balances::case_1 stdout ----
[INFO] [stdout] 
[INFO] [stdout] thread 'oneinch::tests::test_balances::case_1' (3978) panicked at src/oneinch.rs:171:56:
[INFO] [stdout] ONEINCH_API_KEY key not set in env: NotPresent
[INFO] [stdout] stack backtrace:
[INFO] [stdout]    0:     0x5abc8a624b91 - <<std[617be2ca0a6fd877]::sys::backtrace::BacktraceLock>::print::DisplayBacktrace as core[a373ad73a504971]::fmt::Display>::fmt
[INFO] [stdout]    1:     0x5abc8a63b88a - core[a373ad73a504971]::fmt::write
[INFO] [stdout]    2:     0x5abc8a6293bc - <alloc[2e1b2a31b91974c5]::vec::Vec<u8> as core[a373ad73a504971]::io::write::Write>::write_fmt
[INFO] [stdout]    3:     0x5abc8a5ffd46 - std[617be2ca0a6fd877]::panicking::default_hook::{closure#0}
[INFO] [stdout]    4:     0x5abc8a61cb89 - std[617be2ca0a6fd877]::panicking::default_hook
[INFO] [stdout]    5:     0x5abc8a461820 - test[aada8e7e76ba119b]::test_main_inner::{closure#0}
[INFO] [stdout]    6:     0x5abc8a61ceb2 - std[617be2ca0a6fd877]::panicking::panic_with_hook
[INFO] [stdout]    7:     0x5abc8a5ffdf2 - std[617be2ca0a6fd877]::panicking::panic_handler::{closure#0}
[INFO] [stdout]    8:     0x5abc8a5f8a29 - std[617be2ca0a6fd877]::sys::backtrace::__rust_end_short_backtrace::<std[617be2ca0a6fd877]::panicking::panic_handler::{closure#0}, !>
[INFO] [stdout]    9:     0x5abc8a600bed - __rustc[ea4f61d10b84890b]::rust_begin_unwind
[INFO] [stdout]   10:     0x5abc8a63bfec - core[a373ad73a504971]::panicking::panic_fmt
[INFO] [stdout]   11:     0x5abc8a63bdc2 - core[a373ad73a504971]::result::unwrap_failed
[INFO] [stdout]   12:     0x5abc8a448559 - data3[b9a8dbca31e1168]::oneinch::tests::test_balances::{closure#0}
[INFO] [stdout]   13:     0x5abc8a4496df - data3[b9a8dbca31e1168]::oneinch::tests::test_balances::case_1::{closure#0}
[INFO] [stdout]   14:     0x5abc8a440893 - <tokio[4eb17f77efb2f81e]::runtime::scheduler::current_thread::Context>::enter::<core[a373ad73a504971]::task::poll::Poll<()>, <tokio[4eb17f77efb2f81e]::runtime::scheduler::current_thread::CoreGuard>::block_on<core[a373ad73a504971]::pin::Pin<&mut core[a373ad73a504971]::pin::Pin<&mut dyn core[a373ad73a504971]::future::future::Future<Output = ()>>>>::{closure#0}::{closure#0}>
[INFO] [stdout]   15:     0x5abc8a41947c - <tokio[4eb17f77efb2f81e]::runtime::context::scoped::Scoped<tokio[4eb17f77efb2f81e]::runtime::scheduler::Context>>::set::<<tokio[4eb17f77efb2f81e]::runtime::scheduler::current_thread::CoreGuard>::enter<<tokio[4eb17f77efb2f81e]::runtime::scheduler::current_thread::CoreGuard>::block_on<core[a373ad73a504971]::pin::Pin<&mut core[a373ad73a504971]::pin::Pin<&mut dyn core[a373ad73a504971]::future::future::Future<Output = ()>>>>::{closure#0}, core[a373ad73a504971]::option::Option<()>>::{closure#0}, (alloc[2e1b2a31b91974c5]::boxed::Box<tokio[4eb17f77efb2f81e]::runtime::scheduler::current_thread::Core>, core[a373ad73a504971]::option::Option<()>)>
[INFO] [stdout]   16:     0x5abc8a440be7 - <tokio[4eb17f77efb2f81e]::runtime::scheduler::current_thread::CoreGuard>::block_on::<core[a373ad73a504971]::pin::Pin<&mut core[a373ad73a504971]::pin::Pin<&mut dyn core[a373ad73a504971]::future::future::Future<Output = ()>>>>
[INFO] [stdout]   17:     0x5abc8a451b27 - tokio[4eb17f77efb2f81e]::runtime::context::runtime::enter_runtime::<<tokio[4eb17f77efb2f81e]::runtime::scheduler::current_thread::CurrentThread>::block_on<core[a373ad73a504971]::pin::Pin<&mut dyn core[a373ad73a504971]::future::future::Future<Output = ()>>>::{closure#0}, ()>
[INFO] [stdout]   18:     0x5abc8a440775 - <tokio[4eb17f77efb2f81e]::runtime::runtime::Runtime>::block_on::<core[a373ad73a504971]::pin::Pin<&mut dyn core[a373ad73a504971]::future::future::Future<Output = ()>>>
[INFO] [stdout]   19:     0x5abc8a44a8be - <data3[b9a8dbca31e1168]::oneinch::tests::test_balances::case_1::{closure#0} as core[a373ad73a504971]::ops::function::FnOnce<()>>::call_once
[INFO] [stdout]   20:     0x5abc8a454c6b - test[aada8e7e76ba119b]::__rust_begin_short_backtrace::<core[a373ad73a504971]::result::Result<(), alloc[2e1b2a31b91974c5]::string::String>, fn() -> core[a373ad73a504971]::result::Result<(), alloc[2e1b2a31b91974c5]::string::String>>
[INFO] [stdout]   21:     0x5abc8a461e45 - test[aada8e7e76ba119b]::run_test::{closure#0}
[INFO] [stdout]   22:     0x5abc8a45b734 - std[617be2ca0a6fd877]::sys::backtrace::__rust_begin_short_backtrace::<test[aada8e7e76ba119b]::run_test::{closure#1}, ()>
[INFO] [stdout]   23:     0x5abc8a464ed2 - <std[617be2ca0a6fd877]::thread::lifecycle::spawn_unchecked<test[aada8e7e76ba119b]::run_test::{closure#1}, ()>::{closure#1} as core[a373ad73a504971]::ops::function::FnOnce<()>>::call_once::{shim:vtable#0}
[INFO] [stdout]   24:     0x5abc8a62403f - <std[617be2ca0a6fd877]::sys::thread::unix::Thread>::new::thread_start
[INFO] [stdout]   25:     0x795e79304dfa - <unknown>
[INFO] [stdout]   26:     0x795e793983d4 - clone
[INFO] [stdout]   27:                0x0 - <unknown>
[INFO] [stdout] 
[INFO] [stdout] ---- oneinch::tests::test_portfolio::case_1 stdout ----
[INFO] [stdout] 
[INFO] [stdout] thread 'oneinch::tests::test_portfolio::case_1' (3982) panicked at src/oneinch.rs:192:56:
[INFO] [stdout] ONEINCH_API_KEY key not set in env: NotPresent
[INFO] [stdout] stack backtrace:
[INFO] [stdout]    0:     0x5abc8a624b91 - <<std[617be2ca0a6fd877]::sys::backtrace::BacktraceLock>::print::DisplayBacktrace as core[a373ad73a504971]::fmt::Display>::fmt
[INFO] [stdout]    1:     0x5abc8a63b88a - core[a373ad73a504971]::fmt::write
[INFO] [stdout]    2:     0x5abc8a6293bc - <alloc[2e1b2a31b91974c5]::vec::Vec<u8> as core[a373ad73a504971]::io::write::Write>::write_fmt
[INFO] [stdout]    3:     0x5abc8a5ffd46 - std[617be2ca0a6fd877]::panicking::default_hook::{closure#0}
[INFO] [stdout]    4:     0x5abc8a61cb89 - std[617be2ca0a6fd877]::panicking::default_hook
[INFO] [stdout]    5:     0x5abc8a461820 - test[aada8e7e76ba119b]::test_main_inner::{closure#0}
[INFO] [stdout]    6:     0x5abc8a61ceb2 - std[617be2ca0a6fd877]::panicking::panic_with_hook
[INFO] [stdout]    7:     0x5abc8a5ffdf2 - std[617be2ca0a6fd877]::panicking::panic_handler::{closure#0}
[INFO] [stdout]    8:     0x5abc8a5f8a29 - std[617be2ca0a6fd877]::sys::backtrace::__rust_end_short_backtrace::<std[617be2ca0a6fd877]::panicking::panic_handler::{closure#0}, !>
[INFO] [stdout]    9:     0x5abc8a600bed - __rustc[ea4f61d10b84890b]::rust_begin_unwind
[INFO] [stdout]   10:     0x5abc8a63bfec - core[a373ad73a504971]::panicking::panic_fmt
[INFO] [stdout]   11:     0x5abc8a63bdc2 - core[a373ad73a504971]::result::unwrap_failed
[INFO] [stdout]   12:     0x5abc8a444104 - data3[b9a8dbca31e1168]::oneinch::tests::test_portfolio::{closure#0}
[INFO] [stdout]   13:     0x5abc8a444e6f - data3[b9a8dbca31e1168]::oneinch::tests::test_portfolio::case_1::{closure#0}
[INFO] [stdout]   14:     0x5abc8a440893 - <tokio[4eb17f77efb2f81e]::runtime::scheduler::current_thread::Context>::enter::<core[a373ad73a504971]::task::poll::Poll<()>, <tokio[4eb17f77efb2f81e]::runtime::scheduler::current_thread::CoreGuard>::block_on<core[a373ad73a504971]::pin::Pin<&mut core[a373ad73a504971]::pin::Pin<&mut dyn core[a373ad73a504971]::future::future::Future<Output = ()>>>>::{closure#0}::{closure#0}>
[INFO] [stdout]   15:     0x5abc8a41947c - <tokio[4eb17f77efb2f81e]::runtime::context::scoped::Scoped<tokio[4eb17f77efb2f81e]::runtime::scheduler::Context>>::set::<<tokio[4eb17f77efb2f81e]::runtime::scheduler::current_thread::CoreGuard>::enter<<tokio[4eb17f77efb2f81e]::runtime::scheduler::current_thread::CoreGuard>::block_on<core[a373ad73a504971]::pin::Pin<&mut core[a373ad73a504971]::pin::Pin<&mut dyn core[a373ad73a504971]::future::future::Future<Output = ()>>>>::{closure#0}, core[a373ad73a504971]::option::Option<()>>::{closure#0}, (alloc[2e1b2a31b91974c5]::boxed::Box<tokio[4eb17f77efb2f81e]::runtime::scheduler::current_thread::Core>, core[a373ad73a504971]::option::Option<()>)>
[INFO] [stdout]   16:     0x5abc8a440be7 - <tokio[4eb17f77efb2f81e]::runtime::scheduler::current_thread::CoreGuard>::block_on::<core[a373ad73a504971]::pin::Pin<&mut core[a373ad73a504971]::pin::Pin<&mut dyn core[a373ad73a504971]::future::future::Future<Output = ()>>>>
[INFO] [stdout]   17:     0x5abc8a451b27 - tokio[4eb17f77efb2f81e]::runtime::context::runtime::enter_runtime::<<tokio[4eb17f77efb2f81e]::runtime::scheduler::current_thread::CurrentThread>::block_on<core[a373ad73a504971]::pin::Pin<&mut dyn core[a373ad73a504971]::future::future::Future<Output = ()>>>::{closure#0}, ()>
[INFO] [stdout]   18:     0x5abc8a440775 - <tokio[4eb17f77efb2f81e]::runtime::runtime::Runtime>::block_on::<core[a373ad73a504971]::pin::Pin<&mut dyn core[a373ad73a504971]::future::future::Future<Output = ()>>>
[INFO] [stdout]   19:     0x5abc8a44570e - <data3[b9a8dbca31e1168]::oneinch::tests::test_portfolio::case_1::{closure#0} as core[a373ad73a504971]::ops::function::FnOnce<()>>::call_once
[INFO] [stdout]   20:     0x5abc8a454c6b - test[aada8e7e76ba119b]::__rust_begin_short_backtrace::<core[a373ad73a504971]::result::Result<(), alloc[2e1b2a31b91974c5]::string::String>, fn() -> core[a373ad73a504971]::result::Result<(), alloc[2e1b2a31b91974c5]::string::String>>
[INFO] [stdout]   21:     0x5abc8a461e45 - test[aada8e7e76ba119b]::run_test::{closure#0}
[INFO] [stdout]   22:     0x5abc8a45b734 - std[617be2ca0a6fd877]::sys::backtrace::__rust_begin_short_backtrace::<test[aada8e7e76ba119b]::run_test::{closure#1}, ()>
[INFO] [stdout]   23:     0x5abc8a464ed2 - <std[617be2ca0a6fd877]::thread::lifecycle::spawn_unchecked<test[aada8e7e76ba119b]::run_test::{closure#1}, ()>::{closure#1} as core[a373ad73a504971]::ops::function::FnOnce<()>>::call_once::{shim:vtable#0}
[INFO] [stdout]   24:     0x5abc8a62403f - <std[617be2ca0a6fd877]::sys::thread::unix::Thread>::new::thread_start
[INFO] [stdout]   25:     0x795e79304dfa - <unknown>
[INFO] [stdout]   26:     0x795e793983d4 - clone
[INFO] [stdout]   27:                0x0 - <unknown>
[INFO] [stdout] 
[INFO] [stdout] ---- oneinch::tests::test_ohlc stdout ----
[INFO] [stdout] 
[INFO] [stdout] thread 'oneinch::tests::test_ohlc' (3981) panicked at src/oneinch.rs:202:56:
[INFO] [stdout] ONEINCH_API_KEY key not set in env: NotPresent
[INFO] [stdout] stack backtrace:
[INFO] [stdout]    0:     0x5abc8a624b91 - <<std[617be2ca0a6fd877]::sys::backtrace::BacktraceLock>::print::DisplayBacktrace as core[a373ad73a504971]::fmt::Display>::fmt
[INFO] [stdout]    1:     0x5abc8a63b88a - core[a373ad73a504971]::fmt::write
[INFO] [stdout]    2:     0x5abc8a6293bc - <alloc[2e1b2a31b91974c5]::vec::Vec<u8> as core[a373ad73a504971]::io::write::Write>::write_fmt
[INFO] [stdout]    3:     0x5abc8a5ffd46 - std[617be2ca0a6fd877]::panicking::default_hook::{closure#0}
[INFO] [stdout]    4:     0x5abc8a61cb89 - std[617be2ca0a6fd877]::panicking::default_hook
[INFO] [stdout]    5:     0x5abc8a461820 - test[aada8e7e76ba119b]::test_main_inner::{closure#0}
[INFO] [stdout]    6:     0x5abc8a61ceb2 - std[617be2ca0a6fd877]::panicking::panic_with_hook
[INFO] [stdout]    7:     0x5abc8a5ffdf2 - std[617be2ca0a6fd877]::panicking::panic_handler::{closure#0}
[INFO] [stdout]    8:     0x5abc8a5f8a29 - std[617be2ca0a6fd877]::sys::backtrace::__rust_end_short_backtrace::<std[617be2ca0a6fd877]::panicking::panic_handler::{closure#0}, !>
[INFO] [stdout]    9:     0x5abc8a600bed - __rustc[ea4f61d10b84890b]::rust_begin_unwind
[INFO] [stdout]   10:     0x5abc8a63bfec - core[a373ad73a504971]::panicking::panic_fmt
[INFO] [stdout]   11:     0x5abc8a63bdc2 - core[a373ad73a504971]::result::unwrap_failed
[INFO] [stdout]   12:     0x5abc8a41c912 - data3[b9a8dbca31e1168]::oneinch::tests::test_ohlc::{closure#0}
[INFO] [stdout]   13:     0x5abc8a440893 - <tokio[4eb17f77efb2f81e]::runtime::scheduler::current_thread::Context>::enter::<core[a373ad73a504971]::task::poll::Poll<()>, <tokio[4eb17f77efb2f81e]::runtime::scheduler::current_thread::CoreGuard>::block_on<core[a373ad73a504971]::pin::Pin<&mut core[a373ad73a504971]::pin::Pin<&mut dyn core[a373ad73a504971]::future::future::Future<Output = ()>>>>::{closure#0}::{closure#0}>
[INFO] [stdout]   14:     0x5abc8a41947c - <tokio[4eb17f77efb2f81e]::runtime::context::scoped::Scoped<tokio[4eb17f77efb2f81e]::runtime::scheduler::Context>>::set::<<tokio[4eb17f77efb2f81e]::runtime::scheduler::current_thread::CoreGuard>::enter<<tokio[4eb17f77efb2f81e]::runtime::scheduler::current_thread::CoreGuard>::block_on<core[a373ad73a504971]::pin::Pin<&mut core[a373ad73a504971]::pin::Pin<&mut dyn core[a373ad73a504971]::future::future::Future<Output = ()>>>>::{closure#0}, core[a373ad73a504971]::option::Option<()>>::{closure#0}, (alloc[2e1b2a31b91974c5]::boxed::Box<tokio[4eb17f77efb2f81e]::runtime::scheduler::current_thread::Core>, core[a373ad73a504971]::option::Option<()>)>
[INFO] [stdout]   15:     0x5abc8a440be7 - <tokio[4eb17f77efb2f81e]::runtime::scheduler::current_thread::CoreGuard>::block_on::<core[a373ad73a504971]::pin::Pin<&mut core[a373ad73a504971]::pin::Pin<&mut dyn core[a373ad73a504971]::future::future::Future<Output = ()>>>>
[INFO] [stdout]   16:     0x5abc8a451b27 - tokio[4eb17f77efb2f81e]::runtime::context::runtime::enter_runtime::<<tokio[4eb17f77efb2f81e]::runtime::scheduler::current_thread::CurrentThread>::block_on<core[a373ad73a504971]::pin::Pin<&mut dyn core[a373ad73a504971]::future::future::Future<Output = ()>>>::{closure#0}, ()>
[INFO] [stdout]   17:     0x5abc8a440775 - <tokio[4eb17f77efb2f81e]::runtime::runtime::Runtime>::block_on::<core[a373ad73a504971]::pin::Pin<&mut dyn core[a373ad73a504971]::future::future::Future<Output = ()>>>
[INFO] [stdout]   18:     0x5abc8a41e7fe - <data3[b9a8dbca31e1168]::oneinch::tests::test_ohlc::{closure#0} as core[a373ad73a504971]::ops::function::FnOnce<()>>::call_once
[INFO] [stdout]   19:     0x5abc8a454c6b - test[aada8e7e76ba119b]::__rust_begin_short_backtrace::<core[a373ad73a504971]::result::Result<(), alloc[2e1b2a31b91974c5]::string::String>, fn() -> core[a373ad73a504971]::result::Result<(), alloc[2e1b2a31b91974c5]::string::String>>
[INFO] [stdout]   20:     0x5abc8a461e45 - test[aada8e7e76ba119b]::run_test::{closure#0}
[INFO] [stdout]   21:     0x5abc8a45b734 - std[617be2ca0a6fd877]::sys::backtrace::__rust_begin_short_backtrace::<test[aada8e7e76ba119b]::run_test::{closure#1}, ()>
[INFO] [stdout]   22:     0x5abc8a464ed2 - <std[617be2ca0a6fd877]::thread::lifecycle::spawn_unchecked<test[aada8e7e76ba119b]::run_test::{closure#1}, ()>::{closure#1} as core[a373ad73a504971]::ops::function::FnOnce<()>>::call_once::{shim:vtable#0}
[INFO] [stdout]   23:     0x5abc8a62403f - <std[617be2ca0a6fd877]::sys::thread::unix::Thread>::new::thread_start
[INFO] [stdout]   24:     0x795e79304dfa - <unknown>
[INFO] [stdout]   25:     0x795e793983d4 - clone
[INFO] [stdout]   26:                0x0 - <unknown>
[INFO] [stdout] 
[INFO] [stdout] ---- oneinch::tests::test_portfolio::case_2 stdout ----
[INFO] [stdout] 
[INFO] [stdout] thread 'oneinch::tests::test_portfolio::case_2' (3983) panicked at src/oneinch.rs:192:56:
[INFO] [stdout] ONEINCH_API_KEY key not set in env: NotPresent
[INFO] [stdout] stack backtrace:
[INFO] [stdout]    0:     0x5abc8a624b91 - <<std[617be2ca0a6fd877]::sys::backtrace::BacktraceLock>::print::DisplayBacktrace as core[a373ad73a504971]::fmt::Display>::fmt
[INFO] [stdout]    1:     0x5abc8a63b88a - core[a373ad73a504971]::fmt::write
[INFO] [stdout]    2:     0x5abc8a6293bc - <alloc[2e1b2a31b91974c5]::vec::Vec<u8> as core[a373ad73a504971]::io::write::Write>::write_fmt
[INFO] [stdout]    3:     0x5abc8a5ffd46 - std[617be2ca0a6fd877]::panicking::default_hook::{closure#0}
[INFO] [stdout]    4:     0x5abc8a61cb89 - std[617be2ca0a6fd877]::panicking::default_hook
[INFO] [stdout]    5:     0x5abc8a461820 - test[aada8e7e76ba119b]::test_main_inner::{closure#0}
[INFO] [stdout]    6:     0x5abc8a61ceb2 - std[617be2ca0a6fd877]::panicking::panic_with_hook
[INFO] [stdout]    7:     0x5abc8a5ffdf2 - std[617be2ca0a6fd877]::panicking::panic_handler::{closure#0}
[INFO] [stdout]    8:     0x5abc8a5f8a29 - std[617be2ca0a6fd877]::sys::backtrace::__rust_end_short_backtrace::<std[617be2ca0a6fd877]::panicking::panic_handler::{closure#0}, !>
[INFO] [stdout]    9:     0x5abc8a600bed - __rustc[ea4f61d10b84890b]::rust_begin_unwind
[INFO] [stdout]   10:     0x5abc8a63bfec - core[a373ad73a504971]::panicking::panic_fmt
[INFO] [stdout]   11:     0x5abc8a63bdc2 - core[a373ad73a504971]::result::unwrap_failed
[INFO] [stdout]   12:     0x5abc8a444104 - data3[b9a8dbca31e1168]::oneinch::tests::test_portfolio::{closure#0}
[INFO] [stdout]   13:     0x5abc8a444f4f - data3[b9a8dbca31e1168]::oneinch::tests::test_portfolio::case_2::{closure#0}
[INFO] [stdout]   14:     0x5abc8a440893 - <tokio[4eb17f77efb2f81e]::runtime::scheduler::current_thread::Context>::enter::<core[a373ad73a504971]::task::poll::Poll<()>, <tokio[4eb17f77efb2f81e]::runtime::scheduler::current_thread::CoreGuard>::block_on<core[a373ad73a504971]::pin::Pin<&mut core[a373ad73a504971]::pin::Pin<&mut dyn core[a373ad73a504971]::future::future::Future<Output = ()>>>>::{closure#0}::{closure#0}>
[INFO] [stdout]   15:     0x5abc8a41947c - <tokio[4eb17f77efb2f81e]::runtime::context::scoped::Scoped<tokio[4eb17f77efb2f81e]::runtime::scheduler::Context>>::set::<<tokio[4eb17f77efb2f81e]::runtime::scheduler::current_thread::CoreGuard>::enter<<tokio[4eb17f77efb2f81e]::runtime::scheduler::current_thread::CoreGuard>::block_on<core[a373ad73a504971]::pin::Pin<&mut core[a373ad73a504971]::pin::Pin<&mut dyn core[a373ad73a504971]::future::future::Future<Output = ()>>>>::{closure#0}, core[a373ad73a504971]::option::Option<()>>::{closure#0}, (alloc[2e1b2a31b91974c5]::boxed::Box<tokio[4eb17f77efb2f81e]::runtime::scheduler::current_thread::Core>, core[a373ad73a504971]::option::Option<()>)>
[INFO] [stdout]   16:     0x5abc8a440be7 - <tokio[4eb17f77efb2f81e]::runtime::scheduler::current_thread::CoreGuard>::block_on::<core[a373ad73a504971]::pin::Pin<&mut core[a373ad73a504971]::pin::Pin<&mut dyn core[a373ad73a504971]::future::future::Future<Output = ()>>>>
[INFO] [stdout]   17:     0x5abc8a451b27 - tokio[4eb17f77efb2f81e]::runtime::context::runtime::enter_runtime::<<tokio[4eb17f77efb2f81e]::runtime::scheduler::current_thread::CurrentThread>::block_on<core[a373ad73a504971]::pin::Pin<&mut dyn core[a373ad73a504971]::future::future::Future<Output = ()>>>::{closure#0}, ()>
[INFO] [stdout]   18:     0x5abc8a440775 - <tokio[4eb17f77efb2f81e]::runtime::runtime::Runtime>::block_on::<core[a373ad73a504971]::pin::Pin<&mut dyn core[a373ad73a504971]::future::future::Future<Output = ()>>>
[INFO] [stdout]   19:     0x5abc8a4458be - <data3[b9a8dbca31e1168]::oneinch::tests::test_portfolio::case_2::{closure#0} as core[a373ad73a504971]::ops::function::FnOnce<()>>::call_once
[INFO] [stdout]   20:     0x5abc8a454c6b - test[aada8e7e76ba119b]::__rust_begin_short_backtrace::<core[a373ad73a504971]::result::Result<(), alloc[2e1b2a31b91974c5]::string::String>, fn() -> core[a373ad73a504971]::result::Result<(), alloc[2e1b2a31b91974c5]::string::String>>
[INFO] [stdout]   21:     0x5abc8a461e45 - test[aada8e7e76ba119b]::run_test::{closure#0}
[INFO] [stdout]   22:     0x5abc8a45b734 - std[617be2ca0a6fd877]::sys::backtrace::__rust_begin_short_backtrace::<test[aada8e7e76ba119b]::run_test::{closure#1}, ()>
[INFO] [stdout]   23:     0x5abc8a464ed2 - <std[617be2ca0a6fd877]::thread::lifecycle::spawn_unchecked<test[aada8e7e76ba119b]::run_test::{closure#1}, ()>::{closure#1} as core[a373ad73a504971]::ops::function::FnOnce<()>>::call_once::{shim:vtable#0}
[INFO] [stdout]   24:     0x5abc8a62403f - <std[617be2ca0a6fd877]::sys::thread::unix::Thread>::new::thread_start
[INFO] [stdout]   25:     0x795e79304dfa - <unknown>
[INFO] [stdout]   26:     0x795e793983d4 - clone
[INFO] [stdout]   27:                0x0 - <unknown>
[INFO] [stdout] 
[INFO] [stdout] ---- oneinch::tests::test_portfolio::case_3 stdout ----
[INFO] [stdout] 
[INFO] [stdout] thread 'oneinch::tests::test_portfolio::case_3' (3984) panicked at src/oneinch.rs:192:56:
[INFO] [stdout] ONEINCH_API_KEY key not set in env: NotPresent
[INFO] [stdout] stack backtrace:
[INFO] [stdout]    0:     0x5abc8a624b91 - <<std[617be2ca0a6fd877]::sys::backtrace::BacktraceLock>::print::DisplayBacktrace as core[a373ad73a504971]::fmt::Display>::fmt
[INFO] [stdout]    1:     0x5abc8a63b88a - core[a373ad73a504971]::fmt::write
[INFO] [stdout]    2:     0x5abc8a6293bc - <alloc[2e1b2a31b91974c5]::vec::Vec<u8> as core[a373ad73a504971]::io::write::Write>::write_fmt
[INFO] [stdout]    3:     0x5abc8a5ffd46 - std[617be2ca0a6fd877]::panicking::default_hook::{closure#0}
[INFO] [stdout]    4:     0x5abc8a61cb89 - std[617be2ca0a6fd877]::panicking::default_hook
[INFO] [stdout]    5:     0x5abc8a461820 - test[aada8e7e76ba119b]::test_main_inner::{closure#0}
[INFO] [stdout]    6:     0x5abc8a61ceb2 - std[617be2ca0a6fd877]::panicking::panic_with_hook
[INFO] [stdout]    7:     0x5abc8a5ffdf2 - std[617be2ca0a6fd877]::panicking::panic_handler::{closure#0}
[INFO] [stdout]    8:     0x5abc8a5f8a29 - std[617be2ca0a6fd877]::sys::backtrace::__rust_end_short_backtrace::<std[617be2ca0a6fd877]::panicking::panic_handler::{closure#0}, !>
[INFO] [stdout]    9:     0x5abc8a600bed - __rustc[ea4f61d10b84890b]::rust_begin_unwind
[INFO] [stdout]   10:     0x5abc8a63bfec - core[a373ad73a504971]::panicking::panic_fmt
[INFO] [stdout]   11:     0x5abc8a63bdc2 - core[a373ad73a504971]::result::unwrap_failed
[INFO] [stdout]   12:     0x5abc8a444104 - data3[b9a8dbca31e1168]::oneinch::tests::test_portfolio::{closure#0}
[INFO] [stdout]   13:     0x5abc8a44502f - data3[b9a8dbca31e1168]::oneinch::tests::test_portfolio::case_3::{closure#0}
[INFO] [stdout]   14:     0x5abc8a440893 - <tokio[4eb17f77efb2f81e]::runtime::scheduler::current_thread::Context>::enter::<core[a373ad73a504971]::task::poll::Poll<()>, <tokio[4eb17f77efb2f81e]::runtime::scheduler::current_thread::CoreGuard>::block_on<core[a373ad73a504971]::pin::Pin<&mut core[a373ad73a504971]::pin::Pin<&mut dyn core[a373ad73a504971]::future::future::Future<Output = ()>>>>::{closure#0}::{closure#0}>
[INFO] [stdout]   15:     0x5abc8a41947c - <tokio[4eb17f77efb2f81e]::runtime::context::scoped::Scoped<tokio[4eb17f77efb2f81e]::runtime::scheduler::Context>>::set::<<tokio[4eb17f77efb2f81e]::runtime::scheduler::current_thread::CoreGuard>::enter<<tokio[4eb17f77efb2f81e]::runtime::scheduler::current_thread::CoreGuard>::block_on<core[a373ad73a504971]::pin::Pin<&mut core[a373ad73a504971]::pin::Pin<&mut dyn core[a373ad73a504971]::future::future::Future<Output = ()>>>>::{closure#0}, core[a373ad73a504971]::option::Option<()>>::{closure#0}, (alloc[2e1b2a31b91974c5]::boxed::Box<tokio[4eb17f77efb2f81e]::runtime::scheduler::current_thread::Core>, core[a373ad73a504971]::option::Option<()>)>
[INFO] [stdout]   16:     0x5abc8a440be7 - <tokio[4eb17f77efb2f81e]::runtime::scheduler::current_thread::CoreGuard>::block_on::<core[a373ad73a504971]::pin::Pin<&mut core[a373ad73a504971]::pin::Pin<&mut dyn core[a373ad73a504971]::future::future::Future<Output = ()>>>>
[INFO] [stdout]   17:     0x5abc8a451b27 - tokio[4eb17f77efb2f81e]::runtime::context::runtime::enter_runtime::<<tokio[4eb17f77efb2f81e]::runtime::scheduler::current_thread::CurrentThread>::block_on<core[a373ad73a504971]::pin::Pin<&mut dyn core[a373ad73a504971]::future::future::Future<Output = ()>>>::{closure#0}, ()>
[INFO] [stdout]   18:     0x5abc8a440775 - <tokio[4eb17f77efb2f81e]::runtime::runtime::Runtime>::block_on::<core[a373ad73a504971]::pin::Pin<&mut dyn core[a373ad73a504971]::future::future::Future<Output = ()>>>
[INFO] [stdout]   19:     0x5abc8a445a6e - <data3[b9a8dbca31e1168]::oneinch::tests::test_portfolio::case_3::{closure#0} as core[a373ad73a504971]::ops::function::FnOnce<()>>::call_once
[INFO] [stdout]   20:     0x5abc8a454c6b - test[aada8e7e76ba119b]::__rust_begin_short_backtrace::<core[a373ad73a504971]::result::Result<(), alloc[2e1b2a31b91974c5]::string::String>, fn() -> core[a373ad73a504971]::result::Result<(), alloc[2e1b2a31b91974c5]::string::String>>
[INFO] [stdout]   21:     0x5abc8a461e45 - test[aada8e7e76ba119b]::run_test::{closure#0}
[INFO] [stdout]   22:     0x5abc8a45b734 - std[617be2ca0a6fd877]::sys::backtrace::__rust_begin_short_backtrace::<test[aada8e7e76ba119b]::run_test::{closure#1}, ()>
[INFO] [stdout]   23:     0x5abc8a464ed2 - <std[617be2ca0a6fd877]::thread::lifecycle::spawn_unchecked<test[aada8e7e76ba119b]::run_test::{closure#1}, ()>::{closure#1} as core[a373ad73a504971]::ops::function::FnOnce<()>>::call_once::{shim:vtable#0}
[INFO] [stdout]   24:     0x5abc8a62403f - <std[617be2ca0a6fd877]::sys::thread::unix::Thread>::new::thread_start
[INFO] [stdout]   25:     0x795e79304dfa - <unknown>
[INFO] [stdout]   26:     0x795e793983d4 - clone
[INFO] [stdout]   27:                0x0 - <unknown>
[INFO] [stdout] 
[INFO] [stdout] ---- oneinch::tests::test_prices::case_1 stdout ----
[INFO] [stdout] 
[INFO] [stdout] thread 'oneinch::tests::test_prices::case_1' (3985) panicked at src/oneinch.rs:157:56:
[INFO] [stdout] ONEINCH_API_KEY key not set in env: NotPresent
[INFO] [stdout] stack backtrace:
[INFO] [stdout]    0:     0x5abc8a624b91 - <<std[617be2ca0a6fd877]::sys::backtrace::BacktraceLock>::print::DisplayBacktrace as core[a373ad73a504971]::fmt::Display>::fmt
[INFO] [stdout]    1:     0x5abc8a63b88a - core[a373ad73a504971]::fmt::write
[INFO] [stdout]    2:     0x5abc8a6293bc - <alloc[2e1b2a31b91974c5]::vec::Vec<u8> as core[a373ad73a504971]::io::write::Write>::write_fmt
[INFO] [stdout]    3:     0x5abc8a5ffd46 - std[617be2ca0a6fd877]::panicking::default_hook::{closure#0}
[INFO] [stdout]    4:     0x5abc8a61cb89 - std[617be2ca0a6fd877]::panicking::default_hook
[INFO] [stdout]    5:     0x5abc8a461820 - test[aada8e7e76ba119b]::test_main_inner::{closure#0}
[INFO] [stdout]    6:     0x5abc8a61ceb2 - std[617be2ca0a6fd877]::panicking::panic_with_hook
[INFO] [stdout]    7:     0x5abc8a5ffdf2 - std[617be2ca0a6fd877]::panicking::panic_handler::{closure#0}
[INFO] [stdout]    8:     0x5abc8a5f8a29 - std[617be2ca0a6fd877]::sys::backtrace::__rust_end_short_backtrace::<std[617be2ca0a6fd877]::panicking::panic_handler::{closure#0}, !>
[INFO] [stdout]    9:     0x5abc8a600bed - __rustc[ea4f61d10b84890b]::rust_begin_unwind
[INFO] [stdout]   10:     0x5abc8a63bfec - core[a373ad73a504971]::panicking::panic_fmt
[INFO] [stdout]   11:     0x5abc8a63bdc2 - core[a373ad73a504971]::result::unwrap_failed
[INFO] [stdout]   12:     0x5abc8a43ef08 - data3[b9a8dbca31e1168]::oneinch::tests::test_prices::{closure#0}
[INFO] [stdout]   13:     0x5abc8a43f79f - data3[b9a8dbca31e1168]::oneinch::tests::test_prices::case_1::{closure#0}
[INFO] [stdout]   14:     0x5abc8a440893 - <tokio[4eb17f77efb2f81e]::runtime::scheduler::current_thread::Context>::enter::<core[a373ad73a504971]::task::poll::Poll<()>, <tokio[4eb17f77efb2f81e]::runtime::scheduler::current_thread::CoreGuard>::block_on<core[a373ad73a504971]::pin::Pin<&mut core[a373ad73a504971]::pin::Pin<&mut dyn core[a373ad73a504971]::future::future::Future<Output = ()>>>>::{closure#0}::{closure#0}>
[INFO] [stdout]   15:     0x5abc8a41947c - <tokio[4eb17f77efb2f81e]::runtime::context::scoped::Scoped<tokio[4eb17f77efb2f81e]::runtime::scheduler::Context>>::set::<<tokio[4eb17f77efb2f81e]::runtime::scheduler::current_thread::CoreGuard>::enter<<tokio[4eb17f77efb2f81e]::runtime::scheduler::current_thread::CoreGuard>::block_on<core[a373ad73a504971]::pin::Pin<&mut core[a373ad73a504971]::pin::Pin<&mut dyn core[a373ad73a504971]::future::future::Future<Output = ()>>>>::{closure#0}, core[a373ad73a504971]::option::Option<()>>::{closure#0}, (alloc[2e1b2a31b91974c5]::boxed::Box<tokio[4eb17f77efb2f81e]::runtime::scheduler::current_thread::Core>, core[a373ad73a504971]::option::Option<()>)>
[INFO] [stdout]   16:     0x5abc8a440be7 - <tokio[4eb17f77efb2f81e]::runtime::scheduler::current_thread::CoreGuard>::block_on::<core[a373ad73a504971]::pin::Pin<&mut core[a373ad73a504971]::pin::Pin<&mut dyn core[a373ad73a504971]::future::future::Future<Output = ()>>>>
[INFO] [stdout]   17:     0x5abc8a451b27 - tokio[4eb17f77efb2f81e]::runtime::context::runtime::enter_runtime::<<tokio[4eb17f77efb2f81e]::runtime::scheduler::current_thread::CurrentThread>::block_on<core[a373ad73a504971]::pin::Pin<&mut dyn core[a373ad73a504971]::future::future::Future<Output = ()>>>::{closure#0}, ()>
[INFO] [stdout]   18:     0x5abc8a440775 - <tokio[4eb17f77efb2f81e]::runtime::runtime::Runtime>::block_on::<core[a373ad73a504971]::pin::Pin<&mut dyn core[a373ad73a504971]::future::future::Future<Output = ()>>>
[INFO] [stdout]   19:     0x5abc8a43ff0e - <data3[b9a8dbca31e1168]::oneinch::tests::test_prices::case_1::{closure#0} as core[a373ad73a504971]::ops::function::FnOnce<()>>::call_once
[INFO] [stdout]   20:     0x5abc8a454c6b - test[aada8e7e76ba119b]::__rust_begin_short_backtrace::<core[a373ad73a504971]::result::Result<(), alloc[2e1b2a31b91974c5]::string::String>, fn() -> core[a373ad73a504971]::result::Result<(), alloc[2e1b2a31b91974c5]::string::String>>
[INFO] [stdout]   21:     0x5abc8a461e45 - test[aada8e7e76ba119b]::run_test::{closure#0}
[INFO] [stdout]   22:     0x5abc8a45b734 - std[617be2ca0a6fd877]::sys::backtrace::__rust_begin_short_backtrace::<test[aada8e7e76ba119b]::run_test::{closure#1}, ()>
[INFO] [stdout]   23:     0x5abc8a464ed2 - <std[617be2ca0a6fd877]::thread::lifecycle::spawn_unchecked<test[aada8e7e76ba119b]::run_test::{closure#1}, ()>::{closure#1} as core[a373ad73a504971]::ops::function::FnOnce<()>>::call_once::{shim:vtable#0}
[INFO] [stdout]   24:     0x5abc8a62403f - <std[617be2ca0a6fd877]::sys::thread::unix::Thread>::new::thread_start
[INFO] [stdout]   25:     0x795e79304dfa - <unknown>
[INFO] [stdout]   26:     0x795e793983d4 - clone
[INFO] [stdout]   27:                0x0 - <unknown>
[INFO] [stdout] 
[INFO] [stdout] ---- oneinch::tests::test_balances::case_3 stdout ----
[INFO] [stdout] 
[INFO] [stdout] thread 'oneinch::tests::test_balances::case_3' (3980) panicked at src/oneinch.rs:171:56:
[INFO] [stdout] ONEINCH_API_KEY key not set in env: NotPresent
[INFO] [stdout] stack backtrace:
[INFO] [stdout]    0:     0x5abc8a624b91 - <<std[617be2ca0a6fd877]::sys::backtrace::BacktraceLock>::print::DisplayBacktrace as core[a373ad73a504971]::fmt::Display>::fmt
[INFO] [stdout]    1:     0x5abc8a63b88a - core[a373ad73a504971]::fmt::write
[INFO] [stdout]    2:     0x5abc8a6293bc - <alloc[2e1b2a31b91974c5]::vec::Vec<u8> as core[a373ad73a504971]::io::write::Write>::write_fmt
[INFO] [stdout]    3:     0x5abc8a5ffd46 - std[617be2ca0a6fd877]::panicking::default_hook::{closure#0}
[INFO] [stdout]    4:     0x5abc8a61cb89 - std[617be2ca0a6fd877]::panicking::default_hook
[INFO] [stdout]    5:     0x5abc8a461820 - test[aada8e7e76ba119b]::test_main_inner::{closure#0}
[INFO] [stdout]    6:     0x5abc8a61ceb2 - std[617be2ca0a6fd877]::panicking::panic_with_hook
[INFO] [stdout]    7:     0x5abc8a5ffdf2 - std[617be2ca0a6fd877]::panicking::panic_handler::{closure#0}
[INFO] [stdout]    8:     0x5abc8a5f8a29 - std[617be2ca0a6fd877]::sys::backtrace::__rust_end_short_backtrace::<std[617be2ca0a6fd877]::panicking::panic_handler::{closure#0}, !>
[INFO] [stdout]    9:     0x5abc8a600bed - __rustc[ea4f61d10b84890b]::rust_begin_unwind
[INFO] [stdout]   10:     0x5abc8a63bfec - core[a373ad73a504971]::panicking::panic_fmt
[INFO] [stdout]   11:     0x5abc8a63bdc2 - core[a373ad73a504971]::result::unwrap_failed
[INFO] [stdout]   12:     0x5abc8a448559 - data3[b9a8dbca31e1168]::oneinch::tests::test_balances::{closure#0}
[INFO] [stdout]   13:     0x5abc8a4498bf - data3[b9a8dbca31e1168]::oneinch::tests::test_balances::case_3::{closure#0}
[INFO] [stdout]   14:     0x5abc8a440893 - <tokio[4eb17f77efb2f81e]::runtime::scheduler::current_thread::Context>::enter::<core[a373ad73a504971]::task::poll::Poll<()>, <tokio[4eb17f77efb2f81e]::runtime::scheduler::current_thread::CoreGuard>::block_on<core[a373ad73a504971]::pin::Pin<&mut core[a373ad73a504971]::pin::Pin<&mut dyn core[a373ad73a504971]::future::future::Future<Output = ()>>>>::{closure#0}::{closure#0}>
[INFO] [stdout]   15:     0x5abc8a41947c - <tokio[4eb17f77efb2f81e]::runtime::context::scoped::Scoped<tokio[4eb17f77efb2f81e]::runtime::scheduler::Context>>::set::<<tokio[4eb17f77efb2f81e]::runtime::scheduler::current_thread::CoreGuard>::enter<<tokio[4eb17f77efb2f81e]::runtime::scheduler::current_thread::CoreGuard>::block_on<core[a373ad73a504971]::pin::Pin<&mut core[a373ad73a504971]::pin::Pin<&mut dyn core[a373ad73a504971]::future::future::Future<Output = ()>>>>::{closure#0}, core[a373ad73a504971]::option::Option<()>>::{closure#0}, (alloc[2e1b2a31b91974c5]::boxed::Box<tokio[4eb17f77efb2f81e]::runtime::scheduler::current_thread::Core>, core[a373ad73a504971]::option::Option<()>)>
[INFO] [stdout]   16:     0x5abc8a440be7 - <tokio[4eb17f77efb2f81e]::runtime::scheduler::current_thread::CoreGuard>::block_on::<core[a373ad73a504971]::pin::Pin<&mut core[a373ad73a504971]::pin::Pin<&mut dyn core[a373ad73a504971]::future::future::Future<Output = ()>>>>
[INFO] [stdout]   17:     0x5abc8a451b27 - tokio[4eb17f77efb2f81e]::runtime::context::runtime::enter_runtime::<<tokio[4eb17f77efb2f81e]::runtime::scheduler::current_thread::CurrentThread>::block_on<core[a373ad73a504971]::pin::Pin<&mut dyn core[a373ad73a504971]::future::future::Future<Output = ()>>>::{closure#0}, ()>
[INFO] [stdout]   18:     0x5abc8a440775 - <tokio[4eb17f77efb2f81e]::runtime::runtime::Runtime>::block_on::<core[a373ad73a504971]::pin::Pin<&mut dyn core[a373ad73a504971]::future::future::Future<Output = ()>>>
[INFO] [stdout]   19:     0x5abc8a44ac1e - <data3[b9a8dbca31e1168]::oneinch::tests::test_balances::case_3::{closure#0} as core[a373ad73a504971]::ops::function::FnOnce<()>>::call_once
[INFO] [stdout]   20:     0x5abc8a454c6b - test[aada8e7e76ba119b]::__rust_begin_short_backtrace::<core[a373ad73a504971]::result::Result<(), alloc[2e1b2a31b91974c5]::string::String>, fn() -> core[a373ad73a504971]::result::Result<(), alloc[2e1b2a31b91974c5]::string::String>>
[INFO] [stdout]   21:     0x5abc8a461e45 - test[aada8e7e76ba119b]::run_test::{closure#0}
[INFO] [stdout]   22:     0x5abc8a45b734 - std[617be2ca0a6fd877]::sys::backtrace::__rust_begin_short_backtrace::<test[aada8e7e76ba119b]::run_test::{closure#1}, ()>
[INFO] [stdout]   23:     0x5abc8a464ed2 - <std[617be2ca0a6fd877]::thread::lifecycle::spawn_unchecked<test[aada8e7e76ba119b]::run_test::{closure#1}, ()>::{closure#1} as core[a373ad73a504971]::ops::function::FnOnce<()>>::call_once::{shim:vtable#0}
[INFO] [stdout]   24:     0x5abc8a62403f - <std[617be2ca0a6fd877]::sys::thread::unix::Thread>::new::thread_start
[INFO] [stdout]   25:     0x795e79304dfa - <unknown>
[INFO] [stdout]   26:     0x795e793983d4 - clone
[INFO] [stdout]   27:                0x0 - <unknown>
[INFO] [stdout] 
[INFO] [stdout] ---- oneinch::tests::test_prices::case_2 stdout ----
[INFO] [stdout] 
[INFO] [stdout] thread 'oneinch::tests::test_prices::case_2' (3986) panicked at src/oneinch.rs:157:56:
[INFO] [stdout] ONEINCH_API_KEY key not set in env: NotPresent
[INFO] [stdout] stack backtrace:
[INFO] [stdout]    0:     0x5abc8a624b91 - <<std[617be2ca0a6fd877]::sys::backtrace::BacktraceLock>::print::DisplayBacktrace as core[a373ad73a504971]::fmt::Display>::fmt
[INFO] [stdout]    1:     0x5abc8a63b88a - core[a373ad73a504971]::fmt::write
[INFO] [stdout]    2:     0x5abc8a6293bc - <alloc[2e1b2a31b91974c5]::vec::Vec<u8> as core[a373ad73a504971]::io::write::Write>::write_fmt
[INFO] [stdout]    3:     0x5abc8a5ffd46 - std[617be2ca0a6fd877]::panicking::default_hook::{closure#0}
[INFO] [stdout]    4:     0x5abc8a61cb89 - std[617be2ca0a6fd877]::panicking::default_hook
[INFO] [stdout]    5:     0x5abc8a461820 - test[aada8e7e76ba119b]::test_main_inner::{closure#0}
[INFO] [stdout]    6:     0x5abc8a61ceb2 - std[617be2ca0a6fd877]::panicking::panic_with_hook
[INFO] [stdout]    7:     0x5abc8a5ffdf2 - std[617be2ca0a6fd877]::panicking::panic_handler::{closure#0}
[INFO] [stdout]    8:     0x5abc8a5f8a29 - std[617be2ca0a6fd877]::sys::backtrace::__rust_end_short_backtrace::<std[617be2ca0a6fd877]::panicking::panic_handler::{closure#0}, !>
[INFO] [stdout]    9:     0x5abc8a600bed - __rustc[ea4f61d10b84890b]::rust_begin_unwind
[INFO] [stdout]   10:     0x5abc8a63bfec - core[a373ad73a504971]::panicking::panic_fmt
[INFO] [stdout]   11:     0x5abc8a63bdc2 - core[a373ad73a504971]::result::unwrap_failed
[INFO] [stdout]   12:     0x5abc8a43ef08 - data3[b9a8dbca31e1168]::oneinch::tests::test_prices::{closure#0}
[INFO] [stdout]   13:     0x5abc8a43f87f - data3[b9a8dbca31e1168]::oneinch::tests::test_prices::case_2::{closure#0}
[INFO] [stdout]   14:     0x5abc8a440893 - <tokio[4eb17f77efb2f81e]::runtime::scheduler::current_thread::Context>::enter::<core[a373ad73a504971]::task::poll::Poll<()>, <tokio[4eb17f77efb2f81e]::runtime::scheduler::current_thread::CoreGuard>::block_on<core[a373ad73a504971]::pin::Pin<&mut core[a373ad73a504971]::pin::Pin<&mut dyn core[a373ad73a504971]::future::future::Future<Output = ()>>>>::{closure#0}::{closure#0}>
[INFO] [stdout]   15:     0x5abc8a41947c - <tokio[4eb17f77efb2f81e]::runtime::context::scoped::Scoped<tokio[4eb17f77efb2f81e]::runtime::scheduler::Context>>::set::<<tokio[4eb17f77efb2f81e]::runtime::scheduler::current_thread::CoreGuard>::enter<<tokio[4eb17f77efb2f81e]::runtime::scheduler::current_thread::CoreGuard>::block_on<core[a373ad73a504971]::pin::Pin<&mut core[a373ad73a504971]::pin::Pin<&mut dyn core[a373ad73a504971]::future::future::Future<Output = ()>>>>::{closure#0}, core[a373ad73a504971]::option::Option<()>>::{closure#0}, (alloc[2e1b2a31b91974c5]::boxed::Box<tokio[4eb17f77efb2f81e]::runtime::scheduler::current_thread::Core>, core[a373ad73a504971]::option::Option<()>)>
[INFO] [stdout]   16:     0x5abc8a440be7 - <tokio[4eb17f77efb2f81e]::runtime::scheduler::current_thread::CoreGuard>::block_on::<core[a373ad73a504971]::pin::Pin<&mut core[a373ad73a504971]::pin::Pin<&mut dyn core[a373ad73a504971]::future::future::Future<Output = ()>>>>
[INFO] [stdout]   17:     0x5abc8a451b27 - tokio[4eb17f77efb2f81e]::runtime::context::runtime::enter_runtime::<<tokio[4eb17f77efb2f81e]::runtime::scheduler::current_thread::CurrentThread>::block_on<core[a373ad73a504971]::pin::Pin<&mut dyn core[a373ad73a504971]::future::future::Future<Output = ()>>>::{closure#0}, ()>
[INFO] [stdout]   18:     0x5abc8a440775 - <tokio[4eb17f77efb2f81e]::runtime::runtime::Runtime>::block_on::<core[a373ad73a504971]::pin::Pin<&mut dyn core[a373ad73a504971]::future::future::Future<Output = ()>>>
[INFO] [stdout]   19:     0x5abc8a4400be - <data3[b9a8dbca31e1168]::oneinch::tests::test_prices::case_2::{closure#0} as core[a373ad73a504971]::ops::function::FnOnce<()>>::call_once
[INFO] [stdout]   20:     0x5abc8a454c6b - test[aada8e7e76ba119b]::__rust_begin_short_backtrace::<core[a373ad73a504971]::result::Result<(), alloc[2e1b2a31b91974c5]::string::String>, fn() -> core[a373ad73a504971]::result::Result<(), alloc[2e1b2a31b91974c5]::string::String>>
[INFO] [stdout]   21:     0x5abc8a461e45 - test[aada8e7e76ba119b]::run_test::{closure#0}
[INFO] [stdout]   22:     0x5abc8a45b734 - std[617be2ca0a6fd877]::sys::backtrace::__rust_begin_short_backtrace::<test[aada8e7e76ba119b]::run_test::{closure#1}, ()>
[INFO] [stdout]   23:     0x5abc8a464ed2 - <std[617be2ca0a6fd877]::thread::lifecycle::spawn_unchecked<test[aada8e7e76ba119b]::run_test::{closure#1}, ()>::{closure#1} as core[a373ad73a504971]::ops::function::FnOnce<()>>::call_once::{shim:vtable#0}
[INFO] [stdout]   24:     0x5abc8a62403f - <std[617be2ca0a6fd877]::sys::thread::unix::Thread>::new::thread_start
[INFO] [stdout]   25:     0x795e79304dfa - <unknown>
[INFO] [stdout]   26:     0x795e793983d4 - clone
[INFO] [stdout]   27:                0x0 - <unknown>
[INFO] [stdout] 
[INFO] [stdout] ---- oneinch::tests::test_prices::case_3 stdout ----
[INFO] [stdout] 
[INFO] [stdout] thread 'oneinch::tests::test_prices::case_3' (3987) panicked at src/oneinch.rs:157:56:
[INFO] [stdout] ONEINCH_API_KEY key not set in env: NotPresent
[INFO] [stdout] stack backtrace:
[INFO] [stdout]    0:     0x5abc8a624b91 - <<std[617be2ca0a6fd877]::sys::backtrace::BacktraceLock>::print::DisplayBacktrace as core[a373ad73a504971]::fmt::Display>::fmt
[INFO] [stdout]    1:     0x5abc8a63b88a - core[a373ad73a504971]::fmt::write
[INFO] [stdout]    2:     0x5abc8a6293bc - <alloc[2e1b2a31b91974c5]::vec::Vec<u8> as core[a373ad73a504971]::io::write::Write>::write_fmt
[INFO] [stdout]    3:     0x5abc8a5ffd46 - std[617be2ca0a6fd877]::panicking::default_hook::{closure#0}
[INFO] [stdout]    4:     0x5abc8a61cb89 - std[617be2ca0a6fd877]::panicking::default_hook
[INFO] [stdout]    5:     0x5abc8a461820 - test[aada8e7e76ba119b]::test_main_inner::{closure#0}
[INFO] [stdout]    6:     0x5abc8a61ceb2 - std[617be2ca0a6fd877]::panicking::panic_with_hook
[INFO] [stdout]    7:     0x5abc8a5ffdf2 - std[617be2ca0a6fd877]::panicking::panic_handler::{closure#0}
[INFO] [stdout]    8:     0x5abc8a5f8a29 - std[617be2ca0a6fd877]::sys::backtrace::__rust_end_short_backtrace::<std[617be2ca0a6fd877]::panicking::panic_handler::{closure#0}, !>
[INFO] [stdout]    9:     0x5abc8a600bed - __rustc[ea4f61d10b84890b]::rust_begin_unwind
[INFO] [stdout]   10:     0x5abc8a63bfec - core[a373ad73a504971]::panicking::panic_fmt
[INFO] [stdout]   11:     0x5abc8a63bdc2 - core[a373ad73a504971]::result::unwrap_failed
[INFO] [stdout]   12:     0x5abc8a43ef08 - data3[b9a8dbca31e1168]::oneinch::tests::test_prices::{closure#0}
[INFO] [stdout]   13:     0x5abc8a43f95f - data3[b9a8dbca31e1168]::oneinch::tests::test_prices::case_3::{closure#0}
[INFO] [stdout]   14:     0x5abc8a440893 - <tokio[4eb17f77efb2f81e]::runtime::scheduler::current_thread::Context>::enter::<core[a373ad73a504971]::task::poll::Poll<()>, <tokio[4eb17f77efb2f81e]::runtime::scheduler::current_thread::CoreGuard>::block_on<core[a373ad73a504971]::pin::Pin<&mut core[a373ad73a504971]::pin::Pin<&mut dyn core[a373ad73a504971]::future::future::Future<Output = ()>>>>::{closure#0}::{closure#0}>
[INFO] [stdout]   15:     0x5abc8a41947c - <tokio[4eb17f77efb2f81e]::runtime::context::scoped::Scoped<tokio[4eb17f77efb2f81e]::runtime::scheduler::Context>>::set::<<tokio[4eb17f77efb2f81e]::runtime::scheduler::current_thread::CoreGuard>::enter<<tokio[4eb17f77efb2f81e]::runtime::scheduler::current_thread::CoreGuard>::block_on<core[a373ad73a504971]::pin::Pin<&mut core[a373ad73a504971]::pin::Pin<&mut dyn core[a373ad73a504971]::future::future::Future<Output = ()>>>>::{closure#0}, core[a373ad73a504971]::option::Option<()>>::{closure#0}, (alloc[2e1b2a31b91974c5]::boxed::Box<tokio[4eb17f77efb2f81e]::runtime::scheduler::current_thread::Core>, core[a373ad73a504971]::option::Option<()>)>
[INFO] [stdout]   16:     0x5abc8a440be7 - <tokio[4eb17f77efb2f81e]::runtime::scheduler::current_thread::CoreGuard>::block_on::<core[a373ad73a504971]::pin::Pin<&mut core[a373ad73a504971]::pin::Pin<&mut dyn core[a373ad73a504971]::future::future::Future<Output = ()>>>>
[INFO] [stdout]   17:     0x5abc8a451b27 - tokio[4eb17f77efb2f81e]::runtime::context::runtime::enter_runtime::<<tokio[4eb17f77efb2f81e]::runtime::scheduler::current_thread::CurrentThread>::block_on<core[a373ad73a504971]::pin::Pin<&mut dyn core[a373ad73a504971]::future::future::Future<Output = ()>>>::{closure#0}, ()>
[INFO] [stdout]   18:     0x5abc8a440775 - <tokio[4eb17f77efb2f81e]::runtime::runtime::Runtime>::block_on::<core[a373ad73a504971]::pin::Pin<&mut dyn core[a373ad73a504971]::future::future::Future<Output = ()>>>
[INFO] [stdout]   19:     0x5abc8a44026e - <data3[b9a8dbca31e1168]::oneinch::tests::test_prices::case_3::{closure#0} as core[a373ad73a504971]::ops::function::FnOnce<()>>::call_once
[INFO] [stdout]   20:     0x5abc8a454c6b - test[aada8e7e76ba119b]::__rust_begin_short_backtrace::<core[a373ad73a504971]::result::Result<(), alloc[2e1b2a31b91974c5]::string::String>, fn() -> core[a373ad73a504971]::result::Result<(), alloc[2e1b2a31b91974c5]::string::String>>
[INFO] [stdout]   21:     0x5abc8a461e45 - test[aada8e7e76ba119b]::run_test::{closure#0}
[INFO] [stdout]   22:     0x5abc8a45b734 - std[617be2ca0a6fd877]::sys::backtrace::__rust_begin_short_backtrace::<test[aada8e7e76ba119b]::run_test::{closure#1}, ()>
[INFO] [stdout]   23:     0x5abc8a464ed2 - <std[617be2ca0a6fd877]::thread::lifecycle::spawn_unchecked<test[aada8e7e76ba119b]::run_test::{closure#1}, ()>::{closure#1} as core[a373ad73a504971]::ops::function::FnOnce<()>>::call_once::{shim:vtable#0}
[INFO] [stdout]   24:     0x5abc8a62403f - <std[617be2ca0a6fd877]::sys::thread::unix::Thread>::new::thread_start
[INFO] [stdout]   25:     0x795e79304dfa - <unknown>
[INFO] [stdout]   26:     0x795e793983d4 - clone
[INFO] [stdout]   27:                0x0 - <unknown>
[INFO] [stdout] 
[INFO] [stdout] ---- oneinch::tests::test_balances::case_2 stdout ----
[INFO] [stdout] 
[INFO] [stdout] thread 'oneinch::tests::test_balances::case_2' (3979) panicked at src/oneinch.rs:171:56:
[INFO] [stdout] ONEINCH_API_KEY key not set in env: NotPresent
[INFO] [stdout] stack backtrace:
[INFO] [stdout]    0:     0x5abc8a624b91 - <<std[617be2ca0a6fd877]::sys::backtrace::BacktraceLock>::print::DisplayBacktrace as core[a373ad73a504971]::fmt::Display>::fmt
[INFO] [stdout]    1:     0x5abc8a63b88a - core[a373ad73a504971]::fmt::write
[INFO] [stdout]    2:     0x5abc8a6293bc - <alloc[2e1b2a31b91974c5]::vec::Vec<u8> as core[a373ad73a504971]::io::write::Write>::write_fmt
[INFO] [stdout]    3:     0x5abc8a5ffd46 - std[617be2ca0a6fd877]::panicking::default_hook::{closure#0}
[INFO] [stdout]    4:     0x5abc8a61cb89 - std[617be2ca0a6fd877]::panicking::default_hook
[INFO] [stdout]    5:     0x5abc8a461820 - test[aada8e7e76ba119b]::test_main_inner::{closure#0}
[INFO] [stdout]    6:     0x5abc8a61ceb2 - std[617be2ca0a6fd877]::panicking::panic_with_hook
[INFO] [stdout]    7:     0x5abc8a5ffdf2 - std[617be2ca0a6fd877]::panicking::panic_handler::{closure#0}
[INFO] [stdout]    8:     0x5abc8a5f8a29 - std[617be2ca0a6fd877]::sys::backtrace::__rust_end_short_backtrace::<std[617be2ca0a6fd877]::panicking::panic_handler::{closure#0}, !>
[INFO] [stdout]    9:     0x5abc8a600bed - __rustc[ea4f61d10b84890b]::rust_begin_unwind
[INFO] [stdout]   10:     0x5abc8a63bfec - core[a373ad73a504971]::panicking::panic_fmt
[INFO] [stdout]   11:     0x5abc8a63bdc2 - core[a373ad73a504971]::result::unwrap_failed
[INFO] [stdout]   12:     0x5abc8a448559 - data3[b9a8dbca31e1168]::oneinch::tests::test_balances::{closure#0}
[INFO] [stdout]   13:     0x5abc8a4497cf - data3[b9a8dbca31e1168]::oneinch::tests::test_balances::case_2::{closure#0}
[INFO] [stdout]   14:     0x5abc8a440893 - <tokio[4eb17f77efb2f81e]::runtime::scheduler::current_thread::Context>::enter::<core[a373ad73a504971]::task::poll::Poll<()>, <tokio[4eb17f77efb2f81e]::runtime::scheduler::current_thread::CoreGuard>::block_on<core[a373ad73a504971]::pin::Pin<&mut core[a373ad73a504971]::pin::Pin<&mut dyn core[a373ad73a504971]::future::future::Future<Output = ()>>>>::{closure#0}::{closure#0}>
[INFO] [stdout]   15:     0x5abc8a41947c - <tokio[4eb17f77efb2f81e]::runtime::context::scoped::Scoped<tokio[4eb17f77efb2f81e]::runtime::scheduler::Context>>::set::<<tokio[4eb17f77efb2f81e]::runtime::scheduler::current_thread::CoreGuard>::enter<<tokio[4eb17f77efb2f81e]::runtime::scheduler::current_thread::CoreGuard>::block_on<core[a373ad73a504971]::pin::Pin<&mut core[a373ad73a504971]::pin::Pin<&mut dyn core[a373ad73a504971]::future::future::Future<Output = ()>>>>::{closure#0}, core[a373ad73a504971]::option::Option<()>>::{closure#0}, (alloc[2e1b2a31b91974c5]::boxed::Box<tokio[4eb17f77efb2f81e]::runtime::scheduler::current_thread::Core>, core[a373ad73a504971]::option::Option<()>)>
[INFO] [stdout]   16:     0x5abc8a440be7 - <tokio[4eb17f77efb2f81e]::runtime::scheduler::current_thread::CoreGuard>::block_on::<core[a373ad73a504971]::pin::Pin<&mut core[a373ad73a504971]::pin::Pin<&mut dyn core[a373ad73a504971]::future::future::Future<Output = ()>>>>
[INFO] [stdout]   17:     0x5abc8a451b27 - tokio[4eb17f77efb2f81e]::runtime::context::runtime::enter_runtime::<<tokio[4eb17f77efb2f81e]::runtime::scheduler::current_thread::CurrentThread>::block_on<core[a373ad73a504971]::pin::Pin<&mut dyn core[a373ad73a504971]::future::future::Future<Output = ()>>>::{closure#0}, ()>
[INFO] [stdout]   18:     0x5abc8a440775 - <tokio[4eb17f77efb2f81e]::runtime::runtime::Runtime>::block_on::<core[a373ad73a504971]::pin::Pin<&mut dyn core[a373ad73a504971]::future::future::Future<Output = ()>>>
[INFO] [stdout]   19:     0x5abc8a44aa6e - <data3[b9a8dbca31e1168]::oneinch::tests::test_balances::case_2::{closure#0} as core[a373ad73a504971]::ops::function::FnOnce<()>>::call_once
[INFO] [stdout]   20:     0x5abc8a454c6b - test[aada8e7e76ba119b]::__rust_begin_short_backtrace::<core[a373ad73a504971]::result::Result<(), alloc[2e1b2a31b91974c5]::string::String>, fn() -> core[a373ad73a504971]::result::Result<(), alloc[2e1b2a31b91974c5]::string::String>>
[INFO] [stdout]   21:     0x5abc8a461e45 - test[aada8e7e76ba119b]::run_test::{closure#0}
[INFO] [stdout]   22:     0x5abc8a45b734 - std[617be2ca0a6fd877]::sys::backtrace::__rust_begin_short_backtrace::<test[aada8e7e76ba119b]::run_test::{closure#1}, ()>
[INFO] [stdout]   23:     0x5abc8a464ed2 - <std[617be2ca0a6fd877]::thread::lifecycle::spawn_unchecked<test[aada8e7e76ba119b]::run_test::{closure#1}, ()>::{closure#1} as core[a373ad73a504971]::ops::function::FnOnce<()>>::call_once::{shim:vtable#0}
[INFO] [stdout]   24:     0x5abc8a62403f - <std[617be2ca0a6fd877]::sys::thread::unix::Thread>::new::thread_start
[INFO] [stdout]   25:     0x795e79304dfa - <unknown>
[INFO] [stdout]   26:     0x795e793983d4 - clone
[INFO] [stdout]   27:                0x0 - <unknown>
[INFO] [stdout] 
[INFO] [stdout] ---- blockscout::tests::test_token_balances::case_3 stdout ----
[INFO] [stdout] 
[INFO] [stdout] thread 'blockscout::tests::test_token_balances::case_3' (3973) panicked at src/blockscout.rs:183:14:
[INFO] [stdout] Failed to fetch token balances: ReqwestError(reqwest::Error { kind: Request, url: Url { scheme: "https", cannot_be_a_base: false, username: "", password: None, host: Some(Domain("arbitrum.blockscout.com")), port: None, path: "/api/v2/addresses/0x742d35Cc6634C0532925a3b844Bc454e4438f44e/token-balances", query: None, fragment: None }, source: hyper::Error(Connect, ConnectError("dns error", Custom { kind: Uncategorized, error: "failed to lookup address information: Temporary failure in name resolution" })) })
[INFO] [stdout] stack backtrace:
[INFO] [stdout]    0:     0x5abc8a624b91 - <<std[617be2ca0a6fd877]::sys::backtrace::BacktraceLock>::print::DisplayBacktrace as core[a373ad73a504971]::fmt::Display>::fmt
[INFO] [stdout]    1:     0x5abc8a63b88a - core[a373ad73a504971]::fmt::write
[INFO] [stdout]    2:     0x5abc8a6293bc - <alloc[2e1b2a31b91974c5]::vec::Vec<u8> as core[a373ad73a504971]::io::write::Write>::write_fmt
[INFO] [stdout]    3:     0x5abc8a5ffd46 - std[617be2ca0a6fd877]::panicking::default_hook::{closure#0}
[INFO] [stdout]    4:     0x5abc8a61cb89 - std[617be2ca0a6fd877]::panicking::default_hook
[INFO] [stdout]    5:     0x5abc8a461820 - test[aada8e7e76ba119b]::test_main_inner::{closure#0}
[INFO] [stdout]    6:     0x5abc8a61ceb2 - std[617be2ca0a6fd877]::panicking::panic_with_hook
[INFO] [stdout]    7:     0x5abc8a5ffdf2 - std[617be2ca0a6fd877]::panicking::panic_handler::{closure#0}
[INFO] [stdout]    8:     0x5abc8a5f8a29 - std[617be2ca0a6fd877]::sys::backtrace::__rust_end_short_backtrace::<std[617be2ca0a6fd877]::panicking::panic_handler::{closure#0}, !>
[INFO] [stdout]    9:     0x5abc8a600bed - __rustc[ea4f61d10b84890b]::rust_begin_unwind
[INFO] [stdout]   10:     0x5abc8a63bfec - core[a373ad73a504971]::panicking::panic_fmt
[INFO] [stdout]   11:     0x5abc8a63bdc2 - core[a373ad73a504971]::result::unwrap_failed
[INFO] [stdout]   12:     0x5abc8a42440d - data3[b9a8dbca31e1168]::blockscout::tests::test_token_balances::{closure#0}
[INFO] [stdout]   13:     0x5abc8a424daf - data3[b9a8dbca31e1168]::blockscout::tests::test_token_balances::case_3::{closure#0}
[INFO] [stdout]   14:     0x5abc8a440893 - <tokio[4eb17f77efb2f81e]::runtime::scheduler::current_thread::Context>::enter::<core[a373ad73a504971]::task::poll::Poll<()>, <tokio[4eb17f77efb2f81e]::runtime::scheduler::current_thread::CoreGuard>::block_on<core[a373ad73a504971]::pin::Pin<&mut core[a373ad73a504971]::pin::Pin<&mut dyn core[a373ad73a504971]::future::future::Future<Output = ()>>>>::{closure#0}::{closure#0}>
[INFO] [stdout]   15:     0x5abc8a41947c - <tokio[4eb17f77efb2f81e]::runtime::context::scoped::Scoped<tokio[4eb17f77efb2f81e]::runtime::scheduler::Context>>::set::<<tokio[4eb17f77efb2f81e]::runtime::scheduler::current_thread::CoreGuard>::enter<<tokio[4eb17f77efb2f81e]::runtime::scheduler::current_thread::CoreGuard>::block_on<core[a373ad73a504971]::pin::Pin<&mut core[a373ad73a504971]::pin::Pin<&mut dyn core[a373ad73a504971]::future::future::Future<Output = ()>>>>::{closure#0}, core[a373ad73a504971]::option::Option<()>>::{closure#0}, (alloc[2e1b2a31b91974c5]::boxed::Box<tokio[4eb17f77efb2f81e]::runtime::scheduler::current_thread::Core>, core[a373ad73a504971]::option::Option<()>)>
[INFO] [stdout]   16:     0x5abc8a440be7 - <tokio[4eb17f77efb2f81e]::runtime::scheduler::current_thread::CoreGuard>::block_on::<core[a373ad73a504971]::pin::Pin<&mut core[a373ad73a504971]::pin::Pin<&mut dyn core[a373ad73a504971]::future::future::Future<Output = ()>>>>
[INFO] [stdout]   17:     0x5abc8a451b27 - tokio[4eb17f77efb2f81e]::runtime::context::runtime::enter_runtime::<<tokio[4eb17f77efb2f81e]::runtime::scheduler::current_thread::CurrentThread>::block_on<core[a373ad73a504971]::pin::Pin<&mut dyn core[a373ad73a504971]::future::future::Future<Output = ()>>>::{closure#0}, ()>
[INFO] [stdout]   18:     0x5abc8a440775 - <tokio[4eb17f77efb2f81e]::runtime::runtime::Runtime>::block_on::<core[a373ad73a504971]::pin::Pin<&mut dyn core[a373ad73a504971]::future::future::Future<Output = ()>>>
[INFO] [stdout]   19:     0x5abc8a4257fe - <data3[b9a8dbca31e1168]::blockscout::tests::test_token_balances::case_3::{closure#0} as core[a373ad73a504971]::ops::function::FnOnce<()>>::call_once
[INFO] [stdout]   20:     0x5abc8a454c6b - test[aada8e7e76ba119b]::__rust_begin_short_backtrace::<core[a373ad73a504971]::result::Result<(), alloc[2e1b2a31b91974c5]::string::String>, fn() -> core[a373ad73a504971]::result::Result<(), alloc[2e1b2a31b91974c5]::string::String>>
[INFO] [stdout]   21:     0x5abc8a461e45 - test[aada8e7e76ba119b]::run_test::{closure#0}
[INFO] [stdout]   22:     0x5abc8a45b734 - std[617be2ca0a6fd877]::sys::backtrace::__rust_begin_short_backtrace::<test[aada8e7e76ba119b]::run_test::{closure#1}, ()>
[INFO] [stdout]   23:     0x5abc8a464ed2 - <std[617be2ca0a6fd877]::thread::lifecycle::spawn_unchecked<test[aada8e7e76ba119b]::run_test::{closure#1}, ()>::{closure#1} as core[a373ad73a504971]::ops::function::FnOnce<()>>::call_once::{shim:vtable#0}
[INFO] [stdout]   24:     0x5abc8a62403f - <std[617be2ca0a6fd877]::sys::thread::unix::Thread>::new::thread_start
[INFO] [stdout]   25:     0x795e79304dfa - <unknown>
[INFO] [stdout]   26:     0x795e793983d4 - clone
[INFO] [stdout]   27:                0x0 - <unknown>
[INFO] [stdout] 
[INFO] [stdout] ---- blockscout::tests::test_address_transactions::case_3 stdout ----
[INFO] [stdout] 
[INFO] [stdout] thread 'blockscout::tests::test_address_transactions::case_3' (3970) panicked at src/blockscout.rs:139:14:
[INFO] [stdout] Failed to fetch address transactions: ReqwestError(reqwest::Error { kind: Request, url: Url { scheme: "https", cannot_be_a_base: false, username: "", password: None, host: Some(Domain("arbitrum.blockscout.com")), port: None, path: "/api/v2/addresses/0x742d35Cc6634C0532925a3b844Bc454e4438f44e/transactions", query: None, fragment: None }, source: hyper::Error(Connect, ConnectError("dns error", Custom { kind: Uncategorized, error: "failed to lookup address information: Temporary failure in name resolution" })) })
[INFO] [stdout] stack backtrace:
[INFO] [stdout]    0:     0x5abc8a624b91 - <<std[617be2ca0a6fd877]::sys::backtrace::BacktraceLock>::print::DisplayBacktrace as core[a373ad73a504971]::fmt::Display>::fmt
[INFO] [stdout]    1:     0x5abc8a63b88a - core[a373ad73a504971]::fmt::write
[INFO] [stdout]    2:     0x5abc8a6293bc - <alloc[2e1b2a31b91974c5]::vec::Vec<u8> as core[a373ad73a504971]::io::write::Write>::write_fmt
[INFO] [stdout]    3:     0x5abc8a5ffd46 - std[617be2ca0a6fd877]::panicking::default_hook::{closure#0}
[INFO] [stdout]    4:     0x5abc8a61cb89 - std[617be2ca0a6fd877]::panicking::default_hook
[INFO] [stdout]    5:     0x5abc8a461820 - test[aada8e7e76ba119b]::test_main_inner::{closure#0}
[INFO] [stdout]    6:     0x5abc8a61ceb2 - std[617be2ca0a6fd877]::panicking::panic_with_hook
[INFO] [stdout]    7:     0x5abc8a5ffdf2 - std[617be2ca0a6fd877]::panicking::panic_handler::{closure#0}
[INFO] [stdout]    8:     0x5abc8a5f8a29 - std[617be2ca0a6fd877]::sys::backtrace::__rust_end_short_backtrace::<std[617be2ca0a6fd877]::panicking::panic_handler::{closure#0}, !>
[INFO] [stdout]    9:     0x5abc8a600bed - __rustc[ea4f61d10b84890b]::rust_begin_unwind
[INFO] [stdout]   10:     0x5abc8a63bfec - core[a373ad73a504971]::panicking::panic_fmt
[INFO] [stdout]   11:     0x5abc8a63bdc2 - core[a373ad73a504971]::result::unwrap_failed
[INFO] [stdout]   12:     0x5abc8a437d65 - data3[b9a8dbca31e1168]::blockscout::tests::test_address_transactions::{closure#0}
[INFO] [stdout]   13:     0x5abc8a438b4f - data3[b9a8dbca31e1168]::blockscout::tests::test_address_transactions::case_3::{closure#0}
[INFO] [stdout]   14:     0x5abc8a440893 - <tokio[4eb17f77efb2f81e]::runtime::scheduler::current_thread::Context>::enter::<core[a373ad73a504971]::task::poll::Poll<()>, <tokio[4eb17f77efb2f81e]::runtime::scheduler::current_thread::CoreGuard>::block_on<core[a373ad73a504971]::pin::Pin<&mut core[a373ad73a504971]::pin::Pin<&mut dyn core[a373ad73a504971]::future::future::Future<Output = ()>>>>::{closure#0}::{closure#0}>
[INFO] [stdout]   15:     0x5abc8a41947c - <tokio[4eb17f77efb2f81e]::runtime::context::scoped::Scoped<tokio[4eb17f77efb2f81e]::runtime::scheduler::Context>>::set::<<tokio[4eb17f77efb2f81e]::runtime::scheduler::current_thread::CoreGuard>::enter<<tokio[4eb17f77efb2f81e]::runtime::scheduler::current_thread::CoreGuard>::block_on<core[a373ad73a504971]::pin::Pin<&mut core[a373ad73a504971]::pin::Pin<&mut dyn core[a373ad73a504971]::future::future::Future<Output = ()>>>>::{closure#0}, core[a373ad73a504971]::option::Option<()>>::{closure#0}, (alloc[2e1b2a31b91974c5]::boxed::Box<tokio[4eb17f77efb2f81e]::runtime::scheduler::current_thread::Core>, core[a373ad73a504971]::option::Option<()>)>
[INFO] [stdout]   16:     0x5abc8a440be7 - <tokio[4eb17f77efb2f81e]::runtime::scheduler::current_thread::CoreGuard>::block_on::<core[a373ad73a504971]::pin::Pin<&mut core[a373ad73a504971]::pin::Pin<&mut dyn core[a373ad73a504971]::future::future::Future<Output = ()>>>>
[INFO] [stdout]   17:     0x5abc8a451b27 - tokio[4eb17f77efb2f81e]::runtime::context::runtime::enter_runtime::<<tokio[4eb17f77efb2f81e]::runtime::scheduler::current_thread::CurrentThread>::block_on<core[a373ad73a504971]::pin::Pin<&mut dyn core[a373ad73a504971]::future::future::Future<Output = ()>>>::{closure#0}, ()>
[INFO] [stdout]   18:     0x5abc8a440775 - <tokio[4eb17f77efb2f81e]::runtime::runtime::Runtime>::block_on::<core[a373ad73a504971]::pin::Pin<&mut dyn core[a373ad73a504971]::future::future::Future<Output = ()>>>
[INFO] [stdout]   19:     0x5abc8a439ade - <data3[b9a8dbca31e1168]::blockscout::tests::test_address_transactions::case_3::{closure#0} as core[a373ad73a504971]::ops::function::FnOnce<()>>::call_once
[INFO] [stdout]   20:     0x5abc8a454c6b - test[aada8e7e76ba119b]::__rust_begin_short_backtrace::<core[a373ad73a504971]::result::Result<(), alloc[2e1b2a31b91974c5]::string::String>, fn() -> core[a373ad73a504971]::result::Result<(), alloc[2e1b2a31b91974c5]::string::String>>
[INFO] [stdout]   21:     0x5abc8a461e45 - test[aada8e7e76ba119b]::run_test::{closure#0}
[INFO] [stdout]   22:     0x5abc8a45b734 - std[617be2ca0a6fd877]::sys::backtrace::__rust_begin_short_backtrace::<test[aada8e7e76ba119b]::run_test::{closure#1}, ()>
[INFO] [stdout]   23:     0x5abc8a464ed2 - <std[617be2ca0a6fd877]::thread::lifecycle::spawn_unchecked<test[aada8e7e76ba119b]::run_test::{closure#1}, ()>::{closure#1} as core[a373ad73a504971]::ops::function::FnOnce<()>>::call_once::{shim:vtable#0}
[INFO] [stdout]   24:     0x5abc8a62403f - <std[617be2ca0a6fd877]::sys::thread::unix::Thread>::new::thread_start
[INFO] [stdout]   25:     0x795e79304dfa - <unknown>
[INFO] [stdout]   26:     0x795e793983d4 - clone
[INFO] [stdout]   27:                0x0 - <unknown>
[INFO] [stdout] 
[INFO] [stdout] ---- blockscout::tests::test_address_transactions::case_2 stdout ----
[INFO] [stdout] 
[INFO] [stdout] thread 'blockscout::tests::test_address_transactions::case_2' (3969) panicked at src/blockscout.rs:139:14:
[INFO] [stdout] Failed to fetch address transactions: ReqwestError(reqwest::Error { kind: Request, url: Url { scheme: "https", cannot_be_a_base: false, username: "", password: None, host: Some(Domain("optimism.blockscout.com")), port: None, path: "/api/v2/addresses/0x742d35Cc6634C0532925a3b844Bc454e4438f44e/transactions", query: None, fragment: None }, source: hyper::Error(Connect, ConnectError("dns error", Custom { kind: Uncategorized, error: "failed to lookup address information: Temporary failure in name resolution" })) })
[INFO] [stdout] stack backtrace:
[INFO] [stdout]    0:     0x5abc8a624b91 - <<std[617be2ca0a6fd877]::sys::backtrace::BacktraceLock>::print::DisplayBacktrace as core[a373ad73a504971]::fmt::Display>::fmt
[INFO] [stdout]    1:     0x5abc8a63b88a - core[a373ad73a504971]::fmt::write
[INFO] [stdout]    2:     0x5abc8a6293bc - <alloc[2e1b2a31b91974c5]::vec::Vec<u8> as core[a373ad73a504971]::io::write::Write>::write_fmt
[INFO] [stdout]    3:     0x5abc8a5ffd46 - std[617be2ca0a6fd877]::panicking::default_hook::{closure#0}
[INFO] [stdout]    4:     0x5abc8a61cb89 - std[617be2ca0a6fd877]::panicking::default_hook
[INFO] [stdout]    5:     0x5abc8a461820 - test[aada8e7e76ba119b]::test_main_inner::{closure#0}
[INFO] [stdout]    6:     0x5abc8a61ceb2 - std[617be2ca0a6fd877]::panicking::panic_with_hook
[INFO] [stdout]    7:     0x5abc8a5ffdf2 - std[617be2ca0a6fd877]::panicking::panic_handler::{closure#0}
[INFO] [stdout]    8:     0x5abc8a5f8a29 - std[617be2ca0a6fd877]::sys::backtrace::__rust_end_short_backtrace::<std[617be2ca0a6fd877]::panicking::panic_handler::{closure#0}, !>
[INFO] [stdout]    9:     0x5abc8a600bed - __rustc[ea4f61d10b84890b]::rust_begin_unwind
[INFO] [stdout]   10:     0x5abc8a63bfec - core[a373ad73a504971]::panicking::panic_fmt
[INFO] [stdout]   11:     0x5abc8a63bdc2 - core[a373ad73a504971]::result::unwrap_failed
[INFO] [stdout]   12:     0x5abc8a437d65 - data3[b9a8dbca31e1168]::blockscout::tests::test_address_transactions::{closure#0}
[INFO] [stdout]   13:     0x5abc8a438a6f - data3[b9a8dbca31e1168]::blockscout::tests::test_address_transactions::case_2::{closure#0}
[INFO] [stdout]   14:     0x5abc8a440893 - <tokio[4eb17f77efb2f81e]::runtime::scheduler::current_thread::Context>::enter::<core[a373ad73a504971]::task::poll::Poll<()>, <tokio[4eb17f77efb2f81e]::runtime::scheduler::current_thread::CoreGuard>::block_on<core[a373ad73a504971]::pin::Pin<&mut core[a373ad73a504971]::pin::Pin<&mut dyn core[a373ad73a504971]::future::future::Future<Output = ()>>>>::{closure#0}::{closure#0}>
[INFO] [stdout]   15:     0x5abc8a41947c - <tokio[4eb17f77efb2f81e]::runtime::context::scoped::Scoped<tokio[4eb17f77efb2f81e]::runtime::scheduler::Context>>::set::<<tokio[4eb17f77efb2f81e]::runtime::scheduler::current_thread::CoreGuard>::enter<<tokio[4eb17f77efb2f81e]::runtime::scheduler::current_thread::CoreGuard>::block_on<core[a373ad73a504971]::pin::Pin<&mut core[a373ad73a504971]::pin::Pin<&mut dyn core[a373ad73a504971]::future::future::Future<Output = ()>>>>::{closure#0}, core[a373ad73a504971]::option::Option<()>>::{closure#0}, (alloc[2e1b2a31b91974c5]::boxed::Box<tokio[4eb17f77efb2f81e]::runtime::scheduler::current_thread::Core>, core[a373ad73a504971]::option::Option<()>)>
[INFO] [stdout]   16:     0x5abc8a440be7 - <tokio[4eb17f77efb2f81e]::runtime::scheduler::current_thread::CoreGuard>::block_on::<core[a373ad73a504971]::pin::Pin<&mut core[a373ad73a504971]::pin::Pin<&mut dyn core[a373ad73a504971]::future::future::Future<Output = ()>>>>
[INFO] [stdout]   17:     0x5abc8a451b27 - tokio[4eb17f77efb2f81e]::runtime::context::runtime::enter_runtime::<<tokio[4eb17f77efb2f81e]::runtime::scheduler::current_thread::CurrentThread>::block_on<core[a373ad73a504971]::pin::Pin<&mut dyn core[a373ad73a504971]::future::future::Future<Output = ()>>>::{closure#0}, ()>
[INFO] [stdout]   18:     0x5abc8a440775 - <tokio[4eb17f77efb2f81e]::runtime::runtime::Runtime>::block_on::<core[a373ad73a504971]::pin::Pin<&mut dyn core[a373ad73a504971]::future::future::Future<Output = ()>>>
[INFO] [stdout]   19:     0x5abc8a43991e - <data3[b9a8dbca31e1168]::blockscout::tests::test_address_transactions::case_2::{closure#0} as core[a373ad73a504971]::ops::function::FnOnce<()>>::call_once
[INFO] [stdout]   20:     0x5abc8a454c6b - test[aada8e7e76ba119b]::__rust_begin_short_backtrace::<core[a373ad73a504971]::result::Result<(), alloc[2e1b2a31b91974c5]::string::String>, fn() -> core[a373ad73a504971]::result::Result<(), alloc[2e1b2a31b91974c5]::string::String>>
[INFO] [stdout]   21:     0x5abc8a461e45 - test[aada8e7e76ba119b]::run_test::{closure#0}
[INFO] [stdout]   22:     0x5abc8a45b734 - std[617be2ca0a6fd877]::sys::backtrace::__rust_begin_short_backtrace::<test[aada8e7e76ba119b]::run_test::{closure#1}, ()>
[INFO] [stdout]   23:     0x5abc8a464ed2 - <std[617be2ca0a6fd877]::thread::lifecycle::spawn_unchecked<test[aada8e7e76ba119b]::run_test::{closure#1}, ()>::{closure#1} as core[a373ad73a504971]::ops::function::FnOnce<()>>::call_once::{shim:vtable#0}
[INFO] [stdout]   24:     0x5abc8a62403f - <std[617be2ca0a6fd877]::sys::thread::unix::Thread>::new::thread_start
[INFO] [stdout]   25:     0x795e79304dfa - <unknown>
[INFO] [stdout]   26:     0x795e793983d4 - clone
[INFO] [stdout]   27:                0x0 - <unknown>
[INFO] [stdout] 
[INFO] [stdout] ---- blockscout::tests::test_address_info::case_2 stdout ----
[INFO] [stdout] 
[INFO] [stdout] thread 'blockscout::tests::test_address_info::case_2' (3966) panicked at src/blockscout.rs:118:14:
[INFO] [stdout] Failed to fetch address info: ReqwestError(reqwest::Error { kind: Request, url: Url { scheme: "https", cannot_be_a_base: false, username: "", password: None, host: Some(Domain("optimism.blockscout.com")), port: None, path: "/api/v2/addresses/0x742d35Cc6634C0532925a3b844Bc454e4438f44e", query: None, fragment: None }, source: hyper::Error(Connect, ConnectError("dns error", Custom { kind: Uncategorized, error: "failed to lookup address information: Temporary failure in name resolution" })) })
[INFO] [stdout] stack backtrace:
[INFO] [stdout]    0:     0x5abc8a624b91 - <<std[617be2ca0a6fd877]::sys::backtrace::BacktraceLock>::print::DisplayBacktrace as core[a373ad73a504971]::fmt::Display>::fmt
[INFO] [stdout]    1:     0x5abc8a63b88a - core[a373ad73a504971]::fmt::write
[INFO] [stdout]    2:     0x5abc8a6293bc - <alloc[2e1b2a31b91974c5]::vec::Vec<u8> as core[a373ad73a504971]::io::write::Write>::write_fmt
[INFO] [stdout]    3:     0x5abc8a5ffd46 - std[617be2ca0a6fd877]::panicking::default_hook::{closure#0}
[INFO] [stdout]    4:     0x5abc8a61cb89 - std[617be2ca0a6fd877]::panicking::default_hook
[INFO] [stdout]    5:     0x5abc8a461820 - test[aada8e7e76ba119b]::test_main_inner::{closure#0}
[INFO] [stdout]    6:     0x5abc8a61ceb2 - std[617be2ca0a6fd877]::panicking::panic_with_hook
[INFO] [stdout]    7:     0x5abc8a5ffdf2 - std[617be2ca0a6fd877]::panicking::panic_handler::{closure#0}
[INFO] [stdout]    8:     0x5abc8a5f8a29 - std[617be2ca0a6fd877]::sys::backtrace::__rust_end_short_backtrace::<std[617be2ca0a6fd877]::panicking::panic_handler::{closure#0}, !>
[INFO] [stdout]    9:     0x5abc8a600bed - __rustc[ea4f61d10b84890b]::rust_begin_unwind
[INFO] [stdout]   10:     0x5abc8a63bfec - core[a373ad73a504971]::panicking::panic_fmt
[INFO] [stdout]   11:     0x5abc8a63bdc2 - core[a373ad73a504971]::result::unwrap_failed
[INFO] [stdout]   12:     0x5abc8a414dd3 - data3[b9a8dbca31e1168]::blockscout::tests::test_address_info::{closure#0}
[INFO] [stdout]   13:     0x5abc8a415aef - data3[b9a8dbca31e1168]::blockscout::tests::test_address_info::case_2::{closure#0}
[INFO] [stdout]   14:     0x5abc8a440893 - <tokio[4eb17f77efb2f81e]::runtime::scheduler::current_thread::Context>::enter::<core[a373ad73a504971]::task::poll::Poll<()>, <tokio[4eb17f77efb2f81e]::runtime::scheduler::current_thread::CoreGuard>::block_on<core[a373ad73a504971]::pin::Pin<&mut core[a373ad73a504971]::pin::Pin<&mut dyn core[a373ad73a504971]::future::future::Future<Output = ()>>>>::{closure#0}::{closure#0}>
[INFO] [stdout]   15:     0x5abc8a41947c - <tokio[4eb17f77efb2f81e]::runtime::context::scoped::Scoped<tokio[4eb17f77efb2f81e]::runtime::scheduler::Context>>::set::<<tokio[4eb17f77efb2f81e]::runtime::scheduler::current_thread::CoreGuard>::enter<<tokio[4eb17f77efb2f81e]::runtime::scheduler::current_thread::CoreGuard>::block_on<core[a373ad73a504971]::pin::Pin<&mut core[a373ad73a504971]::pin::Pin<&mut dyn core[a373ad73a504971]::future::future::Future<Output = ()>>>>::{closure#0}, core[a373ad73a504971]::option::Option<()>>::{closure#0}, (alloc[2e1b2a31b91974c5]::boxed::Box<tokio[4eb17f77efb2f81e]::runtime::scheduler::current_thread::Core>, core[a373ad73a504971]::option::Option<()>)>
[INFO] [stdout]   16:     0x5abc8a440be7 - <tokio[4eb17f77efb2f81e]::runtime::scheduler::current_thread::CoreGuard>::block_on::<core[a373ad73a504971]::pin::Pin<&mut core[a373ad73a504971]::pin::Pin<&mut dyn core[a373ad73a504971]::future::future::Future<Output = ()>>>>
[INFO] [stdout]   17:     0x5abc8a451b27 - tokio[4eb17f77efb2f81e]::runtime::context::runtime::enter_runtime::<<tokio[4eb17f77efb2f81e]::runtime::scheduler::current_thread::CurrentThread>::block_on<core[a373ad73a504971]::pin::Pin<&mut dyn core[a373ad73a504971]::future::future::Future<Output = ()>>>::{closure#0}, ()>
[INFO] [stdout]   18:     0x5abc8a440775 - <tokio[4eb17f77efb2f81e]::runtime::runtime::Runtime>::block_on::<core[a373ad73a504971]::pin::Pin<&mut dyn core[a373ad73a504971]::future::future::Future<Output = ()>>>
[INFO] [stdout]   19:     0x5abc8a41700e - <data3[b9a8dbca31e1168]::blockscout::tests::test_address_info::case_2::{closure#0} as core[a373ad73a504971]::ops::function::FnOnce<()>>::call_once
[INFO] [stdout]   20:     0x5abc8a454c6b - test[aada8e7e76ba119b]::__rust_begin_short_backtrace::<core[a373ad73a504971]::result::Result<(), alloc[2e1b2a31b91974c5]::string::String>, fn() -> core[a373ad73a504971]::result::Result<(), alloc[2e1b2a31b91974c5]::string::String>>
[INFO] [stdout]   21:     0x5abc8a461e45 - test[aada8e7e76ba119b]::run_test::{closure#0}
[INFO] [stdout]   22:     0x5abc8a45b734 - std[617be2ca0a6fd877]::sys::backtrace::__rust_begin_short_backtrace::<test[aada8e7e76ba119b]::run_test::{closure#1}, ()>
[INFO] [stdout]   23:     0x5abc8a464ed2 - <std[617be2ca0a6fd877]::thread::lifecycle::spawn_unchecked<test[aada8e7e76ba119b]::run_test::{closure#1}, ()>::{closure#1} as core[a373ad73a504971]::ops::function::FnOnce<()>>::call_once::{shim:vtable#0}
[INFO] [stdout]   24:     0x5abc8a62403f - <std[617be2ca0a6fd877]::sys::thread::unix::Thread>::new::thread_start
[INFO] [stdout]   25:     0x795e79304dfa - <unknown>
[INFO] [stdout]   26:     0x795e793983d4 - clone
[INFO] [stdout]   27:                0x0 - <unknown>
[INFO] [stdout] 
[INFO] [stdout] ---- blockscout::tests::test_token_transfers::case_2 stdout ----
[INFO] [stdout] 
[INFO] [stdout] thread 'blockscout::tests::test_token_transfers::case_2' (3975) panicked at src/blockscout.rs:161:14:
[INFO] [stdout] Failed to fetch token transfers: ReqwestError(reqwest::Error { kind: Request, url: Url { scheme: "https", cannot_be_a_base: false, username: "", password: None, host: Some(Domain("optimism.blockscout.com")), port: None, path: "/api/v2/addresses/0x742d35Cc6634C0532925a3b844Bc454e4438f44e/token-transfers", query: None, fragment: None }, source: hyper::Error(Connect, ConnectError("dns error", Custom { kind: Uncategorized, error: "failed to lookup address information: Temporary failure in name resolution" })) })
[INFO] [stdout] stack backtrace:
[INFO] [stdout]    0:     0x5abc8a624b91 - <<std[617be2ca0a6fd877]::sys::backtrace::BacktraceLock>::print::DisplayBacktrace as core[a373ad73a504971]::fmt::Display>::fmt
[INFO] [stdout]    1:     0x5abc8a63b88a - core[a373ad73a504971]::fmt::write
[INFO] [stdout]    2:     0x5abc8a6293bc - <alloc[2e1b2a31b91974c5]::vec::Vec<u8> as core[a373ad73a504971]::io::write::Write>::write_fmt
[INFO] [stdout]    3:     0x5abc8a5ffd46 - std[617be2ca0a6fd877]::panicking::default_hook::{closure#0}
[INFO] [stdout]    4:     0x5abc8a61cb89 - std[617be2ca0a6fd877]::panicking::default_hook
[INFO] [stdout]    5:     0x5abc8a461820 - test[aada8e7e76ba119b]::test_main_inner::{closure#0}
[INFO] [stdout]    6:     0x5abc8a61ceb2 - std[617be2ca0a6fd877]::panicking::panic_with_hook
[INFO] [stdout]    7:     0x5abc8a5ffdf2 - std[617be2ca0a6fd877]::panicking::panic_handler::{closure#0}
[INFO] [stdout]    8:     0x5abc8a5f8a29 - std[617be2ca0a6fd877]::sys::backtrace::__rust_end_short_backtrace::<std[617be2ca0a6fd877]::panicking::panic_handler::{closure#0}, !>
[INFO] [stdout]    9:     0x5abc8a600bed - __rustc[ea4f61d10b84890b]::rust_begin_unwind
[INFO] [stdout]   10:     0x5abc8a63bfec - core[a373ad73a504971]::panicking::panic_fmt
[INFO] [stdout]   11:     0x5abc8a63bdc2 - core[a373ad73a504971]::result::unwrap_failed
[INFO] [stdout]   12:     0x5abc8a453509 - data3[b9a8dbca31e1168]::blockscout::tests::test_token_transfers::{closure#0}
[INFO] [stdout]   13:     0x5abc8a4539cf - data3[b9a8dbca31e1168]::blockscout::tests::test_token_transfers::case_2::{closure#0}
[INFO] [stdout]   14:     0x5abc8a440893 - <tokio[4eb17f77efb2f81e]::runtime::scheduler::current_thread::Context>::enter::<core[a373ad73a504971]::task::poll::Poll<()>, <tokio[4eb17f77efb2f81e]::runtime::scheduler::current_thread::CoreGuard>::block_on<core[a373ad73a504971]::pin::Pin<&mut core[a373ad73a504971]::pin::Pin<&mut dyn core[a373ad73a504971]::future::future::Future<Output = ()>>>>::{closure#0}::{closure#0}>
[INFO] [stdout]   15:     0x5abc8a41947c - <tokio[4eb17f77efb2f81e]::runtime::context::scoped::Scoped<tokio[4eb17f77efb2f81e]::runtime::scheduler::Context>>::set::<<tokio[4eb17f77efb2f81e]::runtime::scheduler::current_thread::CoreGuard>::enter<<tokio[4eb17f77efb2f81e]::runtime::scheduler::current_thread::CoreGuard>::block_on<core[a373ad73a504971]::pin::Pin<&mut core[a373ad73a504971]::pin::Pin<&mut dyn core[a373ad73a504971]::future::future::Future<Output = ()>>>>::{closure#0}, core[a373ad73a504971]::option::Option<()>>::{closure#0}, (alloc[2e1b2a31b91974c5]::boxed::Box<tokio[4eb17f77efb2f81e]::runtime::scheduler::current_thread::Core>, core[a373ad73a504971]::option::Option<()>)>
[INFO] [stdout]   16:     0x5abc8a440be7 - <tokio[4eb17f77efb2f81e]::runtime::scheduler::current_thread::CoreGuard>::block_on::<core[a373ad73a504971]::pin::Pin<&mut core[a373ad73a504971]::pin::Pin<&mut dyn core[a373ad73a504971]::future::future::Future<Output = ()>>>>
[INFO] [stdout]   17:     0x5abc8a451b27 - tokio[4eb17f77efb2f81e]::runtime::context::runtime::enter_runtime::<<tokio[4eb17f77efb2f81e]::runtime::scheduler::current_thread::CurrentThread>::block_on<core[a373ad73a504971]::pin::Pin<&mut dyn core[a373ad73a504971]::future::future::Future<Output = ()>>>::{closure#0}, ()>
[INFO] [stdout]   18:     0x5abc8a440775 - <tokio[4eb17f77efb2f81e]::runtime::runtime::Runtime>::block_on::<core[a373ad73a504971]::pin::Pin<&mut dyn core[a373ad73a504971]::future::future::Future<Output = ()>>>
[INFO] [stdout]   19:     0x5abc8a4541fe - <data3[b9a8dbca31e1168]::blockscout::tests::test_token_transfers::case_2::{closure#0} as core[a373ad73a504971]::ops::function::FnOnce<()>>::call_once
[INFO] [stdout]   20:     0x5abc8a454c6b - test[aada8e7e76ba119b]::__rust_begin_short_backtrace::<core[a373ad73a504971]::result::Result<(), alloc[2e1b2a31b91974c5]::string::String>, fn() -> core[a373ad73a504971]::result::Result<(), alloc[2e1b2a31b91974c5]::string::String>>
[INFO] [stdout]   21:     0x5abc8a461e45 - test[aada8e7e76ba119b]::run_test::{closure#0}
[INFO] [stdout]   22:     0x5abc8a45b734 - std[617be2ca0a6fd877]::sys::backtrace::__rust_begin_short_backtrace::<test[aada8e7e76ba119b]::run_test::{closure#1}, ()>
[INFO] [stdout]   23:     0x5abc8a464ed2 - <std[617be2ca0a6fd877]::thread::lifecycle::spawn_unchecked<test[aada8e7e76ba119b]::run_test::{closure#1}, ()>::{closure#1} as core[a373ad73a504971]::ops::function::FnOnce<()>>::call_once::{shim:vtable#0}
[INFO] [stdout]   24:     0x5abc8a62403f - <std[617be2ca0a6fd877]::sys::thread::unix::Thread>::new::thread_start
[INFO] [stdout]   25:     0x795e79304dfa - <unknown>
[INFO] [stdout]   26:     0x795e793983d4 - clone
[INFO] [stdout]   27:                0x0 - <unknown>
[INFO] [stdout] 
[INFO] [stdout] ---- blockscout::tests::test_token_balances::case_1 stdout ----
[INFO] [stdout] 
[INFO] [stdout] thread 'blockscout::tests::test_token_balances::case_1' (3971) panicked at src/blockscout.rs:183:14:
[INFO] [stdout] Failed to fetch token balances: ReqwestError(reqwest::Error { kind: Request, url: Url { scheme: "https", cannot_be_a_base: false, username: "", password: None, host: Some(Domain("eth.blockscout.com")), port: None, path: "/api/v2/addresses/0x742d35Cc6634C0532925a3b844Bc454e4438f44e/token-balances", query: None, fragment: None }, source: hyper::Error(Connect, ConnectError("dns error", Custom { kind: Uncategorized, error: "failed to lookup address information: Temporary failure in name resolution" })) })
[INFO] [stdout] stack backtrace:
[INFO] [stdout]    0:     0x5abc8a624b91 - <<std[617be2ca0a6fd877]::sys::backtrace::BacktraceLock>::print::DisplayBacktrace as core[a373ad73a504971]::fmt::Display>::fmt
[INFO] [stdout]    1:     0x5abc8a63b88a - core[a373ad73a504971]::fmt::write
[INFO] [stdout]    2:     0x5abc8a6293bc - <alloc[2e1b2a31b91974c5]::vec::Vec<u8> as core[a373ad73a504971]::io::write::Write>::write_fmt
[INFO] [stdout]    3:     0x5abc8a5ffd46 - std[617be2ca0a6fd877]::panicking::default_hook::{closure#0}
[INFO] [stdout]    4:     0x5abc8a61cb89 - std[617be2ca0a6fd877]::panicking::default_hook
[INFO] [stdout]    5:     0x5abc8a461820 - test[aada8e7e76ba119b]::test_main_inner::{closure#0}
[INFO] [stdout]    6:     0x5abc8a61ceb2 - std[617be2ca0a6fd877]::panicking::panic_with_hook
[INFO] [stdout]    7:     0x5abc8a5ffdf2 - std[617be2ca0a6fd877]::panicking::panic_handler::{closure#0}
[INFO] [stdout]    8:     0x5abc8a5f8a29 - std[617be2ca0a6fd877]::sys::backtrace::__rust_end_short_backtrace::<std[617be2ca0a6fd877]::panicking::panic_handler::{closure#0}, !>
[INFO] [stdout]    9:     0x5abc8a600bed - __rustc[ea4f61d10b84890b]::rust_begin_unwind
[INFO] [stdout]   10:     0x5abc8a63bfec - core[a373ad73a504971]::panicking::panic_fmt
[INFO] [stdout]   11:     0x5abc8a63bdc2 - core[a373ad73a504971]::result::unwrap_failed
[INFO] [stdout]   12:     0x5abc8a42440d - data3[b9a8dbca31e1168]::blockscout::tests::test_token_balances::{closure#0}
[INFO] [stdout]   13:     0x5abc8a424bcf - data3[b9a8dbca31e1168]::blockscout::tests::test_token_balances::case_1::{closure#0}
[INFO] [stdout]   14:     0x5abc8a440893 - <tokio[4eb17f77efb2f81e]::runtime::scheduler::current_thread::Context>::enter::<core[a373ad73a504971]::task::poll::Poll<()>, <tokio[4eb17f77efb2f81e]::runtime::scheduler::current_thread::CoreGuard>::block_on<core[a373ad73a504971]::pin::Pin<&mut core[a373ad73a504971]::pin::Pin<&mut dyn core[a373ad73a504971]::future::future::Future<Output = ()>>>>::{closure#0}::{closure#0}>
[INFO] [stdout]   15:     0x5abc8a41947c - <tokio[4eb17f77efb2f81e]::runtime::context::scoped::Scoped<tokio[4eb17f77efb2f81e]::runtime::scheduler::Context>>::set::<<tokio[4eb17f77efb2f81e]::runtime::scheduler::current_thread::CoreGuard>::enter<<tokio[4eb17f77efb2f81e]::runtime::scheduler::current_thread::CoreGuard>::block_on<core[a373ad73a504971]::pin::Pin<&mut core[a373ad73a504971]::pin::Pin<&mut dyn core[a373ad73a504971]::future::future::Future<Output = ()>>>>::{closure#0}, core[a373ad73a504971]::option::Option<()>>::{closure#0}, (alloc[2e1b2a31b91974c5]::boxed::Box<tokio[4eb17f77efb2f81e]::runtime::scheduler::current_thread::Core>, core[a373ad73a504971]::option::Option<()>)>
[INFO] [stdout]   16:     0x5abc8a440be7 - <tokio[4eb17f77efb2f81e]::runtime::scheduler::current_thread::CoreGuard>::block_on::<core[a373ad73a504971]::pin::Pin<&mut core[a373ad73a504971]::pin::Pin<&mut dyn core[a373ad73a504971]::future::future::Future<Output = ()>>>>
[INFO] [stdout]   17:     0x5abc8a451b27 - tokio[4eb17f77efb2f81e]::runtime::context::runtime::enter_runtime::<<tokio[4eb17f77efb2f81e]::runtime::scheduler::current_thread::CurrentThread>::block_on<core[a373ad73a504971]::pin::Pin<&mut dyn core[a373ad73a504971]::future::future::Future<Output = ()>>>::{closure#0}, ()>
[INFO] [stdout]   18:     0x5abc8a440775 - <tokio[4eb17f77efb2f81e]::runtime::runtime::Runtime>::block_on::<core[a373ad73a504971]::pin::Pin<&mut dyn core[a373ad73a504971]::future::future::Future<Output = ()>>>
[INFO] [stdout]   19:     0x5abc8a42549e - <data3[b9a8dbca31e1168]::blockscout::tests::test_token_balances::case_1::{closure#0} as core[a373ad73a504971]::ops::function::FnOnce<()>>::call_once
[INFO] [stdout]   20:     0x5abc8a454c6b - test[aada8e7e76ba119b]::__rust_begin_short_backtrace::<core[a373ad73a504971]::result::Result<(), alloc[2e1b2a31b91974c5]::string::String>, fn() -> core[a373ad73a504971]::result::Result<(), alloc[2e1b2a31b91974c5]::string::String>>
[INFO] [stdout]   21:     0x5abc8a461e45 - test[aada8e7e76ba119b]::run_test::{closure#0}
[INFO] [stdout]   22:     0x5abc8a45b734 - std[617be2ca0a6fd877]::sys::backtrace::__rust_begin_short_backtrace::<test[aada8e7e76ba119b]::run_test::{closure#1}, ()>
[INFO] [stdout]   23:     0x5abc8a464ed2 - <std[617be2ca0a6fd877]::thread::lifecycle::spawn_unchecked<test[aada8e7e76ba119b]::run_test::{closure#1}, ()>::{closure#1} as core[a373ad73a504971]::ops::function::FnOnce<()>>::call_once::{shim:vtable#0}
[INFO] [stdout]   24:     0x5abc8a62403f - <std[617be2ca0a6fd877]::sys::thread::unix::Thread>::new::thread_start
[INFO] [stdout]   25:     0x795e79304dfa - <unknown>
[INFO] [stdout]   26:     0x795e793983d4 - clone
[INFO] [stdout]   27:                0x0 - <unknown>
[INFO] [stdout] 
[INFO] [stdout] ---- blockscout::tests::test_address_transactions::case_1 stdout ----
[INFO] [stdout] 
[INFO] [stdout] thread 'blockscout::tests::test_address_transactions::case_1' (3968) panicked at src/blockscout.rs:139:14:
[INFO] [stdout] Failed to fetch address transactions: ReqwestError(reqwest::Error { kind: Request, url: Url { scheme: "https", cannot_be_a_base: false, username: "", password: None, host: Some(Domain("eth.blockscout.com")), port: None, path: "/api/v2/addresses/0x742d35Cc6634C0532925a3b844Bc454e4438f44e/transactions", query: None, fragment: None }, source: hyper::Error(Connect, ConnectError("dns error", Custom { kind: Uncategorized, error: "failed to lookup address information: Temporary failure in name resolution" })) })
[INFO] [stdout] stack backtrace:
[INFO] [stdout]    0:     0x5abc8a624b91 - <<std[617be2ca0a6fd877]::sys::backtrace::BacktraceLock>::print::DisplayBacktrace as core[a373ad73a504971]::fmt::Display>::fmt
[INFO] [stdout]    1:     0x5abc8a63b88a - core[a373ad73a504971]::fmt::write
[INFO] [stdout]    2:     0x5abc8a6293bc - <alloc[2e1b2a31b91974c5]::vec::Vec<u8> as core[a373ad73a504971]::io::write::Write>::write_fmt
[INFO] [stdout]    3:     0x5abc8a5ffd46 - std[617be2ca0a6fd877]::panicking::default_hook::{closure#0}
[INFO] [stdout]    4:     0x5abc8a61cb89 - std[617be2ca0a6fd877]::panicking::default_hook
[INFO] [stdout]    5:     0x5abc8a461820 - test[aada8e7e76ba119b]::test_main_inner::{closure#0}
[INFO] [stdout]    6:     0x5abc8a61ceb2 - std[617be2ca0a6fd877]::panicking::panic_with_hook
[INFO] [stdout]    7:     0x5abc8a5ffdf2 - std[617be2ca0a6fd877]::panicking::panic_handler::{closure#0}
[INFO] [stdout]    8:     0x5abc8a5f8a29 - std[617be2ca0a6fd877]::sys::backtrace::__rust_end_short_backtrace::<std[617be2ca0a6fd877]::panicking::panic_handler::{closure#0}, !>
[INFO] [stdout]    9:     0x5abc8a600bed - __rustc[ea4f61d10b84890b]::rust_begin_unwind
[INFO] [stdout]   10:     0x5abc8a63bfec - core[a373ad73a504971]::panicking::panic_fmt
[INFO] [stdout]   11:     0x5abc8a63bdc2 - core[a373ad73a504971]::result::unwrap_failed
[INFO] [stdout]   12:     0x5abc8a437d65 - data3[b9a8dbca31e1168]::blockscout::tests::test_address_transactions::{closure#0}
[INFO] [stdout]   13:     0x5abc8a43898f - data3[b9a8dbca31e1168]::blockscout::tests::test_address_transactions::case_1::{closure#0}
[INFO] [stdout]   14:     0x5abc8a440893 - <tokio[4eb17f77efb2f81e]::runtime::scheduler::current_thread::Context>::enter::<core[a373ad73a504971]::task::poll::Poll<()>, <tokio[4eb17f77efb2f81e]::runtime::scheduler::current_thread::CoreGuard>::block_on<core[a373ad73a504971]::pin::Pin<&mut core[a373ad73a504971]::pin::Pin<&mut dyn core[a373ad73a504971]::future::future::Future<Output = ()>>>>::{closure#0}::{closure#0}>
[INFO] [stdout]   15:     0x5abc8a41947c - <tokio[4eb17f77efb2f81e]::runtime::context::scoped::Scoped<tokio[4eb17f77efb2f81e]::runtime::scheduler::Context>>::set::<<tokio[4eb17f77efb2f81e]::runtime::scheduler::current_thread::CoreGuard>::enter<<tokio[4eb17f77efb2f81e]::runtime::scheduler::current_thread::CoreGuard>::block_on<core[a373ad73a504971]::pin::Pin<&mut core[a373ad73a504971]::pin::Pin<&mut dyn core[a373ad73a504971]::future::future::Future<Output = ()>>>>::{closure#0}, core[a373ad73a504971]::option::Option<()>>::{closure#0}, (alloc[2e1b2a31b91974c5]::boxed::Box<tokio[4eb17f77efb2f81e]::runtime::scheduler::current_thread::Core>, core[a373ad73a504971]::option::Option<()>)>
[INFO] [stdout]   16:     0x5abc8a440be7 - <tokio[4eb17f77efb2f81e]::runtime::scheduler::current_thread::CoreGuard>::block_on::<core[a373ad73a504971]::pin::Pin<&mut core[a373ad73a504971]::pin::Pin<&mut dyn core[a373ad73a504971]::future::future::Future<Output = ()>>>>
[INFO] [stdout]   17:     0x5abc8a451b27 - tokio[4eb17f77efb2f81e]::runtime::context::runtime::enter_runtime::<<tokio[4eb17f77efb2f81e]::runtime::scheduler::current_thread::CurrentThread>::block_on<core[a373ad73a504971]::pin::Pin<&mut dyn core[a373ad73a504971]::future::future::Future<Output = ()>>>::{closure#0}, ()>
[INFO] [stdout]   18:     0x5abc8a440775 - <tokio[4eb17f77efb2f81e]::runtime::runtime::Runtime>::block_on::<core[a373ad73a504971]::pin::Pin<&mut dyn core[a373ad73a504971]::future::future::Future<Output = ()>>>
[INFO] [stdout]   19:     0x5abc8a43975e - <data3[b9a8dbca31e1168]::blockscout::tests::test_address_transactions::case_1::{closure#0} as core[a373ad73a504971]::ops::function::FnOnce<()>>::call_once
[INFO] [stdout]   20:     0x5abc8a454c6b - test[aada8e7e76ba119b]::__rust_begin_short_backtrace::<core[a373ad73a504971]::result::Result<(), alloc[2e1b2a31b91974c5]::string::String>, fn() -> core[a373ad73a504971]::result::Result<(), alloc[2e1b2a31b91974c5]::string::String>>
[INFO] [stdout]   21:     0x5abc8a461e45 - test[aada8e7e76ba119b]::run_test::{closure#0}
[INFO] [stdout]   22:     0x5abc8a45b734 - std[617be2ca0a6fd877]::sys::backtrace::__rust_begin_short_backtrace::<test[aada8e7e76ba119b]::run_test::{closure#1}, ()>
[INFO] [stdout]   23:     0x5abc8a464ed2 - <std[617be2ca0a6fd877]::thread::lifecycle::spawn_unchecked<test[aada8e7e76ba119b]::run_test::{closure#1}, ()>::{closure#1} as core[a373ad73a504971]::ops::function::FnOnce<()>>::call_once::{shim:vtable#0}
[INFO] [stdout]   24:     0x5abc8a62403f - <std[617be2ca0a6fd877]::sys::thread::unix::Thread>::new::thread_start
[INFO] [stdout]   25:     0x795e79304dfa - <unknown>
[INFO] [stdout]   26:     0x795e793983d4 - clone
[INFO] [stdout]   27:                0x0 - <unknown>
[INFO] [stdout] 
[INFO] [stdout] ---- blockscout::tests::test_token_transfers::case_1 stdout ----
[INFO] [stdout] 
[INFO] [stdout] thread 'blockscout::tests::test_token_transfers::case_1' (3974) panicked at src/blockscout.rs:161:14:
[INFO] [stdout] Failed to fetch token transfers: ReqwestError(reqwest::Error { kind: Request, url: Url { scheme: "https", cannot_be_a_base: false, username: "", password: None, host: Some(Domain("eth.blockscout.com")), port: None, path: "/api/v2/addresses/0x742d35Cc6634C0532925a3b844Bc454e4438f44e/token-transfers", query: None, fragment: None }, source: hyper::Error(Connect, ConnectError("dns error", Custom { kind: Uncategorized, error: "failed to lookup address information: Temporary failure in name resolution" })) })
[INFO] [stdout] stack backtrace:
[INFO] [stdout]    0:     0x5abc8a624b91 - <<std[617be2ca0a6fd877]::sys::backtrace::BacktraceLock>::print::DisplayBacktrace as core[a373ad73a504971]::fmt::Display>::fmt
[INFO] [stdout]    1:     0x5abc8a63b88a - core[a373ad73a504971]::fmt::write
[INFO] [stdout]    2:     0x5abc8a6293bc - <alloc[2e1b2a31b91974c5]::vec::Vec<u8> as core[a373ad73a504971]::io::write::Write>::write_fmt
[INFO] [stdout]    3:     0x5abc8a5ffd46 - std[617be2ca0a6fd877]::panicking::default_hook::{closure#0}
[INFO] [stdout]    4:     0x5abc8a61cb89 - std[617be2ca0a6fd877]::panicking::default_hook
[INFO] [stdout]    5:     0x5abc8a461820 - test[aada8e7e76ba119b]::test_main_inner::{closure#0}
[INFO] [stdout]    6:     0x5abc8a61ceb2 - std[617be2ca0a6fd877]::panicking::panic_with_hook
[INFO] [stdout]    7:     0x5abc8a5ffdf2 - std[617be2ca0a6fd877]::panicking::panic_handler::{closure#0}
[INFO] [stdout]    8:     0x5abc8a5f8a29 - std[617be2ca0a6fd877]::sys::backtrace::__rust_end_short_backtrace::<std[617be2ca0a6fd877]::panicking::panic_handler::{closure#0}, !>
[INFO] [stdout]    9:     0x5abc8a600bed - __rustc[ea4f61d10b84890b]::rust_begin_unwind
[INFO] [stdout]   10:     0x5abc8a63bfec - core[a373ad73a504971]::panicking::panic_fmt
[INFO] [stdout]   11:     0x5abc8a63bdc2 - core[a373ad73a504971]::result::unwrap_failed
[INFO] [stdout]   12:     0x5abc8a453509 - data3[b9a8dbca31e1168]::blockscout::tests::test_token_transfers::{closure#0}
[INFO] [stdout]   13:     0x5abc8a4538df - data3[b9a8dbca31e1168]::blockscout::tests::test_token_transfers::case_1::{closure#0}
[INFO] [stdout]   14:     0x5abc8a440893 - <tokio[4eb17f77efb2f81e]::runtime::scheduler::current_thread::Context>::enter::<core[a373ad73a504971]::task::poll::Poll<()>, <tokio[4eb17f77efb2f81e]::runtime::scheduler::current_thread::CoreGuard>::block_on<core[a373ad73a504971]::pin::Pin<&mut core[a373ad73a504971]::pin::Pin<&mut dyn core[a373ad73a504971]::future::future::Future<Output = ()>>>>::{closure#0}::{closure#0}>
[INFO] [stdout]   15:     0x5abc8a41947c - <tokio[4eb17f77efb2f81e]::runtime::context::scoped::Scoped<tokio[4eb17f77efb2f81e]::runtime::scheduler::Context>>::set::<<tokio[4eb17f77efb2f81e]::runtime::scheduler::current_thread::CoreGuard>::enter<<tokio[4eb17f77efb2f81e]::runtime::scheduler::current_thread::CoreGuard>::block_on<core[a373ad73a504971]::pin::Pin<&mut core[a373ad73a504971]::pin::Pin<&mut dyn core[a373ad73a504971]::future::future::Future<Output = ()>>>>::{closure#0}, core[a373ad73a504971]::option::Option<()>>::{closure#0}, (alloc[2e1b2a31b91974c5]::boxed::Box<tokio[4eb17f77efb2f81e]::runtime::scheduler::current_thread::Core>, core[a373ad73a504971]::option::Option<()>)>
[INFO] [stdout]   16:     0x5abc8a440be7 - <tokio[4eb17f77efb2f81e]::runtime::scheduler::current_thread::CoreGuard>::block_on::<core[a373ad73a504971]::pin::Pin<&mut core[a373ad73a504971]::pin::Pin<&mut dyn core[a373ad73a504971]::future::future::Future<Output = ()>>>>
[INFO] [stdout]   17:     0x5abc8a451b27 - tokio[4eb17f77efb2f81e]::runtime::context::runtime::enter_runtime::<<tokio[4eb17f77efb2f81e]::runtime::scheduler::current_thread::CurrentThread>::block_on<core[a373ad73a504971]::pin::Pin<&mut dyn core[a373ad73a504971]::future::future::Future<Output = ()>>>::{closure#0}, ()>
[INFO] [stdout]   18:     0x5abc8a440775 - <tokio[4eb17f77efb2f81e]::runtime::runtime::Runtime>::block_on::<core[a373ad73a504971]::pin::Pin<&mut dyn core[a373ad73a504971]::future::future::Future<Output = ()>>>
[INFO] [stdout]   19:     0x5abc8a45404e - <data3[b9a8dbca31e1168]::blockscout::tests::test_token_transfers::case_1::{closure#0} as core[a373ad73a504971]::ops::function::FnOnce<()>>::call_once
[INFO] [stdout]   20:     0x5abc8a454c6b - test[aada8e7e76ba119b]::__rust_begin_short_backtrace::<core[a373ad73a504971]::result::Result<(), alloc[2e1b2a31b91974c5]::string::String>, fn() -> core[a373ad73a504971]::result::Result<(), alloc[2e1b2a31b91974c5]::string::String>>
[INFO] [stdout]   21:     0x5abc8a461e45 - test[aada8e7e76ba119b]::run_test::{closure#0}
[INFO] [stdout]   22:     0x5abc8a45b734 - std[617be2ca0a6fd877]::sys::backtrace::__rust_begin_short_backtrace::<test[aada8e7e76ba119b]::run_test::{closure#1}, ()>
[INFO] [stdout]   23:     0x5abc8a464ed2 - <std[617be2ca0a6fd877]::thread::lifecycle::spawn_unchecked<test[aada8e7e76ba119b]::run_test::{closure#1}, ()>::{closure#1} as core[a373ad73a504971]::ops::function::FnOnce<()>>::call_once::{shim:vtable#0}
[INFO] [stdout]   24:     0x5abc8a62403f - <std[617be2ca0a6fd877]::sys::thread::unix::Thread>::new::thread_start
[INFO] [stdout]   25:     0x795e79304dfa - <unknown>
[INFO] [stdout]   26:     0x795e793983d4 - clone
[INFO] [stdout]   27:                0x0 - <unknown>
[INFO] [stdout] 
[INFO] [stdout] ---- blockscout::tests::test_token_balances::case_2 stdout ----
[INFO] [stdout] 
[INFO] [stdout] thread 'blockscout::tests::test_token_balances::case_2' (3972) panicked at src/blockscout.rs:183:14:
[INFO] [stdout] Failed to fetch token balances: ReqwestError(reqwest::Error { kind: Request, url: Url { scheme: "https", cannot_be_a_base: false, username: "", password: None, host: Some(Domain("optimism.blockscout.com")), port: None, path: "/api/v2/addresses/0x742d35Cc6634C0532925a3b844Bc454e4438f44e/token-balances", query: None, fragment: None }, source: hyper::Error(Connect, ConnectError("dns error", Custom { kind: Uncategorized, error: "failed to lookup address information: Temporary failure in name resolution" })) })
[INFO] [stdout] stack backtrace:
[INFO] [stdout]    0:     0x5abc8a624b91 - <<std[617be2ca0a6fd877]::sys::backtrace::BacktraceLock>::print::DisplayBacktrace as core[a373ad73a504971]::fmt::Display>::fmt
[INFO] [stdout]    1:     0x5abc8a63b88a - core[a373ad73a504971]::fmt::write
[INFO] [stdout]    2:     0x5abc8a6293bc - <alloc[2e1b2a31b91974c5]::vec::Vec<u8> as core[a373ad73a504971]::io::write::Write>::write_fmt
[INFO] [stdout]    3:     0x5abc8a5ffd46 - std[617be2ca0a6fd877]::panicking::default_hook::{closure#0}
[INFO] [stdout]    4:     0x5abc8a61cb89 - std[617be2ca0a6fd877]::panicking::default_hook
[INFO] [stdout]    5:     0x5abc8a461820 - test[aada8e7e76ba119b]::test_main_inner::{closure#0}
[INFO] [stdout]    6:     0x5abc8a61ceb2 - std[617be2ca0a6fd877]::panicking::panic_with_hook
[INFO] [stdout]    7:     0x5abc8a5ffdf2 - std[617be2ca0a6fd877]::panicking::panic_handler::{closure#0}
[INFO] [stdout]    8:     0x5abc8a5f8a29 - std[617be2ca0a6fd877]::sys::backtrace::__rust_end_short_backtrace::<std[617be2ca0a6fd877]::panicking::panic_handler::{closure#0}, !>
[INFO] [stdout]    9:     0x5abc8a600bed - __rustc[ea4f61d10b84890b]::rust_begin_unwind
[INFO] [stdout]   10:     0x5abc8a63bfec - core[a373ad73a504971]::panicking::panic_fmt
[INFO] [stdout]   11:     0x5abc8a63bdc2 - core[a373ad73a504971]::result::unwrap_failed
[INFO] [stdout]   12:     0x5abc8a42440d - data3[b9a8dbca31e1168]::blockscout::tests::test_token_balances::{closure#0}
[INFO] [stdout]   13:     0x5abc8a424cbf - data3[b9a8dbca31e1168]::blockscout::tests::test_token_balances::case_2::{closure#0}
[INFO] [stdout]   14:     0x5abc8a440893 - <tokio[4eb17f77efb2f81e]::runtime::scheduler::current_thread::Context>::enter::<core[a373ad73a504971]::task::poll::Poll<()>, <tokio[4eb17f77efb2f81e]::runtime::scheduler::current_thread::CoreGuard>::block_on<core[a373ad73a504971]::pin::Pin<&mut core[a373ad73a504971]::pin::Pin<&mut dyn core[a373ad73a504971]::future::future::Future<Output = ()>>>>::{closure#0}::{closure#0}>
[INFO] [stdout]   15:     0x5abc8a41947c - <tokio[4eb17f77efb2f81e]::runtime::context::scoped::Scoped<tokio[4eb17f77efb2f81e]::runtime::scheduler::Context>>::set::<<tokio[4eb17f77efb2f81e]::runtime::scheduler::current_thread::CoreGuard>::enter<<tokio[4eb17f77efb2f81e]::runtime::scheduler::current_thread::CoreGuard>::block_on<core[a373ad73a504971]::pin::Pin<&mut core[a373ad73a504971]::pin::Pin<&mut dyn core[a373ad73a504971]::future::future::Future<Output = ()>>>>::{closure#0}, core[a373ad73a504971]::option::Option<()>>::{closure#0}, (alloc[2e1b2a31b91974c5]::boxed::Box<tokio[4eb17f77efb2f81e]::runtime::scheduler::current_thread::Core>, core[a373ad73a504971]::option::Option<()>)>
[INFO] [stdout]   16:     0x5abc8a440be7 - <tokio[4eb17f77efb2f81e]::runtime::scheduler::current_thread::CoreGuard>::block_on::<core[a373ad73a504971]::pin::Pin<&mut core[a373ad73a504971]::pin::Pin<&mut dyn core[a373ad73a504971]::future::future::Future<Output = ()>>>>
[INFO] [stdout]   17:     0x5abc8a451b27 - tokio[4eb17f77efb2f81e]::runtime::context::runtime::enter_runtime::<<tokio[4eb17f77efb2f81e]::runtime::scheduler::current_thread::CurrentThread>::block_on<core[a373ad73a504971]::pin::Pin<&mut dyn core[a373ad73a504971]::future::future::Future<Output = ()>>>::{closure#0}, ()>
[INFO] [stdout]   18:     0x5abc8a440775 - <tokio[4eb17f77efb2f81e]::runtime::runtime::Runtime>::block_on::<core[a373ad73a504971]::pin::Pin<&mut dyn core[a373ad73a504971]::future::future::Future<Output = ()>>>
[INFO] [stdout]   19:     0x5abc8a42564e - <data3[b9a8dbca31e1168]::blockscout::tests::test_token_balances::case_2::{closure#0} as core[a373ad73a504971]::ops::function::FnOnce<()>>::call_once
[INFO] [stdout]   20:     0x5abc8a454c6b - test[aada8e7e76ba119b]::__rust_begin_short_backtrace::<core[a373ad73a504971]::result::Result<(), alloc[2e1b2a31b91974c5]::string::String>, fn() -> core[a373ad73a504971]::result::Result<(), alloc[2e1b2a31b91974c5]::string::String>>
[INFO] [stdout]   21:     0x5abc8a461e45 - test[aada8e7e76ba119b]::run_test::{closure#0}
[INFO] [stdout]   22:     0x5abc8a45b734 - std[617be2ca0a6fd877]::sys::backtrace::__rust_begin_short_backtrace::<test[aada8e7e76ba119b]::run_test::{closure#1}, ()>
[INFO] [stdout]   23:     0x5abc8a464ed2 - <std[617be2ca0a6fd877]::thread::lifecycle::spawn_unchecked<test[aada8e7e76ba119b]::run_test::{closure#1}, ()>::{closure#1} as core[a373ad73a504971]::ops::function::FnOnce<()>>::call_once::{shim:vtable#0}
[INFO] [stdout]   24:     0x5abc8a62403f - <std[617be2ca0a6fd877]::sys::thread::unix::Thread>::new::thread_start
[INFO] [stdout]   25:     0x795e79304dfa - <unknown>
[INFO] [stdout]   26:     0x795e793983d4 - clone
[INFO] [stdout]   27:                0x0 - <unknown>
[INFO] [stdout] 
[INFO] [stdout] ---- blockscout::tests::test_token_transfers::case_3 stdout ----
[INFO] [stdout] 
[INFO] [stdout] thread 'blockscout::tests::test_token_transfers::case_3' (3976) panicked at src/blockscout.rs:161:14:
[INFO] [stdout] Failed to fetch token transfers: ReqwestError(reqwest::Error { kind: Request, url: Url { scheme: "https", cannot_be_a_base: false, username: "", password: None, host: Some(Domain("arbitrum.blockscout.com")), port: None, path: "/api/v2/addresses/0x742d35Cc6634C0532925a3b844Bc454e4438f44e/token-transfers", query: None, fragment: None }, source: hyper::Error(Connect, ConnectError("dns error", Custom { kind: Uncategorized, error: "failed to lookup address information: Temporary failure in name resolution" })) })
[INFO] [stdout] stack backtrace:
[INFO] [stdout]    0:     0x5abc8a624b91 - <<std[617be2ca0a6fd877]::sys::backtrace::BacktraceLock>::print::DisplayBacktrace as core[a373ad73a504971]::fmt::Display>::fmt
[INFO] [stdout]    1:     0x5abc8a63b88a - core[a373ad73a504971]::fmt::write
[INFO] [stdout]    2:     0x5abc8a6293bc - <alloc[2e1b2a31b91974c5]::vec::Vec<u8> as core[a373ad73a504971]::io::write::Write>::write_fmt
[INFO] [stdout]    3:     0x5abc8a5ffd46 - std[617be2ca0a6fd877]::panicking::default_hook::{closure#0}
[INFO] [stdout]    4:     0x5abc8a61cb89 - std[617be2ca0a6fd877]::panicking::default_hook
[INFO] [stdout]    5:     0x5abc8a461820 - test[aada8e7e76ba119b]::test_main_inner::{closure#0}
[INFO] [stdout]    6:     0x5abc8a61ceb2 - std[617be2ca0a6fd877]::panicking::panic_with_hook
[INFO] [stdout]    7:     0x5abc8a5ffdf2 - std[617be2ca0a6fd877]::panicking::panic_handler::{closure#0}
[INFO] [stdout]    8:     0x5abc8a5f8a29 - std[617be2ca0a6fd877]::sys::backtrace::__rust_end_short_backtrace::<std[617be2ca0a6fd877]::panicking::panic_handler::{closure#0}, !>
[INFO] [stdout]    9:     0x5abc8a600bed - __rustc[ea4f61d10b84890b]::rust_begin_unwind
[INFO] [stdout]   10:     0x5abc8a63bfec - core[a373ad73a504971]::panicking::panic_fmt
[INFO] [stdout]   11:     0x5abc8a63bdc2 - core[a373ad73a504971]::result::unwrap_failed
[INFO] [stdout]   12:     0x5abc8a453509 - data3[b9a8dbca31e1168]::blockscout::tests::test_token_transfers::{closure#0}
[INFO] [stdout]   13:     0x5abc8a453abf - data3[b9a8dbca31e1168]::blockscout::tests::test_token_transfers::case_3::{closure#0}
[INFO] [stdout]   14:     0x5abc8a440893 - <tokio[4eb17f77efb2f81e]::runtime::scheduler::current_thread::Context>::enter::<core[a373ad73a504971]::task::poll::Poll<()>, <tokio[4eb17f77efb2f81e]::runtime::scheduler::current_thread::CoreGuard>::block_on<core[a373ad73a504971]::pin::Pin<&mut core[a373ad73a504971]::pin::Pin<&mut dyn core[a373ad73a504971]::future::future::Future<Output = ()>>>>::{closure#0}::{closure#0}>
[INFO] [stdout]   15:     0x5abc8a41947c - <tokio[4eb17f77efb2f81e]::runtime::context::scoped::Scoped<tokio[4eb17f77efb2f81e]::runtime::scheduler::Context>>::set::<<tokio[4eb17f77efb2f81e]::runtime::scheduler::current_thread::CoreGuard>::enter<<tokio[4eb17f77efb2f81e]::runtime::scheduler::current_thread::CoreGuard>::block_on<core[a373ad73a504971]::pin::Pin<&mut core[a373ad73a504971]::pin::Pin<&mut dyn core[a373ad73a504971]::future::future::Future<Output = ()>>>>::{closure#0}, core[a373ad73a504971]::option::Option<()>>::{closure#0}, (alloc[2e1b2a31b91974c5]::boxed::Box<tokio[4eb17f77efb2f81e]::runtime::scheduler::current_thread::Core>, core[a373ad73a504971]::option::Option<()>)>
[INFO] [stdout]   16:     0x5abc8a440be7 - <tokio[4eb17f77efb2f81e]::runtime::scheduler::current_thread::CoreGuard>::block_on::<core[a373ad73a504971]::pin::Pin<&mut core[a373ad73a504971]::pin::Pin<&mut dyn core[a373ad73a504971]::future::future::Future<Output = ()>>>>
[INFO] [stdout]   17:     0x5abc8a451b27 - tokio[4eb17f77efb2f81e]::runtime::context::runtime::enter_runtime::<<tokio[4eb17f77efb2f81e]::runtime::scheduler::current_thread::CurrentThread>::block_on<core[a373ad73a504971]::pin::Pin<&mut dyn core[a373ad73a504971]::future::future::Future<Output = ()>>>::{closure#0}, ()>
[INFO] [stdout]   18:     0x5abc8a440775 - <tokio[4eb17f77efb2f81e]::runtime::runtime::Runtime>::block_on::<core[a373ad73a504971]::pin::Pin<&mut dyn core[a373ad73a504971]::future::future::Future<Output = ()>>>
[INFO] [stdout]   19:     0x5abc8a4543ae - <data3[b9a8dbca31e1168]::blockscout::tests::test_token_transfers::case_3::{closure#0} as core[a373ad73a504971]::ops::function::FnOnce<()>>::call_once
[INFO] [stdout]   20:     0x5abc8a454c6b - test[aada8e7e76ba119b]::__rust_begin_short_backtrace::<core[a373ad73a504971]::result::Result<(), alloc[2e1b2a31b91974c5]::string::String>, fn() -> core[a373ad73a504971]::result::Result<(), alloc[2e1b2a31b91974c5]::string::String>>
[INFO] [stdout]   21:     0x5abc8a461e45 - test[aada8e7e76ba119b]::run_test::{closure#0}
[INFO] [stdout]   22:     0x5abc8a45b734 - std[617be2ca0a6fd877]::sys::backtrace::__rust_begin_short_backtrace::<test[aada8e7e76ba119b]::run_test::{closure#1}, ()>
[INFO] [stdout]   23:     0x5abc8a464ed2 - <std[617be2ca0a6fd877]::thread::lifecycle::spawn_unchecked<test[aada8e7e76ba119b]::run_test::{closure#1}, ()>::{closure#1} as core[a373ad73a504971]::ops::function::FnOnce<()>>::call_once::{shim:vtable#0}
[INFO] [stdout]   24:     0x5abc8a62403f - <std[617be2ca0a6fd877]::sys::thread::unix::Thread>::new::thread_start
[INFO] [stdout]   25:     0x795e79304dfa - <unknown>
[INFO] [stdout]   26:     0x795e793983d4 - clone
[INFO] [stdout]   27:                0x0 - <unknown>
[INFO] [stdout] 
[INFO] [stdout] ---- blockscout::tests::test_address_info::case_1 stdout ----
[INFO] [stdout] 
[INFO] [stdout] thread 'blockscout::tests::test_address_info::case_1' (3965) panicked at src/blockscout.rs:118:14:
[INFO] [stdout] Failed to fetch address info: ReqwestError(reqwest::Error { kind: Request, url: Url { scheme: "https", cannot_be_a_base: false, username: "", password: None, host: Some(Domain("eth.blockscout.com")), port: None, path: "/api/v2/addresses/0x742d35Cc6634C0532925a3b844Bc454e4438f44e", query: None, fragment: None }, source: hyper::Error(Connect, ConnectError("dns error", Custom { kind: Uncategorized, error: "failed to lookup address information: Temporary failure in name resolution" })) })
[INFO] [stdout] stack backtrace:
[INFO] [stdout]    0:     0x5abc8a624b91 - <<std[617be2ca0a6fd877]::sys::backtrace::BacktraceLock>::print::DisplayBacktrace as core[a373ad73a504971]::fmt::Display>::fmt
[INFO] [stdout]    1:     0x5abc8a63b88a - core[a373ad73a504971]::fmt::write
[INFO] [stdout]    2:     0x5abc8a6293bc - <alloc[2e1b2a31b91974c5]::vec::Vec<u8> as core[a373ad73a504971]::io::write::Write>::write_fmt
[INFO] [stdout]    3:     0x5abc8a5ffd46 - std[617be2ca0a6fd877]::panicking::default_hook::{closure#0}
[INFO] [stdout]    4:     0x5abc8a61cb89 - std[617be2ca0a6fd877]::panicking::default_hook
[INFO] [stdout]    5:     0x5abc8a461820 - test[aada8e7e76ba119b]::test_main_inner::{closure#0}
[INFO] [stdout]    6:     0x5abc8a61ceb2 - std[617be2ca0a6fd877]::panicking::panic_with_hook
[INFO] [stdout]    7:     0x5abc8a5ffdf2 - std[617be2ca0a6fd877]::panicking::panic_handler::{closure#0}
[INFO] [stdout]    8:     0x5abc8a5f8a29 - std[617be2ca0a6fd877]::sys::backtrace::__rust_end_short_backtrace::<std[617be2ca0a6fd877]::panicking::panic_handler::{closure#0}, !>
[INFO] [stdout]    9:     0x5abc8a600bed - __rustc[ea4f61d10b84890b]::rust_begin_unwind
[INFO] [stdout]   10:     0x5abc8a63bfec - core[a373ad73a504971]::panicking::panic_fmt
[INFO] [stdout]   11:     0x5abc8a63bdc2 - core[a373ad73a504971]::result::unwrap_failed
[INFO] [stdout]   12:     0x5abc8a414dd3 - data3[b9a8dbca31e1168]::blockscout::tests::test_address_info::{closure#0}
[INFO] [stdout]   13:     0x5abc8a415a0f - data3[b9a8dbca31e1168]::blockscout::tests::test_address_info::case_1::{closure#0}
[INFO] [stdout]   14:     0x5abc8a440893 - <tokio[4eb17f77efb2f81e]::runtime::scheduler::current_thread::Context>::enter::<core[a373ad73a504971]::task::poll::Poll<()>, <tokio[4eb17f77efb2f81e]::runtime::scheduler::current_thread::CoreGuard>::block_on<core[a373ad73a504971]::pin::Pin<&mut core[a373ad73a504971]::pin::Pin<&mut dyn core[a373ad73a504971]::future::future::Future<Output = ()>>>>::{closure#0}::{closure#0}>
[INFO] [stdout]   15:     0x5abc8a41947c - <tokio[4eb17f77efb2f81e]::runtime::context::scoped::Scoped<tokio[4eb17f77efb2f81e]::runtime::scheduler::Context>>::set::<<tokio[4eb17f77efb2f81e]::runtime::scheduler::current_thread::CoreGuard>::enter<<tokio[4eb17f77efb2f81e]::runtime::scheduler::current_thread::CoreGuard>::block_on<core[a373ad73a504971]::pin::Pin<&mut core[a373ad73a504971]::pin::Pin<&mut dyn core[a373ad73a504971]::future::future::Future<Output = ()>>>>::{closure#0}, core[a373ad73a504971]::option::Option<()>>::{closure#0}, (alloc[2e1b2a31b91974c5]::boxed::Box<tokio[4eb17f77efb2f81e]::runtime::scheduler::current_thread::Core>, core[a373ad73a504971]::option::Option<()>)>
[INFO] [stdout]   16:     0x5abc8a440be7 - <tokio[4eb17f77efb2f81e]::runtime::scheduler::current_thread::CoreGuard>::block_on::<core[a373ad73a504971]::pin::Pin<&mut core[a373ad73a504971]::pin::Pin<&mut dyn core[a373ad73a504971]::future::future::Future<Output = ()>>>>
[INFO] [stdout]   17:     0x5abc8a451b27 - tokio[4eb17f77efb2f81e]::runtime::context::runtime::enter_runtime::<<tokio[4eb17f77efb2f81e]::runtime::scheduler::current_thread::CurrentThread>::block_on<core[a373ad73a504971]::pin::Pin<&mut dyn core[a373ad73a504971]::future::future::Future<Output = ()>>>::{closure#0}, ()>
[INFO] [stdout]   18:     0x5abc8a440775 - <tokio[4eb17f77efb2f81e]::runtime::runtime::Runtime>::block_on::<core[a373ad73a504971]::pin::Pin<&mut dyn core[a373ad73a504971]::future::future::Future<Output = ()>>>
[INFO] [stdout]   19:     0x5abc8a416e5e - <data3[b9a8dbca31e1168]::blockscout::tests::test_address_info::case_1::{closure#0} as core[a373ad73a504971]::ops::function::FnOnce<()>>::call_once
[INFO] [stdout]   20:     0x5abc8a454c6b - test[aada8e7e76ba119b]::__rust_begin_short_backtrace::<core[a373ad73a504971]::result::Result<(), alloc[2e1b2a31b91974c5]::string::String>, fn() -> core[a373ad73a504971]::result::Result<(), alloc[2e1b2a31b91974c5]::string::String>>
[INFO] [stdout]   21:     0x5abc8a461e45 - test[aada8e7e76ba119b]::run_test::{closure#0}
[INFO] [stdout]   22:     0x5abc8a45b734 - std[617be2ca0a6fd877]::sys::backtrace::__rust_begin_short_backtrace::<test[aada8e7e76ba119b]::run_test::{closure#1}, ()>
[INFO] [stdout]   23:     0x5abc8a464ed2 - <std[617be2ca0a6fd877]::thread::lifecycle::spawn_unchecked<test[aada8e7e76ba119b]::run_test::{closure#1}, ()>::{closure#1} as core[a373ad73a504971]::ops::function::FnOnce<()>>::call_once::{shim:vtable#0}
[INFO] [stdout]   24:     0x5abc8a62403f - <std[617be2ca0a6fd877]::sys::thread::unix::Thread>::new::thread_start
[INFO] [stdout]   25:     0x795e79304dfa - <unknown>
[INFO] [stdout]   26:     0x795e793983d4 - clone
[INFO] [stdout]   27:                0x0 - <unknown>
[INFO] [stdout] 
[INFO] [stdout] ---- blockscout::tests::test_address_info::case_3 stdout ----
[INFO] [stdout] 
[INFO] [stdout] thread 'blockscout::tests::test_address_info::case_3' (3967) panicked at src/blockscout.rs:118:14:
[INFO] [stdout] Failed to fetch address info: ReqwestError(reqwest::Error { kind: Request, url: Url { scheme: "https", cannot_be_a_base: false, username: "", password: None, host: Some(Domain("arbitrum.blockscout.com")), port: None, path: "/api/v2/addresses/0x742d35Cc6634C0532925a3b844Bc454e4438f44e", query: None, fragment: None }, source: hyper::Error(Connect, ConnectError("dns error", Custom { kind: Uncategorized, error: "failed to lookup address information: Temporary failure in name resolution" })) })
[INFO] [stdout] stack backtrace:
[INFO] [stdout]    0:     0x5abc8a624b91 - <<std[617be2ca0a6fd877]::sys::backtrace::BacktraceLock>::print::DisplayBacktrace as core[a373ad73a504971]::fmt::Display>::fmt
[INFO] [stdout]    1:     0x5abc8a63b88a - core[a373ad73a504971]::fmt::write
[INFO] [stdout]    2:     0x5abc8a6293bc - <alloc[2e1b2a31b91974c5]::vec::Vec<u8> as core[a373ad73a504971]::io::write::Write>::write_fmt
[INFO] [stdout]    3:     0x5abc8a5ffd46 - std[617be2ca0a6fd877]::panicking::default_hook::{closure#0}
[INFO] [stdout]    4:     0x5abc8a61cb89 - std[617be2ca0a6fd877]::panicking::default_hook
[INFO] [stdout]    5:     0x5abc8a461820 - test[aada8e7e76ba119b]::test_main_inner::{closure#0}
[INFO] [stdout]    6:     0x5abc8a61ceb2 - std[617be2ca0a6fd877]::panicking::panic_with_hook
[INFO] [stdout]    7:     0x5abc8a5ffdf2 - std[617be2ca0a6fd877]::panicking::panic_handler::{closure#0}
[INFO] [stdout]    8:     0x5abc8a5f8a29 - std[617be2ca0a6fd877]::sys::backtrace::__rust_end_short_backtrace::<std[617be2ca0a6fd877]::panicking::panic_handler::{closure#0}, !>
[INFO] [stdout]    9:     0x5abc8a600bed - __rustc[ea4f61d10b84890b]::rust_begin_unwind
[INFO] [stdout]   10:     0x5abc8a63bfec - core[a373ad73a504971]::panicking::panic_fmt
[INFO] [stdout]   11:     0x5abc8a63bdc2 - core[a373ad73a504971]::result::unwrap_failed
[INFO] [stdout]   12:     0x5abc8a414dd3 - data3[b9a8dbca31e1168]::blockscout::tests::test_address_info::{closure#0}
[INFO] [stdout]   13:     0x5abc8a415bcf - data3[b9a8dbca31e1168]::blockscout::tests::test_address_info::case_3::{closure#0}
[INFO] [stdout]   14:     0x5abc8a440893 - <tokio[4eb17f77efb2f81e]::runtime::scheduler::current_thread::Context>::enter::<core[a373ad73a504971]::task::poll::Poll<()>, <tokio[4eb17f77efb2f81e]::runtime::scheduler::current_thread::CoreGuard>::block_on<core[a373ad73a504971]::pin::Pin<&mut core[a373ad73a504971]::pin::Pin<&mut dyn core[a373ad73a504971]::future::future::Future<Output = ()>>>>::{closure#0}::{closure#0}>
[INFO] [stdout]   15:     0x5abc8a41947c - <tokio[4eb17f77efb2f81e]::runtime::context::scoped::Scoped<tokio[4eb17f77efb2f81e]::runtime::scheduler::Context>>::set::<<tokio[4eb17f77efb2f81e]::runtime::scheduler::current_thread::CoreGuard>::enter<<tokio[4eb17f77efb2f81e]::runtime::scheduler::current_thread::CoreGuard>::block_on<core[a373ad73a504971]::pin::Pin<&mut core[a373ad73a504971]::pin::Pin<&mut dyn core[a373ad73a504971]::future::future::Future<Output = ()>>>>::{closure#0}, core[a373ad73a504971]::option::Option<()>>::{closure#0}, (alloc[2e1b2a31b91974c5]::boxed::Box<tokio[4eb17f77efb2f81e]::runtime::scheduler::current_thread::Core>, core[a373ad73a504971]::option::Option<()>)>
[INFO] [stdout]   16:     0x5abc8a440be7 - <tokio[4eb17f77efb2f81e]::runtime::scheduler::current_thread::CoreGuard>::block_on::<core[a373ad73a504971]::pin::Pin<&mut core[a373ad73a504971]::pin::Pin<&mut dyn core[a373ad73a504971]::future::future::Future<Output = ()>>>>
[INFO] [stdout]   17:     0x5abc8a451b27 - tokio[4eb17f77efb2f81e]::runtime::context::runtime::enter_runtime::<<tokio[4eb17f77efb2f81e]::runtime::scheduler::current_thread::CurrentThread>::block_on<core[a373ad73a504971]::pin::Pin<&mut dyn core[a373ad73a504971]::future::future::Future<Output = ()>>>::{closure#0}, ()>
[INFO] [stdout]   18:     0x5abc8a440775 - <tokio[4eb17f77efb2f81e]::runtime::runtime::Runtime>::block_on::<core[a373ad73a504971]::pin::Pin<&mut dyn core[a373ad73a504971]::future::future::Future<Output = ()>>>
[INFO] [stdout]   19:     0x5abc8a4171be - <data3[b9a8dbca31e1168]::blockscout::tests::test_address_info::case_3::{closure#0} as core[a373ad73a504971]::ops::function::FnOnce<()>>::call_once
[INFO] [stdout]   20:     0x5abc8a454c6b - test[aada8e7e76ba119b]::__rust_begin_short_backtrace::<core[a373ad73a504971]::result::Result<(), alloc[2e1b2a31b91974c5]::string::String>, fn() -> core[a373ad73a504971]::result::Result<(), alloc[2e1b2a31b91974c5]::string::String>>
[INFO] [stdout]   21:     0x5abc8a461e45 - test[aada8e7e76ba119b]::run_test::{closure#0}
[INFO] [stdout]   22:     0x5abc8a45b734 - std[617be2ca0a6fd877]::sys::backtrace::__rust_begin_short_backtrace::<test[aada8e7e76ba119b]::run_test::{closure#1}, ()>
[INFO] [stdout]   23:     0x5abc8a464ed2 - <std[617be2ca0a6fd877]::thread::lifecycle::spawn_unchecked<test[aada8e7e76ba119b]::run_test::{closure#1}, ()>::{closure#1} as core[a373ad73a504971]::ops::function::FnOnce<()>>::call_once::{shim:vtable#0}
[INFO] [stdout]   24:     0x5abc8a62403f - <std[617be2ca0a6fd877]::sys::thread::unix::Thread>::new::thread_start
[INFO] [stdout]   25:     0x795e79304dfa - <unknown>
[INFO] [stdout]   26:     0x795e793983d4 - clone
[INFO] [stdout]   27:                0x0 - <unknown>
[INFO] [stdout] 
[INFO] [stdout] 
[INFO] [stdout] failures:
[INFO] [stdout]     alchemy::tests::test_get_price
[INFO] [stdout]     alchemy::tests::test_get_tokens_by_wallet
[INFO] [stdout]     blockscout::tests::test_address_info::case_1
[INFO] [stdout]     blockscout::tests::test_address_info::case_2
[INFO] [stdout]     blockscout::tests::test_address_info::case_3
[INFO] [stdout]     blockscout::tests::test_address_transactions::case_1
[INFO] [stdout]     blockscout::tests::test_address_transactions::case_2
[INFO] [stdout]     blockscout::tests::test_address_transactions::case_3
[INFO] [stdout]     blockscout::tests::test_token_balances::case_1
[INFO] [stdout]     blockscout::tests::test_token_balances::case_2
[INFO] [stdout]     blockscout::tests::test_token_balances::case_3
[INFO] [stdout]     blockscout::tests::test_token_transfers::case_1
[INFO] [stdout]     blockscout::tests::test_token_transfers::case_2
[INFO] [stdout]     blockscout::tests::test_token_transfers::case_3
[INFO] [stdout]     fallback::tests::test_fallback_balances
[INFO] [stdout]     oneinch::tests::test_balances::case_1
[INFO] [stdout]     oneinch::tests::test_balances::case_2
[INFO] [stdout]     oneinch::tests::test_balances::case_3
[INFO] [stdout]     oneinch::tests::test_ohlc
[INFO] [stdout]     oneinch::tests::test_portfolio::case_1
[INFO] [stdout]     oneinch::tests::test_portfolio::case_2
[INFO] [stdout]     oneinch::tests::test_portfolio::case_3
[INFO] [stdout]     oneinch::tests::test_prices::case_1
[INFO] [stdout]     oneinch::tests::test_prices::case_2
[INFO] [stdout]     oneinch::tests::test_prices::case_3
[INFO] [stdout] 
[INFO] [stdout] test result: FAILED. 0 passed; 25 failed; 0 ignored; 0 measured; 0 filtered out; finished in 0.20s
[INFO] [stdout] 
[INFO] running `Command { std: "docker" "inspect" "9a182697582f639718f5437b535c8374abd2f7b5701fbe66ec9819637b3150c3", kill_on_drop: false }`
[INFO] running `Command { std: "docker" "rm" "-f" "9a182697582f639718f5437b535c8374abd2f7b5701fbe66ec9819637b3150c3", kill_on_drop: false }`
[INFO] [stdout] 9a182697582f639718f5437b535c8374abd2f7b5701fbe66ec9819637b3150c3
