[INFO] fetching crate dasher 0.3.3...
[INFO] testing dasher-0.3.3 against 1.99.0-beta.8+cargoflags=--release for beta-release-1.100-2
[INFO] extracting crate dasher 0.3.3 into /workspace/builds/worker-0-tc1/source
[INFO] started tweaking crates.io crate dasher 0.3.3
[INFO] finished tweaking crates.io crate dasher 0.3.3
[INFO] tweaked toml for crates.io crate dasher 0.3.3 written to /workspace/builds/worker-0-tc1/source/Cargo.toml
[INFO] validating manifest of crates.io crate dasher 0.3.3 on toolchain 1.99.0-beta.8
[INFO] running `Command { std: CARGO_HOME="/workspace/cargo-home" RUSTUP_HOME="/workspace/rustup-home" "/workspace/cargo-home/bin/cargo" "+1.99.0-beta.8" "metadata" "--manifest-path" "Cargo.toml" "--no-deps", kill_on_drop: false }`
[INFO] crate crates.io crate dasher 0.3.3 already has a lockfile, it will not be regenerated
[INFO] running `Command { std: CARGO_HOME="/workspace/cargo-home" RUSTUP_HOME="/workspace/rustup-home" "/workspace/cargo-home/bin/cargo" "+1.99.0-beta.8" "fetch" "--manifest-path" "Cargo.toml", kill_on_drop: false }`
[INFO] [stderr]  Downloading crates ...
[INFO] [stderr]   Downloaded keccak v0.1.3
[INFO] [stderr]   Downloaded walkdir v2.3.2
[INFO] [stderr]   Downloaded cpufeatures v0.2.5
[INFO] [stderr]   Downloaded block-buffer v0.10.3
[INFO] [stderr]   Downloaded generic-array v0.14.6
[INFO] [stderr]   Downloaded hex-literal v0.3.4
[INFO] [stderr]   Downloaded digest v0.10.6
[INFO] [stderr]   Downloaded typenum v1.16.0
[INFO] [stderr]   Downloaded anyhow v1.0.69
[INFO] [stderr]   Downloaded libc v0.2.139
[INFO] [stderr]   Downloaded sha3 v0.10.6
[INFO] running `Command { std: "docker" "create" "-v" "/var/lib/crater-agent-workspace/builds/worker-0-tc1/source:/opt/rustwide/workdir:ro,Z" "-v" "/var/lib/crater-agent-workspace/builds/worker-0-tc1/target:/opt/rustwide/target:rw,Z" "-v" "/var/lib/crater-agent-workspace/cargo-home:/opt/rustwide/cargo-home:ro,Z" "-v" "/var/lib/crater-agent-workspace/rustup-home:/opt/rustwide/rustup-home:ro,Z" "-m" "1610612736" "--network" "none" "ghcr.io/rust-lang/crates-build-env/linux@sha256:77db811e55d90add9212f6832c23229e3de5f1c1f9905e8cb07319ea15df73ac" "sleep" "infinity", kill_on_drop: false }`
[INFO] [stdout] 3340783e482f897568dedc730bb6fe016c418c0bc07b9c33b1b7e42515aa9539
[INFO] running `Command { std: "docker" "start" "3340783e482f897568dedc730bb6fe016c418c0bc07b9c33b1b7e42515aa9539", kill_on_drop: false }`
[INFO] running `Command { std: "docker" "inspect" "3340783e482f897568dedc730bb6fe016c418c0bc07b9c33b1b7e42515aa9539", kill_on_drop: false }`
[INFO] running `Command { std: "docker" "exec" "-e" "SOURCE_DIR=/opt/rustwide/workdir" "-e" "CARGO_HOME=/opt/rustwide/cargo-home" "-e" "RUSTUP_HOME=/opt/rustwide/rustup-home" "-e" "CARGO_TARGET_DIR=/opt/rustwide/target" "-w" "/opt/rustwide/workdir" "--user" "0:0" "3340783e482f897568dedc730bb6fe016c418c0bc07b9c33b1b7e42515aa9539" "/opt/rustwide/cargo-home/bin/cargo" "+1.99.0-beta.8" "metadata" "--no-deps" "--format-version=1", kill_on_drop: false }`
[INFO] running `Command { std: "docker" "inspect" "3340783e482f897568dedc730bb6fe016c418c0bc07b9c33b1b7e42515aa9539", kill_on_drop: false }`
[INFO] running `Command { std: "docker" "exec" "-e" "SOURCE_DIR=/opt/rustwide/workdir" "-e" "CARGO_HOME=/opt/rustwide/cargo-home" "-e" "RUSTUP_HOME=/opt/rustwide/rustup-home" "-e" "CARGO_TARGET_DIR=/opt/rustwide/target" "-e" "CARGO_INCREMENTAL=0" "-e" "RUST_BACKTRACE=full" "-e" "RUSTFLAGS=--cap-lints=warn" "-e" "RUSTDOCFLAGS=--cap-lints=warn" "-w" "/opt/rustwide/workdir" "--user" "0:0" "3340783e482f897568dedc730bb6fe016c418c0bc07b9c33b1b7e42515aa9539" "/opt/rustwide/cargo-home/bin/cargo" "+1.99.0-beta.8" "build" "--frozen" "--message-format=json" "--release", kill_on_drop: false }`
[INFO] [stderr]    Compiling version_check v0.9.4
[INFO] [stderr]    Compiling typenum v1.16.0
[INFO] [stderr]    Compiling anyhow v1.0.69
[INFO] [stderr]    Compiling keccak v0.1.3
[INFO] [stderr]    Compiling walkdir v2.3.2
[INFO] [stderr]    Compiling generic-array v0.14.6
[INFO] [stderr]    Compiling block-buffer v0.10.3
[INFO] [stderr]    Compiling crypto-common v0.1.6
[INFO] [stderr]    Compiling digest v0.10.6
[INFO] [stderr]    Compiling sha3 v0.10.6
[INFO] [stderr]    Compiling dasher v0.3.3 (/opt/rustwide/workdir)
[INFO] [stderr]     Finished `release` profile [optimized] target(s) in 6.88s
[INFO] running `Command { std: "docker" "inspect" "3340783e482f897568dedc730bb6fe016c418c0bc07b9c33b1b7e42515aa9539", kill_on_drop: false }`
[INFO] running `Command { std: "docker" "exec" "-e" "SOURCE_DIR=/opt/rustwide/workdir" "-e" "CARGO_HOME=/opt/rustwide/cargo-home" "-e" "RUSTUP_HOME=/opt/rustwide/rustup-home" "-e" "CARGO_TARGET_DIR=/opt/rustwide/target" "-e" "CARGO_INCREMENTAL=0" "-e" "RUST_BACKTRACE=full" "-e" "RUSTFLAGS=--cap-lints=warn" "-e" "RUSTDOCFLAGS=--cap-lints=warn" "-w" "/opt/rustwide/workdir" "--user" "0:0" "3340783e482f897568dedc730bb6fe016c418c0bc07b9c33b1b7e42515aa9539" "/opt/rustwide/cargo-home/bin/cargo" "+1.99.0-beta.8" "test" "--frozen" "--no-run" "--message-format=json" "--release", kill_on_drop: false }`
[INFO] [stderr]    Compiling hex-literal v0.3.4
[INFO] [stderr]    Compiling dasher v0.3.3 (/opt/rustwide/workdir)
[INFO] [stderr]     Finished `release` profile [optimized] target(s) in 1.58s
[INFO] running `Command { std: "docker" "inspect" "3340783e482f897568dedc730bb6fe016c418c0bc07b9c33b1b7e42515aa9539", kill_on_drop: false }`
[INFO] running `Command { std: "docker" "exec" "-e" "SOURCE_DIR=/opt/rustwide/workdir" "-e" "CARGO_HOME=/opt/rustwide/cargo-home" "-e" "RUSTUP_HOME=/opt/rustwide/rustup-home" "-e" "CARGO_TARGET_DIR=/opt/rustwide/target" "-e" "CARGO_INCREMENTAL=0" "-e" "RUST_BACKTRACE=full" "-e" "RUSTFLAGS=--cap-lints=warn" "-e" "RUSTDOCFLAGS=--cap-lints=warn" "-w" "/opt/rustwide/workdir" "--user" "0:0" "3340783e482f897568dedc730bb6fe016c418c0bc07b9c33b1b7e42515aa9539" "/opt/rustwide/cargo-home/bin/cargo" "+1.99.0-beta.8" "test" "--frozen" "--release", kill_on_drop: false }`
[INFO] [stderr]     Finished `release` profile [optimized] target(s) in 0.03s
[INFO] [stderr]      Running unittests src/lib.rs (/opt/rustwide/target/release/deps/dasher-9d8e55feaebce0db)
[INFO] [stdout] 
[INFO] [stdout] running 7 tests
[INFO] [stdout] test tests::hash_directories_empty_input ... ok
[INFO] [stdout] test tests::hash_test_data_just_one_via_directories ... ok
[INFO] [stdout] test tests::basic_sha256 ... ok
[INFO] [stdout] test tests::hash_test_data_all_via_directories ... FAILED
[INFO] [stdout] test tests::hash_test_data_one ... ok
[INFO] [stdout] test tests::hash_test_data_two ... FAILED
[INFO] [stdout] test tests::hash_test_data_all ... FAILED
[INFO] [stdout] 
[INFO] [stdout] failures:
[INFO] [stdout] 
[INFO] [stdout] ---- tests::hash_test_data_all_via_directories stdout ----
[INFO] [stdout] 
[INFO] [stdout] thread 'tests::hash_test_data_all_via_directories' (374) panicked at src/lib.rs:326:9:
[INFO] [stdout] assertion `left == right` failed
[INFO] [stdout]   left: [122, 171, 70, 61, 91, 4, 24, 11, 144, 95, 200, 78, 194, 81, 23, 158, 230, 143, 37, 179, 45, 6, 130, 219, 94, 95, 175, 116, 173, 24, 53, 157]
[INFO] [stdout]  right: [159, 232, 46, 248, 28, 33, 240, 78, 214, 5, 11, 101, 15, 222, 245, 196, 65, 250, 73, 219, 67, 178, 170, 247, 227, 131, 247, 70, 103, 120, 176, 38]
[INFO] [stdout] stack backtrace:
[INFO] [stdout]    0:     0x59421700dbc1 - <<std[70759c8f55707aa4]::sys::backtrace::BacktraceLock>::print::DisplayBacktrace as core[df12db4294e9bfd3]::fmt::Display>::fmt
[INFO] [stdout]    1:     0x59421702219a - core[df12db4294e9bfd3]::fmt::write
[INFO] [stdout]    2:     0x59421701232c - <alloc[2182bb758b4b3781]::vec::Vec<u8> as core[df12db4294e9bfd3]::io::write::Write>::write_fmt
[INFO] [stdout]    3:     0x594216fe9046 - std[70759c8f55707aa4]::panicking::default_hook::{closure#0}
[INFO] [stdout]    4:     0x594217005bd9 - std[70759c8f55707aa4]::panicking::default_hook
[INFO] [stdout]    5:     0x594216f9b9e0 - test[9d35eded1c95d3be]::test_main_inner::<test[9d35eded1c95d3be]::test_main_static::{closure#0}>::{closure#0}
[INFO] [stdout]    6:     0x594217005d92 - std[70759c8f55707aa4]::panicking::panic_with_hook
[INFO] [stdout]    7:     0x594216fe90f2 - std[70759c8f55707aa4]::panicking::panic_handler::{closure#0}
[INFO] [stdout]    8:     0x594216fe1c49 - std[70759c8f55707aa4]::sys::backtrace::__rust_end_short_backtrace::<std[70759c8f55707aa4]::panicking::panic_handler::{closure#0}, !>
[INFO] [stdout]    9:     0x594216fe9ced - __rustc[8fa7c3cbc660c2b3]::rust_begin_unwind
[INFO] [stdout]   10:     0x5942170228cc - core[df12db4294e9bfd3]::panicking::panic_fmt
[INFO] [stdout]   11:     0x5942170227e3 - core[df12db4294e9bfd3]::panicking::assert_failed_inner
[INFO] [stdout]   12:     0x594216f8e402 - core[df12db4294e9bfd3]::panicking::assert_failed::<[u8], [u8; 32usize]>
[INFO] [stdout]   13:     0x594216f8b39b - dasher[fdfd42cad8693f69]::tests::hash_test_data_all_via_directories
[INFO] [stdout]   14:     0x594216f8a1b9 - <dasher[fdfd42cad8693f69]::tests::hash_test_data_all_via_directories::{closure#0} as core[df12db4294e9bfd3]::ops::function::FnOnce<()>>::call_once
[INFO] [stdout]   15:     0x594216f8eccb - test[9d35eded1c95d3be]::__rust_begin_short_backtrace::<core[df12db4294e9bfd3]::result::Result<(), alloc[2182bb758b4b3781]::string::String>, fn() -> core[df12db4294e9bfd3]::result::Result<(), alloc[2182bb758b4b3781]::string::String>>
[INFO] [stdout]   16:     0x594216f9c335 - test[9d35eded1c95d3be]::run_test::{closure#0}
[INFO] [stdout]   17:     0x594216f95bf4 - std[70759c8f55707aa4]::sys::backtrace::__rust_begin_short_backtrace::<test[9d35eded1c95d3be]::run_test::{closure#1}, ()>
[INFO] [stdout]   18:     0x594216f9f492 - <std[70759c8f55707aa4]::thread::lifecycle::spawn_unchecked<test[9d35eded1c95d3be]::run_test::{closure#1}, ()>::{closure#1} as core[df12db4294e9bfd3]::ops::function::FnOnce<()>>::call_once::{shim:vtable#0}
[INFO] [stdout]   19:     0x59421700d179 - <std[70759c8f55707aa4]::sys::thread::unix::Thread>::new::thread_start
[INFO] [stdout]   20:     0x76c2f6235dfa - <unknown>
[INFO] [stdout]   21:     0x76c2f62c93d4 - clone
[INFO] [stdout]   22:                0x0 - <unknown>
[INFO] [stdout] 
[INFO] [stdout] ---- tests::hash_test_data_two stdout ----
[INFO] [stdout] 
[INFO] [stdout] thread 'tests::hash_test_data_two' (377) panicked at src/lib.rs:297:9:
[INFO] [stdout] assertion `left == right` failed
[INFO] [stdout]   left: [87, 253, 67, 200, 229, 213, 8, 236, 172, 29, 170, 226, 250, 67, 39, 243, 105, 41, 219, 243, 113, 193, 168, 142, 38, 1, 211, 165, 21, 131, 112, 140]
[INFO] [stdout]  right: [145, 25, 255, 208, 21, 210, 23, 9, 113, 100, 249, 68, 51, 30, 232, 101, 251, 106, 200, 192, 182, 112, 114, 140, 244, 44, 158, 69, 194, 30, 160, 223]
[INFO] [stdout] stack backtrace:
[INFO] [stdout]    0:     0x59421700dbc1 - <<std[70759c8f55707aa4]::sys::backtrace::BacktraceLock>::print::DisplayBacktrace as core[df12db4294e9bfd3]::fmt::Display>::fmt
[INFO] [stdout]    1:     0x59421702219a - core[df12db4294e9bfd3]::fmt::write
[INFO] [stdout]    2:     0x59421701232c - <alloc[2182bb758b4b3781]::vec::Vec<u8> as core[df12db4294e9bfd3]::io::write::Write>::write_fmt
[INFO] [stdout]    3:     0x594216fe9046 - std[70759c8f55707aa4]::panicking::default_hook::{closure#0}
[INFO] [stdout]    4:     0x594217005bd9 - std[70759c8f55707aa4]::panicking::default_hook
[INFO] [stdout]    5:     0x594216f9b9e0 - test[9d35eded1c95d3be]::test_main_inner::<test[9d35eded1c95d3be]::test_main_static::{closure#0}>::{closure#0}
[INFO] [stdout]    6:     0x594217005d92 - std[70759c8f55707aa4]::panicking::panic_with_hook
[INFO] [stdout]    7:     0x594216fe90f2 - std[70759c8f55707aa4]::panicking::panic_handler::{closure#0}
[INFO] [stdout]    8:     0x594216fe1c49 - std[70759c8f55707aa4]::sys::backtrace::__rust_end_short_backtrace::<std[70759c8f55707aa4]::panicking::panic_handler::{closure#0}, !>
[INFO] [stdout]    9:     0x594216fe9ced - __rustc[8fa7c3cbc660c2b3]::rust_begin_unwind
[INFO] [stdout]   10:     0x5942170228cc - core[df12db4294e9bfd3]::panicking::panic_fmt
[INFO] [stdout]   11:     0x5942170227e3 - core[df12db4294e9bfd3]::panicking::assert_failed_inner
[INFO] [stdout]   12:     0x594216f8e402 - core[df12db4294e9bfd3]::panicking::assert_failed::<[u8], [u8; 32usize]>
[INFO] [stdout]   13:     0x594216f8b07b - dasher[fdfd42cad8693f69]::tests::hash_test_data_two
[INFO] [stdout]   14:     0x594216f8a179 - <dasher[fdfd42cad8693f69]::tests::hash_test_data_two::{closure#0} as core[df12db4294e9bfd3]::ops::function::FnOnce<()>>::call_once
[INFO] [stdout]   15:     0x594216f8eccb - test[9d35eded1c95d3be]::__rust_begin_short_backtrace::<core[df12db4294e9bfd3]::result::Result<(), alloc[2182bb758b4b3781]::string::String>, fn() -> core[df12db4294e9bfd3]::result::Result<(), alloc[2182bb758b4b3781]::string::String>>
[INFO] [stdout]   16:     0x594216f9c335 - test[9d35eded1c95d3be]::run_test::{closure#0}
[INFO] [stdout]   17:     0x594216f95bf4 - std[70759c8f55707aa4]::sys::backtrace::__rust_begin_short_backtrace::<test[9d35eded1c95d3be]::run_test::{closure#1}, ()>
[INFO] [stdout]   18:     0x594216f9f492 - <std[70759c8f55707aa4]::thread::lifecycle::spawn_unchecked<test[9d35eded1c95d3be]::run_test::{closure#1}, ()>::{closure#1} as core[df12db4294e9bfd3]::ops::function::FnOnce<()>>::call_once::{shim:vtable#0}
[INFO] [stdout]   19:     0x59421700d179 - <std[70759c8f55707aa4]::sys::thread::unix::Thread>::new::thread_start
[INFO] [stdout]   20:     0x76c2f6235dfa - <unknown>
[INFO] [stdout]   21:     0x76c2f62c93d4 - clone
[INFO] [stdout]   22:                0x0 - <unknown>
[INFO] [stdout] 
[INFO] [stdout] ---- tests::hash_test_data_all stdout ----
[INFO] [stdout] 
[INFO] [stdout] thread 'tests::hash_test_data_all' (373) panicked at src/lib.rs:310:9:
[INFO] [stdout] assertion `left == right` failed
[INFO] [stdout]   left: [119, 21, 167, 69, 84, 157, 127, 196, 110, 14, 31, 197, 205, 131, 123, 181, 174, 31, 130, 2, 158, 219, 163, 163, 48, 13, 148, 44, 127, 218, 96, 131]
[INFO] [stdout]  right: [59, 94, 73, 172, 145, 38, 117, 151, 113, 214, 119, 189, 172, 188, 24, 166, 63, 249, 74, 212, 224, 119, 24, 193, 131, 71, 37, 77, 123, 156, 108, 177]
[INFO] [stdout] stack backtrace:
[INFO] [stdout]    0:     0x59421700dbc1 - <<std[70759c8f55707aa4]::sys::backtrace::BacktraceLock>::print::DisplayBacktrace as core[df12db4294e9bfd3]::fmt::Display>::fmt
[INFO] [stdout]    1:     0x59421702219a - core[df12db4294e9bfd3]::fmt::write
[INFO] [stdout]    2:     0x59421701232c - <alloc[2182bb758b4b3781]::vec::Vec<u8> as core[df12db4294e9bfd3]::io::write::Write>::write_fmt
[INFO] [stdout]    3:     0x594216fe9046 - std[70759c8f55707aa4]::panicking::default_hook::{closure#0}
[INFO] [stdout]    4:     0x594217005bd9 - std[70759c8f55707aa4]::panicking::default_hook
[INFO] [stdout]    5:     0x594216f9b9e0 - test[9d35eded1c95d3be]::test_main_inner::<test[9d35eded1c95d3be]::test_main_static::{closure#0}>::{closure#0}
[INFO] [stdout]    6:     0x594217005d92 - std[70759c8f55707aa4]::panicking::panic_with_hook
[INFO] [stdout]    7:     0x594216fe90f2 - std[70759c8f55707aa4]::panicking::panic_handler::{closure#0}
[INFO] [stdout]    8:     0x594216fe1c49 - std[70759c8f55707aa4]::sys::backtrace::__rust_end_short_backtrace::<std[70759c8f55707aa4]::panicking::panic_handler::{closure#0}, !>
[INFO] [stdout]    9:     0x594216fe9ced - __rustc[8fa7c3cbc660c2b3]::rust_begin_unwind
[INFO] [stdout]   10:     0x5942170228cc - core[df12db4294e9bfd3]::panicking::panic_fmt
[INFO] [stdout]   11:     0x5942170227e3 - core[df12db4294e9bfd3]::panicking::assert_failed_inner
[INFO] [stdout]   12:     0x594216f8e402 - core[df12db4294e9bfd3]::panicking::assert_failed::<[u8], [u8; 32usize]>
[INFO] [stdout]   13:     0x594216f8ad91 - dasher[fdfd42cad8693f69]::tests::hash_test_data_all
[INFO] [stdout]   14:     0x594216f8a139 - <dasher[fdfd42cad8693f69]::tests::hash_test_data_all::{closure#0} as core[df12db4294e9bfd3]::ops::function::FnOnce<()>>::call_once
[INFO] [stdout]   15:     0x594216f8eccb - test[9d35eded1c95d3be]::__rust_begin_short_backtrace::<core[df12db4294e9bfd3]::result::Result<(), alloc[2182bb758b4b3781]::string::String>, fn() -> core[df12db4294e9bfd3]::result::Result<(), alloc[2182bb758b4b3781]::string::String>>
[INFO] [stdout]   16:     0x594216f9c335 - test[9d35eded1c95d3be]::run_test::{closure#0}
[INFO] [stdout]   17:     0x594216f95bf4 - std[70759c8f55707aa4]::sys::backtrace::__rust_begin_short_backtrace::<test[9d35eded1c95d3be]::run_test::{closure#1}, ()>
[INFO] [stdout]   18:     0x594216f9f492 - <std[70759c8f55707aa4]::thread::lifecycle::spawn_unchecked<test[9d35eded1c95d3be]::run_test::{closure#1}, ()>::{closure#1} as core[df12db4294e9bfd3]::ops::function::FnOnce<()>>::call_once::{shim:vtable#0}
[INFO] [stdout]   19:     0x59421700d179 - <std[70759c8f55707aa4]::sys::thread::unix::Thread>::new::thread_start
[INFO] [stdout]   20:     0x76c2f6235dfa - <unknown>
[INFO] [stdout]   21:     0x76c2f62c93d4 - clone
[INFO] [stdout]   22:                0x0 - <unknown>
[INFO] [stdout] 
[INFO] [stdout] 
[INFO] [stdout] failures:
[INFO] [stdout]     tests::hash_test_data_all
[INFO] [stdout]     tests::hash_test_data_all_via_directories
[INFO] [stdout]     tests::hash_test_data_two
[INFO] [stdout] 
[INFO] [stdout] test result: FAILED. 4 passed; 3 failed; 0 ignored; 0 measured; 0 filtered out; finished in 0.00s
[INFO] [stdout] 
[INFO] [stderr] error: test failed, to rerun pass `--lib`
[INFO] running `Command { std: "docker" "inspect" "3340783e482f897568dedc730bb6fe016c418c0bc07b9c33b1b7e42515aa9539", kill_on_drop: false }`
[INFO] running `Command { std: "docker" "rm" "-f" "3340783e482f897568dedc730bb6fe016c418c0bc07b9c33b1b7e42515aa9539", kill_on_drop: false }`
[INFO] [stdout] 3340783e482f897568dedc730bb6fe016c418c0bc07b9c33b1b7e42515aa9539
