[INFO] fetching crate dash-mpd-core 0.1.0...
[INFO] testing dash-mpd-core-0.1.0 against 1.99.0-beta.8+cargoflags=--release for beta-release-1.100-2
[INFO] extracting crate dash-mpd-core 0.1.0 into /workspace/builds/worker-7-tc1/source
[INFO] started tweaking crates.io crate dash-mpd-core 0.1.0
[INFO] removed 0 missing examples
[INFO] removed 0 missing tests
[INFO] finished tweaking crates.io crate dash-mpd-core 0.1.0
[INFO] tweaked toml for crates.io crate dash-mpd-core 0.1.0 written to /workspace/builds/worker-7-tc1/source/Cargo.toml
[INFO] validating manifest of crates.io crate dash-mpd-core 0.1.0 on toolchain 1.99.0-beta.8
[INFO] running `Command { std: CARGO_HOME="/workspace/cargo-home" RUSTUP_HOME="/workspace/rustup-home" "/workspace/cargo-home/bin/cargo" "+1.99.0-beta.8" "metadata" "--manifest-path" "Cargo.toml" "--no-deps", kill_on_drop: false }`
[INFO] crate crates.io crate dash-mpd-core 0.1.0 already has a lockfile, it will not be regenerated
[INFO] running `Command { std: CARGO_HOME="/workspace/cargo-home" RUSTUP_HOME="/workspace/rustup-home" "/workspace/cargo-home/bin/cargo" "+1.99.0-beta.8" "fetch" "--manifest-path" "Cargo.toml", kill_on_drop: false }`
[INFO] running `Command { std: "docker" "create" "-v" "/var/lib/crater-agent-workspace/builds/worker-7-tc1/source:/opt/rustwide/workdir:ro,Z" "-v" "/var/lib/crater-agent-workspace/builds/worker-7-tc1/target:/opt/rustwide/target:rw,Z" "-v" "/var/lib/crater-agent-workspace/cargo-home:/opt/rustwide/cargo-home:ro,Z" "-v" "/var/lib/crater-agent-workspace/rustup-home:/opt/rustwide/rustup-home:ro,Z" "-m" "1610612736" "--network" "none" "ghcr.io/rust-lang/crates-build-env/linux@sha256:77db811e55d90add9212f6832c23229e3de5f1c1f9905e8cb07319ea15df73ac" "sleep" "infinity", kill_on_drop: false }`
[INFO] [stdout] bee28c0e4436bffd596f3a1b2a748c31d13cf6b01f89c47045a10138152228fd
[INFO] running `Command { std: "docker" "start" "bee28c0e4436bffd596f3a1b2a748c31d13cf6b01f89c47045a10138152228fd", kill_on_drop: false }`
[INFO] running `Command { std: "docker" "inspect" "bee28c0e4436bffd596f3a1b2a748c31d13cf6b01f89c47045a10138152228fd", kill_on_drop: false }`
[INFO] running `Command { std: "docker" "exec" "-e" "SOURCE_DIR=/opt/rustwide/workdir" "-e" "CARGO_HOME=/opt/rustwide/cargo-home" "-e" "RUSTUP_HOME=/opt/rustwide/rustup-home" "-e" "CARGO_TARGET_DIR=/opt/rustwide/target" "-w" "/opt/rustwide/workdir" "--user" "0:0" "bee28c0e4436bffd596f3a1b2a748c31d13cf6b01f89c47045a10138152228fd" "/opt/rustwide/cargo-home/bin/cargo" "+1.99.0-beta.8" "metadata" "--no-deps" "--format-version=1", kill_on_drop: false }`
[INFO] running `Command { std: "docker" "inspect" "bee28c0e4436bffd596f3a1b2a748c31d13cf6b01f89c47045a10138152228fd", kill_on_drop: false }`
[INFO] running `Command { std: "docker" "exec" "-e" "SOURCE_DIR=/opt/rustwide/workdir" "-e" "CARGO_HOME=/opt/rustwide/cargo-home" "-e" "RUSTUP_HOME=/opt/rustwide/rustup-home" "-e" "CARGO_TARGET_DIR=/opt/rustwide/target" "-e" "CARGO_INCREMENTAL=0" "-e" "RUST_BACKTRACE=full" "-e" "RUSTFLAGS=--cap-lints=warn" "-e" "RUSTDOCFLAGS=--cap-lints=warn" "-w" "/opt/rustwide/workdir" "--user" "0:0" "bee28c0e4436bffd596f3a1b2a748c31d13cf6b01f89c47045a10138152228fd" "/opt/rustwide/cargo-home/bin/cargo" "+1.99.0-beta.8" "build" "--frozen" "--message-format=json" "--release", kill_on_drop: false }`
[INFO] [stderr]    Compiling smallvec v1.16.2
[INFO] [stderr]    Compiling regex-syntax v0.8.11
[INFO] [stderr]    Compiling nom v8.0.0
[INFO] [stderr]    Compiling syn v3.0.6
[INFO] [stderr]    Compiling syn v2.0.119
[INFO] [stderr]    Compiling serde_path_to_error v0.1.20
[INFO] [stderr]    Compiling regex-automata v0.4.18
[INFO] [stderr]    Compiling iso8601 v0.6.6
[INFO] [stderr]    Compiling regex v1.13.1
[INFO] [stderr]    Compiling tracing-attributes v0.1.31
[INFO] [stderr]    Compiling synstructure v0.14.0
[INFO] [stderr]    Compiling darling_core v0.24.1
[INFO] [stderr]    Compiling zerovec-derive v0.11.6
[INFO] [stderr]    Compiling displaydoc v0.2.7
[INFO] [stderr]    Compiling serde_derive v1.0.229
[INFO] [stderr]    Compiling thiserror-impl v2.0.21
[INFO] [stderr]    Compiling zerofrom-derive v0.1.8
[INFO] [stderr]    Compiling yoke-derive v0.8.4
[INFO] [stderr]    Compiling tracing v0.1.44
[INFO] [stderr]    Compiling zerofrom v0.1.8
[INFO] [stderr]    Compiling yoke v0.8.3
[INFO] [stderr]    Compiling thiserror v2.0.21
[INFO] [stderr]    Compiling zerovec v0.11.8
[INFO] [stderr]    Compiling zerotrie v0.2.5
[INFO] [stderr]    Compiling tinystr v0.8.4
[INFO] [stderr]    Compiling potential_utf v0.1.6
[INFO] [stderr]    Compiling icu_collections v2.3.0
[INFO] [stderr]    Compiling icu_locale_core v2.3.0
[INFO] [stderr]    Compiling darling_macro v0.24.1
[INFO] [stderr]    Compiling serde v1.0.229
[INFO] [stderr]    Compiling darling v0.24.1
[INFO] [stderr]    Compiling serde_with_macros v3.24.0
[INFO] [stderr]    Compiling chrono v0.4.45
[INFO] [stderr]    Compiling quick-xml v0.42.0
[INFO] [stderr]    Compiling serde_with v3.24.0
[INFO] [stderr]    Compiling icu_provider v2.3.1
[INFO] [stderr]    Compiling icu_properties v2.3.0
[INFO] [stderr]    Compiling icu_normalizer v2.3.0
[INFO] [stderr]    Compiling idna_adapter v1.2.2
[INFO] [stderr]    Compiling idna v1.1.0
[INFO] [stderr]    Compiling url v2.5.8
[INFO] [stderr]    Compiling dash-mpd-core v0.1.0 (/opt/rustwide/workdir)
[INFO] [stderr]     Finished `release` profile [optimized] target(s) in 1m 08s
[INFO] running `Command { std: "docker" "inspect" "bee28c0e4436bffd596f3a1b2a748c31d13cf6b01f89c47045a10138152228fd", kill_on_drop: false }`
[INFO] running `Command { std: "docker" "exec" "-e" "SOURCE_DIR=/opt/rustwide/workdir" "-e" "CARGO_HOME=/opt/rustwide/cargo-home" "-e" "RUSTUP_HOME=/opt/rustwide/rustup-home" "-e" "CARGO_TARGET_DIR=/opt/rustwide/target" "-e" "CARGO_INCREMENTAL=0" "-e" "RUST_BACKTRACE=full" "-e" "RUSTFLAGS=--cap-lints=warn" "-e" "RUSTDOCFLAGS=--cap-lints=warn" "-w" "/opt/rustwide/workdir" "--user" "0:0" "bee28c0e4436bffd596f3a1b2a748c31d13cf6b01f89c47045a10138152228fd" "/opt/rustwide/cargo-home/bin/cargo" "+1.99.0-beta.8" "test" "--frozen" "--no-run" "--message-format=json" "--release", kill_on_drop: false }`
[INFO] [stderr]    Compiling cc v1.6.0
[INFO] [stderr]    Compiling smallvec v1.16.2
[INFO] [stderr]    Compiling socket2 v0.6.5
[INFO] [stderr]    Compiling mio v1.2.4
[INFO] [stderr]    Compiling tokio-macros v2.7.2
[INFO] [stderr]    Compiling crc32fast v1.5.2
[INFO] [stderr]    Compiling miniz_oxide v0.9.1
[INFO] [stderr]    Compiling futures-util v0.3.34
[INFO] [stderr]    Compiling getrandom v0.3.4
[INFO] [stderr]    Compiling tracing v0.1.44
[INFO] [stderr]    Compiling num_threads v0.1.7
[INFO] [stderr]    Compiling zerocopy v0.8.59
[INFO] [stderr]    Compiling cookie v0.18.2
[INFO] [stderr]    Compiling regex-automata v0.4.18
[INFO] [stderr]    Compiling compression-core v0.4.33
[INFO] [stderr]    Compiling psl-types v2.0.11
[INFO] [stderr]    Compiling rustls-native-certs v0.8.4
[INFO] [stderr]    Compiling time v0.3.55
[INFO] [stderr]    Compiling rand_core v0.9.5
[INFO] [stderr]    Compiling icu_normalizer v2.3.0
[INFO] [stderr]    Compiling tempfile v3.27.0
[INFO] [stderr]    Compiling wait-timeout v0.2.1
[INFO] [stderr]    Compiling sharded-slab v0.1.7
[INFO] [stderr]    Compiling rusty-fork v0.3.1
[INFO] [stderr]    Compiling rand_xorshift v0.4.0
[INFO] [stderr]    Compiling flate2 v1.1.10
[INFO] [stderr]    Compiling tokio v1.53.2
[INFO] [stderr]    Compiling idna_adapter v1.2.2
[INFO] [stderr]    Compiling idna v1.1.0
[INFO] [stderr]    Compiling rand v0.9.5
[INFO] [stderr]    Compiling tracing-log v0.2.0
[INFO] [stderr]    Compiling url v2.5.8
[INFO] [stderr]    Compiling publicsuffix v2.3.0
[INFO] [stderr]    Compiling thread_local v1.1.10
[INFO] [stderr]    Compiling yansi v1.0.1
[INFO] [stderr]    Compiling diff v0.1.13
[INFO] [stderr]    Compiling approx v0.5.1
[INFO] [stderr]    Compiling roxmltree v0.21.1
[INFO] [stderr]    Compiling compression-codecs v0.4.45
[INFO] [stderr]    Compiling cmake v0.1.58
[INFO] [stderr]    Compiling pretty_assertions v1.4.1
[INFO] [stderr]    Compiling aws-lc-sys v0.45.0
[INFO] [stderr]    Compiling cookie_store v0.22.1
[INFO] [stderr]    Compiling matchers v0.2.0
[INFO] [stderr]    Compiling regex v1.13.1
[INFO] [stderr]    Compiling tracing-subscriber v0.3.23
[INFO] [stderr]    Compiling dash-mpd-core v0.1.0 (/opt/rustwide/workdir)
[INFO] [stderr]    Compiling hyper v1.11.1
[INFO] [stderr]    Compiling tokio-util v0.7.19
[INFO] [stderr]    Compiling tower v0.5.3
[INFO] [stderr]    Compiling async-compression v0.4.50
[INFO] [stderr]    Compiling ppv-lite86 v0.2.21
[INFO] [stderr]    Compiling tower-http v0.6.11
[INFO] [stderr]    Compiling hyper-util v0.1.21
[INFO] [stderr]    Compiling rand_chacha v0.9.0
[INFO] [stderr]    Compiling proptest v1.11.0
[INFO] [stderr]    Compiling aws-lc-rs v1.18.1
[INFO] [stderr]    Compiling rustls v0.23.45
[INFO] [stderr]    Compiling rustls-webpki v0.103.15
[INFO] [stderr]    Compiling tokio-rustls v0.26.6
[INFO] [stderr]    Compiling rustls-platform-verifier v0.7.1
[INFO] [stderr]    Compiling hyper-rustls v0.27.10
[INFO] [stderr]    Compiling reqwest v0.13.5
[INFO] [stderr]     Finished `release` profile [optimized] target(s) in 3m 20s
[INFO] running `Command { std: "docker" "inspect" "bee28c0e4436bffd596f3a1b2a748c31d13cf6b01f89c47045a10138152228fd", kill_on_drop: false }`
[INFO] running `Command { std: "docker" "exec" "-e" "SOURCE_DIR=/opt/rustwide/workdir" "-e" "CARGO_HOME=/opt/rustwide/cargo-home" "-e" "RUSTUP_HOME=/opt/rustwide/rustup-home" "-e" "CARGO_TARGET_DIR=/opt/rustwide/target" "-e" "CARGO_INCREMENTAL=0" "-e" "RUST_BACKTRACE=full" "-e" "RUSTFLAGS=--cap-lints=warn" "-e" "RUSTDOCFLAGS=--cap-lints=warn" "-w" "/opt/rustwide/workdir" "--user" "0:0" "bee28c0e4436bffd596f3a1b2a748c31d13cf6b01f89c47045a10138152228fd" "/opt/rustwide/cargo-home/bin/cargo" "+1.99.0-beta.8" "test" "--frozen" "--release", kill_on_drop: false }`
[INFO] [stderr]     Finished `release` profile [optimized] target(s) in 0.34s
[INFO] [stderr]      Running unittests src/lib.rs (/opt/rustwide/target/release/deps/dash_mpd_core-1664b4679abae7ef)
[INFO] [stdout] 
[INFO] [stdout] running 6 tests
[INFO] [stdout] test tests::test_serialize_xs_duration ... ok
[INFO] [stdout] test tests::test_parse_xs_datetime ... ok
[INFO] [stdout] test tests::test_parse_failure ... ok
[INFO] [stdout] test tests::test_parse_xs_duration ... ok
[INFO] [stdout] test tests::test_conformity_checking ... ok
[INFO] [stdout] test tests::doesnt_crash ... ok
[INFO] [stdout] 
[INFO] [stdout] test result: ok. 6 passed; 0 failed; 0 ignored; 0 measured; 0 filtered out; finished in 0.03s
[INFO] [stdout] 
[INFO] [stderr]      Running tests/parsing.rs (/opt/rustwide/target/release/deps/parsing-21d57812c0f7255c)
[INFO] [stdout] 
[INFO] [stdout] running 28 tests
[INFO] [stdout] test test_parse_f64 ... ok
[INFO] [stdout] test test_parse_f64_infnan ... ok
[INFO] [stdout] test test_parsing_servicedescription ... ok
[INFO] [stdout] test test_parse_low_latency ... ok
[INFO] [stdout] test test_datetime_parsing ... ok
[INFO] [stdout] test test_parsing_patch_location ... ok
[INFO] [stdout] test test_mpd_parser ... ok
[INFO] [stdout] test test_parsing_failover_content ... ok
[INFO] [stdout] test test_parsing_xsd_uintvector ... ok
[INFO] [stdout] test test_file_parsing ... ok
[INFO] [stdout] test test_timeoffset_inf ... ok
[INFO] [stdout] test test_unknown_elements ... ok
[INFO] [stdout] test test_url_parsing ... ok
[INFO] [stdout] test test_parsing_servicelocation ... FAILED
[INFO] [stdout] test test_pi_copyright ... FAILED
[INFO] [stdout] test test_label ... FAILED
[INFO] [stdout] test test_supplemental_extension_type ... FAILED
[INFO] [stdout] test test_parsing_subrepresentations ... FAILED
[INFO] [stdout] test test_content_protection ... FAILED
[INFO] [stdout] test test_supplemental_property ... FAILED
[INFO] [stdout] test test_parsing_leapsecond_information ... FAILED
[INFO] [stdout] test test_parsing_namespacing ... FAILED
[INFO] [stdout] test test_parse_low_latency_usp ... FAILED
[INFO] [stdout] test test_parsing_essentialproperty ... FAILED
[INFO] [stdout] test test_parsing_eventstream ... FAILED
[INFO] [stdout] test test_parsing_multiple_baseurl ... FAILED
[INFO] [stdout] test test_parsing_supplementalproperty ... FAILED
[INFO] [stdout] test test_parsing_online ... FAILED
[INFO] [stdout] 
[INFO] [stdout] failures:
[INFO] [stdout] 
[INFO] [stdout] ---- test_parsing_servicelocation stdout ----
[INFO] [stdout] 
[INFO] [stdout] thread 'test_parsing_servicelocation' (3518) panicked at tests/parsing.rs:993:10:
[INFO] [stdout] requesting MPD content: reqwest::Error { kind: Request, url: "https://a.files.bbci.co.uk/ms6/live/3441A116-B12E-4D2F-ACA8-C1984642FA4B/audio/simulcast/dash/nonuk/pc_hd_abr_v2/aks/bbc_world_service.mpd", source: hyper_util::client::legacy::Error(Connect, ConnectError("dns error", DnsError { inner: Custom { kind: Uncategorized, error: "failed to lookup address information: Temporary failure in name resolution" } })) }
[INFO] [stdout] stack backtrace:
[INFO] [stdout]    0:     0x62ebc56db771 - <<std[70759c8f55707aa4]::sys::backtrace::BacktraceLock>::print::DisplayBacktrace as core[df12db4294e9bfd3]::fmt::Display>::fmt
[INFO] [stdout]    1:     0x62ebc56f2e2a - core[df12db4294e9bfd3]::fmt::write
[INFO] [stdout]    2:     0x62ebc56e067c - <alloc[2182bb758b4b3781]::vec::Vec<u8> as core[df12db4294e9bfd3]::io::write::Write>::write_fmt
[INFO] [stdout]    3:     0x62ebc56b5b96 - std[70759c8f55707aa4]::panicking::default_hook::{closure#0}
[INFO] [stdout]    4:     0x62ebc56d2b79 - std[70759c8f55707aa4]::panicking::default_hook
[INFO] [stdout]    5:     0x62ebc541d6f0 - test[9d35eded1c95d3be]::test_main_inner::<test[9d35eded1c95d3be]::test_main_static::{closure#0}>::{closure#0}
[INFO] [stdout]    6:     0x62ebc56d2ea2 - std[70759c8f55707aa4]::panicking::panic_with_hook
[INFO] [stdout]    7:     0x62ebc56b5c42 - std[70759c8f55707aa4]::panicking::panic_handler::{closure#0}
[INFO] [stdout]    8:     0x62ebc56ae6b9 - std[70759c8f55707aa4]::sys::backtrace::__rust_end_short_backtrace::<std[70759c8f55707aa4]::panicking::panic_handler::{closure#0}, !>
[INFO] [stdout]    9:     0x62ebc56b6a2d - __rustc[8fa7c3cbc660c2b3]::rust_begin_unwind
[INFO] [stdout]   10:     0x62ebc56f360c - core[df12db4294e9bfd3]::panicking::panic_fmt
[INFO] [stdout]   11:     0x62ebc56f33e2 - core[df12db4294e9bfd3]::result::unwrap_failed
[INFO] [stdout]   12:     0x62ebc50293e3 - parsing[50ee7e99b41e740d]::test_parsing_servicelocation::{closure#0}
[INFO] [stdout]   13:     0x62ebc506d663 - <tokio[b95510ffb24d665b]::runtime::scheduler::current_thread::Context>::enter::<core[df12db4294e9bfd3]::task::poll::Poll<()>, <tokio[b95510ffb24d665b]::runtime::scheduler::current_thread::CoreGuard>::block_on<core[df12db4294e9bfd3]::pin::Pin<&mut core[df12db4294e9bfd3]::pin::Pin<&mut dyn core[df12db4294e9bfd3]::future::future::Future<Output = ()>>>>::{closure#0}::{closure#0}>
[INFO] [stdout]   14:     0x62ebc506785c - <tokio[b95510ffb24d665b]::runtime::context::scoped::Scoped<tokio[b95510ffb24d665b]::runtime::scheduler::Context>>::set::<<tokio[b95510ffb24d665b]::runtime::scheduler::current_thread::CoreGuard>::enter<<tokio[b95510ffb24d665b]::runtime::scheduler::current_thread::CoreGuard>::block_on<core[df12db4294e9bfd3]::pin::Pin<&mut core[df12db4294e9bfd3]::pin::Pin<&mut dyn core[df12db4294e9bfd3]::future::future::Future<Output = ()>>>>::{closure#0}, core[df12db4294e9bfd3]::option::Option<()>>::{closure#0}, (alloc[2182bb758b4b3781]::boxed::Box<tokio[b95510ffb24d665b]::runtime::scheduler::current_thread::Core>, core[df12db4294e9bfd3]::option::Option<()>)>
[INFO] [stdout]   15:     0x62ebc506d807 - <tokio[b95510ffb24d665b]::runtime::scheduler::current_thread::CoreGuard>::block_on::<core[df12db4294e9bfd3]::pin::Pin<&mut core[df12db4294e9bfd3]::pin::Pin<&mut dyn core[df12db4294e9bfd3]::future::future::Future<Output = ()>>>>
[INFO] [stdout]   16:     0x62ebc5069ddd - tokio[b95510ffb24d665b]::runtime::context::runtime::enter_runtime::<<tokio[b95510ffb24d665b]::runtime::scheduler::current_thread::CurrentThread>::block_on<core[df12db4294e9bfd3]::pin::Pin<&mut dyn core[df12db4294e9bfd3]::future::future::Future<Output = ()>>>::{closure#0}, ()>
[INFO] [stdout]   17:     0x62ebc50674ee - <tokio[b95510ffb24d665b]::runtime::runtime::Runtime>::block_on::<core[df12db4294e9bfd3]::pin::Pin<&mut dyn core[df12db4294e9bfd3]::future::future::Future<Output = ()>>>
[INFO] [stdout]   18:     0x62ebc503911e - <parsing[50ee7e99b41e740d]::test_parsing_servicelocation::{closure#0} as core[df12db4294e9bfd3]::ops::function::FnOnce<()>>::call_once
[INFO] [stdout]   19:     0x62ebc54109db - test[9d35eded1c95d3be]::__rust_begin_short_backtrace::<core[df12db4294e9bfd3]::result::Result<(), alloc[2182bb758b4b3781]::string::String>, fn() -> core[df12db4294e9bfd3]::result::Result<(), alloc[2182bb758b4b3781]::string::String>>
[INFO] [stdout]   20:     0x62ebc541e045 - test[9d35eded1c95d3be]::run_test::{closure#0}
[INFO] [stdout]   21:     0x62ebc5417904 - std[70759c8f55707aa4]::sys::backtrace::__rust_begin_short_backtrace::<test[9d35eded1c95d3be]::run_test::{closure#1}, ()>
[INFO] [stdout]   22:     0x62ebc54211a2 - <std[70759c8f55707aa4]::thread::lifecycle::spawn_unchecked<test[9d35eded1c95d3be]::run_test::{closure#1}, ()>::{closure#1} as core[df12db4294e9bfd3]::ops::function::FnOnce<()>>::call_once::{shim:vtable#0}
[INFO] [stdout]   23:     0x62ebc56da929 - <std[70759c8f55707aa4]::sys::thread::unix::Thread>::new::thread_start
[INFO] [stdout]   24:     0x741c43892dfa - <unknown>
[INFO] [stdout]   25:     0x741c439263d4 - clone
[INFO] [stdout]   26:                0x0 - <unknown>
[INFO] [stdout] 
[INFO] [stdout] ---- test_pi_copyright stdout ----
[INFO] [stdout] 
[INFO] [stdout] thread 'test_pi_copyright' (3522) panicked at tests/parsing.rs:707:10:
[INFO] [stdout] requesting MPD content: reqwest::Error { kind: Request, url: "https://livesim.dashif.org/livesim2/WAVE/av/combined.mpd", source: hyper_util::client::legacy::Error(Connect, ConnectError("dns error", DnsError { inner: Custom { kind: Uncategorized, error: "failed to lookup address information: Temporary failure in name resolution" } })) }
[INFO] [stdout] stack backtrace:
[INFO] [stdout]    0:     0x62ebc56db771 - <<std[70759c8f55707aa4]::sys::backtrace::BacktraceLock>::print::DisplayBacktrace as core[df12db4294e9bfd3]::fmt::Display>::fmt
[INFO] [stdout]    1:     0x62ebc56f2e2a - core[df12db4294e9bfd3]::fmt::write
[INFO] [stdout]    2:     0x62ebc56e067c - <alloc[2182bb758b4b3781]::vec::Vec<u8> as core[df12db4294e9bfd3]::io::write::Write>::write_fmt
[INFO] [stdout]    3:     0x62ebc56b5b96 - std[70759c8f55707aa4]::panicking::default_hook::{closure#0}
[INFO] [stdout]    4:     0x62ebc56d2b79 - std[70759c8f55707aa4]::panicking::default_hook
[INFO] [stdout]    5:     0x62ebc541d6f0 - test[9d35eded1c95d3be]::test_main_inner::<test[9d35eded1c95d3be]::test_main_static::{closure#0}>::{closure#0}
[INFO] [stdout]    6:     0x62ebc56d2ea2 - std[70759c8f55707aa4]::panicking::panic_with_hook
[INFO] [stdout]    7:     0x62ebc56b5c42 - std[70759c8f55707aa4]::panicking::panic_handler::{closure#0}
[INFO] [stdout]    8:     0x62ebc56ae6b9 - std[70759c8f55707aa4]::sys::backtrace::__rust_end_short_backtrace::<std[70759c8f55707aa4]::panicking::panic_handler::{closure#0}, !>
[INFO] [stdout]    9:     0x62ebc56b6a2d - __rustc[8fa7c3cbc660c2b3]::rust_begin_unwind
[INFO] [stdout]   10:     0x62ebc56f360c - core[df12db4294e9bfd3]::panicking::panic_fmt
[INFO] [stdout]   11:     0x62ebc56f33e2 - core[df12db4294e9bfd3]::result::unwrap_failed
[INFO] [stdout]   12:     0x62ebc5024d1f - parsing[50ee7e99b41e740d]::test_pi_copyright::{closure#0}
[INFO] [stdout]   13:     0x62ebc506d663 - <tokio[b95510ffb24d665b]::runtime::scheduler::current_thread::Context>::enter::<core[df12db4294e9bfd3]::task::poll::Poll<()>, <tokio[b95510ffb24d665b]::runtime::scheduler::current_thread::CoreGuard>::block_on<core[df12db4294e9bfd3]::pin::Pin<&mut core[df12db4294e9bfd3]::pin::Pin<&mut dyn core[df12db4294e9bfd3]::future::future::Future<Output = ()>>>>::{closure#0}::{closure#0}>
[INFO] [stdout]   14:     0x62ebc506785c - <tokio[b95510ffb24d665b]::runtime::context::scoped::Scoped<tokio[b95510ffb24d665b]::runtime::scheduler::Context>>::set::<<tokio[b95510ffb24d665b]::runtime::scheduler::current_thread::CoreGuard>::enter<<tokio[b95510ffb24d665b]::runtime::scheduler::current_thread::CoreGuard>::block_on<core[df12db4294e9bfd3]::pin::Pin<&mut core[df12db4294e9bfd3]::pin::Pin<&mut dyn core[df12db4294e9bfd3]::future::future::Future<Output = ()>>>>::{closure#0}, core[df12db4294e9bfd3]::option::Option<()>>::{closure#0}, (alloc[2182bb758b4b3781]::boxed::Box<tokio[b95510ffb24d665b]::runtime::scheduler::current_thread::Core>, core[df12db4294e9bfd3]::option::Option<()>)>
[INFO] [stdout]   15:     0x62ebc506d807 - <tokio[b95510ffb24d665b]::runtime::scheduler::current_thread::CoreGuard>::block_on::<core[df12db4294e9bfd3]::pin::Pin<&mut core[df12db4294e9bfd3]::pin::Pin<&mut dyn core[df12db4294e9bfd3]::future::future::Future<Output = ()>>>>
[INFO] [stdout]   16:     0x62ebc5069ddd - tokio[b95510ffb24d665b]::runtime::context::runtime::enter_runtime::<<tokio[b95510ffb24d665b]::runtime::scheduler::current_thread::CurrentThread>::block_on<core[df12db4294e9bfd3]::pin::Pin<&mut dyn core[df12db4294e9bfd3]::future::future::Future<Output = ()>>>::{closure#0}, ()>
[INFO] [stdout]   17:     0x62ebc50674ee - <tokio[b95510ffb24d665b]::runtime::runtime::Runtime>::block_on::<core[df12db4294e9bfd3]::pin::Pin<&mut dyn core[df12db4294e9bfd3]::future::future::Future<Output = ()>>>
[INFO] [stdout]   18:     0x62ebc503391e - <parsing[50ee7e99b41e740d]::test_pi_copyright::{closure#0} as core[df12db4294e9bfd3]::ops::function::FnOnce<()>>::call_once
[INFO] [stdout]   19:     0x62ebc54109db - test[9d35eded1c95d3be]::__rust_begin_short_backtrace::<core[df12db4294e9bfd3]::result::Result<(), alloc[2182bb758b4b3781]::string::String>, fn() -> core[df12db4294e9bfd3]::result::Result<(), alloc[2182bb758b4b3781]::string::String>>
[INFO] [stdout]   20:     0x62ebc541e045 - test[9d35eded1c95d3be]::run_test::{closure#0}
[INFO] [stdout]   21:     0x62ebc5417904 - std[70759c8f55707aa4]::sys::backtrace::__rust_begin_short_backtrace::<test[9d35eded1c95d3be]::run_test::{closure#1}, ()>
[INFO] [stdout]   22:     0x62ebc54211a2 - <std[70759c8f55707aa4]::thread::lifecycle::spawn_unchecked<test[9d35eded1c95d3be]::run_test::{closure#1}, ()>::{closure#1} as core[df12db4294e9bfd3]::ops::function::FnOnce<()>>::call_once::{shim:vtable#0}
[INFO] [stdout]   23:     0x62ebc56da929 - <std[70759c8f55707aa4]::sys::thread::unix::Thread>::new::thread_start
[INFO] [stdout]   24:     0x741c43892dfa - <unknown>
[INFO] [stdout]   25:     0x741c439263d4 - clone
[INFO] [stdout]   26:                0x0 - <unknown>
[INFO] [stdout] 
[INFO] [stdout] ---- test_label stdout ----
[INFO] [stdout] 
[INFO] [stdout] thread 'test_label' (3503) panicked at tests/parsing.rs:604:10:
[INFO] [stdout] requesting MPD content: reqwest::Error { kind: Request, url: "https://github.com/shaka-project/shaka-packager/raw/refs/heads/main/packager/app/test/testdata/dash-label/output.mpd", source: hyper_util::client::legacy::Error(Connect, ConnectError("dns error", DnsError { inner: Custom { kind: Uncategorized, error: "failed to lookup address information: Temporary failure in name resolution" } })) }
[INFO] [stdout] stack backtrace:
[INFO] [stdout]    0:     0x62ebc56db771 - <<std[70759c8f55707aa4]::sys::backtrace::BacktraceLock>::print::DisplayBacktrace as core[df12db4294e9bfd3]::fmt::Display>::fmt
[INFO] [stdout]    1:     0x62ebc56f2e2a - core[df12db4294e9bfd3]::fmt::write
[INFO] [stdout]    2:     0x62ebc56e067c - <alloc[2182bb758b4b3781]::vec::Vec<u8> as core[df12db4294e9bfd3]::io::write::Write>::write_fmt
[INFO] [stdout]    3:     0x62ebc56b5b96 - std[70759c8f55707aa4]::panicking::default_hook::{closure#0}
[INFO] [stdout]    4:     0x62ebc56d2b79 - std[70759c8f55707aa4]::panicking::default_hook
[INFO] [stdout]    5:     0x62ebc541d6f0 - test[9d35eded1c95d3be]::test_main_inner::<test[9d35eded1c95d3be]::test_main_static::{closure#0}>::{closure#0}
[INFO] [stdout]    6:     0x62ebc56d2ea2 - std[70759c8f55707aa4]::panicking::panic_with_hook
[INFO] [stdout]    7:     0x62ebc56b5c42 - std[70759c8f55707aa4]::panicking::panic_handler::{closure#0}
[INFO] [stdout]    8:     0x62ebc56ae6b9 - std[70759c8f55707aa4]::sys::backtrace::__rust_end_short_backtrace::<std[70759c8f55707aa4]::panicking::panic_handler::{closure#0}, !>
[INFO] [stdout]    9:     0x62ebc56b6a2d - __rustc[8fa7c3cbc660c2b3]::rust_begin_unwind
[INFO] [stdout]   10:     0x62ebc56f360c - core[df12db4294e9bfd3]::panicking::panic_fmt
[INFO] [stdout]   11:     0x62ebc56f33e2 - core[df12db4294e9bfd3]::result::unwrap_failed
[INFO] [stdout]   12:     0x62ebc50245a5 - parsing[50ee7e99b41e740d]::test_label::{closure#0}
[INFO] [stdout]   13:     0x62ebc506d663 - <tokio[b95510ffb24d665b]::runtime::scheduler::current_thread::Context>::enter::<core[df12db4294e9bfd3]::task::poll::Poll<()>, <tokio[b95510ffb24d665b]::runtime::scheduler::current_thread::CoreGuard>::block_on<core[df12db4294e9bfd3]::pin::Pin<&mut core[df12db4294e9bfd3]::pin::Pin<&mut dyn core[df12db4294e9bfd3]::future::future::Future<Output = ()>>>>::{closure#0}::{closure#0}>
[INFO] [stdout]   14:     0x62ebc506785c - <tokio[b95510ffb24d665b]::runtime::context::scoped::Scoped<tokio[b95510ffb24d665b]::runtime::scheduler::Context>>::set::<<tokio[b95510ffb24d665b]::runtime::scheduler::current_thread::CoreGuard>::enter<<tokio[b95510ffb24d665b]::runtime::scheduler::current_thread::CoreGuard>::block_on<core[df12db4294e9bfd3]::pin::Pin<&mut core[df12db4294e9bfd3]::pin::Pin<&mut dyn core[df12db4294e9bfd3]::future::future::Future<Output = ()>>>>::{closure#0}, core[df12db4294e9bfd3]::option::Option<()>>::{closure#0}, (alloc[2182bb758b4b3781]::boxed::Box<tokio[b95510ffb24d665b]::runtime::scheduler::current_thread::Core>, core[df12db4294e9bfd3]::option::Option<()>)>
[INFO] [stdout]   15:     0x62ebc506d807 - <tokio[b95510ffb24d665b]::runtime::scheduler::current_thread::CoreGuard>::block_on::<core[df12db4294e9bfd3]::pin::Pin<&mut core[df12db4294e9bfd3]::pin::Pin<&mut dyn core[df12db4294e9bfd3]::future::future::Future<Output = ()>>>>
[INFO] [stdout]   16:     0x62ebc5069ddd - tokio[b95510ffb24d665b]::runtime::context::runtime::enter_runtime::<<tokio[b95510ffb24d665b]::runtime::scheduler::current_thread::CurrentThread>::block_on<core[df12db4294e9bfd3]::pin::Pin<&mut dyn core[df12db4294e9bfd3]::future::future::Future<Output = ()>>>::{closure#0}, ()>
[INFO] [stdout]   17:     0x62ebc50674ee - <tokio[b95510ffb24d665b]::runtime::runtime::Runtime>::block_on::<core[df12db4294e9bfd3]::pin::Pin<&mut dyn core[df12db4294e9bfd3]::future::future::Future<Output = ()>>>
[INFO] [stdout]   18:     0x62ebc502ee3e - <parsing[50ee7e99b41e740d]::test_label::{closure#0} as core[df12db4294e9bfd3]::ops::function::FnOnce<()>>::call_once
[INFO] [stdout]   19:     0x62ebc54109db - test[9d35eded1c95d3be]::__rust_begin_short_backtrace::<core[df12db4294e9bfd3]::result::Result<(), alloc[2182bb758b4b3781]::string::String>, fn() -> core[df12db4294e9bfd3]::result::Result<(), alloc[2182bb758b4b3781]::string::String>>
[INFO] [stdout]   20:     0x62ebc541e045 - test[9d35eded1c95d3be]::run_test::{closure#0}
[INFO] [stdout]   21:     0x62ebc5417904 - std[70759c8f55707aa4]::sys::backtrace::__rust_begin_short_backtrace::<test[9d35eded1c95d3be]::run_test::{closure#1}, ()>
[INFO] [stdout]   22:     0x62ebc54211a2 - <std[70759c8f55707aa4]::thread::lifecycle::spawn_unchecked<test[9d35eded1c95d3be]::run_test::{closure#1}, ()>::{closure#1} as core[df12db4294e9bfd3]::ops::function::FnOnce<()>>::call_once::{shim:vtable#0}
[INFO] [stdout]   23:     0x62ebc56da929 - <std[70759c8f55707aa4]::sys::thread::unix::Thread>::new::thread_start
[INFO] [stdout]   24:     0x741c43892dfa - <unknown>
[INFO] [stdout]   25:     0x741c439263d4 - clone
[INFO] [stdout]   26:                0x0 - <unknown>
[INFO] [stdout] 
[INFO] [stdout] ---- test_supplemental_extension_type stdout ----
[INFO] [stdout] 
[INFO] [stdout] thread 'test_supplemental_extension_type' (3523) panicked at tests/parsing.rs:652:10:
[INFO] [stdout] requesting MPD content: reqwest::Error { kind: Request, url: "https://media.developer.dolby.com/DolbyVision_Atmos/profile8.1_DASH/p8.1.mpd", source: hyper_util::client::legacy::Error(Connect, ConnectError("dns error", DnsError { inner: Custom { kind: Uncategorized, error: "failed to lookup address information: Temporary failure in name resolution" } })) }
[INFO] [stdout] stack backtrace:
[INFO] [stdout]    0:     0x62ebc56db771 - <<std[70759c8f55707aa4]::sys::backtrace::BacktraceLock>::print::DisplayBacktrace as core[df12db4294e9bfd3]::fmt::Display>::fmt
[INFO] [stdout]    1:     0x62ebc56f2e2a - core[df12db4294e9bfd3]::fmt::write
[INFO] [stdout]    2:     0x62ebc56e067c - <alloc[2182bb758b4b3781]::vec::Vec<u8> as core[df12db4294e9bfd3]::io::write::Write>::write_fmt
[INFO] [stdout]    3:     0x62ebc56b5b96 - std[70759c8f55707aa4]::panicking::default_hook::{closure#0}
[INFO] [stdout]    4:     0x62ebc56d2b79 - std[70759c8f55707aa4]::panicking::default_hook
[INFO] [stderr] error: test failed, to rerun pass `--test parsing`
[INFO] [stdout]    5:     0x62ebc541d6f0 - test[9d35eded1c95d3be]::test_main_inner::<test[9d35eded1c95d3be]::test_main_static::{closure#0}>::{closure#0}
[INFO] [stdout]    6:     0x62ebc56d2ea2 - std[70759c8f55707aa4]::panicking::panic_with_hook
[INFO] [stdout]    7:     0x62ebc56b5c42 - std[70759c8f55707aa4]::panicking::panic_handler::{closure#0}
[INFO] [stdout]    8:     0x62ebc56ae6b9 - std[70759c8f55707aa4]::sys::backtrace::__rust_end_short_backtrace::<std[70759c8f55707aa4]::panicking::panic_handler::{closure#0}, !>
[INFO] [stdout]    9:     0x62ebc56b6a2d - __rustc[8fa7c3cbc660c2b3]::rust_begin_unwind
[INFO] [stdout]   10:     0x62ebc56f360c - core[df12db4294e9bfd3]::panicking::panic_fmt
[INFO] [stdout]   11:     0x62ebc56f33e2 - core[df12db4294e9bfd3]::result::unwrap_failed
[INFO] [stdout]   12:     0x62ebc502bd8a - parsing[50ee7e99b41e740d]::test_supplemental_extension_type::{closure#0}
[INFO] [stdout]   13:     0x62ebc506d663 - <tokio[b95510ffb24d665b]::runtime::scheduler::current_thread::Context>::enter::<core[df12db4294e9bfd3]::task::poll::Poll<()>, <tokio[b95510ffb24d665b]::runtime::scheduler::current_thread::CoreGuard>::block_on<core[df12db4294e9bfd3]::pin::Pin<&mut core[df12db4294e9bfd3]::pin::Pin<&mut dyn core[df12db4294e9bfd3]::future::future::Future<Output = ()>>>>::{closure#0}::{closure#0}>
[INFO] [stdout]   14:     0x62ebc506785c - <tokio[b95510ffb24d665b]::runtime::context::scoped::Scoped<tokio[b95510ffb24d665b]::runtime::scheduler::Context>>::set::<<tokio[b95510ffb24d665b]::runtime::scheduler::current_thread::CoreGuard>::enter<<tokio[b95510ffb24d665b]::runtime::scheduler::current_thread::CoreGuard>::block_on<core[df12db4294e9bfd3]::pin::Pin<&mut core[df12db4294e9bfd3]::pin::Pin<&mut dyn core[df12db4294e9bfd3]::future::future::Future<Output = ()>>>>::{closure#0}, core[df12db4294e9bfd3]::option::Option<()>>::{closure#0}, (alloc[2182bb758b4b3781]::boxed::Box<tokio[b95510ffb24d665b]::runtime::scheduler::current_thread::Core>, core[df12db4294e9bfd3]::option::Option<()>)>
[INFO] [stdout]   15:     0x62ebc506d807 - <tokio[b95510ffb24d665b]::runtime::scheduler::current_thread::CoreGuard>::block_on::<core[df12db4294e9bfd3]::pin::Pin<&mut core[df12db4294e9bfd3]::pin::Pin<&mut dyn core[df12db4294e9bfd3]::future::future::Future<Output = ()>>>>
[INFO] [stdout]   16:     0x62ebc5069ddd - tokio[b95510ffb24d665b]::runtime::context::runtime::enter_runtime::<<tokio[b95510ffb24d665b]::runtime::scheduler::current_thread::CurrentThread>::block_on<core[df12db4294e9bfd3]::pin::Pin<&mut dyn core[df12db4294e9bfd3]::future::future::Future<Output = ()>>>::{closure#0}, ()>
[INFO] [stdout]   17:     0x62ebc50674ee - <tokio[b95510ffb24d665b]::runtime::runtime::Runtime>::block_on::<core[df12db4294e9bfd3]::pin::Pin<&mut dyn core[df12db4294e9bfd3]::future::future::Future<Output = ()>>>
[INFO] [stdout]   18:     0x62ebc503ab0e - <parsing[50ee7e99b41e740d]::test_supplemental_extension_type::{closure#0} as core[df12db4294e9bfd3]::ops::function::FnOnce<()>>::call_once
[INFO] [stdout]   19:     0x62ebc54109db - test[9d35eded1c95d3be]::__rust_begin_short_backtrace::<core[df12db4294e9bfd3]::result::Result<(), alloc[2182bb758b4b3781]::string::String>, fn() -> core[df12db4294e9bfd3]::result::Result<(), alloc[2182bb758b4b3781]::string::String>>
[INFO] [stdout]   20:     0x62ebc541e045 - test[9d35eded1c95d3be]::run_test::{closure#0}
[INFO] [stdout]   21:     0x62ebc5417904 - std[70759c8f55707aa4]::sys::backtrace::__rust_begin_short_backtrace::<test[9d35eded1c95d3be]::run_test::{closure#1}, ()>
[INFO] [stdout]   22:     0x62ebc54211a2 - <std[70759c8f55707aa4]::thread::lifecycle::spawn_unchecked<test[9d35eded1c95d3be]::run_test::{closure#1}, ()>::{closure#1} as core[df12db4294e9bfd3]::ops::function::FnOnce<()>>::call_once::{shim:vtable#0}
[INFO] [stdout]   23:     0x62ebc56da929 - <std[70759c8f55707aa4]::sys::thread::unix::Thread>::new::thread_start
[INFO] [stdout]   24:     0x741c43892dfa - <unknown>
[INFO] [stdout]   25:     0x741c439263d4 - clone
[INFO] [stdout]   26:                0x0 - <unknown>
[INFO] [stdout] 
[INFO] [stdout] ---- test_parsing_subrepresentations stdout ----
[INFO] [stdout] 
[INFO] [stdout] thread 'test_parsing_subrepresentations' (3519) panicked at tests/parsing.rs:847:10:
[INFO] [stdout] requesting MPD content: reqwest::Error { kind: Request, url: "https://raw.githubusercontent.com/MPEGGroup/DASHSchema/5th-Ed-AMD1/example_G6.mpd", source: hyper_util::client::legacy::Error(Connect, ConnectError("dns error", DnsError { inner: Custom { kind: Uncategorized, error: "failed to lookup address information: Temporary failure in name resolution" } })) }
[INFO] [stdout] stack backtrace:
[INFO] [stdout]    0:     0x62ebc56db771 - <<std[70759c8f55707aa4]::sys::backtrace::BacktraceLock>::print::DisplayBacktrace as core[df12db4294e9bfd3]::fmt::Display>::fmt
[INFO] [stdout]    1:     0x62ebc56f2e2a - core[df12db4294e9bfd3]::fmt::write
[INFO] [stdout]    2:     0x62ebc56e067c - <alloc[2182bb758b4b3781]::vec::Vec<u8> as core[df12db4294e9bfd3]::io::write::Write>::write_fmt
[INFO] [stdout]    3:     0x62ebc56b5b96 - std[70759c8f55707aa4]::panicking::default_hook::{closure#0}
[INFO] [stdout]    4:     0x62ebc56d2b79 - std[70759c8f55707aa4]::panicking::default_hook
[INFO] [stdout]    5:     0x62ebc541d6f0 - test[9d35eded1c95d3be]::test_main_inner::<test[9d35eded1c95d3be]::test_main_static::{closure#0}>::{closure#0}
[INFO] [stdout]    6:     0x62ebc56d2ea2 - std[70759c8f55707aa4]::panicking::panic_with_hook
[INFO] [stdout]    7:     0x62ebc56b5c42 - std[70759c8f55707aa4]::panicking::panic_handler::{closure#0}
[INFO] [stdout]    8:     0x62ebc56ae6b9 - std[70759c8f55707aa4]::sys::backtrace::__rust_end_short_backtrace::<std[70759c8f55707aa4]::panicking::panic_handler::{closure#0}, !>
[INFO] [stdout]    9:     0x62ebc56b6a2d - __rustc[8fa7c3cbc660c2b3]::rust_begin_unwind
[INFO] [stdout]   10:     0x62ebc56f360c - core[df12db4294e9bfd3]::panicking::panic_fmt
[INFO] [stdout]   11:     0x62ebc56f33e2 - core[df12db4294e9bfd3]::result::unwrap_failed
[INFO] [stdout]   12:     0x62ebc502b4fa - parsing[50ee7e99b41e740d]::test_parsing_subrepresentations::{closure#0}
[INFO] [stdout]   13:     0x62ebc506d663 - <tokio[b95510ffb24d665b]::runtime::scheduler::current_thread::Context>::enter::<core[df12db4294e9bfd3]::task::poll::Poll<()>, <tokio[b95510ffb24d665b]::runtime::scheduler::current_thread::CoreGuard>::block_on<core[df12db4294e9bfd3]::pin::Pin<&mut core[df12db4294e9bfd3]::pin::Pin<&mut dyn core[df12db4294e9bfd3]::future::future::Future<Output = ()>>>>::{closure#0}::{closure#0}>
[INFO] [stdout]   14:     0x62ebc506785c - <tokio[b95510ffb24d665b]::runtime::context::scoped::Scoped<tokio[b95510ffb24d665b]::runtime::scheduler::Context>>::set::<<tokio[b95510ffb24d665b]::runtime::scheduler::current_thread::CoreGuard>::enter<<tokio[b95510ffb24d665b]::runtime::scheduler::current_thread::CoreGuard>::block_on<core[df12db4294e9bfd3]::pin::Pin<&mut core[df12db4294e9bfd3]::pin::Pin<&mut dyn core[df12db4294e9bfd3]::future::future::Future<Output = ()>>>>::{closure#0}, core[df12db4294e9bfd3]::option::Option<()>>::{closure#0}, (alloc[2182bb758b4b3781]::boxed::Box<tokio[b95510ffb24d665b]::runtime::scheduler::current_thread::Core>, core[df12db4294e9bfd3]::option::Option<()>)>
[INFO] [stdout]   15:     0x62ebc506d807 - <tokio[b95510ffb24d665b]::runtime::scheduler::current_thread::CoreGuard>::block_on::<core[df12db4294e9bfd3]::pin::Pin<&mut core[df12db4294e9bfd3]::pin::Pin<&mut dyn core[df12db4294e9bfd3]::future::future::Future<Output = ()>>>>
[INFO] [stdout]   16:     0x62ebc5069ddd - tokio[b95510ffb24d665b]::runtime::context::runtime::enter_runtime::<<tokio[b95510ffb24d665b]::runtime::scheduler::current_thread::CurrentThread>::block_on<core[df12db4294e9bfd3]::pin::Pin<&mut dyn core[df12db4294e9bfd3]::future::future::Future<Output = ()>>>::{closure#0}, ()>
[INFO] [stdout]   17:     0x62ebc50674ee - <tokio[b95510ffb24d665b]::runtime::runtime::Runtime>::block_on::<core[df12db4294e9bfd3]::pin::Pin<&mut dyn core[df12db4294e9bfd3]::future::future::Future<Output = ()>>>
[INFO] [stdout]   18:     0x62ebc503a9ae - <parsing[50ee7e99b41e740d]::test_parsing_subrepresentations::{closure#0} as core[df12db4294e9bfd3]::ops::function::FnOnce<()>>::call_once
[INFO] [stdout]   19:     0x62ebc54109db - test[9d35eded1c95d3be]::__rust_begin_short_backtrace::<core[df12db4294e9bfd3]::result::Result<(), alloc[2182bb758b4b3781]::string::String>, fn() -> core[df12db4294e9bfd3]::result::Result<(), alloc[2182bb758b4b3781]::string::String>>
[INFO] [stdout]   20:     0x62ebc541e045 - test[9d35eded1c95d3be]::run_test::{closure#0}
[INFO] [stdout]   21:     0x62ebc5417904 - std[70759c8f55707aa4]::sys::backtrace::__rust_begin_short_backtrace::<test[9d35eded1c95d3be]::run_test::{closure#1}, ()>
[INFO] [stdout]   22:     0x62ebc54211a2 - <std[70759c8f55707aa4]::thread::lifecycle::spawn_unchecked<test[9d35eded1c95d3be]::run_test::{closure#1}, ()>::{closure#1} as core[df12db4294e9bfd3]::ops::function::FnOnce<()>>::call_once::{shim:vtable#0}
[INFO] [stdout]   23:     0x62ebc56da929 - <std[70759c8f55707aa4]::sys::thread::unix::Thread>::new::thread_start
[INFO] [stdout]   24:     0x741c43892dfa - <unknown>
[INFO] [stdout]   25:     0x741c439263d4 - clone
[INFO] [stdout]   26:                0x0 - <unknown>
[INFO] [stdout] 
[INFO] [stdout] ---- test_content_protection stdout ----
[INFO] [stdout] 
[INFO] [stdout] thread 'test_content_protection' (3500) panicked at tests/parsing.rs:578:10:
[INFO] [stdout] requesting MPD content: reqwest::Error { kind: Request, url: "https://test.playready.microsoft.com/media/profficialsite/tearsofsteel_4k.ism/manifest.mpd", source: hyper_util::client::legacy::Error(Connect, ConnectError("dns error", DnsError { inner: Custom { kind: Uncategorized, error: "failed to lookup address information: Temporary failure in name resolution" } })) }
[INFO] [stdout] stack backtrace:
[INFO] [stdout]    0:     0x62ebc56db771 - <<std[70759c8f55707aa4]::sys::backtrace::BacktraceLock>::print::DisplayBacktrace as core[df12db4294e9bfd3]::fmt::Display>::fmt
[INFO] [stdout]    1:     0x62ebc56f2e2a - core[df12db4294e9bfd3]::fmt::write
[INFO] [stdout]    2:     0x62ebc56e067c - <alloc[2182bb758b4b3781]::vec::Vec<u8> as core[df12db4294e9bfd3]::io::write::Write>::write_fmt
[INFO] [stdout]    3:     0x62ebc56b5b96 - std[70759c8f55707aa4]::panicking::default_hook::{closure#0}
[INFO] [stdout]    4:     0x62ebc56d2b79 - std[70759c8f55707aa4]::panicking::default_hook
[INFO] [stdout]    5:     0x62ebc541d6f0 - test[9d35eded1c95d3be]::test_main_inner::<test[9d35eded1c95d3be]::test_main_static::{closure#0}>::{closure#0}
[INFO] [stdout]    6:     0x62ebc56d2ea2 - std[70759c8f55707aa4]::panicking::panic_with_hook
[INFO] [stdout]    7:     0x62ebc56b5c42 - std[70759c8f55707aa4]::panicking::panic_handler::{closure#0}
[INFO] [stdout]    8:     0x62ebc56ae6b9 - std[70759c8f55707aa4]::sys::backtrace::__rust_end_short_backtrace::<std[70759c8f55707aa4]::panicking::panic_handler::{closure#0}, !>
[INFO] [stdout]    9:     0x62ebc56b6a2d - __rustc[8fa7c3cbc660c2b3]::rust_begin_unwind
[INFO] [stdout]   10:     0x62ebc56f360c - core[df12db4294e9bfd3]::panicking::panic_fmt
[INFO] [stdout]   11:     0x62ebc56f33e2 - core[df12db4294e9bfd3]::result::unwrap_failed
[INFO] [stdout]   12:     0x62ebc50264b5 - parsing[50ee7e99b41e740d]::test_content_protection::{closure#0}
[INFO] [stdout]   13:     0x62ebc506d663 - <tokio[b95510ffb24d665b]::runtime::scheduler::current_thread::Context>::enter::<core[df12db4294e9bfd3]::task::poll::Poll<()>, <tokio[b95510ffb24d665b]::runtime::scheduler::current_thread::CoreGuard>::block_on<core[df12db4294e9bfd3]::pin::Pin<&mut core[df12db4294e9bfd3]::pin::Pin<&mut dyn core[df12db4294e9bfd3]::future::future::Future<Output = ()>>>>::{closure#0}::{closure#0}>
[INFO] [stdout]   14:     0x62ebc506785c - <tokio[b95510ffb24d665b]::runtime::context::scoped::Scoped<tokio[b95510ffb24d665b]::runtime::scheduler::Context>>::set::<<tokio[b95510ffb24d665b]::runtime::scheduler::current_thread::CoreGuard>::enter<<tokio[b95510ffb24d665b]::runtime::scheduler::current_thread::CoreGuard>::block_on<core[df12db4294e9bfd3]::pin::Pin<&mut core[df12db4294e9bfd3]::pin::Pin<&mut dyn core[df12db4294e9bfd3]::future::future::Future<Output = ()>>>>::{closure#0}, core[df12db4294e9bfd3]::option::Option<()>>::{closure#0}, (alloc[2182bb758b4b3781]::boxed::Box<tokio[b95510ffb24d665b]::runtime::scheduler::current_thread::Core>, core[df12db4294e9bfd3]::option::Option<()>)>
[INFO] [stdout]   15:     0x62ebc506d807 - <tokio[b95510ffb24d665b]::runtime::scheduler::current_thread::CoreGuard>::block_on::<core[df12db4294e9bfd3]::pin::Pin<&mut core[df12db4294e9bfd3]::pin::Pin<&mut dyn core[df12db4294e9bfd3]::future::future::Future<Output = ()>>>>
[INFO] [stdout]   16:     0x62ebc5069ddd - tokio[b95510ffb24d665b]::runtime::context::runtime::enter_runtime::<<tokio[b95510ffb24d665b]::runtime::scheduler::current_thread::CurrentThread>::block_on<core[df12db4294e9bfd3]::pin::Pin<&mut dyn core[df12db4294e9bfd3]::future::future::Future<Output = ()>>>::{closure#0}, ()>
[INFO] [stdout]   17:     0x62ebc50674ee - <tokio[b95510ffb24d665b]::runtime::runtime::Runtime>::block_on::<core[df12db4294e9bfd3]::pin::Pin<&mut dyn core[df12db4294e9bfd3]::future::future::Future<Output = ()>>>
[INFO] [stdout]   18:     0x62ebc50360ee - <parsing[50ee7e99b41e740d]::test_content_protection::{closure#0} as core[df12db4294e9bfd3]::ops::function::FnOnce<()>>::call_once
[INFO] [stdout]   19:     0x62ebc54109db - test[9d35eded1c95d3be]::__rust_begin_short_backtrace::<core[df12db4294e9bfd3]::result::Result<(), alloc[2182bb758b4b3781]::string::String>, fn() -> core[df12db4294e9bfd3]::result::Result<(), alloc[2182bb758b4b3781]::string::String>>
[INFO] [stdout]   20:     0x62ebc541e045 - test[9d35eded1c95d3be]::run_test::{closure#0}
[INFO] [stdout]   21:     0x62ebc5417904 - std[70759c8f55707aa4]::sys::backtrace::__rust_begin_short_backtrace::<test[9d35eded1c95d3be]::run_test::{closure#1}, ()>
[INFO] [stdout]   22:     0x62ebc54211a2 - <std[70759c8f55707aa4]::thread::lifecycle::spawn_unchecked<test[9d35eded1c95d3be]::run_test::{closure#1}, ()>::{closure#1} as core[df12db4294e9bfd3]::ops::function::FnOnce<()>>::call_once::{shim:vtable#0}
[INFO] [stdout]   23:     0x62ebc56da929 - <std[70759c8f55707aa4]::sys::thread::unix::Thread>::new::thread_start
[INFO] [stdout]   24:     0x741c43892dfa - <unknown>
[INFO] [stdout]   25:     0x741c439263d4 - clone
[INFO] [stdout]   26:                0x0 - <unknown>
[INFO] [stdout] 
[INFO] [stdout] ---- test_supplemental_property stdout ----
[INFO] [stdout] 
[INFO] [stdout] thread 'test_supplemental_property' (3524) panicked at tests/parsing.rs:627:10:
[INFO] [stdout] requesting MPD content: reqwest::Error { kind: Request, url: "https://github.com/shaka-project/shaka-packager/raw/refs/heads/main/packager/app/test/testdata/dolby-vision-profile-5-with-encryption/output.mpd", source: hyper_util::client::legacy::Error(Connect, ConnectError("dns error", DnsError { inner: Custom { kind: Uncategorized, error: "failed to lookup address information: Temporary failure in name resolution" } })) }
[INFO] [stdout] stack backtrace:
[INFO] [stdout]    0:     0x62ebc56db771 - <<std[70759c8f55707aa4]::sys::backtrace::BacktraceLock>::print::DisplayBacktrace as core[df12db4294e9bfd3]::fmt::Display>::fmt
[INFO] [stdout]    1:     0x62ebc56f2e2a - core[df12db4294e9bfd3]::fmt::write
[INFO] [stdout]    2:     0x62ebc56e067c - <alloc[2182bb758b4b3781]::vec::Vec<u8> as core[df12db4294e9bfd3]::io::write::Write>::write_fmt
[INFO] [stdout]    3:     0x62ebc56b5b96 - std[70759c8f55707aa4]::panicking::default_hook::{closure#0}
[INFO] [stdout]    4:     0x62ebc56d2b79 - std[70759c8f55707aa4]::panicking::default_hook
[INFO] [stdout]    5:     0x62ebc541d6f0 - test[9d35eded1c95d3be]::test_main_inner::<test[9d35eded1c95d3be]::test_main_static::{closure#0}>::{closure#0}
[INFO] [stdout]    6:     0x62ebc56d2ea2 - std[70759c8f55707aa4]::panicking::panic_with_hook
[INFO] [stdout]    7:     0x62ebc56b5c42 - std[70759c8f55707aa4]::panicking::panic_handler::{closure#0}
[INFO] [stdout]    8:     0x62ebc56ae6b9 - std[70759c8f55707aa4]::sys::backtrace::__rust_end_short_backtrace::<std[70759c8f55707aa4]::panicking::panic_handler::{closure#0}, !>
[INFO] [stdout]    9:     0x62ebc56b6a2d - __rustc[8fa7c3cbc660c2b3]::rust_begin_unwind
[INFO] [stdout]   10:     0x62ebc56f360c - core[df12db4294e9bfd3]::panicking::panic_fmt
[INFO] [stdout]   11:     0x62ebc56f33e2 - core[df12db4294e9bfd3]::result::unwrap_failed
[INFO] [stdout]   12:     0x62ebc5028c2b - parsing[50ee7e99b41e740d]::test_supplemental_property::{closure#0}
[INFO] [stdout]   13:     0x62ebc506d663 - <tokio[b95510ffb24d665b]::runtime::scheduler::current_thread::Context>::enter::<core[df12db4294e9bfd3]::task::poll::Poll<()>, <tokio[b95510ffb24d665b]::runtime::scheduler::current_thread::CoreGuard>::block_on<core[df12db4294e9bfd3]::pin::Pin<&mut core[df12db4294e9bfd3]::pin::Pin<&mut dyn core[df12db4294e9bfd3]::future::future::Future<Output = ()>>>>::{closure#0}::{closure#0}>
[INFO] [stdout]   14:     0x62ebc506785c - <tokio[b95510ffb24d665b]::runtime::context::scoped::Scoped<tokio[b95510ffb24d665b]::runtime::scheduler::Context>>::set::<<tokio[b95510ffb24d665b]::runtime::scheduler::current_thread::CoreGuard>::enter<<tokio[b95510ffb24d665b]::runtime::scheduler::current_thread::CoreGuard>::block_on<core[df12db4294e9bfd3]::pin::Pin<&mut core[df12db4294e9bfd3]::pin::Pin<&mut dyn core[df12db4294e9bfd3]::future::future::Future<Output = ()>>>>::{closure#0}, core[df12db4294e9bfd3]::option::Option<()>>::{closure#0}, (alloc[2182bb758b4b3781]::boxed::Box<tokio[b95510ffb24d665b]::runtime::scheduler::current_thread::Core>, core[df12db4294e9bfd3]::option::Option<()>)>
[INFO] [stdout]   15:     0x62ebc506d807 - <tokio[b95510ffb24d665b]::runtime::scheduler::current_thread::CoreGuard>::block_on::<core[df12db4294e9bfd3]::pin::Pin<&mut core[df12db4294e9bfd3]::pin::Pin<&mut dyn core[df12db4294e9bfd3]::future::future::Future<Output = ()>>>>
[INFO] [stdout]   16:     0x62ebc5069ddd - tokio[b95510ffb24d665b]::runtime::context::runtime::enter_runtime::<<tokio[b95510ffb24d665b]::runtime::scheduler::current_thread::CurrentThread>::block_on<core[df12db4294e9bfd3]::pin::Pin<&mut dyn core[df12db4294e9bfd3]::future::future::Future<Output = ()>>>::{closure#0}, ()>
[INFO] [stdout]   17:     0x62ebc50674ee - <tokio[b95510ffb24d665b]::runtime::runtime::Runtime>::block_on::<core[df12db4294e9bfd3]::pin::Pin<&mut dyn core[df12db4294e9bfd3]::future::future::Future<Output = ()>>>
[INFO] [stdout]   18:     0x62ebc503666e - <parsing[50ee7e99b41e740d]::test_supplemental_property::{closure#0} as core[df12db4294e9bfd3]::ops::function::FnOnce<()>>::call_once
[INFO] [stdout]   19:     0x62ebc54109db - test[9d35eded1c95d3be]::__rust_begin_short_backtrace::<core[df12db4294e9bfd3]::result::Result<(), alloc[2182bb758b4b3781]::string::String>, fn() -> core[df12db4294e9bfd3]::result::Result<(), alloc[2182bb758b4b3781]::string::String>>
[INFO] [stdout]   20:     0x62ebc541e045 - test[9d35eded1c95d3be]::run_test::{closure#0}
[INFO] [stdout]   21:     0x62ebc5417904 - std[70759c8f55707aa4]::sys::backtrace::__rust_begin_short_backtrace::<test[9d35eded1c95d3be]::run_test::{closure#1}, ()>
[INFO] [stdout]   22:     0x62ebc54211a2 - <std[70759c8f55707aa4]::thread::lifecycle::spawn_unchecked<test[9d35eded1c95d3be]::run_test::{closure#1}, ()>::{closure#1} as core[df12db4294e9bfd3]::ops::function::FnOnce<()>>::call_once::{shim:vtable#0}
[INFO] [stdout]   23:     0x62ebc56da929 - <std[70759c8f55707aa4]::sys::thread::unix::Thread>::new::thread_start
[INFO] [stdout]   24:     0x741c43892dfa - <unknown>
[INFO] [stdout]   25:     0x741c439263d4 - clone
[INFO] [stdout]   26:                0x0 - <unknown>
[INFO] [stdout] 
[INFO] [stdout] ---- test_parsing_leapsecond_information stdout ----
[INFO] [stdout] 
[INFO] [stdout] thread 'test_parsing_leapsecond_information' (3512) panicked at tests/parsing.rs:682:10:
[INFO] [stdout] requesting MPD content: reqwest::Error { kind: Request, url: "https://rdmedia.bbc.co.uk/testcard/lowlatency/manifests/ll-avc-full.mpd", source: hyper_util::client::legacy::Error(Connect, ConnectError("dns error", DnsError { inner: Custom { kind: Uncategorized, error: "failed to lookup address information: Temporary failure in name resolution" } })) }
[INFO] [stdout] stack backtrace:
[INFO] [stdout]    0:     0x62ebc56db771 - <<std[70759c8f55707aa4]::sys::backtrace::BacktraceLock>::print::DisplayBacktrace as core[df12db4294e9bfd3]::fmt::Display>::fmt
[INFO] [stdout]    1:     0x62ebc56f2e2a - core[df12db4294e9bfd3]::fmt::write
[INFO] [stdout]    2:     0x62ebc56e067c - <alloc[2182bb758b4b3781]::vec::Vec<u8> as core[df12db4294e9bfd3]::io::write::Write>::write_fmt
[INFO] [stdout]    3:     0x62ebc56b5b96 - std[70759c8f55707aa4]::panicking::default_hook::{closure#0}
[INFO] [stdout]    4:     0x62ebc56d2b79 - std[70759c8f55707aa4]::panicking::default_hook
[INFO] [stdout]    5:     0x62ebc541d6f0 - test[9d35eded1c95d3be]::test_main_inner::<test[9d35eded1c95d3be]::test_main_static::{closure#0}>::{closure#0}
[INFO] [stdout]    6:     0x62ebc56d2ea2 - std[70759c8f55707aa4]::panicking::panic_with_hook
[INFO] [stdout]    7:     0x62ebc56b5c42 - std[70759c8f55707aa4]::panicking::panic_handler::{closure#0}
[INFO] [stdout]    8:     0x62ebc56ae6b9 - std[70759c8f55707aa4]::sys::backtrace::__rust_end_short_backtrace::<std[70759c8f55707aa4]::panicking::panic_handler::{closure#0}, !>
[INFO] [stdout]    9:     0x62ebc56b6a2d - __rustc[8fa7c3cbc660c2b3]::rust_begin_unwind
[INFO] [stdout]   10:     0x62ebc56f360c - core[df12db4294e9bfd3]::panicking::panic_fmt
[INFO] [stdout]   11:     0x62ebc56f33e2 - core[df12db4294e9bfd3]::result::unwrap_failed
[INFO] [stdout]   12:     0x62ebc502cfa9 - parsing[50ee7e99b41e740d]::test_parsing_leapsecond_information::{closure#0}
[INFO] [stdout]   13:     0x62ebc506d663 - <tokio[b95510ffb24d665b]::runtime::scheduler::current_thread::Context>::enter::<core[df12db4294e9bfd3]::task::poll::Poll<()>, <tokio[b95510ffb24d665b]::runtime::scheduler::current_thread::CoreGuard>::block_on<core[df12db4294e9bfd3]::pin::Pin<&mut core[df12db4294e9bfd3]::pin::Pin<&mut dyn core[df12db4294e9bfd3]::future::future::Future<Output = ()>>>>::{closure#0}::{closure#0}>
[INFO] [stdout]   14:     0x62ebc506785c - <tokio[b95510ffb24d665b]::runtime::context::scoped::Scoped<tokio[b95510ffb24d665b]::runtime::scheduler::Context>>::set::<<tokio[b95510ffb24d665b]::runtime::scheduler::current_thread::CoreGuard>::enter<<tokio[b95510ffb24d665b]::runtime::scheduler::current_thread::CoreGuard>::block_on<core[df12db4294e9bfd3]::pin::Pin<&mut core[df12db4294e9bfd3]::pin::Pin<&mut dyn core[df12db4294e9bfd3]::future::future::Future<Output = ()>>>>::{closure#0}, core[df12db4294e9bfd3]::option::Option<()>>::{closure#0}, (alloc[2182bb758b4b3781]::boxed::Box<tokio[b95510ffb24d665b]::runtime::scheduler::current_thread::Core>, core[df12db4294e9bfd3]::option::Option<()>)>
[INFO] [stdout]   15:     0x62ebc506d807 - <tokio[b95510ffb24d665b]::runtime::scheduler::current_thread::CoreGuard>::block_on::<core[df12db4294e9bfd3]::pin::Pin<&mut core[df12db4294e9bfd3]::pin::Pin<&mut dyn core[df12db4294e9bfd3]::future::future::Future<Output = ()>>>>
[INFO] [stdout]   16:     0x62ebc5069ddd - tokio[b95510ffb24d665b]::runtime::context::runtime::enter_runtime::<<tokio[b95510ffb24d665b]::runtime::scheduler::current_thread::CurrentThread>::block_on<core[df12db4294e9bfd3]::pin::Pin<&mut dyn core[df12db4294e9bfd3]::future::future::Future<Output = ()>>>::{closure#0}, ()>
[INFO] [stdout]   17:     0x62ebc50674ee - <tokio[b95510ffb24d665b]::runtime::runtime::Runtime>::block_on::<core[df12db4294e9bfd3]::pin::Pin<&mut dyn core[df12db4294e9bfd3]::future::future::Future<Output = ()>>>
[INFO] [stdout]   18:     0x62ebc503adce - <parsing[50ee7e99b41e740d]::test_parsing_leapsecond_information::{closure#0} as core[df12db4294e9bfd3]::ops::function::FnOnce<()>>::call_once
[INFO] [stdout]   19:     0x62ebc54109db - test[9d35eded1c95d3be]::__rust_begin_short_backtrace::<core[df12db4294e9bfd3]::result::Result<(), alloc[2182bb758b4b3781]::string::String>, fn() -> core[df12db4294e9bfd3]::result::Result<(), alloc[2182bb758b4b3781]::string::String>>
[INFO] [stdout]   20:     0x62ebc541e045 - test[9d35eded1c95d3be]::run_test::{closure#0}
[INFO] [stdout]   21:     0x62ebc5417904 - std[70759c8f55707aa4]::sys::backtrace::__rust_begin_short_backtrace::<test[9d35eded1c95d3be]::run_test::{closure#1}, ()>
[INFO] [stdout]   22:     0x62ebc54211a2 - <std[70759c8f55707aa4]::thread::lifecycle::spawn_unchecked<test[9d35eded1c95d3be]::run_test::{closure#1}, ()>::{closure#1} as core[df12db4294e9bfd3]::ops::function::FnOnce<()>>::call_once::{shim:vtable#0}
[INFO] [stdout]   23:     0x62ebc56da929 - <std[70759c8f55707aa4]::sys::thread::unix::Thread>::new::thread_start
[INFO] [stdout]   24:     0x741c43892dfa - <unknown>
[INFO] [stdout]   25:     0x741c439263d4 - clone
[INFO] [stdout]   26:                0x0 - <unknown>
[INFO] [stdout] 
[INFO] [stdout] ---- test_parsing_namespacing stdout ----
[INFO] [stdout] 
[INFO] [stdout] thread 'test_parsing_namespacing' (3514) panicked at tests/parsing.rs:1042:10:
[INFO] [stdout] requesting MPD content: reqwest::Error { kind: Request, url: "https://dash.akamaized.net/qualcomm/cloud/cloudology_new_dash.mpd", source: hyper_util::client::legacy::Error(Connect, ConnectError("dns error", DnsError { inner: Custom { kind: Uncategorized, error: "failed to lookup address information: Temporary failure in name resolution" } })) }
[INFO] [stdout] stack backtrace:
[INFO] [stdout]    0:     0x62ebc56db771 - <<std[70759c8f55707aa4]::sys::backtrace::BacktraceLock>::print::DisplayBacktrace as core[df12db4294e9bfd3]::fmt::Display>::fmt
[INFO] [stdout]    1:     0x62ebc56f2e2a - core[df12db4294e9bfd3]::fmt::write
[INFO] [stdout]    2:     0x62ebc56e067c - <alloc[2182bb758b4b3781]::vec::Vec<u8> as core[df12db4294e9bfd3]::io::write::Write>::write_fmt
[INFO] [stdout]    3:     0x62ebc56b5b96 - std[70759c8f55707aa4]::panicking::default_hook::{closure#0}
[INFO] [stdout]    4:     0x62ebc56d2b79 - std[70759c8f55707aa4]::panicking::default_hook
[INFO] [stdout]    5:     0x62ebc541d6f0 - test[9d35eded1c95d3be]::test_main_inner::<test[9d35eded1c95d3be]::test_main_static::{closure#0}>::{closure#0}
[INFO] [stdout]    6:     0x62ebc56d2ea2 - std[70759c8f55707aa4]::panicking::panic_with_hook
[INFO] [stdout]    7:     0x62ebc56b5c42 - std[70759c8f55707aa4]::panicking::panic_handler::{closure#0}
[INFO] [stdout]    8:     0x62ebc56ae6b9 - std[70759c8f55707aa4]::sys::backtrace::__rust_end_short_backtrace::<std[70759c8f55707aa4]::panicking::panic_handler::{closure#0}, !>
[INFO] [stdout]    9:     0x62ebc56b6a2d - __rustc[8fa7c3cbc660c2b3]::rust_begin_unwind
[INFO] [stdout]   10:     0x62ebc56f360c - core[df12db4294e9bfd3]::panicking::panic_fmt
[INFO] [stdout]   11:     0x62ebc56f33e2 - core[df12db4294e9bfd3]::result::unwrap_failed
[INFO] [stdout]   12:     0x62ebc50277f2 - parsing[50ee7e99b41e740d]::test_parsing_namespacing::{closure#0}
[INFO] [stdout]   13:     0x62ebc506d663 - <tokio[b95510ffb24d665b]::runtime::scheduler::current_thread::Context>::enter::<core[df12db4294e9bfd3]::task::poll::Poll<()>, <tokio[b95510ffb24d665b]::runtime::scheduler::current_thread::CoreGuard>::block_on<core[df12db4294e9bfd3]::pin::Pin<&mut core[df12db4294e9bfd3]::pin::Pin<&mut dyn core[df12db4294e9bfd3]::future::future::Future<Output = ()>>>>::{closure#0}::{closure#0}>
[INFO] [stdout]   14:     0x62ebc506785c - <tokio[b95510ffb24d665b]::runtime::context::scoped::Scoped<tokio[b95510ffb24d665b]::runtime::scheduler::Context>>::set::<<tokio[b95510ffb24d665b]::runtime::scheduler::current_thread::CoreGuard>::enter<<tokio[b95510ffb24d665b]::runtime::scheduler::current_thread::CoreGuard>::block_on<core[df12db4294e9bfd3]::pin::Pin<&mut core[df12db4294e9bfd3]::pin::Pin<&mut dyn core[df12db4294e9bfd3]::future::future::Future<Output = ()>>>>::{closure#0}, core[df12db4294e9bfd3]::option::Option<()>>::{closure#0}, (alloc[2182bb758b4b3781]::boxed::Box<tokio[b95510ffb24d665b]::runtime::scheduler::current_thread::Core>, core[df12db4294e9bfd3]::option::Option<()>)>
[INFO] [stdout]   15:     0x62ebc506d807 - <tokio[b95510ffb24d665b]::runtime::scheduler::current_thread::CoreGuard>::block_on::<core[df12db4294e9bfd3]::pin::Pin<&mut core[df12db4294e9bfd3]::pin::Pin<&mut dyn core[df12db4294e9bfd3]::future::future::Future<Output = ()>>>>
[INFO] [stdout]   16:     0x62ebc5069ddd - tokio[b95510ffb24d665b]::runtime::context::runtime::enter_runtime::<<tokio[b95510ffb24d665b]::runtime::scheduler::current_thread::CurrentThread>::block_on<core[df12db4294e9bfd3]::pin::Pin<&mut dyn core[df12db4294e9bfd3]::future::future::Future<Output = ()>>>::{closure#0}, ()>
[INFO] [stdout]   17:     0x62ebc50674ee - <tokio[b95510ffb24d665b]::runtime::runtime::Runtime>::block_on::<core[df12db4294e9bfd3]::pin::Pin<&mut dyn core[df12db4294e9bfd3]::future::future::Future<Output = ()>>>
[INFO] [stdout]   18:     0x62ebc50363ae - <parsing[50ee7e99b41e740d]::test_parsing_namespacing::{closure#0} as core[df12db4294e9bfd3]::ops::function::FnOnce<()>>::call_once
[INFO] [stdout]   19:     0x62ebc54109db - test[9d35eded1c95d3be]::__rust_begin_short_backtrace::<core[df12db4294e9bfd3]::result::Result<(), alloc[2182bb758b4b3781]::string::String>, fn() -> core[df12db4294e9bfd3]::result::Result<(), alloc[2182bb758b4b3781]::string::String>>
[INFO] [stdout]   20:     0x62ebc541e045 - test[9d35eded1c95d3be]::run_test::{closure#0}
[INFO] [stdout]   21:     0x62ebc5417904 - std[70759c8f55707aa4]::sys::backtrace::__rust_begin_short_backtrace::<test[9d35eded1c95d3be]::run_test::{closure#1}, ()>
[INFO] [stdout]   22:     0x62ebc54211a2 - <std[70759c8f55707aa4]::thread::lifecycle::spawn_unchecked<test[9d35eded1c95d3be]::run_test::{closure#1}, ()>::{closure#1} as core[df12db4294e9bfd3]::ops::function::FnOnce<()>>::call_once::{shim:vtable#0}
[INFO] [stdout]   23:     0x62ebc56da929 - <std[70759c8f55707aa4]::sys::thread::unix::Thread>::new::thread_start
[INFO] [stdout]   24:     0x741c43892dfa - <unknown>
[INFO] [stdout]   25:     0x741c439263d4 - clone
[INFO] [stdout]   26:                0x0 - <unknown>
[INFO] [stdout] 
[INFO] [stdout] ---- test_parse_low_latency_usp stdout ----
[INFO] [stdout] 
[INFO] [stdout] thread 'test_parse_low_latency_usp' (3508) panicked at tests/parsing.rs:361:10:
[INFO] [stdout] requesting MPD content: reqwest::Error { kind: Request, url: "https://demo.unified-streaming.com/k8s/live/stable/live-low-latency.isml/.mpd", source: hyper_util::client::legacy::Error(Connect, ConnectError("dns error", DnsError { inner: Custom { kind: Uncategorized, error: "failed to lookup address information: Temporary failure in name resolution" } })) }
[INFO] [stdout] stack backtrace:
[INFO] [stdout]    0:     0x62ebc56db771 - <<std[70759c8f55707aa4]::sys::backtrace::BacktraceLock>::print::DisplayBacktrace as core[df12db4294e9bfd3]::fmt::Display>::fmt
[INFO] [stdout]    1:     0x62ebc56f2e2a - core[df12db4294e9bfd3]::fmt::write
[INFO] [stdout]    2:     0x62ebc56e067c - <alloc[2182bb758b4b3781]::vec::Vec<u8> as core[df12db4294e9bfd3]::io::write::Write>::write_fmt
[INFO] [stdout]    3:     0x62ebc56b5b96 - std[70759c8f55707aa4]::panicking::default_hook::{closure#0}
[INFO] [stdout]    4:     0x62ebc56d2b79 - std[70759c8f55707aa4]::panicking::default_hook
[INFO] [stdout]    5:     0x62ebc541d6f0 - test[9d35eded1c95d3be]::test_main_inner::<test[9d35eded1c95d3be]::test_main_static::{closure#0}>::{closure#0}
[INFO] [stdout]    6:     0x62ebc56d2ea2 - std[70759c8f55707aa4]::panicking::panic_with_hook
[INFO] [stdout]    7:     0x62ebc56b5c42 - std[70759c8f55707aa4]::panicking::panic_handler::{closure#0}
[INFO] [stdout]    8:     0x62ebc56ae6b9 - std[70759c8f55707aa4]::sys::backtrace::__rust_end_short_backtrace::<std[70759c8f55707aa4]::panicking::panic_handler::{closure#0}, !>
[INFO] [stdout]    9:     0x62ebc56b6a2d - __rustc[8fa7c3cbc660c2b3]::rust_begin_unwind
[INFO] [stdout]   10:     0x62ebc56f360c - core[df12db4294e9bfd3]::panicking::panic_fmt
[INFO] [stdout]   11:     0x62ebc56f33e2 - core[df12db4294e9bfd3]::result::unwrap_failed
[INFO] [stdout]   12:     0x62ebc5028309 - parsing[50ee7e99b41e740d]::test_parse_low_latency_usp::{closure#0}
[INFO] [stdout]   13:     0x62ebc506d663 - <tokio[b95510ffb24d665b]::runtime::scheduler::current_thread::Context>::enter::<core[df12db4294e9bfd3]::task::poll::Poll<()>, <tokio[b95510ffb24d665b]::runtime::scheduler::current_thread::CoreGuard>::block_on<core[df12db4294e9bfd3]::pin::Pin<&mut core[df12db4294e9bfd3]::pin::Pin<&mut dyn core[df12db4294e9bfd3]::future::future::Future<Output = ()>>>>::{closure#0}::{closure#0}>
[INFO] [stdout]   14:     0x62ebc506785c - <tokio[b95510ffb24d665b]::runtime::context::scoped::Scoped<tokio[b95510ffb24d665b]::runtime::scheduler::Context>>::set::<<tokio[b95510ffb24d665b]::runtime::scheduler::current_thread::CoreGuard>::enter<<tokio[b95510ffb24d665b]::runtime::scheduler::current_thread::CoreGuard>::block_on<core[df12db4294e9bfd3]::pin::Pin<&mut core[df12db4294e9bfd3]::pin::Pin<&mut dyn core[df12db4294e9bfd3]::future::future::Future<Output = ()>>>>::{closure#0}, core[df12db4294e9bfd3]::option::Option<()>>::{closure#0}, (alloc[2182bb758b4b3781]::boxed::Box<tokio[b95510ffb24d665b]::runtime::scheduler::current_thread::Core>, core[df12db4294e9bfd3]::option::Option<()>)>
[INFO] [stdout]   15:     0x62ebc506d807 - <tokio[b95510ffb24d665b]::runtime::scheduler::current_thread::CoreGuard>::block_on::<core[df12db4294e9bfd3]::pin::Pin<&mut core[df12db4294e9bfd3]::pin::Pin<&mut dyn core[df12db4294e9bfd3]::future::future::Future<Output = ()>>>>
[INFO] [stdout]   16:     0x62ebc5069ddd - tokio[b95510ffb24d665b]::runtime::context::runtime::enter_runtime::<<tokio[b95510ffb24d665b]::runtime::scheduler::current_thread::CurrentThread>::block_on<core[df12db4294e9bfd3]::pin::Pin<&mut dyn core[df12db4294e9bfd3]::future::future::Future<Output = ()>>>::{closure#0}, ()>
[INFO] [stdout]   17:     0x62ebc50674ee - <tokio[b95510ffb24d665b]::runtime::runtime::Runtime>::block_on::<core[df12db4294e9bfd3]::pin::Pin<&mut dyn core[df12db4294e9bfd3]::future::future::Future<Output = ()>>>
[INFO] [stdout]   18:     0x62ebc503650e - <parsing[50ee7e99b41e740d]::test_parse_low_latency_usp::{closure#0} as core[df12db4294e9bfd3]::ops::function::FnOnce<()>>::call_once
[INFO] [stdout]   19:     0x62ebc54109db - test[9d35eded1c95d3be]::__rust_begin_short_backtrace::<core[df12db4294e9bfd3]::result::Result<(), alloc[2182bb758b4b3781]::string::String>, fn() -> core[df12db4294e9bfd3]::result::Result<(), alloc[2182bb758b4b3781]::string::String>>
[INFO] [stdout]   20:     0x62ebc541e045 - test[9d35eded1c95d3be]::run_test::{closure#0}
[INFO] [stdout]   21:     0x62ebc5417904 - std[70759c8f55707aa4]::sys::backtrace::__rust_begin_short_backtrace::<test[9d35eded1c95d3be]::run_test::{closure#1}, ()>
[INFO] [stdout]   22:     0x62ebc54211a2 - <std[70759c8f55707aa4]::thread::lifecycle::spawn_unchecked<test[9d35eded1c95d3be]::run_test::{closure#1}, ()>::{closure#1} as core[df12db4294e9bfd3]::ops::function::FnOnce<()>>::call_once::{shim:vtable#0}
[INFO] [stdout]   23:     0x62ebc56da929 - <std[70759c8f55707aa4]::sys::thread::unix::Thread>::new::thread_start
[INFO] [stdout]   24:     0x741c43892dfa - <unknown>
[INFO] [stdout]   25:     0x741c439263d4 - clone
[INFO] [stdout]   26:                0x0 - <unknown>
[INFO] [stdout] 
[INFO] [stdout] ---- test_parsing_essentialproperty stdout ----
[INFO] [stdout] 
[INFO] [stdout] thread 'test_parsing_essentialproperty' (3509) panicked at tests/parsing.rs:932:10:
[INFO] [stdout] requesting MPD content: reqwest::Error { kind: Request, url: "http://dash.edgesuite.net/dash264/TestCasesNegative/1/1.mpd", source: hyper_util::client::legacy::Error(Connect, ConnectError("dns error", DnsError { inner: Custom { kind: Uncategorized, error: "failed to lookup address information: Temporary failure in name resolution" } })) }
[INFO] [stdout] stack backtrace:
[INFO] [stdout]    0:     0x62ebc56db771 - <<std[70759c8f55707aa4]::sys::backtrace::BacktraceLock>::print::DisplayBacktrace as core[df12db4294e9bfd3]::fmt::Display>::fmt
[INFO] [stdout]    1:     0x62ebc56f2e2a - core[df12db4294e9bfd3]::fmt::write
[INFO] [stdout]    2:     0x62ebc56e067c - <alloc[2182bb758b4b3781]::vec::Vec<u8> as core[df12db4294e9bfd3]::io::write::Write>::write_fmt
[INFO] [stdout]    3:     0x62ebc56b5b96 - std[70759c8f55707aa4]::panicking::default_hook::{closure#0}
[INFO] [stdout]    4:     0x62ebc56d2b79 - std[70759c8f55707aa4]::panicking::default_hook
[INFO] [stdout]    5:     0x62ebc541d6f0 - test[9d35eded1c95d3be]::test_main_inner::<test[9d35eded1c95d3be]::test_main_static::{closure#0}>::{closure#0}
[INFO] [stdout]    6:     0x62ebc56d2ea2 - std[70759c8f55707aa4]::panicking::panic_with_hook
[INFO] [stdout]    7:     0x62ebc56b5c42 - std[70759c8f55707aa4]::panicking::panic_handler::{closure#0}
[INFO] [stdout]    8:     0x62ebc56ae6b9 - std[70759c8f55707aa4]::sys::backtrace::__rust_end_short_backtrace::<std[70759c8f55707aa4]::panicking::panic_handler::{closure#0}, !>
[INFO] [stdout]    9:     0x62ebc56b6a2d - __rustc[8fa7c3cbc660c2b3]::rust_begin_unwind
[INFO] [stdout]   10:     0x62ebc56f360c - core[df12db4294e9bfd3]::panicking::panic_fmt
[INFO] [stdout]   11:     0x62ebc56f33e2 - core[df12db4294e9bfd3]::result::unwrap_failed
[INFO] [stdout]   12:     0x62ebc502a825 - parsing[50ee7e99b41e740d]::test_parsing_essentialproperty::{closure#0}
[INFO] [stdout]   13:     0x62ebc506d663 - <tokio[b95510ffb24d665b]::runtime::scheduler::current_thread::Context>::enter::<core[df12db4294e9bfd3]::task::poll::Poll<()>, <tokio[b95510ffb24d665b]::runtime::scheduler::current_thread::CoreGuard>::block_on<core[df12db4294e9bfd3]::pin::Pin<&mut core[df12db4294e9bfd3]::pin::Pin<&mut dyn core[df12db4294e9bfd3]::future::future::Future<Output = ()>>>>::{closure#0}::{closure#0}>
[INFO] [stdout]   14:     0x62ebc506785c - <tokio[b95510ffb24d665b]::runtime::context::scoped::Scoped<tokio[b95510ffb24d665b]::runtime::scheduler::Context>>::set::<<tokio[b95510ffb24d665b]::runtime::scheduler::current_thread::CoreGuard>::enter<<tokio[b95510ffb24d665b]::runtime::scheduler::current_thread::CoreGuard>::block_on<core[df12db4294e9bfd3]::pin::Pin<&mut core[df12db4294e9bfd3]::pin::Pin<&mut dyn core[df12db4294e9bfd3]::future::future::Future<Output = ()>>>>::{closure#0}, core[df12db4294e9bfd3]::option::Option<()>>::{closure#0}, (alloc[2182bb758b4b3781]::boxed::Box<tokio[b95510ffb24d665b]::runtime::scheduler::current_thread::Core>, core[df12db4294e9bfd3]::option::Option<()>)>
[INFO] [stdout]   15:     0x62ebc506d807 - <tokio[b95510ffb24d665b]::runtime::scheduler::current_thread::CoreGuard>::block_on::<core[df12db4294e9bfd3]::pin::Pin<&mut core[df12db4294e9bfd3]::pin::Pin<&mut dyn core[df12db4294e9bfd3]::future::future::Future<Output = ()>>>>
[INFO] [stdout]   16:     0x62ebc5069ddd - tokio[b95510ffb24d665b]::runtime::context::runtime::enter_runtime::<<tokio[b95510ffb24d665b]::runtime::scheduler::current_thread::CurrentThread>::block_on<core[df12db4294e9bfd3]::pin::Pin<&mut dyn core[df12db4294e9bfd3]::future::future::Future<Output = ()>>>::{closure#0}, ()>
[INFO] [stdout]   17:     0x62ebc50674ee - <tokio[b95510ffb24d665b]::runtime::runtime::Runtime>::block_on::<core[df12db4294e9bfd3]::pin::Pin<&mut dyn core[df12db4294e9bfd3]::future::future::Future<Output = ()>>>
[INFO] [stdout]   18:     0x62ebc503a70e - <parsing[50ee7e99b41e740d]::test_parsing_essentialproperty::{closure#0} as core[df12db4294e9bfd3]::ops::function::FnOnce<()>>::call_once
[INFO] [stdout]   19:     0x62ebc54109db - test[9d35eded1c95d3be]::__rust_begin_short_backtrace::<core[df12db4294e9bfd3]::result::Result<(), alloc[2182bb758b4b3781]::string::String>, fn() -> core[df12db4294e9bfd3]::result::Result<(), alloc[2182bb758b4b3781]::string::String>>
[INFO] [stdout]   20:     0x62ebc541e045 - test[9d35eded1c95d3be]::run_test::{closure#0}
[INFO] [stdout]   21:     0x62ebc5417904 - std[70759c8f55707aa4]::sys::backtrace::__rust_begin_short_backtrace::<test[9d35eded1c95d3be]::run_test::{closure#1}, ()>
[INFO] [stdout]   22:     0x62ebc54211a2 - <std[70759c8f55707aa4]::thread::lifecycle::spawn_unchecked<test[9d35eded1c95d3be]::run_test::{closure#1}, ()>::{closure#1} as core[df12db4294e9bfd3]::ops::function::FnOnce<()>>::call_once::{shim:vtable#0}
[INFO] [stdout]   23:     0x62ebc56da929 - <std[70759c8f55707aa4]::sys::thread::unix::Thread>::new::thread_start
[INFO] [stdout]   24:     0x741c43892dfa - <unknown>
[INFO] [stdout]   25:     0x741c439263d4 - clone
[INFO] [stdout]   26:                0x0 - <unknown>
[INFO] [stdout] 
[INFO] [stdout] ---- test_parsing_eventstream stdout ----
[INFO] [stdout] 
[INFO] [stdout] thread 'test_parsing_eventstream' (3510) panicked at tests/parsing.rs:873:10:
[INFO] [stdout] requesting MPD content: reqwest::Error { kind: Request, url: "https://raw.githubusercontent.com/MPEGGroup/DASHSchema/5th-Ed-AMD1/example_G9.mpd", source: hyper_util::client::legacy::Error(Connect, ConnectError("dns error", DnsError { inner: Custom { kind: Uncategorized, error: "failed to lookup address information: Temporary failure in name resolution" } })) }
[INFO] [stdout] stack backtrace:
[INFO] [stdout]    0:     0x62ebc56db771 - <<std[70759c8f55707aa4]::sys::backtrace::BacktraceLock>::print::DisplayBacktrace as core[df12db4294e9bfd3]::fmt::Display>::fmt
[INFO] [stdout]    1:     0x62ebc56f2e2a - core[df12db4294e9bfd3]::fmt::write
[INFO] [stdout]    2:     0x62ebc56e067c - <alloc[2182bb758b4b3781]::vec::Vec<u8> as core[df12db4294e9bfd3]::io::write::Write>::write_fmt
[INFO] [stdout]    3:     0x62ebc56b5b96 - std[70759c8f55707aa4]::panicking::default_hook::{closure#0}
[INFO] [stdout]    4:     0x62ebc56d2b79 - std[70759c8f55707aa4]::panicking::default_hook
[INFO] [stdout]    5:     0x62ebc541d6f0 - test[9d35eded1c95d3be]::test_main_inner::<test[9d35eded1c95d3be]::test_main_static::{closure#0}>::{closure#0}
[INFO] [stdout]    6:     0x62ebc56d2ea2 - std[70759c8f55707aa4]::panicking::panic_with_hook
[INFO] [stdout]    7:     0x62ebc56b5c42 - std[70759c8f55707aa4]::panicking::panic_handler::{closure#0}
[INFO] [stdout]    8:     0x62ebc56ae6b9 - std[70759c8f55707aa4]::sys::backtrace::__rust_end_short_backtrace::<std[70759c8f55707aa4]::panicking::panic_handler::{closure#0}, !>
[INFO] [stdout]    9:     0x62ebc56b6a2d - __rustc[8fa7c3cbc660c2b3]::rust_begin_unwind
[INFO] [stdout]   10:     0x62ebc56f360c - core[df12db4294e9bfd3]::panicking::panic_fmt
[INFO] [stdout]   11:     0x62ebc56f33e2 - core[df12db4294e9bfd3]::result::unwrap_failed
[INFO] [stdout]   12:     0x62ebc5026ecc - parsing[50ee7e99b41e740d]::test_parsing_eventstream::{closure#0}
[INFO] [stdout]   13:     0x62ebc506d663 - <tokio[b95510ffb24d665b]::runtime::scheduler::current_thread::Context>::enter::<core[df12db4294e9bfd3]::task::poll::Poll<()>, <tokio[b95510ffb24d665b]::runtime::scheduler::current_thread::CoreGuard>::block_on<core[df12db4294e9bfd3]::pin::Pin<&mut core[df12db4294e9bfd3]::pin::Pin<&mut dyn core[df12db4294e9bfd3]::future::future::Future<Output = ()>>>>::{closure#0}::{closure#0}>
[INFO] [stdout]   14:     0x62ebc506785c - <tokio[b95510ffb24d665b]::runtime::context::scoped::Scoped<tokio[b95510ffb24d665b]::runtime::scheduler::Context>>::set::<<tokio[b95510ffb24d665b]::runtime::scheduler::current_thread::CoreGuard>::enter<<tokio[b95510ffb24d665b]::runtime::scheduler::current_thread::CoreGuard>::block_on<core[df12db4294e9bfd3]::pin::Pin<&mut core[df12db4294e9bfd3]::pin::Pin<&mut dyn core[df12db4294e9bfd3]::future::future::Future<Output = ()>>>>::{closure#0}, core[df12db4294e9bfd3]::option::Option<()>>::{closure#0}, (alloc[2182bb758b4b3781]::boxed::Box<tokio[b95510ffb24d665b]::runtime::scheduler::current_thread::Core>, core[df12db4294e9bfd3]::option::Option<()>)>
[INFO] [stdout]   15:     0x62ebc506d807 - <tokio[b95510ffb24d665b]::runtime::scheduler::current_thread::CoreGuard>::block_on::<core[df12db4294e9bfd3]::pin::Pin<&mut core[df12db4294e9bfd3]::pin::Pin<&mut dyn core[df12db4294e9bfd3]::future::future::Future<Output = ()>>>>
[INFO] [stdout]   16:     0x62ebc5069ddd - tokio[b95510ffb24d665b]::runtime::context::runtime::enter_runtime::<<tokio[b95510ffb24d665b]::runtime::scheduler::current_thread::CurrentThread>::block_on<core[df12db4294e9bfd3]::pin::Pin<&mut dyn core[df12db4294e9bfd3]::future::future::Future<Output = ()>>>::{closure#0}, ()>
[INFO] [stdout]   17:     0x62ebc50674ee - <tokio[b95510ffb24d665b]::runtime::runtime::Runtime>::block_on::<core[df12db4294e9bfd3]::pin::Pin<&mut dyn core[df12db4294e9bfd3]::future::future::Future<Output = ()>>>
[INFO] [stdout]   18:     0x62ebc503624e - <parsing[50ee7e99b41e740d]::test_parsing_eventstream::{closure#0} as core[df12db4294e9bfd3]::ops::function::FnOnce<()>>::call_once
[INFO] [stdout]   19:     0x62ebc54109db - test[9d35eded1c95d3be]::__rust_begin_short_backtrace::<core[df12db4294e9bfd3]::result::Result<(), alloc[2182bb758b4b3781]::string::String>, fn() -> core[df12db4294e9bfd3]::result::Result<(), alloc[2182bb758b4b3781]::string::String>>
[INFO] [stdout]   20:     0x62ebc541e045 - test[9d35eded1c95d3be]::run_test::{closure#0}
[INFO] [stdout]   21:     0x62ebc5417904 - std[70759c8f55707aa4]::sys::backtrace::__rust_begin_short_backtrace::<test[9d35eded1c95d3be]::run_test::{closure#1}, ()>
[INFO] [stdout]   22:     0x62ebc54211a2 - <std[70759c8f55707aa4]::thread::lifecycle::spawn_unchecked<test[9d35eded1c95d3be]::run_test::{closure#1}, ()>::{closure#1} as core[df12db4294e9bfd3]::ops::function::FnOnce<()>>::call_once::{shim:vtable#0}
[INFO] [stdout]   23:     0x62ebc56da929 - <std[70759c8f55707aa4]::sys::thread::unix::Thread>::new::thread_start
[INFO] [stdout]   24:     0x741c43892dfa - <unknown>
[INFO] [stdout]   25:     0x741c439263d4 - clone
[INFO] [stdout]   26:                0x0 - <unknown>
[INFO] [stdout] 
[INFO] [stdout] ---- test_parsing_multiple_baseurl stdout ----
[INFO] [stdout] 
[INFO] [stdout] thread 'test_parsing_multiple_baseurl' (3513) panicked at tests/parsing.rs:956:10:
[INFO] [stdout] requesting MPD content: reqwest::Error { kind: Request, url: "http://rdmedia.bbc.co.uk/testcard/vod/manifests/avc-mobile.mpd", source: hyper_util::client::legacy::Error(Connect, ConnectError("dns error", DnsError { inner: Custom { kind: Uncategorized, error: "failed to lookup address information: Temporary failure in name resolution" } })) }
[INFO] [stdout] stack backtrace:
[INFO] [stdout]    0:     0x62ebc56db771 - <<std[70759c8f55707aa4]::sys::backtrace::BacktraceLock>::print::DisplayBacktrace as core[df12db4294e9bfd3]::fmt::Display>::fmt
[INFO] [stdout]    1:     0x62ebc56f2e2a - core[df12db4294e9bfd3]::fmt::write
[INFO] [stdout]    2:     0x62ebc56e067c - <alloc[2182bb758b4b3781]::vec::Vec<u8> as core[df12db4294e9bfd3]::io::write::Write>::write_fmt
[INFO] [stdout]    3:     0x62ebc56b5b96 - std[70759c8f55707aa4]::panicking::default_hook::{closure#0}
[INFO] [stdout]    4:     0x62ebc56d2b79 - std[70759c8f55707aa4]::panicking::default_hook
[INFO] [stdout]    5:     0x62ebc541d6f0 - test[9d35eded1c95d3be]::test_main_inner::<test[9d35eded1c95d3be]::test_main_static::{closure#0}>::{closure#0}
[INFO] [stdout]    6:     0x62ebc56d2ea2 - std[70759c8f55707aa4]::panicking::panic_with_hook
[INFO] [stdout]    7:     0x62ebc56b5c42 - std[70759c8f55707aa4]::panicking::panic_handler::{closure#0}
[INFO] [stdout]    8:     0x62ebc56ae6b9 - std[70759c8f55707aa4]::sys::backtrace::__rust_end_short_backtrace::<std[70759c8f55707aa4]::panicking::panic_handler::{closure#0}, !>
[INFO] [stdout]    9:     0x62ebc56b6a2d - __rustc[8fa7c3cbc660c2b3]::rust_begin_unwind
[INFO] [stdout]   10:     0x62ebc56f360c - core[df12db4294e9bfd3]::panicking::panic_fmt
[INFO] [stdout]   11:     0x62ebc56f33e2 - core[df12db4294e9bfd3]::result::unwrap_failed
[INFO] [stdout]   12:     0x62ebc5029d54 - parsing[50ee7e99b41e740d]::test_parsing_multiple_baseurl::{closure#0}
[INFO] [stdout]   13:     0x62ebc506d663 - <tokio[b95510ffb24d665b]::runtime::scheduler::current_thread::Context>::enter::<core[df12db4294e9bfd3]::task::poll::Poll<()>, <tokio[b95510ffb24d665b]::runtime::scheduler::current_thread::CoreGuard>::block_on<core[df12db4294e9bfd3]::pin::Pin<&mut core[df12db4294e9bfd3]::pin::Pin<&mut dyn core[df12db4294e9bfd3]::future::future::Future<Output = ()>>>>::{closure#0}::{closure#0}>
[INFO] [stdout]   14:     0x62ebc506785c - <tokio[b95510ffb24d665b]::runtime::context::scoped::Scoped<tokio[b95510ffb24d665b]::runtime::scheduler::Context>>::set::<<tokio[b95510ffb24d665b]::runtime::scheduler::current_thread::CoreGuard>::enter<<tokio[b95510ffb24d665b]::runtime::scheduler::current_thread::CoreGuard>::block_on<core[df12db4294e9bfd3]::pin::Pin<&mut core[df12db4294e9bfd3]::pin::Pin<&mut dyn core[df12db4294e9bfd3]::future::future::Future<Output = ()>>>>::{closure#0}, core[df12db4294e9bfd3]::option::Option<()>>::{closure#0}, (alloc[2182bb758b4b3781]::boxed::Box<tokio[b95510ffb24d665b]::runtime::scheduler::current_thread::Core>, core[df12db4294e9bfd3]::option::Option<()>)>
[INFO] [stdout]   15:     0x62ebc506d807 - <tokio[b95510ffb24d665b]::runtime::scheduler::current_thread::CoreGuard>::block_on::<core[df12db4294e9bfd3]::pin::Pin<&mut core[df12db4294e9bfd3]::pin::Pin<&mut dyn core[df12db4294e9bfd3]::future::future::Future<Output = ()>>>>
[INFO] [stdout]   16:     0x62ebc5069ddd - tokio[b95510ffb24d665b]::runtime::context::runtime::enter_runtime::<<tokio[b95510ffb24d665b]::runtime::scheduler::current_thread::CurrentThread>::block_on<core[df12db4294e9bfd3]::pin::Pin<&mut dyn core[df12db4294e9bfd3]::future::future::Future<Output = ()>>>::{closure#0}, ()>
[INFO] [stdout]   17:     0x62ebc50674ee - <tokio[b95510ffb24d665b]::runtime::runtime::Runtime>::block_on::<core[df12db4294e9bfd3]::pin::Pin<&mut dyn core[df12db4294e9bfd3]::future::future::Future<Output = ()>>>
[INFO] [stdout]   18:     0x62ebc503a5ae - <parsing[50ee7e99b41e740d]::test_parsing_multiple_baseurl::{closure#0} as core[df12db4294e9bfd3]::ops::function::FnOnce<()>>::call_once
[INFO] [stdout]   19:     0x62ebc54109db - test[9d35eded1c95d3be]::__rust_begin_short_backtrace::<core[df12db4294e9bfd3]::result::Result<(), alloc[2182bb758b4b3781]::string::String>, fn() -> core[df12db4294e9bfd3]::result::Result<(), alloc[2182bb758b4b3781]::string::String>>
[INFO] [stdout]   20:     0x62ebc541e045 - test[9d35eded1c95d3be]::run_test::{closure#0}
[INFO] [stdout]   21:     0x62ebc5417904 - std[70759c8f55707aa4]::sys::backtrace::__rust_begin_short_backtrace::<test[9d35eded1c95d3be]::run_test::{closure#1}, ()>
[INFO] [stdout]   22:     0x62ebc54211a2 - <std[70759c8f55707aa4]::thread::lifecycle::spawn_unchecked<test[9d35eded1c95d3be]::run_test::{closure#1}, ()>::{closure#1} as core[df12db4294e9bfd3]::ops::function::FnOnce<()>>::call_once::{shim:vtable#0}
[INFO] [stdout]   23:     0x62ebc56da929 - <std[70759c8f55707aa4]::sys::thread::unix::Thread>::new::thread_start
[INFO] [stdout]   24:     0x741c43892dfa - <unknown>
[INFO] [stdout]   25:     0x741c439263d4 - clone
[INFO] [stdout]   26:                0x0 - <unknown>
[INFO] [stdout] 
[INFO] [stdout] ---- test_parsing_supplementalproperty stdout ----
[INFO] [stdout] 
[INFO] [stdout] thread 'test_parsing_supplementalproperty' (3520) panicked at tests/parsing.rs:901:10:
[INFO] [stdout] requesting MPD content: reqwest::Error { kind: Request, url: "https://raw.githubusercontent.com/MPEGGroup/DASHSchema/5th-Ed-AMD1/example_H2.mpd", source: hyper_util::client::legacy::Error(Connect, ConnectError("dns error", DnsError { inner: Custom { kind: Uncategorized, error: "failed to lookup address information: Temporary failure in name resolution" } })) }
[INFO] [stdout] stack backtrace:
[INFO] [stdout]    0:     0x62ebc56db771 - <<std[70759c8f55707aa4]::sys::backtrace::BacktraceLock>::print::DisplayBacktrace as core[df12db4294e9bfd3]::fmt::Display>::fmt
[INFO] [stdout]    1:     0x62ebc56f2e2a - core[df12db4294e9bfd3]::fmt::write
[INFO] [stdout]    2:     0x62ebc56e067c - <alloc[2182bb758b4b3781]::vec::Vec<u8> as core[df12db4294e9bfd3]::io::write::Write>::write_fmt
[INFO] [stdout]    3:     0x62ebc56b5b96 - std[70759c8f55707aa4]::panicking::default_hook::{closure#0}
[INFO] [stdout]    4:     0x62ebc56d2b79 - std[70759c8f55707aa4]::panicking::default_hook
[INFO] [stdout]    5:     0x62ebc541d6f0 - test[9d35eded1c95d3be]::test_main_inner::<test[9d35eded1c95d3be]::test_main_static::{closure#0}>::{closure#0}
[INFO] [stdout]    6:     0x62ebc56d2ea2 - std[70759c8f55707aa4]::panicking::panic_with_hook
[INFO] [stdout]    7:     0x62ebc56b5c42 - std[70759c8f55707aa4]::panicking::panic_handler::{closure#0}
[INFO] [stdout]    8:     0x62ebc56ae6b9 - std[70759c8f55707aa4]::sys::backtrace::__rust_end_short_backtrace::<std[70759c8f55707aa4]::panicking::panic_handler::{closure#0}, !>
[INFO] [stdout]    9:     0x62ebc56b6a2d - __rustc[8fa7c3cbc660c2b3]::rust_begin_unwind
[INFO] [stdout]   10:     0x62ebc56f360c - core[df12db4294e9bfd3]::panicking::panic_fmt
[INFO] [stdout]   11:     0x62ebc56f33e2 - core[df12db4294e9bfd3]::result::unwrap_failed
[INFO] [stdout]   12:     0x62ebc502c67b - parsing[50ee7e99b41e740d]::test_parsing_supplementalproperty::{closure#0}
[INFO] [stdout]   13:     0x62ebc506d663 - <tokio[b95510ffb24d665b]::runtime::scheduler::current_thread::Context>::enter::<core[df12db4294e9bfd3]::task::poll::Poll<()>, <tokio[b95510ffb24d665b]::runtime::scheduler::current_thread::CoreGuard>::block_on<core[df12db4294e9bfd3]::pin::Pin<&mut core[df12db4294e9bfd3]::pin::Pin<&mut dyn core[df12db4294e9bfd3]::future::future::Future<Output = ()>>>>::{closure#0}::{closure#0}>
[INFO] [stdout]   14:     0x62ebc506785c - <tokio[b95510ffb24d665b]::runtime::context::scoped::Scoped<tokio[b95510ffb24d665b]::runtime::scheduler::Context>>::set::<<tokio[b95510ffb24d665b]::runtime::scheduler::current_thread::CoreGuard>::enter<<tokio[b95510ffb24d665b]::runtime::scheduler::current_thread::CoreGuard>::block_on<core[df12db4294e9bfd3]::pin::Pin<&mut core[df12db4294e9bfd3]::pin::Pin<&mut dyn core[df12db4294e9bfd3]::future::future::Future<Output = ()>>>>::{closure#0}, core[df12db4294e9bfd3]::option::Option<()>>::{closure#0}, (alloc[2182bb758b4b3781]::boxed::Box<tokio[b95510ffb24d665b]::runtime::scheduler::current_thread::Core>, core[df12db4294e9bfd3]::option::Option<()>)>
[INFO] [stdout]   15:     0x62ebc506d807 - <tokio[b95510ffb24d665b]::runtime::scheduler::current_thread::CoreGuard>::block_on::<core[df12db4294e9bfd3]::pin::Pin<&mut core[df12db4294e9bfd3]::pin::Pin<&mut dyn core[df12db4294e9bfd3]::future::future::Future<Output = ()>>>>
[INFO] [stdout]   16:     0x62ebc5069ddd - tokio[b95510ffb24d665b]::runtime::context::runtime::enter_runtime::<<tokio[b95510ffb24d665b]::runtime::scheduler::current_thread::CurrentThread>::block_on<core[df12db4294e9bfd3]::pin::Pin<&mut dyn core[df12db4294e9bfd3]::future::future::Future<Output = ()>>>::{closure#0}, ()>
[INFO] [stdout]   17:     0x62ebc50674ee - <tokio[b95510ffb24d665b]::runtime::runtime::Runtime>::block_on::<core[df12db4294e9bfd3]::pin::Pin<&mut dyn core[df12db4294e9bfd3]::future::future::Future<Output = ()>>>
[INFO] [stdout]   18:     0x62ebc503ac6e - <parsing[50ee7e99b41e740d]::test_parsing_supplementalproperty::{closure#0} as core[df12db4294e9bfd3]::ops::function::FnOnce<()>>::call_once
[INFO] [stdout]   19:     0x62ebc54109db - test[9d35eded1c95d3be]::__rust_begin_short_backtrace::<core[df12db4294e9bfd3]::result::Result<(), alloc[2182bb758b4b3781]::string::String>, fn() -> core[df12db4294e9bfd3]::result::Result<(), alloc[2182bb758b4b3781]::string::String>>
[INFO] [stdout]   20:     0x62ebc541e045 - test[9d35eded1c95d3be]::run_test::{closure#0}
[INFO] [stdout]   21:     0x62ebc5417904 - std[70759c8f55707aa4]::sys::backtrace::__rust_begin_short_backtrace::<test[9d35eded1c95d3be]::run_test::{closure#1}, ()>
[INFO] [stdout]   22:     0x62ebc54211a2 - <std[70759c8f55707aa4]::thread::lifecycle::spawn_unchecked<test[9d35eded1c95d3be]::run_test::{closure#1}, ()>::{closure#1} as core[df12db4294e9bfd3]::ops::function::FnOnce<()>>::call_once::{shim:vtable#0}
[INFO] [stdout]   23:     0x62ebc56da929 - <std[70759c8f55707aa4]::sys::thread::unix::Thread>::new::thread_start
[INFO] [stdout]   24:     0x741c43892dfa - <unknown>
[INFO] [stdout]   25:     0x741c439263d4 - clone
[INFO] [stdout]   26:                0x0 - <unknown>
[INFO] [stdout] 
[INFO] [stdout] ---- test_parsing_online stdout ----
[INFO] [stdout] 
[INFO] [stdout] thread 'test_parsing_online' (3515) panicked at tests/parsing.rs:731:14:
[INFO] [stdout] requesting MPD content: reqwest::Error { kind: Request, url: "https://raw.githubusercontent.com/MPEGGroup/DASHSchema/5th-Ed-AMD1/example_H3.mpd", source: hyper_util::client::legacy::Error(Connect, ConnectError("dns error", DnsError { inner: Custom { kind: Uncategorized, error: "failed to lookup address information: Temporary failure in name resolution" } })) }
[INFO] [stdout] stack backtrace:
[INFO] [stdout]    0:     0x62ebc56db771 - <<std[70759c8f55707aa4]::sys::backtrace::BacktraceLock>::print::DisplayBacktrace as core[df12db4294e9bfd3]::fmt::Display>::fmt
[INFO] [stdout]    1:     0x62ebc56f2e2a - core[df12db4294e9bfd3]::fmt::write
[INFO] [stdout]    2:     0x62ebc56e067c - <alloc[2182bb758b4b3781]::vec::Vec<u8> as core[df12db4294e9bfd3]::io::write::Write>::write_fmt
[INFO] [stdout]    3:     0x62ebc56b5b96 - std[70759c8f55707aa4]::panicking::default_hook::{closure#0}
[INFO] [stdout]    4:     0x62ebc56d2b79 - std[70759c8f55707aa4]::panicking::default_hook
[INFO] [stdout]    5:     0x62ebc541d6f0 - test[9d35eded1c95d3be]::test_main_inner::<test[9d35eded1c95d3be]::test_main_static::{closure#0}>::{closure#0}
[INFO] [stdout]    6:     0x62ebc56d2ea2 - std[70759c8f55707aa4]::panicking::panic_with_hook
[INFO] [stdout]    7:     0x62ebc56b5c42 - std[70759c8f55707aa4]::panicking::panic_handler::{closure#0}
[INFO] [stdout]    8:     0x62ebc56ae6b9 - std[70759c8f55707aa4]::sys::backtrace::__rust_end_short_backtrace::<std[70759c8f55707aa4]::panicking::panic_handler::{closure#0}, !>
[INFO] [stdout]    9:     0x62ebc56b6a2d - __rustc[8fa7c3cbc660c2b3]::rust_begin_unwind
[INFO] [stdout]   10:     0x62ebc56f360c - core[df12db4294e9bfd3]::panicking::panic_fmt
[INFO] [stdout]   11:     0x62ebc56f33e2 - core[df12db4294e9bfd3]::result::unwrap_failed
[INFO] [stdout]   12:     0x62ebc502de0f - parsing[50ee7e99b41e740d]::test_parsing_online::{closure#0}::check_mpd::{closure#0}
[INFO] [stdout]   13:     0x62ebc50250ab - parsing[50ee7e99b41e740d]::test_parsing_online::{closure#0}
[INFO] [stdout]   14:     0x62ebc506d663 - <tokio[b95510ffb24d665b]::runtime::scheduler::current_thread::Context>::enter::<core[df12db4294e9bfd3]::task::poll::Poll<()>, <tokio[b95510ffb24d665b]::runtime::scheduler::current_thread::CoreGuard>::block_on<core[df12db4294e9bfd3]::pin::Pin<&mut core[df12db4294e9bfd3]::pin::Pin<&mut dyn core[df12db4294e9bfd3]::future::future::Future<Output = ()>>>>::{closure#0}::{closure#0}>
[INFO] [stdout]   15:     0x62ebc506785c - <tokio[b95510ffb24d665b]::runtime::context::scoped::Scoped<tokio[b95510ffb24d665b]::runtime::scheduler::Context>>::set::<<tokio[b95510ffb24d665b]::runtime::scheduler::current_thread::CoreGuard>::enter<<tokio[b95510ffb24d665b]::runtime::scheduler::current_thread::CoreGuard>::block_on<core[df12db4294e9bfd3]::pin::Pin<&mut core[df12db4294e9bfd3]::pin::Pin<&mut dyn core[df12db4294e9bfd3]::future::future::Future<Output = ()>>>>::{closure#0}, core[df12db4294e9bfd3]::option::Option<()>>::{closure#0}, (alloc[2182bb758b4b3781]::boxed::Box<tokio[b95510ffb24d665b]::runtime::scheduler::current_thread::Core>, core[df12db4294e9bfd3]::option::Option<()>)>
[INFO] [stdout]   16:     0x62ebc506d807 - <tokio[b95510ffb24d665b]::runtime::scheduler::current_thread::CoreGuard>::block_on::<core[df12db4294e9bfd3]::pin::Pin<&mut core[df12db4294e9bfd3]::pin::Pin<&mut dyn core[df12db4294e9bfd3]::future::future::Future<Output = ()>>>>
[INFO] [stdout]   17:     0x62ebc5069ddd - tokio[b95510ffb24d665b]::runtime::context::runtime::enter_runtime::<<tokio[b95510ffb24d665b]::runtime::scheduler::current_thread::CurrentThread>::block_on<core[df12db4294e9bfd3]::pin::Pin<&mut dyn core[df12db4294e9bfd3]::future::future::Future<Output = ()>>>::{closure#0}, ()>
[INFO] [stdout]   18:     0x62ebc50674ee - <tokio[b95510ffb24d665b]::runtime::runtime::Runtime>::block_on::<core[df12db4294e9bfd3]::pin::Pin<&mut dyn core[df12db4294e9bfd3]::future::future::Future<Output = ()>>>
[INFO] [stdout]   19:     0x62ebc5033a7e - <parsing[50ee7e99b41e740d]::test_parsing_online::{closure#0} as core[df12db4294e9bfd3]::ops::function::FnOnce<()>>::call_once
[INFO] [stdout]   20:     0x62ebc54109db - test[9d35eded1c95d3be]::__rust_begin_short_backtrace::<core[df12db4294e9bfd3]::result::Result<(), alloc[2182bb758b4b3781]::string::String>, fn() -> core[df12db4294e9bfd3]::result::Result<(), alloc[2182bb758b4b3781]::string::String>>
[INFO] [stdout]   21:     0x62ebc541e045 - test[9d35eded1c95d3be]::run_test::{closure#0}
[INFO] [stdout]   22:     0x62ebc5417904 - std[70759c8f55707aa4]::sys::backtrace::__rust_begin_short_backtrace::<test[9d35eded1c95d3be]::run_test::{closure#1}, ()>
[INFO] [stdout]   23:     0x62ebc54211a2 - <std[70759c8f55707aa4]::thread::lifecycle::spawn_unchecked<test[9d35eded1c95d3be]::run_test::{closure#1}, ()>::{closure#1} as core[df12db4294e9bfd3]::ops::function::FnOnce<()>>::call_once::{shim:vtable#0}
[INFO] [stdout]   24:     0x62ebc56da929 - <std[70759c8f55707aa4]::sys::thread::unix::Thread>::new::thread_start
[INFO] [stdout]   25:     0x741c43892dfa - <unknown>
[INFO] [stdout]   26:     0x741c439263d4 - clone
[INFO] [stdout]   27:                0x0 - <unknown>
[INFO] [stdout] 
[INFO] [stdout] 
[INFO] [stdout] failures:
[INFO] [stdout]     test_content_protection
[INFO] [stdout]     test_label
[INFO] [stdout]     test_parse_low_latency_usp
[INFO] [stdout]     test_parsing_essentialproperty
[INFO] [stdout]     test_parsing_eventstream
[INFO] [stdout]     test_parsing_leapsecond_information
[INFO] [stdout]     test_parsing_multiple_baseurl
[INFO] [stdout]     test_parsing_namespacing
[INFO] [stdout]     test_parsing_online
[INFO] [stdout]     test_parsing_servicelocation
[INFO] [stdout]     test_parsing_subrepresentations
[INFO] [stdout]     test_parsing_supplementalproperty
[INFO] [stdout]     test_pi_copyright
[INFO] [stdout]     test_supplemental_extension_type
[INFO] [stdout]     test_supplemental_property
[INFO] [stdout] 
[INFO] [stdout] test result: FAILED. 13 passed; 15 failed; 0 ignored; 0 measured; 0 filtered out; finished in 0.16s
[INFO] [stdout] 
[INFO] running `Command { std: "docker" "inspect" "bee28c0e4436bffd596f3a1b2a748c31d13cf6b01f89c47045a10138152228fd", kill_on_drop: false }`
[INFO] running `Command { std: "docker" "rm" "-f" "bee28c0e4436bffd596f3a1b2a748c31d13cf6b01f89c47045a10138152228fd", kill_on_drop: false }`
[INFO] [stdout] bee28c0e4436bffd596f3a1b2a748c31d13cf6b01f89c47045a10138152228fd
