[INFO] fetching crate darwinscope 0.1.4...
[INFO] testing darwinscope-0.1.4 against 1.100.0-beta.1+cargoflags=--release for beta-release-1.100-2
[INFO] extracting crate darwinscope 0.1.4 into /workspace/builds/worker-0-tc2/source
[INFO] started tweaking crates.io crate darwinscope 0.1.4
[INFO] removed 0 missing examples
[INFO] removed 0 missing tests
[INFO] finished tweaking crates.io crate darwinscope 0.1.4
[INFO] tweaked toml for crates.io crate darwinscope 0.1.4 written to /workspace/builds/worker-0-tc2/source/Cargo.toml
[INFO] validating manifest of crates.io crate darwinscope 0.1.4 on toolchain 1.100.0-beta.1
[INFO] running `Command { std: CARGO_HOME="/workspace/cargo-home" RUSTUP_HOME="/workspace/rustup-home" "/workspace/cargo-home/bin/cargo" "+1.100.0-beta.1" "metadata" "--manifest-path" "Cargo.toml" "--no-deps", kill_on_drop: false }`
[INFO] crate crates.io crate darwinscope 0.1.4 already has a lockfile, it will not be regenerated
[INFO] running `Command { std: CARGO_HOME="/workspace/cargo-home" RUSTUP_HOME="/workspace/rustup-home" "/workspace/cargo-home/bin/cargo" "+1.100.0-beta.1" "fetch" "--manifest-path" "Cargo.toml", kill_on_drop: false }`
[INFO] running `Command { std: "docker" "create" "-v" "/var/lib/crater-agent-workspace/builds/worker-0-tc2/source:/opt/rustwide/workdir:ro,Z" "-v" "/var/lib/crater-agent-workspace/builds/worker-0-tc2/target:/opt/rustwide/target:rw,Z" "-v" "/var/lib/crater-agent-workspace/cargo-home:/opt/rustwide/cargo-home:ro,Z" "-v" "/var/lib/crater-agent-workspace/rustup-home:/opt/rustwide/rustup-home:ro,Z" "-m" "1610612736" "--network" "none" "ghcr.io/rust-lang/crates-build-env/linux@sha256:77db811e55d90add9212f6832c23229e3de5f1c1f9905e8cb07319ea15df73ac" "sleep" "infinity", kill_on_drop: false }`
[INFO] [stdout] 4eed3ac22745b4ffe3e932b9be30eef446dc467734e1e58d4c6fc4bcb82cd5eb
[INFO] running `Command { std: "docker" "start" "4eed3ac22745b4ffe3e932b9be30eef446dc467734e1e58d4c6fc4bcb82cd5eb", kill_on_drop: false }`
[INFO] running `Command { std: "docker" "inspect" "4eed3ac22745b4ffe3e932b9be30eef446dc467734e1e58d4c6fc4bcb82cd5eb", kill_on_drop: false }`
[INFO] running `Command { std: "docker" "exec" "-e" "SOURCE_DIR=/opt/rustwide/workdir" "-e" "CARGO_HOME=/opt/rustwide/cargo-home" "-e" "RUSTUP_HOME=/opt/rustwide/rustup-home" "-e" "CARGO_TARGET_DIR=/opt/rustwide/target" "-w" "/opt/rustwide/workdir" "--user" "0:0" "4eed3ac22745b4ffe3e932b9be30eef446dc467734e1e58d4c6fc4bcb82cd5eb" "/opt/rustwide/cargo-home/bin/cargo" "+1.100.0-beta.1" "metadata" "--no-deps" "--format-version=1", kill_on_drop: false }`
[INFO] running `Command { std: "docker" "inspect" "4eed3ac22745b4ffe3e932b9be30eef446dc467734e1e58d4c6fc4bcb82cd5eb", kill_on_drop: false }`
[INFO] running `Command { std: "docker" "exec" "-e" "SOURCE_DIR=/opt/rustwide/workdir" "-e" "CARGO_HOME=/opt/rustwide/cargo-home" "-e" "RUSTUP_HOME=/opt/rustwide/rustup-home" "-e" "CARGO_TARGET_DIR=/opt/rustwide/target" "-e" "CARGO_INCREMENTAL=0" "-e" "RUST_BACKTRACE=full" "-e" "RUSTFLAGS=--cap-lints=warn" "-e" "RUSTDOCFLAGS=--cap-lints=warn" "-w" "/opt/rustwide/workdir" "--user" "0:0" "4eed3ac22745b4ffe3e932b9be30eef446dc467734e1e58d4c6fc4bcb82cd5eb" "/opt/rustwide/cargo-home/bin/cargo" "+1.100.0-beta.1" "build" "--frozen" "--message-format=json" "--release", kill_on_drop: false }`
[INFO] [stderr]    Compiling unicode-ident v1.0.26
[INFO] [stderr]    Compiling typenum v1.20.1
[INFO] [stderr]    Compiling serde v1.0.229
[INFO] [stderr]    Compiling cpufeatures v0.3.1
[INFO] [stderr]    Compiling powerfmt v0.2.1
[INFO] [stderr]    Compiling deranged v0.5.8
[INFO] [stderr]    Compiling num-conv v0.2.2
[INFO] [stderr]    Compiling const-oid v0.10.2
[INFO] [stderr]    Compiling cc v1.7.0
[INFO] [stderr]    Compiling time-core v0.1.9
[INFO] [stderr]    Compiling indexmap v2.14.2
[INFO] [stderr]    Compiling quick-xml v0.42.0
[INFO] [stderr]    Compiling plain v0.2.3
[INFO] [stderr]    Compiling arrayvec v0.7.8
[INFO] [stderr]    Compiling base64 v0.23.1
[INFO] [stderr]    Compiling constant_time_eq v0.4.2
[INFO] [stderr]    Compiling proc-macro2 v1.0.107
[INFO] [stderr]    Compiling quote v1.0.47
[INFO] [stderr]    Compiling syn v3.0.6
[INFO] [stderr]    Compiling hybrid-array v0.4.15
[INFO] [stderr]    Compiling blake3 v1.8.7
[INFO] [stderr]    Compiling crypto-common v0.2.2
[INFO] [stderr]    Compiling block-buffer v0.12.1
[INFO] [stderr]    Compiling time v0.3.55
[INFO] [stderr]    Compiling scroll_derive v0.13.2
[INFO] [stderr]    Compiling digest v0.11.3
[INFO] [stderr]    Compiling sha2 v0.11.0
[INFO] [stderr]    Compiling scroll v0.13.0
[INFO] [stderr]    Compiling goblin v0.10.7
[INFO] [stderr]    Compiling plist v1.10.1
[INFO] [stderr]    Compiling darwinscope v0.1.4 (/opt/rustwide/workdir)
[INFO] [stderr]     Finished `release` profile [optimized] target(s) in 28.11s
[INFO] running `Command { std: "docker" "inspect" "4eed3ac22745b4ffe3e932b9be30eef446dc467734e1e58d4c6fc4bcb82cd5eb", kill_on_drop: false }`
[INFO] running `Command { std: "docker" "exec" "-e" "SOURCE_DIR=/opt/rustwide/workdir" "-e" "CARGO_HOME=/opt/rustwide/cargo-home" "-e" "RUSTUP_HOME=/opt/rustwide/rustup-home" "-e" "CARGO_TARGET_DIR=/opt/rustwide/target" "-e" "CARGO_INCREMENTAL=0" "-e" "RUST_BACKTRACE=full" "-e" "RUSTFLAGS=--cap-lints=warn" "-e" "RUSTDOCFLAGS=--cap-lints=warn" "-w" "/opt/rustwide/workdir" "--user" "0:0" "4eed3ac22745b4ffe3e932b9be30eef446dc467734e1e58d4c6fc4bcb82cd5eb" "/opt/rustwide/cargo-home/bin/cargo" "+1.100.0-beta.1" "test" "--frozen" "--no-run" "--message-format=json" "--release", kill_on_drop: false }`
[INFO] [stderr]    Compiling libc v0.2.190
[INFO] [stderr]    Compiling getrandom v0.3.4
[INFO] [stderr]    Compiling rustix v1.1.5
[INFO] [stderr]    Compiling bitflags v2.13.2
[INFO] [stderr]    Compiling zerocopy v0.8.62
[INFO] [stderr]    Compiling getrandom v0.4.3
[INFO] [stderr]    Compiling linux-raw-sys v0.12.1
[INFO] [stderr]    Compiling num-traits v0.2.19
[INFO] [stderr]    Compiling quick-error v1.2.3
[INFO] [stderr]    Compiling bit-vec v0.8.0
[INFO] [stderr]    Compiling fnv v1.0.7
[INFO] [stderr]    Compiling unarray v0.1.4
[INFO] [stderr]    Compiling regex-syntax v0.8.11
[INFO] [stderr]    Compiling darwinscope v0.1.4 (/opt/rustwide/workdir)
[INFO] [stderr]    Compiling bit-set v0.8.0
[INFO] [stderr]    Compiling wait-timeout v0.2.1
[INFO] [stderr]    Compiling rand_core v0.9.5
[INFO] [stderr]    Compiling rand v0.9.5
[INFO] [stderr]    Compiling rand_xorshift v0.4.0
[INFO] [stderr]    Compiling tempfile v3.27.0
[INFO] [stderr]    Compiling rusty-fork v0.3.1
[INFO] [stderr]    Compiling ppv-lite86 v0.2.21
[INFO] [stderr]    Compiling rand_chacha v0.9.0
[INFO] [stderr]    Compiling proptest v1.11.0
[INFO] [stderr]     Finished `release` profile [optimized] target(s) in 30.04s
[INFO] running `Command { std: "docker" "inspect" "4eed3ac22745b4ffe3e932b9be30eef446dc467734e1e58d4c6fc4bcb82cd5eb", kill_on_drop: false }`
[INFO] running `Command { std: "docker" "exec" "-e" "SOURCE_DIR=/opt/rustwide/workdir" "-e" "CARGO_HOME=/opt/rustwide/cargo-home" "-e" "RUSTUP_HOME=/opt/rustwide/rustup-home" "-e" "CARGO_TARGET_DIR=/opt/rustwide/target" "-e" "CARGO_INCREMENTAL=0" "-e" "RUST_BACKTRACE=full" "-e" "RUSTFLAGS=--cap-lints=warn" "-e" "RUSTDOCFLAGS=--cap-lints=warn" "-w" "/opt/rustwide/workdir" "--user" "0:0" "4eed3ac22745b4ffe3e932b9be30eef446dc467734e1e58d4c6fc4bcb82cd5eb" "/opt/rustwide/cargo-home/bin/cargo" "+1.100.0-beta.1" "test" "--frozen" "--release", kill_on_drop: false }`
[INFO] [stderr]     Finished `release` profile [optimized] target(s) in 0.10s
[INFO] [stderr]      Running unittests src/lib.rs (/opt/rustwide/target/release/build/darwinscope/767b3e85254f3e4e/out/darwinscope-767b3e85254f3e4e)
[INFO] [stdout] 
[INFO] [stdout] running 89 tests
[INFO] [stdout] test binary::tests::source_version_round_trip_packed_u64 ... ok
[INFO] [stdout] test cfstring::tests::decode_utf16_le_rejects_odd_length ... ok
[INFO] [stdout] test cfstring::tests::decode_utf16_le_supplementary_plane ... ok
[INFO] [stdout] test block::tests::flag_accessors_decode_combined_bits ... ok
[INFO] [stdout] test block::tests::flag_constants_match_block_private_h ... ok
[INFO] [stdout] test binary::tests::arch_matches_strips_subtype_capability_bits ... ok
[INFO] [stdout] test block::tests::decode_literal_full_descriptor_3 ... ok
[INFO] [stdout] test cfstring::tests::encoding_from_flags_ascii_and_utf16 ... ok
[INFO] [stdout] test binary::tests::version_from_packed_decodes_max_minor_patch ... ok
[INFO] [stdout] test codesign::tests::signature_parse_rejects_wrong_magic ... ok
[INFO] [stdout] test codesign::tests::signature_blob_iter_returns_index_entries ... ok
[INFO] [stdout] test codesign::tests::signature_parse_accepts_embedded_magic ... ok
[INFO] [stdout] test fixup::tests::arm64e_auth_rebase_extracts_pac_metadata ... ok
[INFO] [stdout] test dataincode::tests::kinds_read_with_their_entry_width ... ok
[INFO] [stdout] test codesign::tests::der_entitlement_pairs_decode_key_and_value ... ok
[INFO] [stdout] test binary::tests::read_lc_str_out_of_range_returns_none ... ok
[INFO] [stdout] test block::tests::decode_descriptor_rejects_size_below_block_layout ... ok
[INFO] [stdout] test block::tests::flag_accessors_zero_flags_all_false ... ok
[INFO] [stdout] test codesign::tests::slot_round_trip_known_values ... ok
[INFO] [stdout] test fixup::tests::arm64e_unauth_bind_addend_sign_extends_19_bits ... ok
[INFO] [stdout] test fixup::tests::arm64e_userland24_bind_uses_24_bit_ordinal ... ok
[INFO] [stdout] test fixup::tests::arm64e_unauth_rebase_arm64e_format_uses_va_directly ... ok
[INFO] [stdout] test fixup::tests::import_addend64_decodes_full_fields ... ok
[INFO] [stdout] test fixup::tests::import_plain_decodes_lib_ordinal_weak_and_name_offset ... ok
[INFO] [stdout] test codesign::tests::requirements_decode_designated_expression ... ok
[INFO] [stdout] test fixup::tests::import_plain_sign_extends_special_lib_ordinal ... ok
[INFO] [stdout] test fixup::tests::imports_format_entry_size ... ok
[INFO] [stdout] test binary::tests::read_lc_str_truncates_at_nul ... ok
[INFO] [stdout] test cfstring::tests::decode_utf16_le_basic ... ok
[INFO] [stdout] test cfstring::tests::decode_utf16_le_rejects_lone_surrogate ... ok
[INFO] [stdout] test binary::tests::version_from_packed_handles_high_major ... ok
[INFO] [stdout] test binary::tests::read_lc_str_respects_end_limit ... ok
[INFO] [stdout] test objc::imageinfo::tests::truncated_returns_none ... ok
[INFO] [stdout] test objc::property::tests::parse_basic ... ok
[INFO] [stdout] test dataincode::tests::entries_decode_and_resolve ... ok
[INFO] [stdout] test fixup::tests::arm64e_auth_bind_carries_pac_and_zero_addend ... ok
[INFO] [stdout] test objc::property::tests::parse_empty ... ok
[INFO] [stdout] test objc::property::tests::parse_handles_quoted_commas ... ok
[INFO] [stdout] test objc::tests::strip_class_prefix ... ok
[INFO] [stdout] test ptrauth::tests::pac_key_decodes_all_four ... ok
[INFO] [stdout] test ptrauth::tests::pac_key_ignores_high_bits ... ok
[INFO] [stdout] test ptrauth::tests::strip_clears_high_envelope_bits ... ok
[INFO] [stdout] test ptrauth::tests::strip_preserves_already_canonical_va ... ok
[INFO] [stdout] test ptrauth::tests::strip_zero_is_zero ... ok
[INFO] [stdout] test fixup::tests::arm64e_unauth_rebase_userland_adds_image_base ... ok
[INFO] [stdout] test fixup::tests::import_addend_carries_signed_addend ... ok
[INFO] [stdout] test ptrauth::tests::va_mask_is_low_48_bits ... ok
[INFO] [stdout] test fixup::tests::read_pool_string_truncates_at_nul_and_handles_overrun ... ok
[INFO] [stdout] test segment::tests::section_type_decodes_known_kinds ... ok
[INFO] [stdout] test binary::tests::version_from_packed_zero ... ok
[INFO] [stdout] test segment::tests::section_type_zero_fill_predicate ... ok
[INFO] [stdout] test segment::tests::shannon_entropy_uniform_byte_pool_max_8 ... ok
[INFO] [stdout] test swift::context::tests::conformance_flags_decode ... ok
[INFO] [stdout] test swift::context::tests::context_descriptor_flags_decode ... ok
[INFO] [stdout] test swift::context::tests::context_descriptor_kind_round_trips ... ok
[INFO] [stdout] test fixup::tests::pointer_format_round_trip ... ok
[INFO] [stdout] test objc::imageinfo::tests::swift_version_decode ... ok
[INFO] [stdout] test swift::context::tests::field_descriptor_kind_round_trips ... ok
[INFO] [stdout] test objc::imageinfo::tests::parse_basic ... ok
[INFO] [stdout] test swift::context::tests::field_record_flags_decode ... ok
[INFO] [stdout] test swift::context::tests::method_descriptor_flags_decode ... ok
[INFO] [stdout] test swift::context::tests::type_context_flags_class_bits ... ok
[INFO] [stdout] test swift::context::tests::type_context_metadata_init ... ok
[INFO] [stdout] test swift::context::tests::type_context_singleton_pointer_aliasing_with_bit3 ... ok
[INFO] [stdout] test swift::context::tests::type_reference_kind_round_trips ... ok
[INFO] [stdout] test util::tests::cstr_from_fixed_full_window_no_nul ... ok
[INFO] [stdout] test util::tests::cstr_from_fixed_truncates_at_nul ... ok
[INFO] [stdout] test util::tests::file_offset_to_vm_inverts_vm_to_file_offset ... ok
[INFO] [stdout] test util::tests::read_cstr_at_empty_string ... ok
[INFO] [stdout] test util::tests::read_i32_le_at_signed_round_trip ... ok
[INFO] [stdout] test util::tests::read_u16_le_at_basic_and_truncation ... ok
[INFO] [stdout] test util::tests::uleb128_simple ... ok
[INFO] [stdout] test util::tests::uleb128_truncated_returns_none ... ok
[INFO] [stdout] test util::tests::vm_to_file_offset_pagezero_is_none ... ok
[INFO] [stdout] test util::tests::read_u32_le_at_basic_and_truncation ... ok
[INFO] [stdout] test util::tests::vm_to_file_offset_translates_within_text ... ok
[INFO] [stdout] test util::tests::read_u64_be_at_basic_and_truncation ... ok
[INFO] [stdout] test segment::tests::shannon_entropy_constant_byte_zero ... ok
[INFO] [stdout] test segment::tests::shannon_entropy_empty_is_zero ... ok
[INFO] [stdout] test util::tests::vm_to_file_offset_outside_any_segment ... ok
[INFO] [stdout] test util::tests::cstr_from_fixed_invalid_utf8_returns_empty ... ok
[INFO] [stdout] test util::tests::read_u64_le_at_basic_and_truncation ... ok
[INFO] [stdout] test util::tests::read_cstr_at_basic_and_truncation ... ok
[INFO] [stdout] test util::tests::read_u32_be_at_basic_and_truncation ... ok
[INFO] [stdout] test util::tests::uleb128_max_u64 ... ok
[INFO] [stdout] test util::tests::relative_pointer_forward_and_backward ... ok
[INFO] [stdout] test util::tests::sleb128_negative_two_byte ... ok
[INFO] [stdout] test util::tests::sleb128_positive ... ok
[INFO] [stdout] test util::tests::sleb128_truncated ... ok
[INFO] [stderr]      Running tests/blocks.rs (/opt/rustwide/target/release/build/darwinscope/b5081613cc1d1e43/out/blocks-b5081613cc1d1e43)
[INFO] [stdout] 
[INFO] [stdout] test result: ok. 89 passed; 0 failed; 0 ignored; 0 measured; 0 filtered out; finished in 0.11s
[INFO] [stdout] 
[INFO] [stdout] 
[INFO] [stdout] running 3 tests
[INFO] [stdout] test objc_tiny_has_no_blocks_runtime ... FAILED
[INFO] [stdout] test swift_tiny_has_no_blocks_runtime ... FAILED
[INFO] [stdout] test hello_cli_has_no_blocks_runtime ... FAILED
[INFO] [stdout] 
[INFO] [stdout] failures:
[INFO] [stdout] 
[INFO] [stdout] ---- objc_tiny_has_no_blocks_runtime stdout ----
[INFO] [stdout] 
[INFO] [stdout] thread 'objc_tiny_has_no_blocks_runtime' (1702) panicked at tests/blocks.rs:34:36:
[INFO] [stdout] called `Result::unwrap()` on an `Err` value: Os { code: 2, kind: NotFound, message: "No such file or directory" }
[INFO] [stdout] stack backtrace:
[INFO] [stdout]    0:     0x5de64f3082d1 - <<std[617be2ca0a6fd877]::sys::backtrace::BacktraceLock>::print::DisplayBacktrace as core[a373ad73a504971]::fmt::Display>::fmt
[INFO] [stdout]    1:     0x5de64f31c6aa - core[a373ad73a504971]::fmt::write
[INFO] [stdout]    2:     0x5de64f30c4ec - <alloc[2e1b2a31b91974c5]::vec::Vec<u8> as core[a373ad73a504971]::io::write::Write>::write_fmt
[INFO] [stdout]    3:     0x5de64f2e4426 - std[617be2ca0a6fd877]::panicking::default_hook::{closure#0}
[INFO] [stdout]    4:     0x5de64f300659 - std[617be2ca0a6fd877]::panicking::default_hook
[INFO] [stdout]    5:     0x5de64f28d0e0 - test[aada8e7e76ba119b]::test_main_inner::{closure#0}
[INFO] [stdout]    6:     0x5de64f300812 - std[617be2ca0a6fd877]::panicking::panic_with_hook
[INFO] [stdout]    7:     0x5de64f2e44d2 - std[617be2ca0a6fd877]::panicking::panic_handler::{closure#0}
[INFO] [stdout]    8:     0x5de64f2dd059 - std[617be2ca0a6fd877]::sys::backtrace::__rust_end_short_backtrace::<std[617be2ca0a6fd877]::panicking::panic_handler::{closure#0}, !>
[INFO] [stdout]    9:     0x5de64f2e50dd - __rustc[ea4f61d10b84890b]::rust_begin_unwind
[INFO] [stdout]   10:     0x5de64f31cddc - core[a373ad73a504971]::panicking::panic_fmt
[INFO] [stdout]   11:     0x5de64f31cbb2 - core[a373ad73a504971]::result::unwrap_failed
[INFO] [stdout]   12:     0x5de64f280226 - <blocks[a7121d724cf9ff28]::objc_tiny_has_no_blocks_runtime::{closure#0} as core[a373ad73a504971]::ops::function::FnOnce<()>>::call_once
[INFO] [stdout]   13:     0x5de64f28052b - test[aada8e7e76ba119b]::__rust_begin_short_backtrace::<core[a373ad73a504971]::result::Result<(), alloc[2e1b2a31b91974c5]::string::String>, fn() -> core[a373ad73a504971]::result::Result<(), alloc[2e1b2a31b91974c5]::string::String>>
[INFO] [stdout]   14:     0x5de64f28d705 - test[aada8e7e76ba119b]::run_test::{closure#0}
[INFO] [stdout]   15:     0x5de64f286ff4 - std[617be2ca0a6fd877]::sys::backtrace::__rust_begin_short_backtrace::<test[aada8e7e76ba119b]::run_test::{closure#1}, ()>
[INFO] [stdout]   16:     0x5de64f290792 - <std[617be2ca0a6fd877]::thread::lifecycle::spawn_unchecked<test[aada8e7e76ba119b]::run_test::{closure#1}, ()>::{closure#1} as core[a373ad73a504971]::ops::function::FnOnce<()>>::call_once::{shim:vtable#0}
[INFO] [stdout]   17:     0x5de64f30781f - <std[617be2ca0a6fd877]::sys::thread::unix::Thread>::new::thread_start
[INFO] [stdout]   18:     0x7499cbb37dfa - <unknown>
[INFO] [stdout]   19:     0x7499cbbcb3d4 - clone
[INFO] [stdout]   20:                0x0 - <unknown>
[INFO] [stdout] 
[INFO] [stdout] ---- swift_tiny_has_no_blocks_runtime stdout ----
[INFO] [stdout] 
[INFO] [stdout] thread 'swift_tiny_has_no_blocks_runtime' (1703) panicked at tests/blocks.rs:34:36:
[INFO] [stdout] called `Result::unwrap()` on an `Err` value: Os { code: 2, kind: NotFound, message: "No such file or directory" }
[INFO] [stdout] stack backtrace:
[INFO] [stdout]    0:     0x5de64f3082d1 - <<std[617be2ca0a6fd877]::sys::backtrace::BacktraceLock>::print::DisplayBacktrace as core[a373ad73a504971]::fmt::Display>::fmt
[INFO] [stdout]    1:     0x5de64f31c6aa - core[a373ad73a504971]::fmt::write
[INFO] [stdout]    2:     0x5de64f30c4ec - <alloc[2e1b2a31b91974c5]::vec::Vec<u8> as core[a373ad73a504971]::io::write::Write>::write_fmt
[INFO] [stdout]    3:     0x5de64f2e4426 - std[617be2ca0a6fd877]::panicking::default_hook::{closure#0}
[INFO] [stdout]    4:     0x5de64f300659 - std[617be2ca0a6fd877]::panicking::default_hook
[INFO] [stdout]    5:     0x5de64f28d0e0 - test[aada8e7e76ba119b]::test_main_inner::{closure#0}
[INFO] [stdout]    6:     0x5de64f300812 - std[617be2ca0a6fd877]::panicking::panic_with_hook
[INFO] [stdout]    7:     0x5de64f2e44d2 - std[617be2ca0a6fd877]::panicking::panic_handler::{closure#0}
[INFO] [stdout]    8:     0x5de64f2dd059 - std[617be2ca0a6fd877]::sys::backtrace::__rust_end_short_backtrace::<std[617be2ca0a6fd877]::panicking::panic_handler::{closure#0}, !>
[INFO] [stdout]    9:     0x5de64f2e50dd - __rustc[ea4f61d10b84890b]::rust_begin_unwind
[INFO] [stdout]   10:     0x5de64f31cddc - core[a373ad73a504971]::panicking::panic_fmt
[INFO] [stdout]   11:     0x5de64f31cbb2 - core[a373ad73a504971]::result::unwrap_failed
[INFO] [stdout]   12:     0x5de64f2803f6 - <blocks[a7121d724cf9ff28]::swift_tiny_has_no_blocks_runtime::{closure#0} as core[a373ad73a504971]::ops::function::FnOnce<()>>::call_once
[INFO] [stdout]   13:     0x5de64f28052b - test[aada8e7e76ba119b]::__rust_begin_short_backtrace::<core[a373ad73a504971]::result::Result<(), alloc[2e1b2a31b91974c5]::string::String>, fn() -> core[a373ad73a504971]::result::Result<(), alloc[2e1b2a31b91974c5]::string::String>>
[INFO] [stdout]   14:     0x5de64f28d705 - test[aada8e7e76ba119b]::run_test::{closure#0}
[INFO] [stdout]   15:     0x5de64f286ff4 - std[617be2ca0a6fd877]::sys::backtrace::__rust_begin_short_backtrace::<test[aada8e7e76ba119b]::run_test::{closure#1}, ()>
[INFO] [stdout]   16:     0x5de64f290792 - <std[617be2ca0a6fd877]::thread::lifecycle::spawn_unchecked<test[aada8e7e76ba119b]::run_test::{closure#1}, ()>::{closure#1} as core[a373ad73a504971]::ops::function::FnOnce<()>>::call_once::{shim:vtable#0}
[INFO] [stdout]   17:     0x5de64f30781f - <std[617be2ca0a6fd877]::sys::thread::unix::Thread>::new::thread_start
[INFO] [stdout]   18:     0x7499cbb37dfa - <unknown>
[INFO] [stdout]   19:     0x7499cbbcb3d4 - clone
[INFO] [stdout]   20:                0x0 - <unknown>
[INFO] [stdout] 
[INFO] [stdout] ---- hello_cli_has_no_blocks_runtime stdout ----
[INFO] [stdout] 
[INFO] [stdout] thread 'hello_cli_has_no_blocks_runtime' (1701) panicked at tests/blocks.rs:34:36:
[INFO] [stdout] called `Result::unwrap()` on an `Err` value: Os { code: 2, kind: NotFound, message: "No such file or directory" }
[INFO] [stdout] stack backtrace:
[INFO] [stdout]    0:     0x5de64f3082d1 - <<std[617be2ca0a6fd877]::sys::backtrace::BacktraceLock>::print::DisplayBacktrace as core[a373ad73a504971]::fmt::Display>::fmt
[INFO] [stdout]    1:     0x5de64f31c6aa - core[a373ad73a504971]::fmt::write
[INFO] [stdout]    2:     0x5de64f30c4ec - <alloc[2e1b2a31b91974c5]::vec::Vec<u8> as core[a373ad73a504971]::io::write::Write>::write_fmt
[INFO] [stdout]    3:     0x5de64f2e4426 - std[617be2ca0a6fd877]::panicking::default_hook::{closure#0}
[INFO] [stdout]    4:     0x5de64f300659 - std[617be2ca0a6fd877]::panicking::default_hook
[INFO] [stdout]    5:     0x5de64f28d0e0 - test[aada8e7e76ba119b]::test_main_inner::{closure#0}
[INFO] [stdout]    6:     0x5de64f300812 - std[617be2ca0a6fd877]::panicking::panic_with_hook
[INFO] [stdout]    7:     0x5de64f2e44d2 - std[617be2ca0a6fd877]::panicking::panic_handler::{closure#0}
[INFO] [stdout]    8:     0x5de64f2dd059 - std[617be2ca0a6fd877]::sys::backtrace::__rust_end_short_backtrace::<std[617be2ca0a6fd877]::panicking::panic_handler::{closure#0}, !>
[INFO] [stdout]    9:     0x5de64f2e50dd - __rustc[ea4f61d10b84890b]::rust_begin_unwind
[INFO] [stdout]   10:     0x5de64f31cddc - core[a373ad73a504971]::panicking::panic_fmt
[INFO] [stdout]   11:     0x5de64f31cbb2 - core[a373ad73a504971]::result::unwrap_failed
[INFO] [stdout]   12:     0x5de64f280056 - <blocks[a7121d724cf9ff28]::hello_cli_has_no_blocks_runtime::{closure#0} as core[a373ad73a504971]::ops::function::FnOnce<()>>::call_once
[INFO] [stdout]   13:     0x5de64f28052b - test[aada8e7e76ba119b]::__rust_begin_short_backtrace::<core[a373ad73a504971]::result::Result<(), alloc[2e1b2a31b91974c5]::string::String>, fn() -> core[a373ad73a504971]::result::Result<(), alloc[2e1b2a31b91974c5]::string::String>>
[INFO] [stdout]   14:     0x5de64f28d705 - test[aada8e7e76ba119b]::run_test::{closure#0}
[INFO] [stdout]   15:     0x5de64f286ff4 - std[617be2ca0a6fd877]::sys::backtrace::__rust_begin_short_backtrace::<test[aada8e7e76ba119b]::run_test::{closure#1}, ()>
[INFO] [stdout]   16:     0x5de64f290792 - <std[617be2ca0a6fd877]::thread::lifecycle::spawn_unchecked<test[aada8e7e76ba119b]::run_test::{closure#1}, ()>::{closure#1} as core[a373ad73a504971]::ops::function::FnOnce<()>>::call_once::{shim:vtable#0}
[INFO] [stdout]   17:     0x5de64f30781f - <std[617be2ca0a6fd877]::sys::thread::unix::Thread>::new::thread_start
[INFO] [stdout]   18:     0x7499cbb37dfa - <unknown>
[INFO] [stdout]   19:     0x7499cbbcb3d4 - clone
[INFO] [stdout]   20:                0x0 - <unknown>
[INFO] [stdout] 
[INFO] [stdout] 
[INFO] [stdout] failures:
[INFO] [stdout]     hello_cli_has_no_blocks_runtime
[INFO] [stdout]     objc_tiny_has_no_blocks_runtime
[INFO] [stdout]     swift_tiny_has_no_blocks_runtime
[INFO] [stdout] 
[INFO] [stdout] test result: FAILED. 0 passed; 3 failed; 0 ignored; 0 measured; 0 filtered out; finished in 0.00s
[INFO] [stdout] 
[INFO] [stderr] error: test failed, to rerun pass `--test blocks`
[INFO] running `Command { std: "docker" "inspect" "4eed3ac22745b4ffe3e932b9be30eef446dc467734e1e58d4c6fc4bcb82cd5eb", kill_on_drop: false }`
[INFO] running `Command { std: "docker" "rm" "-f" "4eed3ac22745b4ffe3e932b9be30eef446dc467734e1e58d4c6fc4bcb82cd5eb", kill_on_drop: false }`
[INFO] [stdout] 4eed3ac22745b4ffe3e932b9be30eef446dc467734e1e58d4c6fc4bcb82cd5eb
