[INFO] fetching crate darudb-derive 1.3.0...
[INFO] testing darudb-derive-1.3.0 against 1.100.0-beta.1+cargoflags=--release for beta-release-1.100-2
[INFO] extracting crate darudb-derive 1.3.0 into /workspace/builds/worker-3-tc2/source
[INFO] started tweaking crates.io crate darudb-derive 1.3.0
[INFO] finished tweaking crates.io crate darudb-derive 1.3.0
[INFO] tweaked toml for crates.io crate darudb-derive 1.3.0 written to /workspace/builds/worker-3-tc2/source/Cargo.toml
[INFO] validating manifest of crates.io crate darudb-derive 1.3.0 on toolchain 1.100.0-beta.1
[INFO] running `Command { std: CARGO_HOME="/workspace/cargo-home" RUSTUP_HOME="/workspace/rustup-home" "/workspace/cargo-home/bin/cargo" "+1.100.0-beta.1" "metadata" "--manifest-path" "Cargo.toml" "--no-deps", kill_on_drop: false }`
[INFO] crate crates.io crate darudb-derive 1.3.0 already has a lockfile, it will not be regenerated
[INFO] running `Command { std: CARGO_HOME="/workspace/cargo-home" RUSTUP_HOME="/workspace/rustup-home" "/workspace/cargo-home/bin/cargo" "+1.100.0-beta.1" "fetch" "--manifest-path" "Cargo.toml", kill_on_drop: false }`
[INFO] running `Command { std: "docker" "create" "-v" "/var/lib/crater-agent-workspace/builds/worker-3-tc2/source:/opt/rustwide/workdir:ro,Z" "-v" "/var/lib/crater-agent-workspace/builds/worker-3-tc2/target:/opt/rustwide/target:rw,Z" "-v" "/var/lib/crater-agent-workspace/cargo-home:/opt/rustwide/cargo-home:ro,Z" "-v" "/var/lib/crater-agent-workspace/rustup-home:/opt/rustwide/rustup-home:ro,Z" "-m" "1610612736" "--network" "none" "ghcr.io/rust-lang/crates-build-env/linux@sha256:77db811e55d90add9212f6832c23229e3de5f1c1f9905e8cb07319ea15df73ac" "sleep" "infinity", kill_on_drop: false }`
[INFO] [stdout] 38d65d32481056fc4859dfc0eaf97e3c09e3e83e747efd80e326def30f2ec969
[INFO] running `Command { std: "docker" "start" "38d65d32481056fc4859dfc0eaf97e3c09e3e83e747efd80e326def30f2ec969", kill_on_drop: false }`
[INFO] running `Command { std: "docker" "inspect" "38d65d32481056fc4859dfc0eaf97e3c09e3e83e747efd80e326def30f2ec969", kill_on_drop: false }`
[INFO] running `Command { std: "docker" "exec" "-e" "SOURCE_DIR=/opt/rustwide/workdir" "-e" "CARGO_HOME=/opt/rustwide/cargo-home" "-e" "RUSTUP_HOME=/opt/rustwide/rustup-home" "-e" "CARGO_TARGET_DIR=/opt/rustwide/target" "-w" "/opt/rustwide/workdir" "--user" "0:0" "38d65d32481056fc4859dfc0eaf97e3c09e3e83e747efd80e326def30f2ec969" "/opt/rustwide/cargo-home/bin/cargo" "+1.100.0-beta.1" "metadata" "--no-deps" "--format-version=1", kill_on_drop: false }`
[INFO] running `Command { std: "docker" "inspect" "38d65d32481056fc4859dfc0eaf97e3c09e3e83e747efd80e326def30f2ec969", kill_on_drop: false }`
[INFO] running `Command { std: "docker" "exec" "-e" "SOURCE_DIR=/opt/rustwide/workdir" "-e" "CARGO_HOME=/opt/rustwide/cargo-home" "-e" "RUSTUP_HOME=/opt/rustwide/rustup-home" "-e" "CARGO_TARGET_DIR=/opt/rustwide/target" "-e" "CARGO_INCREMENTAL=0" "-e" "RUST_BACKTRACE=full" "-e" "RUSTFLAGS=--cap-lints=warn" "-e" "RUSTDOCFLAGS=--cap-lints=warn" "-w" "/opt/rustwide/workdir" "--user" "0:0" "38d65d32481056fc4859dfc0eaf97e3c09e3e83e747efd80e326def30f2ec969" "/opt/rustwide/cargo-home/bin/cargo" "+1.100.0-beta.1" "build" "--frozen" "--message-format=json" "--release", kill_on_drop: false }`
[INFO] [stderr]    Compiling unicode-ident v1.0.26
[INFO] [stderr]    Compiling proc-macro2 v1.0.107
[INFO] [stderr]    Compiling quote v1.0.47
[INFO] [stderr]    Compiling syn v2.0.119
[INFO] [stderr]    Compiling darudb-derive v1.3.0 (/opt/rustwide/workdir)
[INFO] [stderr]     Finished `release` profile [optimized] target(s) in 6.06s
[INFO] running `Command { std: "docker" "inspect" "38d65d32481056fc4859dfc0eaf97e3c09e3e83e747efd80e326def30f2ec969", kill_on_drop: false }`
[INFO] running `Command { std: "docker" "exec" "-e" "SOURCE_DIR=/opt/rustwide/workdir" "-e" "CARGO_HOME=/opt/rustwide/cargo-home" "-e" "RUSTUP_HOME=/opt/rustwide/rustup-home" "-e" "CARGO_TARGET_DIR=/opt/rustwide/target" "-e" "CARGO_INCREMENTAL=0" "-e" "RUST_BACKTRACE=full" "-e" "RUSTFLAGS=--cap-lints=warn" "-e" "RUSTDOCFLAGS=--cap-lints=warn" "-w" "/opt/rustwide/workdir" "--user" "0:0" "38d65d32481056fc4859dfc0eaf97e3c09e3e83e747efd80e326def30f2ec969" "/opt/rustwide/cargo-home/bin/cargo" "+1.100.0-beta.1" "test" "--frozen" "--no-run" "--message-format=json" "--release", kill_on_drop: false }`
[INFO] [stderr]    Compiling darudb-derive v1.3.0 (/opt/rustwide/workdir)
[INFO] [stderr]     Finished `release` profile [optimized] target(s) in 0.69s
[INFO] running `Command { std: "docker" "inspect" "38d65d32481056fc4859dfc0eaf97e3c09e3e83e747efd80e326def30f2ec969", kill_on_drop: false }`
[INFO] running `Command { std: "docker" "exec" "-e" "SOURCE_DIR=/opt/rustwide/workdir" "-e" "CARGO_HOME=/opt/rustwide/cargo-home" "-e" "RUSTUP_HOME=/opt/rustwide/rustup-home" "-e" "CARGO_TARGET_DIR=/opt/rustwide/target" "-e" "CARGO_INCREMENTAL=0" "-e" "RUST_BACKTRACE=full" "-e" "RUSTFLAGS=--cap-lints=warn" "-e" "RUSTDOCFLAGS=--cap-lints=warn" "-w" "/opt/rustwide/workdir" "--user" "0:0" "38d65d32481056fc4859dfc0eaf97e3c09e3e83e747efd80e326def30f2ec969" "/opt/rustwide/cargo-home/bin/cargo" "+1.100.0-beta.1" "test" "--frozen" "--release", kill_on_drop: false }`
[INFO] [stderr]     Finished `release` profile [optimized] target(s) in 0.02s
[INFO] [stderr]      Running unittests src/lib.rs (/opt/rustwide/target/release/build/darudb-derive/8ee2eb2f06acda73/out/darudb_derive-8ee2eb2f06acda73)
[INFO] [stdout] 
[INFO] [stdout] running 0 tests
[INFO] [stdout] 
[INFO] [stdout] test result: ok. 0 passed; 0 failed; 0 ignored; 0 measured; 0 filtered out; finished in 0.00s
[INFO] [stdout] 
[INFO] [stderr]    Doc-tests darudb_derive
[INFO] [stdout] 
[INFO] [stdout] running 2 tests
[INFO] [stdout] test src/lib.rs - derive_object (line 21) - compile ... FAILED
[INFO] [stderr] error: doctest failed, to rerun pass `--doc`
[INFO] [stdout] test src/lib.rs - derive_embedded (line 89) ... FAILED
[INFO] [stdout] 
[INFO] [stdout] failures:
[INFO] [stdout] 
[INFO] [stdout] ---- src/lib.rs - derive_object (line 21) stdout ----
[INFO] [stdout] error[E0432]: unresolved import `darudb`
[INFO] [stdout]   --> src/lib.rs:22:5
[INFO] [stdout]    |
[INFO] [stdout] 22 | use darudb::{Collection, Link, Object, OpenOptions, Schema};
[INFO] [stdout]    |     ^^^^^^ use of unresolved module or unlinked crate `darudb`
[INFO] [stdout]    |
[INFO] [stdout]    = help: if you wanted to use a crate named `darudb`, use `cargo add darudb` to add it to your `Cargo.toml`
[INFO] [stdout] 
[INFO] [stdout] error: cannot find attribute `darudb` in this scope
[INFO] [stdout]   --> src/lib.rs:25:3
[INFO] [stdout]    |
[INFO] [stdout] 25 | #[darudb(collection = "people")]
[INFO] [stdout]    |   ^^^^^^
[INFO] [stdout]    |
[INFO] [stdout]    = note: `darudb` is an attribute that can be used by the derive macros `Embedded` and `Object`, you might be missing a `derive` attribute
[INFO] [stdout] 
[INFO] [stdout] error: cannot find attribute `darudb` in this scope
[INFO] [stdout]   --> src/lib.rs:30:7
[INFO] [stdout]    |
[INFO] [stdout] 30 |     #[darudb(unique)]
[INFO] [stdout]    |       ^^^^^^
[INFO] [stdout]    |
[INFO] [stdout]    = note: `darudb` is an attribute that can be used by the derive macros `Embedded` and `Object`, you might be missing a `derive` attribute
[INFO] [stdout] 
[INFO] [stdout] error: cannot find attribute `darudb` in this scope
[INFO] [stdout]   --> src/lib.rs:32:7
[INFO] [stdout]    |
[INFO] [stdout] 32 |     #[darudb(index, default = 0)]
[INFO] [stdout]    |       ^^^^^^
[INFO] [stdout]    |
[INFO] [stdout]    = note: `darudb` is an attribute that can be used by the derive macros `Embedded` and `Object`, you might be missing a `derive` attribute
[INFO] [stdout] 
[INFO] [stdout] error[E0433]: cannot find module or crate `darudb` in this scope
[INFO] [stdout]   --> src/lib.rs:56:10
[INFO] [stdout]    |
[INFO] [stdout] 56 | Ok::<(), darudb::Error>(())
[INFO] [stdout]    |          ^^^^^^ use of unresolved module or unlinked crate `darudb`
[INFO] [stdout]    |
[INFO] [stdout]    = help: if you wanted to use a crate named `darudb`, use `cargo add darudb` to add it to your `Cargo.toml`
[INFO] [stdout] 
[INFO] [stdout] error: aborting due to 5 previous errors
[INFO] [stdout] 
[INFO] [stdout] Some errors have detailed explanations: E0432, E0433.
[INFO] [stdout] For more information about an error, try `rustc --explain E0432`.
[INFO] [stdout] Couldn't compile the test.
[INFO] [stdout] ---- src/lib.rs - derive_embedded (line 89) stdout ----
[INFO] [stdout] error[E0432]: unresolved import `darudb`
[INFO] [stdout]   --> src/lib.rs:90:5
[INFO] [stdout]    |
[INFO] [stdout] 90 | use darudb::{Embedded, Object};
[INFO] [stdout]    |     ^^^^^^ use of unresolved module or unlinked crate `darudb`
[INFO] [stdout]    |
[INFO] [stdout]    = help: if you wanted to use a crate named `darudb`, use `cargo add darudb` to add it to your `Cargo.toml`
[INFO] [stdout] 
[INFO] [stdout] error: cannot find attribute `darudb` in this scope
[INFO] [stdout]    --> src/lib.rs:101:7
[INFO] [stdout]     |
[INFO] [stdout] 101 |     #[darudb(key)]
[INFO] [stdout]     |       ^^^^^^
[INFO] [stdout]     |
[INFO] [stdout]     = note: `darudb` is an attribute that can be used by the derive macros `Embedded` and `Object`, you might be missing a `derive` attribute
[INFO] [stdout] 
[INFO] [stdout] error: cannot find attribute `darudb` in this scope
[INFO] [stdout]   --> src/lib.rs:95:7
[INFO] [stdout]    |
[INFO] [stdout] 95 |     #[darudb(rename = "zip")]
[INFO] [stdout]    |       ^^^^^^
[INFO] [stdout]    |
[INFO] [stdout]    = note: `darudb` is an attribute that can be used by the derive macros `Embedded` and `Object`, you might be missing a `derive` attribute
[INFO] [stdout] 
[INFO] [stdout] error: aborting due to 3 previous errors
[INFO] [stdout] 
[INFO] [stdout] For more information about this error, try `rustc --explain E0432`.
[INFO] [stdout] Couldn't compile the test.
[INFO] [stdout] 
[INFO] [stdout] failures:
[INFO] [stdout]     src/lib.rs - derive_embedded (line 89)
[INFO] [stdout]     src/lib.rs - derive_object (line 21)
[INFO] [stdout] 
[INFO] [stdout] test result: FAILED. 0 passed; 2 failed; 0 ignored; 0 measured; 0 filtered out; finished in 0.16s
[INFO] [stdout] 
[INFO] [stdout] all doctests ran in 0.32s; merged doctests compilation took 0.16s
[INFO] running `Command { std: "docker" "inspect" "38d65d32481056fc4859dfc0eaf97e3c09e3e83e747efd80e326def30f2ec969", kill_on_drop: false }`
[INFO] running `Command { std: "docker" "rm" "-f" "38d65d32481056fc4859dfc0eaf97e3c09e3e83e747efd80e326def30f2ec969", kill_on_drop: false }`
[INFO] [stdout] 38d65d32481056fc4859dfc0eaf97e3c09e3e83e747efd80e326def30f2ec969
