[INFO] fetching crate darts-clone-rs 0.2.1...
[INFO] testing darts-clone-rs-0.2.1 against 1.99.0-beta.8+cargoflags=--release for beta-release-1.100-2
[INFO] extracting crate darts-clone-rs 0.2.1 into /workspace/builds/worker-3-tc1/source
[INFO] started tweaking crates.io crate darts-clone-rs 0.2.1
[INFO] finished tweaking crates.io crate darts-clone-rs 0.2.1
[INFO] tweaked toml for crates.io crate darts-clone-rs 0.2.1 written to /workspace/builds/worker-3-tc1/source/Cargo.toml
[INFO] validating manifest of crates.io crate darts-clone-rs 0.2.1 on toolchain 1.99.0-beta.8
[INFO] running `Command { std: CARGO_HOME="/workspace/cargo-home" RUSTUP_HOME="/workspace/rustup-home" "/workspace/cargo-home/bin/cargo" "+1.99.0-beta.8" "metadata" "--manifest-path" "Cargo.toml" "--no-deps", kill_on_drop: false }`
[INFO] crate crates.io crate darts-clone-rs 0.2.1 already has a lockfile, it will not be regenerated
[INFO] running `Command { std: CARGO_HOME="/workspace/cargo-home" RUSTUP_HOME="/workspace/rustup-home" "/workspace/cargo-home/bin/cargo" "+1.99.0-beta.8" "fetch" "--manifest-path" "Cargo.toml", kill_on_drop: false }`
[INFO] [stderr]     Updating crates.io index
[INFO] [stderr]  Downloading crates ...
[INFO] [stderr]   Downloaded libdarts-sys v0.2.1
[INFO] running `Command { std: "docker" "create" "-v" "/var/lib/crater-agent-workspace/builds/worker-3-tc1/source:/opt/rustwide/workdir:ro,Z" "-v" "/var/lib/crater-agent-workspace/builds/worker-3-tc1/target:/opt/rustwide/target:rw,Z" "-v" "/var/lib/crater-agent-workspace/cargo-home:/opt/rustwide/cargo-home:ro,Z" "-v" "/var/lib/crater-agent-workspace/rustup-home:/opt/rustwide/rustup-home:ro,Z" "-m" "1610612736" "--network" "none" "ghcr.io/rust-lang/crates-build-env/linux@sha256:77db811e55d90add9212f6832c23229e3de5f1c1f9905e8cb07319ea15df73ac" "sleep" "infinity", kill_on_drop: false }`
[INFO] [stdout] 70bbde19377472cb22e74fb368661b2efd1ce032ce228742f0851cc2bfdc6808
[INFO] running `Command { std: "docker" "start" "70bbde19377472cb22e74fb368661b2efd1ce032ce228742f0851cc2bfdc6808", kill_on_drop: false }`
[INFO] running `Command { std: "docker" "inspect" "70bbde19377472cb22e74fb368661b2efd1ce032ce228742f0851cc2bfdc6808", kill_on_drop: false }`
[INFO] running `Command { std: "docker" "exec" "-e" "SOURCE_DIR=/opt/rustwide/workdir" "-e" "CARGO_HOME=/opt/rustwide/cargo-home" "-e" "RUSTUP_HOME=/opt/rustwide/rustup-home" "-e" "CARGO_TARGET_DIR=/opt/rustwide/target" "-w" "/opt/rustwide/workdir" "--user" "0:0" "70bbde19377472cb22e74fb368661b2efd1ce032ce228742f0851cc2bfdc6808" "/opt/rustwide/cargo-home/bin/cargo" "+1.99.0-beta.8" "metadata" "--no-deps" "--format-version=1", kill_on_drop: false }`
[INFO] running `Command { std: "docker" "inspect" "70bbde19377472cb22e74fb368661b2efd1ce032ce228742f0851cc2bfdc6808", kill_on_drop: false }`
[INFO] running `Command { std: "docker" "exec" "-e" "SOURCE_DIR=/opt/rustwide/workdir" "-e" "CARGO_HOME=/opt/rustwide/cargo-home" "-e" "RUSTUP_HOME=/opt/rustwide/rustup-home" "-e" "CARGO_TARGET_DIR=/opt/rustwide/target" "-e" "CARGO_INCREMENTAL=0" "-e" "RUST_BACKTRACE=full" "-e" "RUSTFLAGS=--cap-lints=warn" "-e" "RUSTDOCFLAGS=--cap-lints=warn" "-w" "/opt/rustwide/workdir" "--user" "0:0" "70bbde19377472cb22e74fb368661b2efd1ce032ce228742f0851cc2bfdc6808" "/opt/rustwide/cargo-home/bin/cargo" "+1.99.0-beta.8" "build" "--frozen" "--message-format=json" "--release", kill_on_drop: false }`
[INFO] [stderr]    Compiling libc v0.2.153
[INFO] [stderr]    Compiling jobserver v0.1.32
[INFO] [stderr]    Compiling cc v1.0.90
[INFO] [stderr]    Compiling libdarts-sys v0.2.1
[INFO] [stderr]    Compiling darts-clone-rs v0.2.1 (/opt/rustwide/workdir)
[INFO] [stderr]     Finished `release` profile [optimized] target(s) in 5.11s
[INFO] running `Command { std: "docker" "inspect" "70bbde19377472cb22e74fb368661b2efd1ce032ce228742f0851cc2bfdc6808", kill_on_drop: false }`
[INFO] running `Command { std: "docker" "exec" "-e" "SOURCE_DIR=/opt/rustwide/workdir" "-e" "CARGO_HOME=/opt/rustwide/cargo-home" "-e" "RUSTUP_HOME=/opt/rustwide/rustup-home" "-e" "CARGO_TARGET_DIR=/opt/rustwide/target" "-e" "CARGO_INCREMENTAL=0" "-e" "RUST_BACKTRACE=full" "-e" "RUSTFLAGS=--cap-lints=warn" "-e" "RUSTDOCFLAGS=--cap-lints=warn" "-w" "/opt/rustwide/workdir" "--user" "0:0" "70bbde19377472cb22e74fb368661b2efd1ce032ce228742f0851cc2bfdc6808" "/opt/rustwide/cargo-home/bin/cargo" "+1.99.0-beta.8" "test" "--frozen" "--no-run" "--message-format=json" "--release", kill_on_drop: false }`
[INFO] [stderr]    Compiling cfg-if v1.0.0
[INFO] [stderr]    Compiling ppv-lite86 v0.2.17
[INFO] [stderr]    Compiling once_cell v1.21.3
[INFO] [stderr]    Compiling getrandom v0.2.12
[INFO] [stderr]    Compiling rand_core v0.6.4
[INFO] [stderr]    Compiling rand_chacha v0.3.1
[INFO] [stderr]    Compiling rand v0.8.5
[INFO] [stderr]    Compiling darts-clone-rs v0.2.1 (/opt/rustwide/workdir)
[INFO] [stderr]     Finished `release` profile [optimized] target(s) in 12.16s
[INFO] running `Command { std: "docker" "inspect" "70bbde19377472cb22e74fb368661b2efd1ce032ce228742f0851cc2bfdc6808", kill_on_drop: false }`
[INFO] running `Command { std: "docker" "exec" "-e" "SOURCE_DIR=/opt/rustwide/workdir" "-e" "CARGO_HOME=/opt/rustwide/cargo-home" "-e" "RUSTUP_HOME=/opt/rustwide/rustup-home" "-e" "CARGO_TARGET_DIR=/opt/rustwide/target" "-e" "CARGO_INCREMENTAL=0" "-e" "RUST_BACKTRACE=full" "-e" "RUSTFLAGS=--cap-lints=warn" "-e" "RUSTDOCFLAGS=--cap-lints=warn" "-w" "/opt/rustwide/workdir" "--user" "0:0" "70bbde19377472cb22e74fb368661b2efd1ce032ce228742f0851cc2bfdc6808" "/opt/rustwide/cargo-home/bin/cargo" "+1.99.0-beta.8" "test" "--frozen" "--release", kill_on_drop: false }`
[INFO] [stderr]     Finished `release` profile [optimized] target(s) in 0.03s
[INFO] [stderr]      Running unittests src/lib.rs (/opt/rustwide/target/release/deps/darts_clone_rs-bb71b2bf50d06ace)
[INFO] [stdout] 
[INFO] [stdout] running 10 tests
[INFO] [stdout] test tests::build_with_keys_lengths_and_values ... ok
[INFO] [stdout] test tests::save_and_open ... FAILED
[INFO] [stdout] test tests::common_longest_prefix_search ... FAILED
[INFO] [stdout] test tests::set_array_with_array ... FAILED
[INFO] [stderr] error: test failed, to rerun pass `--lib`
[INFO] [stdout] test tests::common_prefix_search ... FAILED
[INFO] [stdout] test tests::build_with_keys_lengths_and_random_values ... FAILED
[INFO] [stdout] test tests::set_array_with_array_and_size ... FAILED
[INFO] [stdout] test tests::build_with_keys ... FAILED
[INFO] [stdout] test tests::tarverse ... FAILED
[INFO] [stdout] test tests::build_with_keys_and_lengths ... FAILED
[INFO] [stdout] 
[INFO] [stdout] failures:
[INFO] [stdout] 
[INFO] [stdout] ---- tests::save_and_open stdout ----
[INFO] [stdout] 
[INFO] [stdout] thread 'tests::save_and_open' (319) panicked at src/tests.rs:175:13:
[INFO] [stdout] assertion `left == right` failed
[INFO] [stdout]   left: Ok(())
[INFO] [stdout]  right: Err("Error saving file.")
[INFO] [stdout] stack backtrace:
[INFO] [stdout]    0:     0x6105f9131ec7 - <<std[70759c8f55707aa4]::sys::backtrace::BacktraceLock>::print::DisplayBacktrace as core[df12db4294e9bfd3]::fmt::Display>::fmt
[INFO] [stdout]    1:     0x6105f9114c1a - core[df12db4294e9bfd3]::fmt::write
[INFO] [stdout]    2:     0x6105f913147b - <alloc[2182bb758b4b3781]::vec::Vec<u8> as core[df12db4294e9bfd3]::io::write::Write>::write_fmt
[INFO] [stdout]    3:     0x6105f9130f5f - std[70759c8f55707aa4]::panicking::default_hook::{closure#0}
[INFO] [stdout]    4:     0x6105f9130b8a - std[70759c8f55707aa4]::panicking::default_hook
[INFO] [stdout]    5:     0x6105f91306c2 - std[70759c8f55707aa4]::panicking::panic_with_hook
[INFO] [stdout]    6:     0x6105f9157a31 - std[70759c8f55707aa4]::panicking::panic_handler::{closure#0}
[INFO] [stdout]    7:     0x6105f91579e9 - std[70759c8f55707aa4]::sys::backtrace::__rust_end_short_backtrace::<std[70759c8f55707aa4]::panicking::panic_handler::{closure#0}, !>
[INFO] [stdout]    8:     0x6105f9157efc - __rustc[8fa7c3cbc660c2b3]::rust_begin_unwind
[INFO] [stdout]    9:     0x6105f9114aab - core[df12db4294e9bfd3]::panicking::panic_fmt
[INFO] [stdout]   10:     0x6105f91149c9 - core[df12db4294e9bfd3]::panicking::assert_failed_inner
[INFO] [stdout]   11:     0x6105f910cbb8 - core[df12db4294e9bfd3]::panicking::assert_failed::<core[df12db4294e9bfd3]::result::Result<(), &str>, core[df12db4294e9bfd3]::result::Result<(), &str>>
[INFO] [stdout]   12:     0x6105f91108c9 - <darts_clone_rs[385bf484878a8ef3]::tests::save_and_open::{closure#0} as core[df12db4294e9bfd3]::ops::function::FnOnce<()>>::call_once
[INFO] [stdout]   13:     0x6105f916ffbb - test[9d35eded1c95d3be]::__rust_begin_short_backtrace::<core[df12db4294e9bfd3]::result::Result<(), alloc[2182bb758b4b3781]::string::String>, fn() -> core[df12db4294e9bfd3]::result::Result<(), alloc[2182bb758b4b3781]::string::String>>
[INFO] [stdout]   14:     0x6105f916b5cf - test[9d35eded1c95d3be]::run_test::{closure#0}
[INFO] [stdout]   15:     0x6105f916b04c - std[70759c8f55707aa4]::sys::backtrace::__rust_begin_short_backtrace::<test[9d35eded1c95d3be]::run_test::{closure#1}, ()>
[INFO] [stdout]   16:     0x6105f918820c - <std[70759c8f55707aa4]::thread::lifecycle::spawn_unchecked<test[9d35eded1c95d3be]::run_test::{closure#1}, ()>::{closure#1} as core[df12db4294e9bfd3]::ops::function::FnOnce<()>>::call_once::{shim:vtable#0}
[INFO] [stdout]   17:     0x6105f9159132 - <std[70759c8f55707aa4]::sys::thread::unix::Thread>::new::thread_start
[INFO] [stdout]   18:     0x76e9fea95dfa - <unknown>
[INFO] [stdout]   19:     0x76e9feb293d4 - clone
[INFO] [stdout]   20:                0x0 - <unknown>
[INFO] [stdout] 
[INFO] [stdout] ---- tests::common_longest_prefix_search stdout ----
[INFO] [stdout] 
[INFO] [stdout] thread 'tests::common_longest_prefix_search' (317) panicked at src/tests.rs:276:33:
[INFO] [stdout] called `Result::unwrap()` on an `Err` value: PoisonError { .. }
[INFO] [stdout] stack backtrace:
[INFO] [stdout]    0:     0x6105f9131ec7 - <<std[70759c8f55707aa4]::sys::backtrace::BacktraceLock>::print::DisplayBacktrace as core[df12db4294e9bfd3]::fmt::Display>::fmt
[INFO] [stdout]    1:     0x6105f9114c1a - core[df12db4294e9bfd3]::fmt::write
[INFO] [stdout]    2:     0x6105f913147b - <alloc[2182bb758b4b3781]::vec::Vec<u8> as core[df12db4294e9bfd3]::io::write::Write>::write_fmt
[INFO] [stdout]    3:     0x6105f9130f5f - std[70759c8f55707aa4]::panicking::default_hook::{closure#0}
[INFO] [stdout]    4:     0x6105f9130b8a - std[70759c8f55707aa4]::panicking::default_hook
[INFO] [stdout]    5:     0x6105f91306c2 - std[70759c8f55707aa4]::panicking::panic_with_hook
[INFO] [stdout]    6:     0x6105f9157a31 - std[70759c8f55707aa4]::panicking::panic_handler::{closure#0}
[INFO] [stdout]    7:     0x6105f91579e9 - std[70759c8f55707aa4]::sys::backtrace::__rust_end_short_backtrace::<std[70759c8f55707aa4]::panicking::panic_handler::{closure#0}, !>
[INFO] [stdout]    8:     0x6105f9157efc - __rustc[8fa7c3cbc660c2b3]::rust_begin_unwind
[INFO] [stdout]    9:     0x6105f9114aab - core[df12db4294e9bfd3]::panicking::panic_fmt
[INFO] [stdout]   10:     0x6105f9117ea1 - core[df12db4294e9bfd3]::result::unwrap_failed
[INFO] [stdout]   11:     0x6105f9112036 - <darts_clone_rs[385bf484878a8ef3]::tests::common_longest_prefix_search::{closure#0} as core[df12db4294e9bfd3]::ops::function::FnOnce<()>>::call_once
[INFO] [stdout]   12:     0x6105f916ffbb - test[9d35eded1c95d3be]::__rust_begin_short_backtrace::<core[df12db4294e9bfd3]::result::Result<(), alloc[2182bb758b4b3781]::string::String>, fn() -> core[df12db4294e9bfd3]::result::Result<(), alloc[2182bb758b4b3781]::string::String>>
[INFO] [stdout]   13:     0x6105f916b5cf - test[9d35eded1c95d3be]::run_test::{closure#0}
[INFO] [stdout]   14:     0x6105f916b04c - std[70759c8f55707aa4]::sys::backtrace::__rust_begin_short_backtrace::<test[9d35eded1c95d3be]::run_test::{closure#1}, ()>
[INFO] [stdout]   15:     0x6105f918820c - <std[70759c8f55707aa4]::thread::lifecycle::spawn_unchecked<test[9d35eded1c95d3be]::run_test::{closure#1}, ()>::{closure#1} as core[df12db4294e9bfd3]::ops::function::FnOnce<()>>::call_once::{shim:vtable#0}
[INFO] [stdout]   16:     0x6105f9159132 - <std[70759c8f55707aa4]::sys::thread::unix::Thread>::new::thread_start
[INFO] [stdout]   17:     0x76e9fea95dfa - <unknown>
[INFO] [stdout]   18:     0x76e9feb293d4 - clone
[INFO] [stdout]   19:                0x0 - <unknown>
[INFO] [stdout] 
[INFO] [stdout] ---- tests::set_array_with_array stdout ----
[INFO] [stdout] 
[INFO] [stdout] thread 'tests::set_array_with_array' (320) panicked at src/tests.rs:188:33:
[INFO] [stdout] called `Result::unwrap()` on an `Err` value: PoisonError { .. }
[INFO] [stdout] stack backtrace:
[INFO] [stdout]    0:     0x6105f9131ec7 - <<std[70759c8f55707aa4]::sys::backtrace::BacktraceLock>::print::DisplayBacktrace as core[df12db4294e9bfd3]::fmt::Display>::fmt
[INFO] [stdout]    1:     0x6105f9114c1a - core[df12db4294e9bfd3]::fmt::write
[INFO] [stdout]    2:     0x6105f913147b - <alloc[2182bb758b4b3781]::vec::Vec<u8> as core[df12db4294e9bfd3]::io::write::Write>::write_fmt
[INFO] [stdout]    3:     0x6105f9130f5f - std[70759c8f55707aa4]::panicking::default_hook::{closure#0}
[INFO] [stdout]    4:     0x6105f9130b8a - std[70759c8f55707aa4]::panicking::default_hook
[INFO] [stdout]    5:     0x6105f91306c2 - std[70759c8f55707aa4]::panicking::panic_with_hook
[INFO] [stdout]    6:     0x6105f9157a31 - std[70759c8f55707aa4]::panicking::panic_handler::{closure#0}
[INFO] [stdout]    7:     0x6105f91579e9 - std[70759c8f55707aa4]::sys::backtrace::__rust_end_short_backtrace::<std[70759c8f55707aa4]::panicking::panic_handler::{closure#0}, !>
[INFO] [stdout]    8:     0x6105f9157efc - __rustc[8fa7c3cbc660c2b3]::rust_begin_unwind
[INFO] [stdout]    9:     0x6105f9114aab - core[df12db4294e9bfd3]::panicking::panic_fmt
[INFO] [stdout]   10:     0x6105f9117ea1 - core[df12db4294e9bfd3]::result::unwrap_failed
[INFO] [stdout]   11:     0x6105f91116d1 - <darts_clone_rs[385bf484878a8ef3]::tests::set_array_with_array::{closure#0} as core[df12db4294e9bfd3]::ops::function::FnOnce<()>>::call_once
[INFO] [stdout]   12:     0x6105f916ffbb - test[9d35eded1c95d3be]::__rust_begin_short_backtrace::<core[df12db4294e9bfd3]::result::Result<(), alloc[2182bb758b4b3781]::string::String>, fn() -> core[df12db4294e9bfd3]::result::Result<(), alloc[2182bb758b4b3781]::string::String>>
[INFO] [stdout]   13:     0x6105f916b5cf - test[9d35eded1c95d3be]::run_test::{closure#0}
[INFO] [stdout]   14:     0x6105f916b04c - std[70759c8f55707aa4]::sys::backtrace::__rust_begin_short_backtrace::<test[9d35eded1c95d3be]::run_test::{closure#1}, ()>
[INFO] [stdout]   15:     0x6105f918820c - <std[70759c8f55707aa4]::thread::lifecycle::spawn_unchecked<test[9d35eded1c95d3be]::run_test::{closure#1}, ()>::{closure#1} as core[df12db4294e9bfd3]::ops::function::FnOnce<()>>::call_once::{shim:vtable#0}
[INFO] [stdout]   16:     0x6105f9159132 - <std[70759c8f55707aa4]::sys::thread::unix::Thread>::new::thread_start
[INFO] [stdout]   17:     0x76e9fea95dfa - <unknown>
[INFO] [stdout]   18:     0x76e9feb293d4 - clone
[INFO] [stdout]   19:                0x0 - <unknown>
[INFO] [stdout] 
[INFO] [stdout] ---- tests::common_prefix_search stdout ----
[INFO] [stdout] 
[INFO] [stdout] thread 'tests::common_prefix_search' (318) panicked at src/tests.rs:230:33:
[INFO] [stdout] called `Result::unwrap()` on an `Err` value: PoisonError { .. }
[INFO] [stdout] stack backtrace:
[INFO] [stdout]    0:     0x6105f9131ec7 - <<std[70759c8f55707aa4]::sys::backtrace::BacktraceLock>::print::DisplayBacktrace as core[df12db4294e9bfd3]::fmt::Display>::fmt
[INFO] [stdout]    1:     0x6105f9114c1a - core[df12db4294e9bfd3]::fmt::write
[INFO] [stdout]    2:     0x6105f913147b - <alloc[2182bb758b4b3781]::vec::Vec<u8> as core[df12db4294e9bfd3]::io::write::Write>::write_fmt
[INFO] [stdout]    3:     0x6105f9130f5f - std[70759c8f55707aa4]::panicking::default_hook::{closure#0}
[INFO] [stdout]    4:     0x6105f9130b8a - std[70759c8f55707aa4]::panicking::default_hook
[INFO] [stdout]    5:     0x6105f91306c2 - std[70759c8f55707aa4]::panicking::panic_with_hook
[INFO] [stdout]    6:     0x6105f9157a31 - std[70759c8f55707aa4]::panicking::panic_handler::{closure#0}
[INFO] [stdout]    7:     0x6105f91579e9 - std[70759c8f55707aa4]::sys::backtrace::__rust_end_short_backtrace::<std[70759c8f55707aa4]::panicking::panic_handler::{closure#0}, !>
[INFO] [stdout]    8:     0x6105f9157efc - __rustc[8fa7c3cbc660c2b3]::rust_begin_unwind
[INFO] [stdout]    9:     0x6105f9114aab - core[df12db4294e9bfd3]::panicking::panic_fmt
[INFO] [stdout]   10:     0x6105f9117ea1 - core[df12db4294e9bfd3]::result::unwrap_failed
[INFO] [stdout]   11:     0x6105f91112b3 - <darts_clone_rs[385bf484878a8ef3]::tests::common_prefix_search::{closure#0} as core[df12db4294e9bfd3]::ops::function::FnOnce<()>>::call_once
[INFO] [stdout]   12:     0x6105f916ffbb - test[9d35eded1c95d3be]::__rust_begin_short_backtrace::<core[df12db4294e9bfd3]::result::Result<(), alloc[2182bb758b4b3781]::string::String>, fn() -> core[df12db4294e9bfd3]::result::Result<(), alloc[2182bb758b4b3781]::string::String>>
[INFO] [stdout]   13:     0x6105f916b5cf - test[9d35eded1c95d3be]::run_test::{closure#0}
[INFO] [stdout]   14:     0x6105f916b04c - std[70759c8f55707aa4]::sys::backtrace::__rust_begin_short_backtrace::<test[9d35eded1c95d3be]::run_test::{closure#1}, ()>
[INFO] [stdout]   15:     0x6105f918820c - <std[70759c8f55707aa4]::thread::lifecycle::spawn_unchecked<test[9d35eded1c95d3be]::run_test::{closure#1}, ()>::{closure#1} as core[df12db4294e9bfd3]::ops::function::FnOnce<()>>::call_once::{shim:vtable#0}
[INFO] [stdout]   16:     0x6105f9159132 - <std[70759c8f55707aa4]::sys::thread::unix::Thread>::new::thread_start
[INFO] [stdout]   17:     0x76e9fea95dfa - <unknown>
[INFO] [stdout]   18:     0x76e9feb293d4 - clone
[INFO] [stdout]   19:                0x0 - <unknown>
[INFO] [stdout] 
[INFO] [stdout] ---- tests::build_with_keys_lengths_and_random_values stdout ----
[INFO] [stdout] 
[INFO] [stdout] thread 'tests::build_with_keys_lengths_and_random_values' (315) panicked at src/tests.rs:155:33:
[INFO] [stdout] called `Result::unwrap()` on an `Err` value: PoisonError { .. }
[INFO] [stdout] stack backtrace:
[INFO] [stdout]    0:     0x6105f9131ec7 - <<std[70759c8f55707aa4]::sys::backtrace::BacktraceLock>::print::DisplayBacktrace as core[df12db4294e9bfd3]::fmt::Display>::fmt
[INFO] [stdout]    1:     0x6105f9114c1a - core[df12db4294e9bfd3]::fmt::write
[INFO] [stdout]    2:     0x6105f913147b - <alloc[2182bb758b4b3781]::vec::Vec<u8> as core[df12db4294e9bfd3]::io::write::Write>::write_fmt
[INFO] [stdout]    3:     0x6105f9130f5f - std[70759c8f55707aa4]::panicking::default_hook::{closure#0}
[INFO] [stdout]    4:     0x6105f9130b8a - std[70759c8f55707aa4]::panicking::default_hook
[INFO] [stdout]    5:     0x6105f91306c2 - std[70759c8f55707aa4]::panicking::panic_with_hook
[INFO] [stdout]    6:     0x6105f9157a31 - std[70759c8f55707aa4]::panicking::panic_handler::{closure#0}
[INFO] [stdout]    7:     0x6105f91579e9 - std[70759c8f55707aa4]::sys::backtrace::__rust_end_short_backtrace::<std[70759c8f55707aa4]::panicking::panic_handler::{closure#0}, !>
[INFO] [stdout]    8:     0x6105f9157efc - __rustc[8fa7c3cbc660c2b3]::rust_begin_unwind
[INFO] [stdout]    9:     0x6105f9114aab - core[df12db4294e9bfd3]::panicking::panic_fmt
[INFO] [stdout]   10:     0x6105f9117ea1 - core[df12db4294e9bfd3]::result::unwrap_failed
[INFO] [stdout]   11:     0x6105f91129f3 - <darts_clone_rs[385bf484878a8ef3]::tests::build_with_keys_lengths_and_random_values::{closure#0} as core[df12db4294e9bfd3]::ops::function::FnOnce<()>>::call_once
[INFO] [stdout]   12:     0x6105f916ffbb - test[9d35eded1c95d3be]::__rust_begin_short_backtrace::<core[df12db4294e9bfd3]::result::Result<(), alloc[2182bb758b4b3781]::string::String>, fn() -> core[df12db4294e9bfd3]::result::Result<(), alloc[2182bb758b4b3781]::string::String>>
[INFO] [stdout]   13:     0x6105f916b5cf - test[9d35eded1c95d3be]::run_test::{closure#0}
[INFO] [stdout]   14:     0x6105f916b04c - std[70759c8f55707aa4]::sys::backtrace::__rust_begin_short_backtrace::<test[9d35eded1c95d3be]::run_test::{closure#1}, ()>
[INFO] [stdout]   15:     0x6105f918820c - <std[70759c8f55707aa4]::thread::lifecycle::spawn_unchecked<test[9d35eded1c95d3be]::run_test::{closure#1}, ()>::{closure#1} as core[df12db4294e9bfd3]::ops::function::FnOnce<()>>::call_once::{shim:vtable#0}
[INFO] [stdout]   16:     0x6105f9159132 - <std[70759c8f55707aa4]::sys::thread::unix::Thread>::new::thread_start
[INFO] [stdout]   17:     0x76e9fea95dfa - <unknown>
[INFO] [stdout]   18:     0x76e9feb293d4 - clone
[INFO] [stdout]   19:                0x0 - <unknown>
[INFO] [stdout] 
[INFO] [stdout] ---- tests::set_array_with_array_and_size stdout ----
[INFO] [stdout] 
[INFO] [stdout] thread 'tests::set_array_with_array_and_size' (321) panicked at src/tests.rs:209:33:
[INFO] [stdout] called `Result::unwrap()` on an `Err` value: PoisonError { .. }
[INFO] [stdout] stack backtrace:
[INFO] [stdout]    0:     0x6105f9131ec7 - <<std[70759c8f55707aa4]::sys::backtrace::BacktraceLock>::print::DisplayBacktrace as core[df12db4294e9bfd3]::fmt::Display>::fmt
[INFO] [stdout]    1:     0x6105f9114c1a - core[df12db4294e9bfd3]::fmt::write
[INFO] [stdout]    2:     0x6105f913147b - <alloc[2182bb758b4b3781]::vec::Vec<u8> as core[df12db4294e9bfd3]::io::write::Write>::write_fmt
[INFO] [stdout]    3:     0x6105f9130f5f - std[70759c8f55707aa4]::panicking::default_hook::{closure#0}
[INFO] [stdout]    4:     0x6105f9130b8a - std[70759c8f55707aa4]::panicking::default_hook
[INFO] [stdout]    5:     0x6105f91306c2 - std[70759c8f55707aa4]::panicking::panic_with_hook
[INFO] [stdout]    6:     0x6105f9157a31 - std[70759c8f55707aa4]::panicking::panic_handler::{closure#0}
[INFO] [stdout]    7:     0x6105f91579e9 - std[70759c8f55707aa4]::sys::backtrace::__rust_end_short_backtrace::<std[70759c8f55707aa4]::panicking::panic_handler::{closure#0}, !>
[INFO] [stdout]    8:     0x6105f9157efc - __rustc[8fa7c3cbc660c2b3]::rust_begin_unwind
[INFO] [stdout]    9:     0x6105f9114aab - core[df12db4294e9bfd3]::panicking::panic_fmt
[INFO] [stdout]   10:     0x6105f9117ea1 - core[df12db4294e9bfd3]::result::unwrap_failed
[INFO] [stdout]   11:     0x6105f9112461 - <darts_clone_rs[385bf484878a8ef3]::tests::set_array_with_array_and_size::{closure#0} as core[df12db4294e9bfd3]::ops::function::FnOnce<()>>::call_once
[INFO] [stdout]   12:     0x6105f916ffbb - test[9d35eded1c95d3be]::__rust_begin_short_backtrace::<core[df12db4294e9bfd3]::result::Result<(), alloc[2182bb758b4b3781]::string::String>, fn() -> core[df12db4294e9bfd3]::result::Result<(), alloc[2182bb758b4b3781]::string::String>>
[INFO] [stdout]   13:     0x6105f916b5cf - test[9d35eded1c95d3be]::run_test::{closure#0}
[INFO] [stdout]   14:     0x6105f916b04c - std[70759c8f55707aa4]::sys::backtrace::__rust_begin_short_backtrace::<test[9d35eded1c95d3be]::run_test::{closure#1}, ()>
[INFO] [stdout]   15:     0x6105f918820c - <std[70759c8f55707aa4]::thread::lifecycle::spawn_unchecked<test[9d35eded1c95d3be]::run_test::{closure#1}, ()>::{closure#1} as core[df12db4294e9bfd3]::ops::function::FnOnce<()>>::call_once::{shim:vtable#0}
[INFO] [stdout]   16:     0x6105f9159132 - <std[70759c8f55707aa4]::sys::thread::unix::Thread>::new::thread_start
[INFO] [stdout]   17:     0x76e9fea95dfa - <unknown>
[INFO] [stdout]   18:     0x76e9feb293d4 - clone
[INFO] [stdout]   19:                0x0 - <unknown>
[INFO] [stdout] 
[INFO] [stdout] ---- tests::build_with_keys stdout ----
[INFO] [stdout] 
[INFO] [stdout] thread 'tests::build_with_keys' (313) panicked at src/tests.rs:119:33:
[INFO] [stdout] called `Result::unwrap()` on an `Err` value: PoisonError { .. }
[INFO] [stdout] stack backtrace:
[INFO] [stdout]    0:     0x6105f9131ec7 - <<std[70759c8f55707aa4]::sys::backtrace::BacktraceLock>::print::DisplayBacktrace as core[df12db4294e9bfd3]::fmt::Display>::fmt
[INFO] [stdout]    1:     0x6105f9114c1a - core[df12db4294e9bfd3]::fmt::write
[INFO] [stdout]    2:     0x6105f913147b - <alloc[2182bb758b4b3781]::vec::Vec<u8> as core[df12db4294e9bfd3]::io::write::Write>::write_fmt
[INFO] [stdout]    3:     0x6105f9130f5f - std[70759c8f55707aa4]::panicking::default_hook::{closure#0}
[INFO] [stdout]    4:     0x6105f9130b8a - std[70759c8f55707aa4]::panicking::default_hook
[INFO] [stdout]    5:     0x6105f91306c2 - std[70759c8f55707aa4]::panicking::panic_with_hook
[INFO] [stdout]    6:     0x6105f9157a31 - std[70759c8f55707aa4]::panicking::panic_handler::{closure#0}
[INFO] [stdout]    7:     0x6105f91579e9 - std[70759c8f55707aa4]::sys::backtrace::__rust_end_short_backtrace::<std[70759c8f55707aa4]::panicking::panic_handler::{closure#0}, !>
[INFO] [stdout]    8:     0x6105f9157efc - __rustc[8fa7c3cbc660c2b3]::rust_begin_unwind
[INFO] [stdout]    9:     0x6105f9114aab - core[df12db4294e9bfd3]::panicking::panic_fmt
[INFO] [stdout]   10:     0x6105f9117ea1 - core[df12db4294e9bfd3]::result::unwrap_failed
[INFO] [stdout]   11:     0x6105f9110b24 - <darts_clone_rs[385bf484878a8ef3]::tests::build_with_keys::{closure#0} as core[df12db4294e9bfd3]::ops::function::FnOnce<()>>::call_once
[INFO] [stdout]   12:     0x6105f916ffbb - test[9d35eded1c95d3be]::__rust_begin_short_backtrace::<core[df12db4294e9bfd3]::result::Result<(), alloc[2182bb758b4b3781]::string::String>, fn() -> core[df12db4294e9bfd3]::result::Result<(), alloc[2182bb758b4b3781]::string::String>>
[INFO] [stdout]   13:     0x6105f916b5cf - test[9d35eded1c95d3be]::run_test::{closure#0}
[INFO] [stdout]   14:     0x6105f916b04c - std[70759c8f55707aa4]::sys::backtrace::__rust_begin_short_backtrace::<test[9d35eded1c95d3be]::run_test::{closure#1}, ()>
[INFO] [stdout]   15:     0x6105f918820c - <std[70759c8f55707aa4]::thread::lifecycle::spawn_unchecked<test[9d35eded1c95d3be]::run_test::{closure#1}, ()>::{closure#1} as core[df12db4294e9bfd3]::ops::function::FnOnce<()>>::call_once::{shim:vtable#0}
[INFO] [stdout]   16:     0x6105f9159132 - <std[70759c8f55707aa4]::sys::thread::unix::Thread>::new::thread_start
[INFO] [stdout]   17:     0x76e9fea95dfa - <unknown>
[INFO] [stdout]   18:     0x76e9feb293d4 - clone
[INFO] [stdout]   19:                0x0 - <unknown>
[INFO] [stdout] 
[INFO] [stdout] ---- tests::tarverse stdout ----
[INFO] [stdout] 
[INFO] [stdout] thread 'tests::tarverse' (322) panicked at src/tests.rs:332:33:
[INFO] [stdout] called `Result::unwrap()` on an `Err` value: PoisonError { .. }
[INFO] [stdout] stack backtrace:
[INFO] [stdout]    0:     0x6105f9131ec7 - <<std[70759c8f55707aa4]::sys::backtrace::BacktraceLock>::print::DisplayBacktrace as core[df12db4294e9bfd3]::fmt::Display>::fmt
[INFO] [stdout]    1:     0x6105f9114c1a - core[df12db4294e9bfd3]::fmt::write
[INFO] [stdout]    2:     0x6105f913147b - <alloc[2182bb758b4b3781]::vec::Vec<u8> as core[df12db4294e9bfd3]::io::write::Write>::write_fmt
[INFO] [stdout]    3:     0x6105f9130f5f - std[70759c8f55707aa4]::panicking::default_hook::{closure#0}
[INFO] [stdout]    4:     0x6105f9130b8a - std[70759c8f55707aa4]::panicking::default_hook
[INFO] [stdout]    5:     0x6105f91306c2 - std[70759c8f55707aa4]::panicking::panic_with_hook
[INFO] [stdout]    6:     0x6105f9157a31 - std[70759c8f55707aa4]::panicking::panic_handler::{closure#0}
[INFO] [stdout]    7:     0x6105f91579e9 - std[70759c8f55707aa4]::sys::backtrace::__rust_end_short_backtrace::<std[70759c8f55707aa4]::panicking::panic_handler::{closure#0}, !>
[INFO] [stdout]    8:     0x6105f9157efc - __rustc[8fa7c3cbc660c2b3]::rust_begin_unwind
[INFO] [stdout]    9:     0x6105f9114aab - core[df12db4294e9bfd3]::panicking::panic_fmt
[INFO] [stdout]   10:     0x6105f9117ea1 - core[df12db4294e9bfd3]::result::unwrap_failed
[INFO] [stdout]   11:     0x6105f9113212 - <darts_clone_rs[385bf484878a8ef3]::tests::tarverse::{closure#0} as core[df12db4294e9bfd3]::ops::function::FnOnce<()>>::call_once
[INFO] [stdout]   12:     0x6105f916ffbb - test[9d35eded1c95d3be]::__rust_begin_short_backtrace::<core[df12db4294e9bfd3]::result::Result<(), alloc[2182bb758b4b3781]::string::String>, fn() -> core[df12db4294e9bfd3]::result::Result<(), alloc[2182bb758b4b3781]::string::String>>
[INFO] [stdout]   13:     0x6105f916b5cf - test[9d35eded1c95d3be]::run_test::{closure#0}
[INFO] [stdout]   14:     0x6105f916b04c - std[70759c8f55707aa4]::sys::backtrace::__rust_begin_short_backtrace::<test[9d35eded1c95d3be]::run_test::{closure#1}, ()>
[INFO] [stdout]   15:     0x6105f918820c - <std[70759c8f55707aa4]::thread::lifecycle::spawn_unchecked<test[9d35eded1c95d3be]::run_test::{closure#1}, ()>::{closure#1} as core[df12db4294e9bfd3]::ops::function::FnOnce<()>>::call_once::{shim:vtable#0}
[INFO] [stdout]   16:     0x6105f9159132 - <std[70759c8f55707aa4]::sys::thread::unix::Thread>::new::thread_start
[INFO] [stdout]   17:     0x76e9fea95dfa - <unknown>
[INFO] [stdout]   18:     0x76e9feb293d4 - clone
[INFO] [stdout]   19:                0x0 - <unknown>
[INFO] [stdout] 
[INFO] [stdout] ---- tests::build_with_keys_and_lengths stdout ----
[INFO] [stdout] 
[INFO] [stdout] thread 'tests::build_with_keys_and_lengths' (314) panicked at src/tests.rs:131:33:
[INFO] [stdout] called `Result::unwrap()` on an `Err` value: PoisonError { .. }
[INFO] [stdout] stack backtrace:
[INFO] [stdout]    0:     0x6105f9131ec7 - <<std[70759c8f55707aa4]::sys::backtrace::BacktraceLock>::print::DisplayBacktrace as core[df12db4294e9bfd3]::fmt::Display>::fmt
[INFO] [stdout]    1:     0x6105f9114c1a - core[df12db4294e9bfd3]::fmt::write
[INFO] [stdout]    2:     0x6105f913147b - <alloc[2182bb758b4b3781]::vec::Vec<u8> as core[df12db4294e9bfd3]::io::write::Write>::write_fmt
[INFO] [stdout]    3:     0x6105f9130f5f - std[70759c8f55707aa4]::panicking::default_hook::{closure#0}
[INFO] [stdout]    4:     0x6105f9130b8a - std[70759c8f55707aa4]::panicking::default_hook
[INFO] [stdout]    5:     0x6105f91306c2 - std[70759c8f55707aa4]::panicking::panic_with_hook
[INFO] [stdout]    6:     0x6105f9157a31 - std[70759c8f55707aa4]::panicking::panic_handler::{closure#0}
[INFO] [stdout]    7:     0x6105f91579e9 - std[70759c8f55707aa4]::sys::backtrace::__rust_end_short_backtrace::<std[70759c8f55707aa4]::panicking::panic_handler::{closure#0}, !>
[INFO] [stdout]    8:     0x6105f9157efc - __rustc[8fa7c3cbc660c2b3]::rust_begin_unwind
[INFO] [stdout]    9:     0x6105f9114aab - core[df12db4294e9bfd3]::panicking::panic_fmt
[INFO] [stdout]   10:     0x6105f9117ea1 - core[df12db4294e9bfd3]::result::unwrap_failed
[INFO] [stdout]   11:     0x6105f91119af - <darts_clone_rs[385bf484878a8ef3]::tests::build_with_keys_and_lengths::{closure#0} as core[df12db4294e9bfd3]::ops::function::FnOnce<()>>::call_once
[INFO] [stdout]   12:     0x6105f916ffbb - test[9d35eded1c95d3be]::__rust_begin_short_backtrace::<core[df12db4294e9bfd3]::result::Result<(), alloc[2182bb758b4b3781]::string::String>, fn() -> core[df12db4294e9bfd3]::result::Result<(), alloc[2182bb758b4b3781]::string::String>>
[INFO] [stdout]   13:     0x6105f916b5cf - test[9d35eded1c95d3be]::run_test::{closure#0}
[INFO] [stdout]   14:     0x6105f916b04c - std[70759c8f55707aa4]::sys::backtrace::__rust_begin_short_backtrace::<test[9d35eded1c95d3be]::run_test::{closure#1}, ()>
[INFO] [stdout]   15:     0x6105f918820c - <std[70759c8f55707aa4]::thread::lifecycle::spawn_unchecked<test[9d35eded1c95d3be]::run_test::{closure#1}, ()>::{closure#1} as core[df12db4294e9bfd3]::ops::function::FnOnce<()>>::call_once::{shim:vtable#0}
[INFO] [stdout]   16:     0x6105f9159132 - <std[70759c8f55707aa4]::sys::thread::unix::Thread>::new::thread_start
[INFO] [stdout]   17:     0x76e9fea95dfa - <unknown>
[INFO] [stdout]   18:     0x76e9feb293d4 - clone
[INFO] [stdout]   19:                0x0 - <unknown>
[INFO] [stdout] 
[INFO] [stdout] 
[INFO] [stdout] failures:
[INFO] [stdout]     tests::build_with_keys
[INFO] [stdout]     tests::build_with_keys_and_lengths
[INFO] [stdout]     tests::build_with_keys_lengths_and_random_values
[INFO] [stdout]     tests::common_longest_prefix_search
[INFO] [stdout]     tests::common_prefix_search
[INFO] [stdout]     tests::save_and_open
[INFO] [stdout]     tests::set_array_with_array
[INFO] [stdout]     tests::set_array_with_array_and_size
[INFO] [stdout]     tests::tarverse
[INFO] [stdout] 
[INFO] [stdout] test result: FAILED. 1 passed; 9 failed; 0 ignored; 0 measured; 0 filtered out; finished in 0.85s
[INFO] [stdout] 
[INFO] running `Command { std: "docker" "inspect" "70bbde19377472cb22e74fb368661b2efd1ce032ce228742f0851cc2bfdc6808", kill_on_drop: false }`
[INFO] running `Command { std: "docker" "rm" "-f" "70bbde19377472cb22e74fb368661b2efd1ce032ce228742f0851cc2bfdc6808", kill_on_drop: false }`
[INFO] [stdout] 70bbde19377472cb22e74fb368661b2efd1ce032ce228742f0851cc2bfdc6808
