[INFO] fetching crate darpi-route 0.1.0-beta...
[INFO] testing darpi-route-0.1.0-beta against 1.99.0-beta.8+cargoflags=--release for beta-release-1.100-2
[INFO] extracting crate darpi-route 0.1.0-beta into /workspace/builds/worker-6-tc1/source
[INFO] started tweaking crates.io crate darpi-route 0.1.0-beta
[INFO] finished tweaking crates.io crate darpi-route 0.1.0-beta
[INFO] tweaked toml for crates.io crate darpi-route 0.1.0-beta written to /workspace/builds/worker-6-tc1/source/Cargo.toml
[INFO] validating manifest of crates.io crate darpi-route 0.1.0-beta on toolchain 1.99.0-beta.8
[INFO] running `Command { std: CARGO_HOME="/workspace/cargo-home" RUSTUP_HOME="/workspace/rustup-home" "/workspace/cargo-home/bin/cargo" "+1.99.0-beta.8" "metadata" "--manifest-path" "Cargo.toml" "--no-deps", kill_on_drop: false }`
[INFO] running `Command { std: CARGO_HOME="/workspace/cargo-home" RUSTUP_HOME="/workspace/rustup-home" "/workspace/cargo-home/bin/cargo" "+1.99.0-beta.8" "generate-lockfile" "--manifest-path" "Cargo.toml", kill_on_drop: false }`
[INFO] [stderr]     Updating crates.io index
[INFO] [stderr]      Locking 10 packages to highest compatible versions
[INFO] [stderr]       Adding logos v0.11.4 (available: v0.16.1)
[INFO] running `Command { std: CARGO_HOME="/workspace/cargo-home" RUSTUP_HOME="/workspace/rustup-home" "/workspace/cargo-home/bin/cargo" "+1.99.0-beta.8" "fetch" "--manifest-path" "Cargo.toml", kill_on_drop: false }`
[INFO] [stderr]  Downloading crates ...
[INFO] [stderr]   Downloaded logos-derive v0.11.5
[INFO] [stderr]   Downloaded logos v0.11.4
[INFO] [stderr]   Downloaded beef v0.4.4
[INFO] running `Command { std: "docker" "create" "-v" "/var/lib/crater-agent-workspace/builds/worker-6-tc1/source:/opt/rustwide/workdir:ro,Z" "-v" "/var/lib/crater-agent-workspace/builds/worker-6-tc1/target:/opt/rustwide/target:rw,Z" "-v" "/var/lib/crater-agent-workspace/cargo-home:/opt/rustwide/cargo-home:ro,Z" "-v" "/var/lib/crater-agent-workspace/rustup-home:/opt/rustwide/rustup-home:ro,Z" "-m" "1610612736" "--network" "none" "ghcr.io/rust-lang/crates-build-env/linux@sha256:77db811e55d90add9212f6832c23229e3de5f1c1f9905e8cb07319ea15df73ac" "sleep" "infinity", kill_on_drop: false }`
[INFO] [stdout] fd1f5f1dd0b273c02b7a0d41c12c0dca742c15a781ae086a30e412ddfaded2b7
[INFO] running `Command { std: "docker" "start" "fd1f5f1dd0b273c02b7a0d41c12c0dca742c15a781ae086a30e412ddfaded2b7", kill_on_drop: false }`
[INFO] running `Command { std: "docker" "inspect" "fd1f5f1dd0b273c02b7a0d41c12c0dca742c15a781ae086a30e412ddfaded2b7", kill_on_drop: false }`
[INFO] running `Command { std: "docker" "exec" "-e" "SOURCE_DIR=/opt/rustwide/workdir" "-e" "CARGO_HOME=/opt/rustwide/cargo-home" "-e" "RUSTUP_HOME=/opt/rustwide/rustup-home" "-e" "CARGO_TARGET_DIR=/opt/rustwide/target" "-w" "/opt/rustwide/workdir" "--user" "0:0" "fd1f5f1dd0b273c02b7a0d41c12c0dca742c15a781ae086a30e412ddfaded2b7" "/opt/rustwide/cargo-home/bin/cargo" "+1.99.0-beta.8" "metadata" "--no-deps" "--format-version=1", kill_on_drop: false }`
[INFO] running `Command { std: "docker" "inspect" "fd1f5f1dd0b273c02b7a0d41c12c0dca742c15a781ae086a30e412ddfaded2b7", kill_on_drop: false }`
[INFO] running `Command { std: "docker" "exec" "-e" "SOURCE_DIR=/opt/rustwide/workdir" "-e" "CARGO_HOME=/opt/rustwide/cargo-home" "-e" "RUSTUP_HOME=/opt/rustwide/rustup-home" "-e" "CARGO_TARGET_DIR=/opt/rustwide/target" "-e" "CARGO_INCREMENTAL=0" "-e" "RUST_BACKTRACE=full" "-e" "RUSTFLAGS=--cap-lints=warn" "-e" "RUSTDOCFLAGS=--cap-lints=warn" "-w" "/opt/rustwide/workdir" "--user" "0:0" "fd1f5f1dd0b273c02b7a0d41c12c0dca742c15a781ae086a30e412ddfaded2b7" "/opt/rustwide/cargo-home/bin/cargo" "+1.99.0-beta.8" "build" "--frozen" "--message-format=json" "--release", kill_on_drop: false }`
[INFO] [stderr]    Compiling regex-syntax v0.6.29
[INFO] [stderr]    Compiling utf8-ranges v1.0.5
[INFO] [stderr]    Compiling beef v0.4.4
[INFO] [stderr]    Compiling syn v1.0.109
[INFO] [stderr]    Compiling logos-derive v0.11.5
[INFO] [stderr]    Compiling logos v0.11.4
[INFO] [stderr]    Compiling darpi-route v0.1.0-beta (/opt/rustwide/workdir)
[INFO] [stderr]     Finished `release` profile [optimized] target(s) in 5.84s
[INFO] running `Command { std: "docker" "inspect" "fd1f5f1dd0b273c02b7a0d41c12c0dca742c15a781ae086a30e412ddfaded2b7", kill_on_drop: false }`
[INFO] running `Command { std: "docker" "exec" "-e" "SOURCE_DIR=/opt/rustwide/workdir" "-e" "CARGO_HOME=/opt/rustwide/cargo-home" "-e" "RUSTUP_HOME=/opt/rustwide/rustup-home" "-e" "CARGO_TARGET_DIR=/opt/rustwide/target" "-e" "CARGO_INCREMENTAL=0" "-e" "RUST_BACKTRACE=full" "-e" "RUSTFLAGS=--cap-lints=warn" "-e" "RUSTDOCFLAGS=--cap-lints=warn" "-w" "/opt/rustwide/workdir" "--user" "0:0" "fd1f5f1dd0b273c02b7a0d41c12c0dca742c15a781ae086a30e412ddfaded2b7" "/opt/rustwide/cargo-home/bin/cargo" "+1.99.0-beta.8" "test" "--frozen" "--no-run" "--message-format=json" "--release", kill_on_drop: false }`
[INFO] [stderr]    Compiling darpi-route v0.1.0-beta (/opt/rustwide/workdir)
[INFO] [stderr]     Finished `release` profile [optimized] target(s) in 1.10s
[INFO] running `Command { std: "docker" "inspect" "fd1f5f1dd0b273c02b7a0d41c12c0dca742c15a781ae086a30e412ddfaded2b7", kill_on_drop: false }`
[INFO] running `Command { std: "docker" "exec" "-e" "SOURCE_DIR=/opt/rustwide/workdir" "-e" "CARGO_HOME=/opt/rustwide/cargo-home" "-e" "RUSTUP_HOME=/opt/rustwide/rustup-home" "-e" "CARGO_TARGET_DIR=/opt/rustwide/target" "-e" "CARGO_INCREMENTAL=0" "-e" "RUST_BACKTRACE=full" "-e" "RUSTFLAGS=--cap-lints=warn" "-e" "RUSTDOCFLAGS=--cap-lints=warn" "-w" "/opt/rustwide/workdir" "--user" "0:0" "fd1f5f1dd0b273c02b7a0d41c12c0dca742c15a781ae086a30e412ddfaded2b7" "/opt/rustwide/cargo-home/bin/cargo" "+1.99.0-beta.8" "test" "--frozen" "--release", kill_on_drop: false }`
[INFO] [stderr]     Finished `release` profile [optimized] target(s) in 0.02s
[INFO] [stderr]      Running unittests src/lib.rs (/opt/rustwide/target/release/deps/darpi_route-7e6af322b80deead)
[INFO] [stdout] 
[INFO] [stdout] running 3 tests
[INFO] [stdout] test are_equal ... ok
[INFO] [stdout] test route_to_string ... FAILED
[INFO] [stdout] test are_not_equal ... ok
[INFO] [stdout] 
[INFO] [stdout] failures:
[INFO] [stdout] 
[INFO] [stdout] ---- route_to_string stdout ----
[INFO] [stdout] 
[INFO] [stdout] thread 'route_to_string' (261) panicked at src/lib.rs:138:5:
[INFO] [stdout] {
[INFO] [stdout]     "article": "1",
[INFO] [stdout] }
[INFO] [stdout] stack backtrace:
[INFO] [stdout]    0:     0x5d0c4e168811 - <<std[70759c8f55707aa4]::sys::backtrace::BacktraceLock>::print::DisplayBacktrace as core[df12db4294e9bfd3]::fmt::Display>::fmt
[INFO] [stdout]    1:     0x5d0c4e17ccea - core[df12db4294e9bfd3]::fmt::write
[INFO] [stdout]    2:     0x5d0c4e16ccac - <alloc[2182bb758b4b3781]::vec::Vec<u8> as core[df12db4294e9bfd3]::io::write::Write>::write_fmt
[INFO] [stdout]    3:     0x5d0c4e144e06 - std[70759c8f55707aa4]::panicking::default_hook::{closure#0}
[INFO] [stdout]    4:     0x5d0c4e160f79 - std[70759c8f55707aa4]::panicking::default_hook
[INFO] [stdout]    5:     0x5d0c4e0fd400 - test[9d35eded1c95d3be]::test_main_inner::<test[9d35eded1c95d3be]::test_main_static::{closure#0}>::{closure#0}
[INFO] [stdout]    6:     0x5d0c4e161132 - std[70759c8f55707aa4]::panicking::panic_with_hook
[INFO] [stdout]    7:     0x5d0c4e144eb2 - std[70759c8f55707aa4]::panicking::panic_handler::{closure#0}
[INFO] [stdout]    8:     0x5d0c4e13dc39 - std[70759c8f55707aa4]::sys::backtrace::__rust_end_short_backtrace::<std[70759c8f55707aa4]::panicking::panic_handler::{closure#0}, !>
[INFO] [stdout]    9:     0x5d0c4e145aad - __rustc[8fa7c3cbc660c2b3]::rust_begin_unwind
[INFO] [stdout]   10:     0x5d0c4e17d41c - core[df12db4294e9bfd3]::panicking::panic_fmt
[INFO] [stdout]   11:     0x5d0c4e0ef1c3 - <darpi_route[8938c47d8374857d]::route_to_string::{closure#0} as core[df12db4294e9bfd3]::ops::function::FnOnce<()>>::call_once
[INFO] [stdout]   12:     0x5d0c4e0f06eb - test[9d35eded1c95d3be]::__rust_begin_short_backtrace::<core[df12db4294e9bfd3]::result::Result<(), alloc[2182bb758b4b3781]::string::String>, fn() -> core[df12db4294e9bfd3]::result::Result<(), alloc[2182bb758b4b3781]::string::String>>
[INFO] [stdout]   13:     0x5d0c4e0fdd55 - test[9d35eded1c95d3be]::run_test::{closure#0}
[INFO] [stdout]   14:     0x5d0c4e0f7614 - std[70759c8f55707aa4]::sys::backtrace::__rust_begin_short_backtrace::<test[9d35eded1c95d3be]::run_test::{closure#1}, ()>
[INFO] [stdout]   15:     0x5d0c4e100eb2 - <std[70759c8f55707aa4]::thread::lifecycle::spawn_unchecked<test[9d35eded1c95d3be]::run_test::{closure#1}, ()>::{closure#1} as core[df12db4294e9bfd3]::ops::function::FnOnce<()>>::call_once::{shim:vtable#0}
[INFO] [stdout]   16:     0x5d0c4e1680e9 - <std[70759c8f55707aa4]::sys::thread::unix::Thread>::new::thread_start
[INFO] [stdout]   17:     0x7a2f1b919dfa - <unknown>
[INFO] [stdout]   18:     0x7a2f1b9ad3d4 - clone
[INFO] [stdout]   19:                0x0 - <unknown>
[INFO] [stdout] 
[INFO] [stdout] 
[INFO] [stdout] failures:
[INFO] [stdout]     route_to_string
[INFO] [stdout] 
[INFO] [stdout] test result: FAILED. 2 passed; 1 failed; 0 ignored; 0 measured; 0 filtered out; finished in 0.00s
[INFO] [stdout] 
[INFO] [stderr] error: test failed, to rerun pass `--lib`
[INFO] running `Command { std: "docker" "inspect" "fd1f5f1dd0b273c02b7a0d41c12c0dca742c15a781ae086a30e412ddfaded2b7", kill_on_drop: false }`
[INFO] running `Command { std: "docker" "rm" "-f" "fd1f5f1dd0b273c02b7a0d41c12c0dca742c15a781ae086a30e412ddfaded2b7", kill_on_drop: false }`
[INFO] [stdout] fd1f5f1dd0b273c02b7a0d41c12c0dca742c15a781ae086a30e412ddfaded2b7
