[INFO] fetching crate darp 1.10.0...
[INFO] testing darp-1.10.0 against 1.100.0-beta.1+cargoflags=--release for beta-release-1.100-2
[INFO] extracting crate darp 1.10.0 into /workspace/builds/worker-0-tc2/source
[INFO] started tweaking crates.io crate darp 1.10.0
[INFO] removed 0 missing tests
[INFO] finished tweaking crates.io crate darp 1.10.0
[INFO] tweaked toml for crates.io crate darp 1.10.0 written to /workspace/builds/worker-0-tc2/source/Cargo.toml
[INFO] validating manifest of crates.io crate darp 1.10.0 on toolchain 1.100.0-beta.1
[INFO] running `Command { std: CARGO_HOME="/workspace/cargo-home" RUSTUP_HOME="/workspace/rustup-home" "/workspace/cargo-home/bin/cargo" "+1.100.0-beta.1" "metadata" "--manifest-path" "Cargo.toml" "--no-deps", kill_on_drop: false }`
[INFO] crate crates.io crate darp 1.10.0 already has a lockfile, it will not be regenerated
[INFO] running `Command { std: CARGO_HOME="/workspace/cargo-home" RUSTUP_HOME="/workspace/rustup-home" "/workspace/cargo-home/bin/cargo" "+1.100.0-beta.1" "fetch" "--manifest-path" "Cargo.toml", kill_on_drop: false }`
[INFO] [stderr] warning: `package.homepage` is redundant with `package.repository`
[INFO] [stderr]   --> Cargo.toml:56:12
[INFO] [stderr]    |
[INFO] [stderr] 56 | homepage = "https://github.com/arcodetype/darp-rust"
[INFO] [stderr]    |            ^^^^^^^^^^^^^^^^^^^^^^^^^^^^^^^^^^^^^^^^^
[INFO] [stderr] ...
[INFO] [stderr] 61 | repository = "https://github.com/arcodetype/darp-rust"
[INFO] [stderr]    |              -----------------------------------------
[INFO] [stderr]    |
[INFO] [stderr]    = note: `cargo::redundant_homepage` is set to `warn` by default
[INFO] [stderr] help: consider removing `package.homepage`
[INFO] [stderr] warning: `darp` (manifest) generated 1 warning
[INFO] running `Command { std: "docker" "create" "-v" "/var/lib/crater-agent-workspace/builds/worker-0-tc2/source:/opt/rustwide/workdir:ro,Z" "-v" "/var/lib/crater-agent-workspace/builds/worker-0-tc2/target:/opt/rustwide/target:rw,Z" "-v" "/var/lib/crater-agent-workspace/cargo-home:/opt/rustwide/cargo-home:ro,Z" "-v" "/var/lib/crater-agent-workspace/rustup-home:/opt/rustwide/rustup-home:ro,Z" "-m" "1610612736" "--network" "none" "ghcr.io/rust-lang/crates-build-env/linux@sha256:77db811e55d90add9212f6832c23229e3de5f1c1f9905e8cb07319ea15df73ac" "sleep" "infinity", kill_on_drop: false }`
[INFO] [stdout] d2dc1e5472faaa3b9c13e2c97d3312553407c4b0851817cf4432ac7b39106ed2
[INFO] running `Command { std: "docker" "start" "d2dc1e5472faaa3b9c13e2c97d3312553407c4b0851817cf4432ac7b39106ed2", kill_on_drop: false }`
[INFO] running `Command { std: "docker" "inspect" "d2dc1e5472faaa3b9c13e2c97d3312553407c4b0851817cf4432ac7b39106ed2", kill_on_drop: false }`
[INFO] running `Command { std: "docker" "exec" "-e" "SOURCE_DIR=/opt/rustwide/workdir" "-e" "CARGO_HOME=/opt/rustwide/cargo-home" "-e" "RUSTUP_HOME=/opt/rustwide/rustup-home" "-e" "CARGO_TARGET_DIR=/opt/rustwide/target" "-w" "/opt/rustwide/workdir" "--user" "0:0" "d2dc1e5472faaa3b9c13e2c97d3312553407c4b0851817cf4432ac7b39106ed2" "/opt/rustwide/cargo-home/bin/cargo" "+1.100.0-beta.1" "metadata" "--no-deps" "--format-version=1", kill_on_drop: false }`
[INFO] running `Command { std: "docker" "inspect" "d2dc1e5472faaa3b9c13e2c97d3312553407c4b0851817cf4432ac7b39106ed2", kill_on_drop: false }`
[INFO] running `Command { std: "docker" "exec" "-e" "SOURCE_DIR=/opt/rustwide/workdir" "-e" "CARGO_HOME=/opt/rustwide/cargo-home" "-e" "RUSTUP_HOME=/opt/rustwide/rustup-home" "-e" "CARGO_TARGET_DIR=/opt/rustwide/target" "-e" "CARGO_INCREMENTAL=0" "-e" "RUST_BACKTRACE=full" "-e" "RUSTFLAGS=--cap-lints=warn" "-e" "RUSTDOCFLAGS=--cap-lints=warn" "-w" "/opt/rustwide/workdir" "--user" "0:0" "d2dc1e5472faaa3b9c13e2c97d3312553407c4b0851817cf4432ac7b39106ed2" "/opt/rustwide/cargo-home/bin/cargo" "+1.100.0-beta.1" "build" "--frozen" "--message-format=json" "--release", kill_on_drop: false }`
[INFO] [stderr] warning: `package.homepage` is redundant with `package.repository`
[INFO] [stderr]   --> Cargo.toml:56:12
[INFO] [stderr]    |
[INFO] [stderr] 56 | homepage = "https://github.com/arcodetype/darp-rust"
[INFO] [stderr]    |            ^^^^^^^^^^^^^^^^^^^^^^^^^^^^^^^^^^^^^^^^^
[INFO] [stderr] ...
[INFO] [stderr] 61 | repository = "https://github.com/arcodetype/darp-rust"
[INFO] [stderr]    |              -----------------------------------------
[INFO] [stderr]    |
[INFO] [stderr]    = note: `cargo::redundant_homepage` is set to `warn` by default
[INFO] [stderr] help: consider removing `package.homepage`
[INFO] [stderr] warning: `darp` (manifest) generated 1 warning
[INFO] [stderr]    Compiling libc v0.2.189
[INFO] [stderr]    Compiling bitflags v2.13.2
[INFO] [stderr]    Compiling nix v0.31.3
[INFO] [stderr]    Compiling colored v2.2.0
[INFO] [stderr]    Compiling syn v3.0.5
[INFO] [stderr]    Compiling clap_builder v4.6.7
[INFO] [stderr]    Compiling syn v2.0.119
[INFO] [stderr]    Compiling dirs-sys v0.4.1
[INFO] [stderr]    Compiling dirs v5.0.1
[INFO] [stderr]    Compiling thiserror-impl v1.0.69
[INFO] [stderr]    Compiling clap_derive v4.6.7
[INFO] [stderr]    Compiling serde_derive v1.0.229
[INFO] [stderr]    Compiling ctrlc v3.5.2
[INFO] [stderr]    Compiling thiserror v1.0.69
[INFO] [stderr]    Compiling clap v4.6.7
[INFO] [stderr]    Compiling clap_complete v4.6.11
[INFO] [stderr]    Compiling serde v1.0.229
[INFO] [stderr]    Compiling darp v1.10.0 (/opt/rustwide/workdir)
[INFO] [stderr] warning: unused dependency `thiserror`
[INFO] [stderr]   --> Cargo.toml:32:15
[INFO] [stderr]    |
[INFO] [stderr] 32 | [dependencies.thiserror]
[INFO] [stderr]    |               ^^^^^^^^^^
[INFO] [stderr]    |
[INFO] [stderr]    = note: `cargo::unused_dependencies` is set to `warn` by default
[INFO] [stderr] help: consider removing the dependency on `thiserror`
[INFO] [stderr] warning: `darp` (manifest) generated 1 warning
[INFO] [stderr]     Finished `release` profile [optimized] target(s) in 44.47s
[INFO] running `Command { std: "docker" "inspect" "d2dc1e5472faaa3b9c13e2c97d3312553407c4b0851817cf4432ac7b39106ed2", kill_on_drop: false }`
[INFO] running `Command { std: "docker" "exec" "-e" "SOURCE_DIR=/opt/rustwide/workdir" "-e" "CARGO_HOME=/opt/rustwide/cargo-home" "-e" "RUSTUP_HOME=/opt/rustwide/rustup-home" "-e" "CARGO_TARGET_DIR=/opt/rustwide/target" "-e" "CARGO_INCREMENTAL=0" "-e" "RUST_BACKTRACE=full" "-e" "RUSTFLAGS=--cap-lints=warn" "-e" "RUSTDOCFLAGS=--cap-lints=warn" "-w" "/opt/rustwide/workdir" "--user" "0:0" "d2dc1e5472faaa3b9c13e2c97d3312553407c4b0851817cf4432ac7b39106ed2" "/opt/rustwide/cargo-home/bin/cargo" "+1.100.0-beta.1" "test" "--frozen" "--no-run" "--message-format=json" "--release", kill_on_drop: false }`
[INFO] [stderr] warning: `package.homepage` is redundant with `package.repository`
[INFO] [stderr]   --> Cargo.toml:56:12
[INFO] [stderr]    |
[INFO] [stderr] 56 | homepage = "https://github.com/arcodetype/darp-rust"
[INFO] [stderr]    |            ^^^^^^^^^^^^^^^^^^^^^^^^^^^^^^^^^^^^^^^^^
[INFO] [stderr] ...
[INFO] [stderr] 61 | repository = "https://github.com/arcodetype/darp-rust"
[INFO] [stderr]    |              -----------------------------------------
[INFO] [stderr]    |
[INFO] [stderr]    = note: `cargo::redundant_homepage` is set to `warn` by default
[INFO] [stderr] help: consider removing `package.homepage`
[INFO] [stderr] warning: `darp` (manifest) generated 1 warning
[INFO] [stderr]    Compiling nix v0.31.3
[INFO] [stderr]    Compiling getrandom v0.4.3
[INFO] [stderr]    Compiling rustix v1.1.4
[INFO] [stderr]    Compiling ctrlc v3.5.2
[INFO] [stderr]    Compiling darp v1.10.0 (/opt/rustwide/workdir)
[INFO] [stderr]    Compiling tempfile v3.27.0
[INFO] [stderr] warning: unused dependency `thiserror`
[INFO] [stderr]   --> Cargo.toml:32:15
[INFO] [stderr]    |
[INFO] [stderr] 32 | [dependencies.thiserror]
[INFO] [stderr]    |               ^^^^^^^^^^
[INFO] [stderr]    |
[INFO] [stderr]    = note: `cargo::unused_dependencies` is set to `warn` by default
[INFO] [stderr] help: consider removing the dependency on `thiserror`
[INFO] [stderr] warning: `darp` (manifest) generated 1 warning
[INFO] [stderr]     Finished `release` profile [optimized] target(s) in 47.69s
[INFO] running `Command { std: "docker" "inspect" "d2dc1e5472faaa3b9c13e2c97d3312553407c4b0851817cf4432ac7b39106ed2", kill_on_drop: false }`
[INFO] running `Command { std: "docker" "exec" "-e" "SOURCE_DIR=/opt/rustwide/workdir" "-e" "CARGO_HOME=/opt/rustwide/cargo-home" "-e" "RUSTUP_HOME=/opt/rustwide/rustup-home" "-e" "CARGO_TARGET_DIR=/opt/rustwide/target" "-e" "CARGO_INCREMENTAL=0" "-e" "RUST_BACKTRACE=full" "-e" "RUSTFLAGS=--cap-lints=warn" "-e" "RUSTDOCFLAGS=--cap-lints=warn" "-w" "/opt/rustwide/workdir" "--user" "0:0" "d2dc1e5472faaa3b9c13e2c97d3312553407c4b0851817cf4432ac7b39106ed2" "/opt/rustwide/cargo-home/bin/cargo" "+1.100.0-beta.1" "test" "--frozen" "--release", kill_on_drop: false }`
[INFO] [stderr] warning: `package.homepage` is redundant with `package.repository`
[INFO] [stderr]   --> Cargo.toml:56:12
[INFO] [stderr]    |
[INFO] [stderr] 56 | homepage = "https://github.com/arcodetype/darp-rust"
[INFO] [stderr]    |            ^^^^^^^^^^^^^^^^^^^^^^^^^^^^^^^^^^^^^^^^^
[INFO] [stderr] ...
[INFO] [stderr] 61 | repository = "https://github.com/arcodetype/darp-rust"
[INFO] [stderr]    |              -----------------------------------------
[INFO] [stderr]    |
[INFO] [stderr]    = note: `cargo::redundant_homepage` is set to `warn` by default
[INFO] [stderr] help: consider removing `package.homepage`
[INFO] [stderr] warning: `darp` (manifest) generated 1 warning
[INFO] [stderr] warning: unused dependency `thiserror`
[INFO] [stderr]   --> Cargo.toml:32:15
[INFO] [stderr]    |
[INFO] [stderr] 32 | [dependencies.thiserror]
[INFO] [stderr]    |               ^^^^^^^^^^
[INFO] [stderr]    |
[INFO] [stderr]    = note: `cargo::unused_dependencies` is set to `warn` by default
[INFO] [stderr] help: consider removing the dependency on `thiserror`
[INFO] [stderr] warning: `darp` (manifest) generated 1 warning
[INFO] [stderr]     Finished `release` profile [optimized] target(s) in 0.11s
[INFO] [stderr]      Running unittests src/lib.rs (/opt/rustwide/target/release/build/darp/96ff2d684f1d2cf4/out/darp-96ff2d684f1d2cf4)
[INFO] [stdout] 
[INFO] [stdout] running 33 tests
[INFO] [stdout] test config::tests::add_group_portmap_creates_group ... ok
[INFO] [stdout] test config::tests::add_service_variable_creates_group_and_service ... ok
[INFO] [stdout] test config::tests::add_service_volume_creates_group_and_service ... ok
[INFO] [stdout] test config::tests::add_service_portmap_creates_domain_group_and_service ... ok
[INFO] [stdout] test config::tests::add_service_portmap_creates_group_and_service ... ok
[INFO] [stdout] test config::tests::add_service_volume_creates_domain_group_and_service ... ok
[INFO] [stdout] test config::tests::add_service_variable_creates_domain_group_and_service ... ok
[INFO] [stdout] test config::tests::add_group_portmap_creates_domain_and_group ... ok
[INFO] [stdout] test config::tests::ensure_domain_exists_creates_domain_with_location ... ok
[INFO] [stdout] test config::tests::serialized_config_has_no_null_values ... ok
[INFO] [stdout] test config::tests::set_group_default_container_image_creates_group ... ok
[INFO] [stdout] test config::tests::add_to_existing_service_preserves_other_fields ... ok
[INFO] [stdout] test config::tests::set_group_default_environment_creates_group ... ok
[INFO] [stdout] test config::tests::set_group_creates_domain_and_group ... ok
[INFO] [stdout] test config::tests::set_group_image_repository_creates_group ... ok
[INFO] [stdout] test config::tests::add_group_variable_creates_group ... ok
[INFO] [stdout] test config::tests::set_group_on_missing_domain_errors_without_location ... ok
[INFO] [stdout] test config::tests::add_group_volume_creates_group ... ok
[INFO] [stdout] test config::tests::set_group_platform_creates_group ... ok
[INFO] [stdout] test config::tests::ensure_domain_exists_errors_without_location ... ok
[INFO] [stdout] test config::tests::set_group_shell_command_creates_group ... ok
[INFO] [stdout] test config::tests::ensure_domain_exists_noop_when_exists ... ok
[INFO] [stdout] test config::tests::set_service_creates_domain_group_and_service ... ok
[INFO] [stdout] test config::tests::set_on_existing_group_preserves_other_fields ... ok
[INFO] [stdout] test config::tests::set_service_serve_command_creates_group_and_service ... ok
[INFO] [stdout] test config::tests::set_service_on_missing_domain_errors_without_location ... ok
[INFO] [stdout] test config::tests::merge_values_star_value_force_replaces ... ok
[INFO] [stdout] test config::tests::merge_values_star_null_removes_key ... ok
[INFO] [stdout] test config::tests::merge_values_null_does_not_override_base ... ok
[INFO] [stdout] test config::tests::strip_nulls_removes_nested_nulls ... ok
[INFO] [stdout] test config::tests::ensure_domain_exists_pre_config_domain_allows_group_operations ... ok
[INFO] [stdout] test config::tests::ensure_domain_exists_finds_domain_in_pre_config ... ok
[INFO] [stdout] test config::tests::set_group_serve_command_creates_group ... ok
[INFO] [stderr]      Running unittests src/main.rs (/opt/rustwide/target/release/build/darp/211511a566bbba4b/out/darp-211511a566bbba4b)
[INFO] [stdout] 
[INFO] [stdout] test result: ok. 33 passed; 0 failed; 0 ignored; 0 measured; 0 filtered out; finished in 0.00s
[INFO] [stdout] 
[INFO] [stdout] 
[INFO] [stderr]      Running tests/cli_smoke_test.rs (/opt/rustwide/target/release/build/darp/c9c08f7862f394b1/out/cli_smoke_test-c9c08f7862f394b1)
[INFO] [stdout] running 0 tests
[INFO] [stdout] 
[INFO] [stdout] test result: ok. 0 passed; 0 failed; 0 ignored; 0 measured; 0 filtered out; finished in 0.00s
[INFO] [stdout] 
[INFO] [stdout] 
[INFO] [stdout] running 8 tests
[INFO] [stdout] test smoke_check_image_alpine ... ignored
[INFO] [stdout] test smoke_config_set_engine ... ignored
[INFO] [stderr]      Running tests/config_context_test.rs (/opt/rustwide/target/release/build/darp/578fc39b39fb736c/out/config_context_test-578fc39b39fb736c)
[INFO] [stdout] test smoke_deploy_and_urls ... ignored
[INFO] [stdout] test smoke_doctor ... ignored
[INFO] [stdout] test smoke_exec_dry_run ... ignored
[INFO] [stdout] test smoke_exec_runs_and_propagates_exit_code ... ignored
[INFO] [stdout] test smoke_help ... ignored
[INFO] [stdout] test smoke_shell_dry_run ... ignored
[INFO] [stdout] 
[INFO] [stdout] test result: ok. 0 passed; 0 failed; 8 ignored; 0 measured; 0 filtered out; finished in 0.00s
[INFO] [stdout] 
[INFO] [stdout] 
[INFO] [stdout] running 16 tests
[INFO] [stdout] test read_json_errors_on_missing_file ... ok
[INFO] [stdout] test find_context_grandparent_is_domain ... ok
[INFO] [stderr]      Running tests/config_env_and_nested_test.rs (/opt/rustwide/target/release/build/darp/ce9e8679102abc7b/out/config_env_and_nested_test-ce9e8679102abc7b)
[INFO] [stdout] test service_context_from_cwd_service_default_env_beats_group_and_domain ... ok
[INFO] [stdout] test find_context_no_matching_domain ... ok
[INFO] [stdout] test darp_paths_from_env_uses_darp_root ... ok
[INFO] [stdout] test resolve_location_passes_through_absolute_path ... ok
[INFO] [stdout] test find_domain_by_location_no_domains ... ok
[INFO] [stdout] test find_context_parent_is_domain ... ok
[INFO] [stdout] test load_creates_config_when_missing ... ok
[INFO] [stdout] test resolve_location_replaces_home_token ... ok
[INFO] [stdout] test read_json_parses_valid_file ... ok
[INFO] [stdout] test find_domain_by_location_matches ... ok
[INFO] [stdout] test find_domain_by_location_no_match ... ok
[INFO] [stdout] test service_context_from_cwd_cli_env_overrides_domain_default ... ok
[INFO] [stdout] test load_merged_concatenates_array_values ... ok
[INFO] [stdout] test service_context_from_cwd_resolves_env_cascade ... ok
[INFO] [stdout] 
[INFO] [stdout] test result: ok. 16 passed; 0 failed; 0 ignored; 0 measured; 0 filtered out; finished in 0.00s
[INFO] [stdout] 
[INFO] [stdout] 
[INFO] [stdout] running 33 tests
[INFO] [stdout] test env_rm_errors_when_no_environments ... ok
[INFO] [stdout] test env_shell_command_lifecycle ... ok
[INFO] [stdout] test env_operations_error_on_missing_env ... ok
[INFO] [stdout] test env_serve_command_lifecycle ... ok
[INFO] [stdout] test env_default_container_image_lifecycle ... ok
[INFO] [stdout] test env_image_repository_lifecycle ... ok
[INFO] [stdout] test env_variable_lifecycle ... ok
[INFO] [stdout] test env_portmap_lifecycle ... ok
[INFO] [stdout] test env_platform_lifecycle ... ok
[INFO] [stdout] test rm_domain_platform_lifecycle ... ok
[INFO] [stdout] test rm_group_default_container_image_lifecycle ... ok
[INFO] [stdout] test env_volume_lifecycle ... ok
[INFO] [stdout] test rm_domain_default_container_image_lifecycle ... ok
[INFO] [stdout] test rm_domain_default_environment_lifecycle ... ok
[INFO] [stdout] test rm_domain_image_repository_lifecycle ... ok
[INFO] [stdout] test rm_domain_shell_command_lifecycle ... ok
[INFO] [stdout] test rm_group_default_environment_lifecycle ... ok
[INFO] [stdout] test service_default_container_image_lifecycle ... ok
[INFO] [stdout] test rm_group_serve_command_lifecycle ... ok
[INFO] [stdout] test rm_group_shell_command_lifecycle ... ok
[INFO] [stdout] test service_default_environment_lifecycle ... ok
[INFO] [stdout] test service_shell_command_lifecycle ... ok
[INFO] [stdout] test rm_group_portmap_lifecycle ... ok
[INFO] [stdout] test rm_group_image_repository_lifecycle ... ok
[INFO] [stdout] test rm_group_platform_lifecycle ... ok
[INFO] [stdout] test rm_group_variable_lifecycle ... ok
[INFO] [stdout] test rm_group_volume_lifecycle ... ok
[INFO] [stdout] test service_image_repository_lifecycle ... ok
[INFO] [stdout] test service_platform_lifecycle ... ok
[INFO] [stdout] test service_serve_command_lifecycle ... ok
[INFO] [stdout] test service_variable_lifecycle ... ok
[INFO] [stdout] test service_portmap_lifecycle ... ok
[INFO] [stdout] test service_volume_lifecycle ... ok
[INFO] [stdout] 
[INFO] [stdout] test result: ok. 33 passed; 0 failed; 0 ignored; 0 measured; 0 filtered out; finished in 0.01s
[INFO] [stdout] 
[INFO] [stderr]      Running tests/config_operations_test.rs (/opt/rustwide/target/release/build/darp/bcacc46cc8a82c86/out/config_operations_test-bcacc46cc8a82c86)
[INFO] [stdout] 
[INFO] [stdout] running 37 tests
[INFO] [stdout] test add_and_rm_domain_variable ... ok
[INFO] [stdout] test parse_bool_falsy_values ... ok
[INFO] [stdout] test parse_bool_rejects_invalid ... ok
[INFO] [stdout] test resolve_host_path_no_tokens ... ok
[INFO] [stdout] test load_merged_detects_domain_conflicts ... ok
[INFO] [stdout] test parse_bool_trims_whitespace ... ok
[INFO] [stdout] test add_and_rm_domain_volume ... ok
[INFO] [stdout] test rm_domain_missing_errors ... ok
[INFO] [stdout] test add_pre_config_with_repo_location ... ok
[INFO] [stdout] test parse_bool_truthy_values ... ok
[INFO] [stdout] test resolve_host_path_pwd_token ... ok
[INFO] [stdout] test load_merged_leaf_overrides_parent ... ok
[INFO] [stdout] test rm_pre_config_errors_on_missing ... ok
[INFO] [stdout] test rm_pre_config_errors_when_empty ... ok
[INFO] [stdout] test rm_domain_no_domains_errors ... ok
[INFO] [stdout] test resolve_host_path_home_token ... ok
[INFO] [stdout] test rm_domain_serve_command_errors_when_unset ... ok
[INFO] [stdout] test rm_domain_portmap_errors_when_missing ... ok
[INFO] [stdout] test rm_domain_volume_errors_when_no_match ... ok
[INFO] [stdout] test add_and_rm_domain_portmap ... ok
[INFO] [stdout] test rm_domain_success ... ok
[INFO] [stdout] test config_with_both_field_and_asterisk_field_errors ... ok
[INFO] [stdout] test add_domain_duplicate_rejected ... ok
[INFO] [stdout] test add_pre_config_and_duplicate_rejected ... ok
[INFO] [stdout] test load_merged_parses_asterisk_keys ... ok
[INFO] [stdout] test save_and_load_round_trip ... ok
[INFO] [stdout] test rm_group_success ... ok
[INFO] [stdout] test set_and_rm_domain_serve_command ... ok
[INFO] [stdout] test rm_pre_config_removes_entry ... ok
[INFO] [stdout] test save_roundtrip_preserves_asterisk_fields ... ok
[INFO] [stdout] test rm_pre_config_sets_none_when_last_removed ... ok
[INFO] [stdout] test rm_service_success ... ok
[INFO] [stdout] test rm_service_missing_errors ... ok
[INFO] [stdout] test load_merged_merges_pre_config ... ok
[INFO] [stdout] test resolve_host_path_domain_token ... ok
[INFO] [stdout] test set_domain_default_environment_validates_env_exists ... ok
[INFO] [stdout] test rm_group_missing_errors ... ok
[INFO] [stdout] 
[INFO] [stdout] test result: ok. 37 passed; 0 failed; 0 ignored; 0 measured; 0 filtered out; finished in 0.01s
[INFO] [stdout] 
[INFO] [stderr]      Running tests/config_show_merge_test.rs (/opt/rustwide/target/release/build/darp/495f4d1d2aa7ac15/out/config_show_merge_test-495f4d1d2aa7ac15)
[INFO] [stdout] 
[INFO] [stdout] running 3 tests
[INFO] [stdout] test config_show_merges_volumes_across_domain_group_service ... FAILED
[INFO] [stdout] test config_show_asterisk_volumes_at_service_discards_parents ... FAILED
[INFO] [stdout] test config_show_merges_variables_with_service_winning_conflicts ... FAILED
[INFO] [stdout] 
[INFO] [stdout] failures:
[INFO] [stdout] 
[INFO] [stdout] ---- config_show_merges_volumes_across_domain_group_service stdout ----
[INFO] [stdout] 
[INFO] [stdout] thread 'config_show_merges_volumes_across_domain_group_service' (1312) panicked at tests/config_show_merge_test.rs:30:10:
[INFO] [stdout] failed to run darp config show: Os { code: 2, kind: NotFound, message: "No such file or directory" }
[INFO] [stdout] stack backtrace:
[INFO] [stdout]    0:     0x6007e68f63c1 - <<std[617be2ca0a6fd877]::sys::backtrace::BacktraceLock>::print::DisplayBacktrace as core[a373ad73a504971]::fmt::Display>::fmt
[INFO] [stdout]    1:     0x6007e690b00a - core[a373ad73a504971]::fmt::write
[INFO] [stdout]    2:     0x6007e68fa85c - <alloc[2e1b2a31b91974c5]::vec::Vec<u8> as core[a373ad73a504971]::io::write::Write>::write_fmt
[INFO] [stdout]    3:     0x6007e68d1116 - std[617be2ca0a6fd877]::panicking::default_hook::{closure#0}
[INFO] [stdout]    4:     0x6007e68ee0b9 - std[617be2ca0a6fd877]::panicking::default_hook
[INFO] [stdout]    5:     0x6007e6889800 - test[aada8e7e76ba119b]::test_main_inner::{closure#0}
[INFO] [stdout]    6:     0x6007e68ee272 - std[617be2ca0a6fd877]::panicking::panic_with_hook
[INFO] [stdout]    7:     0x6007e68d11c2 - std[617be2ca0a6fd877]::panicking::panic_handler::{closure#0}
[INFO] [stdout]    8:     0x6007e68c9db9 - std[617be2ca0a6fd877]::sys::backtrace::__rust_end_short_backtrace::<std[617be2ca0a6fd877]::panicking::panic_handler::{closure#0}, !>
[INFO] [stdout]    9:     0x6007e68d1dcd - __rustc[ea4f61d10b84890b]::rust_begin_unwind
[INFO] [stdout]   10:     0x6007e690b73c - core[a373ad73a504971]::panicking::panic_fmt
[INFO] [stdout]   11:     0x6007e690b512 - core[a373ad73a504971]::result::unwrap_failed
[INFO] [stdout]   12:     0x6007e6874a98 - config_show_merge_test[4e4bd04e3d1ed9f0]::run_show
[INFO] [stdout]   13:     0x6007e68755a6 - <config_show_merge_test[4e4bd04e3d1ed9f0]::config_show_merges_volumes_across_domain_group_service::{closure#0} as core[a373ad73a504971]::ops::function::FnOnce<()>>::call_once
[INFO] [stdout]   14:     0x6007e687cc4b - test[aada8e7e76ba119b]::__rust_begin_short_backtrace::<core[a373ad73a504971]::result::Result<(), alloc[2e1b2a31b91974c5]::string::String>, fn() -> core[a373ad73a504971]::result::Result<(), alloc[2e1b2a31b91974c5]::string::String>>
[INFO] [stdout]   15:     0x6007e6889e25 - test[aada8e7e76ba119b]::run_test::{closure#0}
[INFO] [stdout]   16:     0x6007e6883714 - std[617be2ca0a6fd877]::sys::backtrace::__rust_begin_short_backtrace::<test[aada8e7e76ba119b]::run_test::{closure#1}, ()>
[INFO] [stdout]   17:     0x6007e688ceb2 - <std[617be2ca0a6fd877]::thread::lifecycle::spawn_unchecked<test[aada8e7e76ba119b]::run_test::{closure#1}, ()>::{closure#1} as core[a373ad73a504971]::ops::function::FnOnce<()>>::call_once::{shim:vtable#0}
[INFO] [stdout]   18:     0x6007e68f5a3f - <std[617be2ca0a6fd877]::sys::thread::unix::Thread>::new::thread_start
[INFO] [stdout]   19:     0x70bfba11cdfa - <unknown>
[INFO] [stderr] error: test failed, to rerun pass `--test config_show_merge_test`
[INFO] [stdout]   20:     0x70bfba1b03d4 - clone
[INFO] [stdout]   21:                0x0 - <unknown>
[INFO] [stdout] 
[INFO] [stdout] ---- config_show_asterisk_volumes_at_service_discards_parents stdout ----
[INFO] [stdout] 
[INFO] [stdout] thread 'config_show_asterisk_volumes_at_service_discards_parents' (1309) panicked at tests/config_show_merge_test.rs:30:10:
[INFO] [stdout] failed to run darp config show: Os { code: 2, kind: NotFound, message: "No such file or directory" }
[INFO] [stdout] stack backtrace:
[INFO] [stdout]    0:     0x6007e68f63c1 - <<std[617be2ca0a6fd877]::sys::backtrace::BacktraceLock>::print::DisplayBacktrace as core[a373ad73a504971]::fmt::Display>::fmt
[INFO] [stdout]    1:     0x6007e690b00a - core[a373ad73a504971]::fmt::write
[INFO] [stdout]    2:     0x6007e68fa85c - <alloc[2e1b2a31b91974c5]::vec::Vec<u8> as core[a373ad73a504971]::io::write::Write>::write_fmt
[INFO] [stdout]    3:     0x6007e68d1116 - std[617be2ca0a6fd877]::panicking::default_hook::{closure#0}
[INFO] [stdout]    4:     0x6007e68ee0b9 - std[617be2ca0a6fd877]::panicking::default_hook
[INFO] [stdout]    5:     0x6007e6889800 - test[aada8e7e76ba119b]::test_main_inner::{closure#0}
[INFO] [stdout]    6:     0x6007e68ee272 - std[617be2ca0a6fd877]::panicking::panic_with_hook
[INFO] [stdout]    7:     0x6007e68d11c2 - std[617be2ca0a6fd877]::panicking::panic_handler::{closure#0}
[INFO] [stdout]    8:     0x6007e68c9db9 - std[617be2ca0a6fd877]::sys::backtrace::__rust_end_short_backtrace::<std[617be2ca0a6fd877]::panicking::panic_handler::{closure#0}, !>
[INFO] [stdout]    9:     0x6007e68d1dcd - __rustc[ea4f61d10b84890b]::rust_begin_unwind
[INFO] [stdout]   10:     0x6007e690b73c - core[a373ad73a504971]::panicking::panic_fmt
[INFO] [stdout]   11:     0x6007e690b512 - core[a373ad73a504971]::result::unwrap_failed
[INFO] [stdout]   12:     0x6007e6874a98 - config_show_merge_test[4e4bd04e3d1ed9f0]::run_show
[INFO] [stdout]   13:     0x6007e6875e17 - <config_show_merge_test[4e4bd04e3d1ed9f0]::config_show_asterisk_volumes_at_service_discards_parents::{closure#0} as core[a373ad73a504971]::ops::function::FnOnce<()>>::call_once
[INFO] [stdout]   14:     0x6007e687cc4b - test[aada8e7e76ba119b]::__rust_begin_short_backtrace::<core[a373ad73a504971]::result::Result<(), alloc[2e1b2a31b91974c5]::string::String>, fn() -> core[a373ad73a504971]::result::Result<(), alloc[2e1b2a31b91974c5]::string::String>>
[INFO] [stdout]   15:     0x6007e6889e25 - test[aada8e7e76ba119b]::run_test::{closure#0}
[INFO] [stdout]   16:     0x6007e6883714 - std[617be2ca0a6fd877]::sys::backtrace::__rust_begin_short_backtrace::<test[aada8e7e76ba119b]::run_test::{closure#1}, ()>
[INFO] [stdout]   17:     0x6007e688ceb2 - <std[617be2ca0a6fd877]::thread::lifecycle::spawn_unchecked<test[aada8e7e76ba119b]::run_test::{closure#1}, ()>::{closure#1} as core[a373ad73a504971]::ops::function::FnOnce<()>>::call_once::{shim:vtable#0}
[INFO] [stdout]   18:     0x6007e68f5a3f - <std[617be2ca0a6fd877]::sys::thread::unix::Thread>::new::thread_start
[INFO] [stdout]   19:     0x70bfba11cdfa - <unknown>
[INFO] [stdout]   20:     0x70bfba1b03d4 - clone
[INFO] [stdout]   21:                0x0 - <unknown>
[INFO] [stdout] 
[INFO] [stdout] ---- config_show_merges_variables_with_service_winning_conflicts stdout ----
[INFO] [stdout] 
[INFO] [stdout] thread 'config_show_merges_variables_with_service_winning_conflicts' (1311) panicked at tests/config_show_merge_test.rs:30:10:
[INFO] [stdout] failed to run darp config show: Os { code: 2, kind: NotFound, message: "No such file or directory" }
[INFO] [stdout] stack backtrace:
[INFO] [stdout]    0:     0x6007e68f63c1 - <<std[617be2ca0a6fd877]::sys::backtrace::BacktraceLock>::print::DisplayBacktrace as core[a373ad73a504971]::fmt::Display>::fmt
[INFO] [stdout]    1:     0x6007e690b00a - core[a373ad73a504971]::fmt::write
[INFO] [stdout]    2:     0x6007e68fa85c - <alloc[2e1b2a31b91974c5]::vec::Vec<u8> as core[a373ad73a504971]::io::write::Write>::write_fmt
[INFO] [stdout]    3:     0x6007e68d1116 - std[617be2ca0a6fd877]::panicking::default_hook::{closure#0}
[INFO] [stdout]    4:     0x6007e68ee0b9 - std[617be2ca0a6fd877]::panicking::default_hook
[INFO] [stdout]    5:     0x6007e6889800 - test[aada8e7e76ba119b]::test_main_inner::{closure#0}
[INFO] [stdout]    6:     0x6007e68ee272 - std[617be2ca0a6fd877]::panicking::panic_with_hook
[INFO] [stdout]    7:     0x6007e68d11c2 - std[617be2ca0a6fd877]::panicking::panic_handler::{closure#0}
[INFO] [stdout]    8:     0x6007e68c9db9 - std[617be2ca0a6fd877]::sys::backtrace::__rust_end_short_backtrace::<std[617be2ca0a6fd877]::panicking::panic_handler::{closure#0}, !>
[INFO] [stdout]    9:     0x6007e68d1dcd - __rustc[ea4f61d10b84890b]::rust_begin_unwind
[INFO] [stdout]   10:     0x6007e690b73c - core[a373ad73a504971]::panicking::panic_fmt
[INFO] [stdout]   11:     0x6007e690b512 - core[a373ad73a504971]::result::unwrap_failed
[INFO] [stdout]   12:     0x6007e6874a98 - config_show_merge_test[4e4bd04e3d1ed9f0]::run_show
[INFO] [stdout]   13:     0x6007e68765ab - <config_show_merge_test[4e4bd04e3d1ed9f0]::config_show_merges_variables_with_service_winning_conflicts::{closure#0} as core[a373ad73a504971]::ops::function::FnOnce<()>>::call_once
[INFO] [stdout]   14:     0x6007e687cc4b - test[aada8e7e76ba119b]::__rust_begin_short_backtrace::<core[a373ad73a504971]::result::Result<(), alloc[2e1b2a31b91974c5]::string::String>, fn() -> core[a373ad73a504971]::result::Result<(), alloc[2e1b2a31b91974c5]::string::String>>
[INFO] [stdout]   15:     0x6007e6889e25 - test[aada8e7e76ba119b]::run_test::{closure#0}
[INFO] [stdout]   16:     0x6007e6883714 - std[617be2ca0a6fd877]::sys::backtrace::__rust_begin_short_backtrace::<test[aada8e7e76ba119b]::run_test::{closure#1}, ()>
[INFO] [stdout]   17:     0x6007e688ceb2 - <std[617be2ca0a6fd877]::thread::lifecycle::spawn_unchecked<test[aada8e7e76ba119b]::run_test::{closure#1}, ()>::{closure#1} as core[a373ad73a504971]::ops::function::FnOnce<()>>::call_once::{shim:vtable#0}
[INFO] [stdout]   18:     0x6007e68f5a3f - <std[617be2ca0a6fd877]::sys::thread::unix::Thread>::new::thread_start
[INFO] [stdout]   19:     0x70bfba11cdfa - <unknown>
[INFO] [stdout]   20:     0x70bfba1b03d4 - clone
[INFO] [stdout]   21:                0x0 - <unknown>
[INFO] [stdout] 
[INFO] [stdout] 
[INFO] [stdout] failures:
[INFO] [stdout]     config_show_asterisk_volumes_at_service_discards_parents
[INFO] [stdout]     config_show_merges_variables_with_service_winning_conflicts
[INFO] [stdout]     config_show_merges_volumes_across_domain_group_service
[INFO] [stdout] 
[INFO] [stdout] test result: FAILED. 0 passed; 3 failed; 0 ignored; 0 measured; 0 filtered out; finished in 22.96s
[INFO] [stdout] 
[INFO] running `Command { std: "docker" "inspect" "d2dc1e5472faaa3b9c13e2c97d3312553407c4b0851817cf4432ac7b39106ed2", kill_on_drop: false }`
[INFO] running `Command { std: "docker" "rm" "-f" "d2dc1e5472faaa3b9c13e2c97d3312553407c4b0851817cf4432ac7b39106ed2", kill_on_drop: false }`
[INFO] [stdout] d2dc1e5472faaa3b9c13e2c97d3312553407c4b0851817cf4432ac7b39106ed2
