[INFO] fetching crate darn-dmap 0.8.2...
[INFO] testing darn-dmap-0.8.2 against 1.100.0-beta.1+cargoflags=--release for beta-release-1.100-2
[INFO] extracting crate darn-dmap 0.8.2 into /workspace/builds/worker-6-tc2/source
[INFO] started tweaking crates.io crate darn-dmap 0.8.2
[INFO] finished tweaking crates.io crate darn-dmap 0.8.2
[INFO] tweaked toml for crates.io crate darn-dmap 0.8.2 written to /workspace/builds/worker-6-tc2/source/Cargo.toml
[INFO] validating manifest of crates.io crate darn-dmap 0.8.2 on toolchain 1.100.0-beta.1
[INFO] running `Command { std: CARGO_HOME="/workspace/cargo-home" RUSTUP_HOME="/workspace/rustup-home" "/workspace/cargo-home/bin/cargo" "+1.100.0-beta.1" "metadata" "--manifest-path" "Cargo.toml" "--no-deps", kill_on_drop: false }`
[INFO] crate crates.io crate darn-dmap 0.8.2 already has a lockfile, it will not be regenerated
[INFO] running `Command { std: CARGO_HOME="/workspace/cargo-home" RUSTUP_HOME="/workspace/rustup-home" "/workspace/cargo-home/bin/cargo" "+1.100.0-beta.1" "fetch" "--manifest-path" "Cargo.toml", kill_on_drop: false }`
[INFO] running `Command { std: "docker" "create" "-v" "/var/lib/crater-agent-workspace/builds/worker-6-tc2/source:/opt/rustwide/workdir:ro,Z" "-v" "/var/lib/crater-agent-workspace/builds/worker-6-tc2/target:/opt/rustwide/target:rw,Z" "-v" "/var/lib/crater-agent-workspace/cargo-home:/opt/rustwide/cargo-home:ro,Z" "-v" "/var/lib/crater-agent-workspace/rustup-home:/opt/rustwide/rustup-home:ro,Z" "-m" "1610612736" "--network" "none" "ghcr.io/rust-lang/crates-build-env/linux@sha256:77db811e55d90add9212f6832c23229e3de5f1c1f9905e8cb07319ea15df73ac" "sleep" "infinity", kill_on_drop: false }`
[INFO] [stdout] 6967aaae5c18a2a9bab0c30c82d566d903972f85d647b2883d0d23e26f967f95
[INFO] running `Command { std: "docker" "start" "6967aaae5c18a2a9bab0c30c82d566d903972f85d647b2883d0d23e26f967f95", kill_on_drop: false }`
[INFO] running `Command { std: "docker" "inspect" "6967aaae5c18a2a9bab0c30c82d566d903972f85d647b2883d0d23e26f967f95", kill_on_drop: false }`
[INFO] running `Command { std: "docker" "exec" "-e" "SOURCE_DIR=/opt/rustwide/workdir" "-e" "CARGO_HOME=/opt/rustwide/cargo-home" "-e" "RUSTUP_HOME=/opt/rustwide/rustup-home" "-e" "CARGO_TARGET_DIR=/opt/rustwide/target" "-w" "/opt/rustwide/workdir" "--user" "0:0" "6967aaae5c18a2a9bab0c30c82d566d903972f85d647b2883d0d23e26f967f95" "/opt/rustwide/cargo-home/bin/cargo" "+1.100.0-beta.1" "metadata" "--no-deps" "--format-version=1", kill_on_drop: false }`
[INFO] running `Command { std: "docker" "inspect" "6967aaae5c18a2a9bab0c30c82d566d903972f85d647b2883d0d23e26f967f95", kill_on_drop: false }`
[INFO] running `Command { std: "docker" "exec" "-e" "SOURCE_DIR=/opt/rustwide/workdir" "-e" "CARGO_HOME=/opt/rustwide/cargo-home" "-e" "RUSTUP_HOME=/opt/rustwide/rustup-home" "-e" "CARGO_TARGET_DIR=/opt/rustwide/target" "-e" "CARGO_INCREMENTAL=0" "-e" "RUST_BACKTRACE=full" "-e" "RUSTFLAGS=--cap-lints=warn" "-e" "RUSTDOCFLAGS=--cap-lints=warn" "-w" "/opt/rustwide/workdir" "--user" "0:0" "6967aaae5c18a2a9bab0c30c82d566d903972f85d647b2883d0d23e26f967f95" "/opt/rustwide/cargo-home/bin/cargo" "+1.100.0-beta.1" "build" "--frozen" "--message-format=json" "--release", kill_on_drop: false }`
[INFO] [stderr]    Compiling find-msvc-tools v0.1.4
[INFO] [stderr]    Compiling matrixmultiply v0.3.10
[INFO] [stderr]    Compiling hashbrown v0.16.0
[INFO] [stderr]    Compiling zerocopy v0.7.35
[INFO] [stderr]    Compiling quote v1.0.45
[INFO] [stderr]    Compiling num-complex v0.4.6
[INFO] [stderr]    Compiling num-integer v0.1.46
[INFO] [stderr]    Compiling cc v1.2.44
[INFO] [stderr]    Compiling syn v2.0.117
[INFO] [stderr]    Compiling indexmap v2.12.0
[INFO] [stderr]    Compiling bzip2-sys v0.1.13+1.0.8
[INFO] [stderr]    Compiling bzip2 v0.4.4
[INFO] [stderr]    Compiling ndarray v0.16.1
[INFO] [stderr]    Compiling thiserror-impl v1.0.69
[INFO] [stderr]    Compiling thiserror v1.0.69
[INFO] [stderr]    Compiling darn-dmap v0.8.2 (/opt/rustwide/workdir)
[INFO] [stderr]     Finished `release` profile [optimized] target(s) in 19.46s
[INFO] running `Command { std: "docker" "inspect" "6967aaae5c18a2a9bab0c30c82d566d903972f85d647b2883d0d23e26f967f95", kill_on_drop: false }`
[INFO] running `Command { std: "docker" "exec" "-e" "SOURCE_DIR=/opt/rustwide/workdir" "-e" "CARGO_HOME=/opt/rustwide/cargo-home" "-e" "RUSTUP_HOME=/opt/rustwide/rustup-home" "-e" "CARGO_TARGET_DIR=/opt/rustwide/target" "-e" "CARGO_INCREMENTAL=0" "-e" "RUST_BACKTRACE=full" "-e" "RUSTFLAGS=--cap-lints=warn" "-e" "RUSTDOCFLAGS=--cap-lints=warn" "-w" "/opt/rustwide/workdir" "--user" "0:0" "6967aaae5c18a2a9bab0c30c82d566d903972f85d647b2883d0d23e26f967f95" "/opt/rustwide/cargo-home/bin/cargo" "+1.100.0-beta.1" "test" "--frozen" "--no-run" "--message-format=json" "--release", kill_on_drop: false }`
[INFO] [stderr]    Compiling syn v2.0.117
[INFO] [stderr]    Compiling indexmap v1.9.3
[INFO] [stderr]    Compiling serde v1.0.228
[INFO] [stderr]    Compiling os_str_bytes v6.6.1
[INFO] [stderr]    Compiling num-complex v0.4.6
[INFO] [stderr]    Compiling serde_json v1.0.145
[INFO] [stderr]    Compiling regex-automata v0.4.13
[INFO] [stderr]    Compiling num-integer v0.1.46
[INFO] [stderr]    Compiling itertools v0.10.5
[INFO] [stderr]    Compiling textwrap v0.16.2
[INFO] [stderr]    Compiling atty v0.2.14
[INFO] [stderr]    Compiling clap_lex v0.2.4
[INFO] [stderr]    Compiling ndarray v0.16.1
[INFO] [stderr]    Compiling clap v3.2.25
[INFO] [stderr]    Compiling criterion-plot v0.5.0
[INFO] [stderr]    Compiling regex v1.12.2
[INFO] [stderr]    Compiling zerocopy-derive v0.8.27
[INFO] [stderr]    Compiling serde_derive v1.0.228
[INFO] [stderr]    Compiling thiserror-impl v1.0.69
[INFO] [stderr]    Compiling thiserror v1.0.69
[INFO] [stderr]    Compiling zerocopy v0.8.27
[INFO] [stderr]    Compiling darn-dmap v0.8.2 (/opt/rustwide/workdir)
[INFO] [stderr]    Compiling half v2.7.1
[INFO] [stderr]    Compiling tinytemplate v1.2.1
[INFO] [stderr]    Compiling ciborium-ll v0.2.2
[INFO] [stderr]    Compiling ciborium v0.2.2
[INFO] [stderr]    Compiling criterion v0.4.0
[INFO] [stderr]     Finished `release` profile [optimized] target(s) in 48.16s
[INFO] running `Command { std: "docker" "inspect" "6967aaae5c18a2a9bab0c30c82d566d903972f85d647b2883d0d23e26f967f95", kill_on_drop: false }`
[INFO] running `Command { std: "docker" "exec" "-e" "SOURCE_DIR=/opt/rustwide/workdir" "-e" "CARGO_HOME=/opt/rustwide/cargo-home" "-e" "RUSTUP_HOME=/opt/rustwide/rustup-home" "-e" "CARGO_TARGET_DIR=/opt/rustwide/target" "-e" "CARGO_INCREMENTAL=0" "-e" "RUST_BACKTRACE=full" "-e" "RUSTFLAGS=--cap-lints=warn" "-e" "RUSTDOCFLAGS=--cap-lints=warn" "-w" "/opt/rustwide/workdir" "--user" "0:0" "6967aaae5c18a2a9bab0c30c82d566d903972f85d647b2883d0d23e26f967f95" "/opt/rustwide/cargo-home/bin/cargo" "+1.100.0-beta.1" "test" "--frozen" "--release", kill_on_drop: false }`
[INFO] [stderr]     Finished `release` profile [optimized] target(s) in 0.09s
[INFO] [stderr]      Running unittests src/lib.rs (/opt/rustwide/target/release/build/darn-dmap/df95ba0fe92242f6/out/dmap-df95ba0fe92242f6)
[INFO] [stdout] 
[INFO] [stdout] running 23 tests
[INFO] [stdout] test compression::tests::bz2_detection ... ok
[INFO] [stdout] test formats::rawacf::tests::test_missing_optional_fields ... FAILED
[INFO] [stdout] test formats::iqdat::tests::test_missing_required_fields ... FAILED
[INFO] [stdout] test formats::map::tests::test_missing_optional_fields ... FAILED
[INFO] [stdout] test formats::iqdat::tests::test_missing_optional_fields ... FAILED
[INFO] [stdout] test parser::tests::test_parse_header ... ok
[INFO] [stdout] test parser::tests::test_parse_scalar ... ok
[INFO] [stdout] test formats::map::tests::test_missing_required_fields ... FAILED
[INFO] [stdout] test types::tests::check_fields_in_indexmap ... ok
[INFO] [stdout] test types::tests::dmapscalar ... ok
[INFO] [stdout] test parser::tests::test_read_vec ... ok
[INFO] [stdout] test types::tests::dmaptype ... ok
[INFO] [stdout] test formats::fitacf::tests::test_missing_optional_fields ... FAILED
[INFO] [stdout] test formats::grid::tests::test_missing_optional_fields ... FAILED
[INFO] [stdout] test formats::snd::tests::test_missing_required_fields ... FAILED
[INFO] [stdout] test formats::fitacf::tests::test_missing_required_fields ... FAILED
[INFO] [stdout] test parser::tests::test_parse_vector ... ok
[INFO] [stdout] test formats::grid::tests::test_missing_required_fields ... FAILED
[INFO] [stdout] test types::tests::types ... ok
[INFO] [stdout] test formats::rawacf::tests::test_missing_required_fields ... FAILED
[INFO] [stdout] test parser::tests::test_read_data ... ok
[INFO] [stdout] test formats::snd::tests::test_missing_optional_fields ... FAILED
[INFO] [stdout] test types::tests::dmapvec ... ok
[INFO] [stdout] 
[INFO] [stdout] failures:
[INFO] [stdout] 
[INFO] [stdout] ---- formats::rawacf::tests::test_missing_optional_fields stdout ----
[INFO] [stdout] 
[INFO] [stdout] thread 'formats::rawacf::tests::test_missing_optional_fields' (1021) panicked at src/formats/rawacf.rs:94:1:
[INFO] [stdout] Unable to sniff file: Io(Os { code: 2, kind: NotFound, message: "No such file or directory" })
[INFO] [stdout] stack backtrace:
[INFO] [stdout]    0:     0x654c587b4c71 - <<std[617be2ca0a6fd877]::sys::backtrace::BacktraceLock>::print::DisplayBacktrace as core[a373ad73a504971]::fmt::Display>::fmt
[INFO] [stdout]    1:     0x654c587c9d4a - core[a373ad73a504971]::fmt::write
[INFO] [stdout]    2:     0x654c587b8f3c - <alloc[2e1b2a31b91974c5]::vec::Vec<u8> as core[a373ad73a504971]::io::write::Write>::write_fmt
[INFO] [stdout]    3:     0x654c58791056 - std[617be2ca0a6fd877]::panicking::default_hook::{closure#0}
[INFO] [stdout]    4:     0x654c587ad289 - std[617be2ca0a6fd877]::panicking::default_hook
[INFO] [stdout]    5:     0x654c58748aa0 - test[aada8e7e76ba119b]::test_main_inner::{closure#0}
[INFO] [stdout]    6:     0x654c587ad442 - std[617be2ca0a6fd877]::panicking::panic_with_hook
[INFO] [stdout]    7:     0x654c58791102 - std[617be2ca0a6fd877]::panicking::panic_handler::{closure#0}
[INFO] [stdout]    8:     0x654c58789de9 - std[617be2ca0a6fd877]::sys::backtrace::__rust_end_short_backtrace::<std[617be2ca0a6fd877]::panicking::panic_handler::{closure#0}, !>
[INFO] [stdout]    9:     0x654c58791d0d - __rustc[ea4f61d10b84890b]::rust_begin_unwind
[INFO] [stdout]   10:     0x654c587ca47c - core[a373ad73a504971]::panicking::panic_fmt
[INFO] [stdout]   11:     0x654c587ca252 - core[a373ad73a504971]::result::unwrap_failed
[INFO] [stdout]   12:     0x654c5870f184 - <dmap[8522a64a32982c0f]::formats::rawacf::tests::test_missing_optional_fields::{closure#0} as core[a373ad73a504971]::ops::function::FnOnce<()>>::call_once
[INFO] [stdout]   13:     0x654c5873beeb - test[aada8e7e76ba119b]::__rust_begin_short_backtrace::<core[a373ad73a504971]::result::Result<(), alloc[2e1b2a31b91974c5]::string::String>, fn() -> core[a373ad73a504971]::result::Result<(), alloc[2e1b2a31b91974c5]::string::String>>
[INFO] [stdout]   14:     0x654c587490c5 - test[aada8e7e76ba119b]::run_test::{closure#0}
[INFO] [stdout]   15:     0x654c587429b4 - std[617be2ca0a6fd877]::sys::backtrace::__rust_begin_short_backtrace::<test[aada8e7e76ba119b]::run_test::{closure#1}, ()>
[INFO] [stdout]   16:     0x654c5874c152 - <std[617be2ca0a6fd877]::thread::lifecycle::spawn_unchecked<test[aada8e7e76ba119b]::run_test::{closure#1}, ()>::{closure#1} as core[a373ad73a504971]::ops::function::FnOnce<()>>::call_once::{shim:vtable#0}
[INFO] [stdout]   17:     0x654c587b44cf - <std[617be2ca0a6fd877]::sys::thread::unix::Thread>::new::thread_start
[INFO] [stdout]   18:     0x7e0801a8bdfa - <unknown>
[INFO] [stdout]   19:     0x7e0801b1f3d4 - clone
[INFO] [stdout]   20:                0x0 - <unknown>
[INFO] [stdout] 
[INFO] [stdout] ---- formats::iqdat::tests::test_missing_required_fields stdout ----
[INFO] [stdout] 
[INFO] [stdout] thread 'formats::iqdat::tests::test_missing_required_fields' (1018) panicked at src/formats/iqdat.rs:104:1:
[INFO] [stdout] Unable to sniff file: Io(Os { code: 2, kind: NotFound, message: "No such file or directory" })
[INFO] [stdout] stack backtrace:
[INFO] [stdout]    0:     0x654c587b4c71 - <<std[617be2ca0a6fd877]::sys::backtrace::BacktraceLock>::print::DisplayBacktrace as core[a373ad73a504971]::fmt::Display>::fmt
[INFO] [stdout]    1:     0x654c587c9d4a - core[a373ad73a504971]::fmt::write
[INFO] [stdout]    2:     0x654c587b8f3c - <alloc[2e1b2a31b91974c5]::vec::Vec<u8> as core[a373ad73a504971]::io::write::Write>::write_fmt
[INFO] [stdout]    3:     0x654c58791056 - std[617be2ca0a6fd877]::panicking::default_hook::{closure#0}
[INFO] [stdout]    4:     0x654c587ad289 - std[617be2ca0a6fd877]::panicking::default_hook
[INFO] [stdout]    5:     0x654c58748aa0 - test[aada8e7e76ba119b]::test_main_inner::{closure#0}
[INFO] [stdout]    6:     0x654c587ad442 - std[617be2ca0a6fd877]::panicking::panic_with_hook
[INFO] [stdout]    7:     0x654c58791102 - std[617be2ca0a6fd877]::panicking::panic_handler::{closure#0}
[INFO] [stdout]    8:     0x654c58789de9 - std[617be2ca0a6fd877]::sys::backtrace::__rust_end_short_backtrace::<std[617be2ca0a6fd877]::panicking::panic_handler::{closure#0}, !>
[INFO] [stdout]    9:     0x654c58791d0d - __rustc[ea4f61d10b84890b]::rust_begin_unwind
[INFO] [stdout]   10:     0x654c587ca47c - core[a373ad73a504971]::panicking::panic_fmt
[INFO] [stdout]   11:     0x654c587ca252 - core[a373ad73a504971]::result::unwrap_failed
[INFO] [stdout]   12:     0x654c5873b93d - <dmap[8522a64a32982c0f]::formats::iqdat::tests::test_missing_required_fields::{closure#0} as core[a373ad73a504971]::ops::function::FnOnce<()>>::call_once
[INFO] [stdout]   13:     0x654c5873beeb - test[aada8e7e76ba119b]::__rust_begin_short_backtrace::<core[a373ad73a504971]::result::Result<(), alloc[2e1b2a31b91974c5]::string::String>, fn() -> core[a373ad73a504971]::result::Result<(), alloc[2e1b2a31b91974c5]::string::String>>
[INFO] [stdout]   14:     0x654c587490c5 - test[aada8e7e76ba119b]::run_test::{closure#0}
[INFO] [stdout]   15:     0x654c587429b4 - std[617be2ca0a6fd877]::sys::backtrace::__rust_begin_short_backtrace::<test[aada8e7e76ba119b]::run_test::{closure#1}, ()>
[INFO] [stdout]   16:     0x654c5874c152 - <std[617be2ca0a6fd877]::thread::lifecycle::spawn_unchecked<test[aada8e7e76ba119b]::run_test::{closure#1}, ()>::{closure#1} as core[a373ad73a504971]::ops::function::FnOnce<()>>::call_once::{shim:vtable#0}
[INFO] [stdout]   17:     0x654c587b44cf - <std[617be2ca0a6fd877]::sys::thread::unix::Thread>::new::thread_start
[INFO] [stdout]   18:     0x7e0801a8bdfa - <unknown>
[INFO] [stdout]   19:     0x7e0801b1f3d4 - clone
[INFO] [stdout]   20:                0x0 - <unknown>
[INFO] [stdout] 
[INFO] [stdout] ---- formats::map::tests::test_missing_optional_fields stdout ----
[INFO] [stdout] 
[INFO] [stdout] thread 'formats::map::tests::test_missing_optional_fields' (1019) panicked at src/formats/map.rs:187:1:
[INFO] [stdout] Unable to sniff file: Io(Os { code: 2, kind: NotFound, message: "No such file or directory" })
[INFO] [stdout] stack backtrace:
[INFO] [stdout]    0:     0x654c587b4c71 - <<std[617be2ca0a6fd877]::sys::backtrace::BacktraceLock>::print::DisplayBacktrace as core[a373ad73a504971]::fmt::Display>::fmt
[INFO] [stdout]    1:     0x654c587c9d4a - core[a373ad73a504971]::fmt::write
[INFO] [stdout]    2:     0x654c587b8f3c - <alloc[2e1b2a31b91974c5]::vec::Vec<u8> as core[a373ad73a504971]::io::write::Write>::write_fmt
[INFO] [stdout]    3:     0x654c58791056 - std[617be2ca0a6fd877]::panicking::default_hook::{closure#0}
[INFO] [stdout]    4:     0x654c587ad289 - std[617be2ca0a6fd877]::panicking::default_hook
[INFO] [stdout]    5:     0x654c58748aa0 - test[aada8e7e76ba119b]::test_main_inner::{closure#0}
[INFO] [stdout]    6:     0x654c587ad442 - std[617be2ca0a6fd877]::panicking::panic_with_hook
[INFO] [stdout]    7:     0x654c58791102 - std[617be2ca0a6fd877]::panicking::panic_handler::{closure#0}
[INFO] [stdout]    8:     0x654c58789de9 - std[617be2ca0a6fd877]::sys::backtrace::__rust_end_short_backtrace::<std[617be2ca0a6fd877]::panicking::panic_handler::{closure#0}, !>
[INFO] [stdout]    9:     0x654c58791d0d - __rustc[ea4f61d10b84890b]::rust_begin_unwind
[INFO] [stdout]   10:     0x654c587ca47c - core[a373ad73a504971]::panicking::panic_fmt
[INFO] [stdout]   11:     0x654c587ca252 - core[a373ad73a504971]::result::unwrap_failed
[INFO] [stdout]   12:     0x654c58736cc4 - <dmap[8522a64a32982c0f]::formats::map::tests::test_missing_optional_fields::{closure#0} as core[a373ad73a504971]::ops::function::FnOnce<()>>::call_once
[INFO] [stdout]   13:     0x654c5873beeb - test[aada8e7e76ba119b]::__rust_begin_short_backtrace::<core[a373ad73a504971]::result::Result<(), alloc[2e1b2a31b91974c5]::string::String>, fn() -> core[a373ad73a504971]::result::Result<(), alloc[2e1b2a31b91974c5]::string::String>>
[INFO] [stdout]   14:     0x654c587490c5 - test[aada8e7e76ba119b]::run_test::{closure#0}
[INFO] [stdout]   15:     0x654c587429b4 - std[617be2ca0a6fd877]::sys::backtrace::__rust_begin_short_backtrace::<test[aada8e7e76ba119b]::run_test::{closure#1}, ()>
[INFO] [stdout]   16:     0x654c5874c152 - <std[617be2ca0a6fd877]::thread::lifecycle::spawn_unchecked<test[aada8e7e76ba119b]::run_test::{closure#1}, ()>::{closure#1} as core[a373ad73a504971]::ops::function::FnOnce<()>>::call_once::{shim:vtable#0}
[INFO] [stdout]   17:     0x654c587b44cf - <std[617be2ca0a6fd877]::sys::thread::unix::Thread>::new::thread_start
[INFO] [stdout]   18:     0x7e0801a8bdfa - <unknown>
[INFO] [stdout]   19:     0x7e0801b1f3d4 - clone
[INFO] [stdout]   20:                0x0 - <unknown>
[INFO] [stdout] 
[INFO] [stdout] ---- formats::iqdat::tests::test_missing_optional_fields stdout ----
[INFO] [stdout] 
[INFO] [stdout] thread 'formats::iqdat::tests::test_missing_optional_fields' (1017) panicked at src/formats/iqdat.rs:104:1:
[INFO] [stdout] Unable to sniff file: Io(Os { code: 2, kind: NotFound, message: "No such file or directory" })
[INFO] [stdout] stack backtrace:
[INFO] [stdout]    0:     0x654c587b4c71 - <<std[617be2ca0a6fd877]::sys::backtrace::BacktraceLock>::print::DisplayBacktrace as core[a373ad73a504971]::fmt::Display>::fmt
[INFO] [stdout]    1:     0x654c587c9d4a - core[a373ad73a504971]::fmt::write
[INFO] [stdout]    2:     0x654c587b8f3c - <alloc[2e1b2a31b91974c5]::vec::Vec<u8> as core[a373ad73a504971]::io::write::Write>::write_fmt
[INFO] [stdout]    3:     0x654c58791056 - std[617be2ca0a6fd877]::panicking::default_hook::{closure#0}
[INFO] [stdout]    4:     0x654c587ad289 - std[617be2ca0a6fd877]::panicking::default_hook
[INFO] [stdout]    5:     0x654c58748aa0 - test[aada8e7e76ba119b]::test_main_inner::{closure#0}
[INFO] [stdout]    6:     0x654c587ad442 - std[617be2ca0a6fd877]::panicking::panic_with_hook
[INFO] [stdout]    7:     0x654c58791102 - std[617be2ca0a6fd877]::panicking::panic_handler::{closure#0}
[INFO] [stdout]    8:     0x654c58789de9 - std[617be2ca0a6fd877]::sys::backtrace::__rust_end_short_backtrace::<std[617be2ca0a6fd877]::panicking::panic_handler::{closure#0}, !>
[INFO] [stdout]    9:     0x654c58791d0d - __rustc[ea4f61d10b84890b]::rust_begin_unwind
[INFO] [stdout]   10:     0x654c587ca47c - core[a373ad73a504971]::panicking::panic_fmt
[INFO] [stdout]   11:     0x654c587ca252 - core[a373ad73a504971]::result::unwrap_failed
[INFO] [stdout]   12:     0x654c5873a944 - <dmap[8522a64a32982c0f]::formats::iqdat::tests::test_missing_optional_fields::{closure#0} as core[a373ad73a504971]::ops::function::FnOnce<()>>::call_once
[INFO] [stdout]   13:     0x654c5873beeb - test[aada8e7e76ba119b]::__rust_begin_short_backtrace::<core[a373ad73a504971]::result::Result<(), alloc[2e1b2a31b91974c5]::string::String>, fn() -> core[a373ad73a504971]::result::Result<(), alloc[2e1b2a31b91974c5]::string::String>>
[INFO] [stdout]   14:     0x654c587490c5 - test[aada8e7e76ba119b]::run_test::{closure#0}
[INFO] [stdout]   15:     0x654c587429b4 - std[617be2ca0a6fd877]::sys::backtrace::__rust_begin_short_backtrace::<test[aada8e7e76ba119b]::run_test::{closure#1}, ()>
[INFO] [stdout]   16:     0x654c5874c152 - <std[617be2ca0a6fd877]::thread::lifecycle::spawn_unchecked<test[aada8e7e76ba119b]::run_test::{closure#1}, ()>::{closure#1} as core[a373ad73a504971]::ops::function::FnOnce<()>>::call_once::{shim:vtable#0}
[INFO] [stdout]   17:     0x654c587b44cf - <std[617be2ca0a6fd877]::sys::thread::unix::Thread>::new::thread_start
[INFO] [stdout]   18:     0x7e0801a8bdfa - <unknown>
[INFO] [stdout]   19:     0x7e0801b1f3d4 - clone
[INFO] [stdout]   20:                0x0 - <unknown>
[INFO] [stdout] 
[INFO] [stdout] ---- formats::map::tests::test_missing_required_fields stdout ----
[INFO] [stdout] 
[INFO] [stdout] thread 'formats::map::tests::test_missing_required_fields' (1020) panicked at src/formats/map.rs:187:1:
[INFO] [stdout] Unable to sniff file: Io(Os { code: 2, kind: NotFound, message: "No such file or directory" })
[INFO] [stdout] stack backtrace:
[INFO] [stdout]    0:     0x654c587b4c71 - <<std[617be2ca0a6fd877]::sys::backtrace::BacktraceLock>::print::DisplayBacktrace as core[a373ad73a504971]::fmt::Display>::fmt
[INFO] [stdout]    1:     0x654c587c9d4a - core[a373ad73a504971]::fmt::write
[INFO] [stdout]    2:     0x654c587b8f3c - <alloc[2e1b2a31b91974c5]::vec::Vec<u8> as core[a373ad73a504971]::io::write::Write>::write_fmt
[INFO] [stdout]    3:     0x654c58791056 - std[617be2ca0a6fd877]::panicking::default_hook::{closure#0}
[INFO] [stdout]    4:     0x654c587ad289 - std[617be2ca0a6fd877]::panicking::default_hook
[INFO] [stdout]    5:     0x654c58748aa0 - test[aada8e7e76ba119b]::test_main_inner::{closure#0}
[INFO] [stdout]    6:     0x654c587ad442 - std[617be2ca0a6fd877]::panicking::panic_with_hook
[INFO] [stdout]    7:     0x654c58791102 - std[617be2ca0a6fd877]::panicking::panic_handler::{closure#0}
[INFO] [stdout]    8:     0x654c58789de9 - std[617be2ca0a6fd877]::sys::backtrace::__rust_end_short_backtrace::<std[617be2ca0a6fd877]::panicking::panic_handler::{closure#0}, !>
[INFO] [stdout]    9:     0x654c58791d0d - __rustc[ea4f61d10b84890b]::rust_begin_unwind
[INFO] [stdout]   10:     0x654c587ca47c - core[a373ad73a504971]::panicking::panic_fmt
[INFO] [stdout]   11:     0x654c587ca252 - core[a373ad73a504971]::result::unwrap_failed
[INFO] [stdout]   12:     0x654c58737cbd - <dmap[8522a64a32982c0f]::formats::map::tests::test_missing_required_fields::{closure#0} as core[a373ad73a504971]::ops::function::FnOnce<()>>::call_once
[INFO] [stdout]   13:     0x654c5873beeb - test[aada8e7e76ba119b]::__rust_begin_short_backtrace::<core[a373ad73a504971]::result::Result<(), alloc[2e1b2a31b91974c5]::string::String>, fn() -> core[a373ad73a504971]::result::Result<(), alloc[2e1b2a31b91974c5]::string::String>>
[INFO] [stdout]   14:     0x654c587490c5 - test[aada8e7e76ba119b]::run_test::{closure#0}
[INFO] [stdout]   15:     0x654c587429b4 - std[617be2ca0a6fd877]::sys::backtrace::__rust_begin_short_backtrace::<test[aada8e7e76ba119b]::run_test::{closure#1}, ()>
[INFO] [stdout]   16:     0x654c5874c152 - <std[617be2ca0a6fd877]::thread::lifecycle::spawn_unchecked<test[aada8e7e76ba119b]::run_test::{closure#1}, ()>::{closure#1} as core[a373ad73a504971]::ops::function::FnOnce<()>>::call_once::{shim:vtable#0}
[INFO] [stdout]   17:     0x654c587b44cf - <std[617be2ca0a6fd877]::sys::thread::unix::Thread>::new::thread_start
[INFO] [stdout]   18:     0x7e0801a8bdfa - <unknown>
[INFO] [stdout]   19:     0x7e0801b1f3d4 - clone
[INFO] [stdout]   20:                0x0 - <unknown>
[INFO] [stdout] 
[INFO] [stdout] ---- formats::fitacf::tests::test_missing_optional_fields stdout ----
[INFO] [stdout] 
[INFO] [stdout] thread 'formats::fitacf::tests::test_missing_optional_fields' (1013) panicked at src/formats/fitacf.rs:225:1:
[INFO] [stdout] Unable to sniff file: Io(Os { code: 2, kind: NotFound, message: "No such file or directory" })
[INFO] [stdout] stack backtrace:
[INFO] [stdout]    0:     0x654c587b4c71 - <<std[617be2ca0a6fd877]::sys::backtrace::BacktraceLock>::print::DisplayBacktrace as core[a373ad73a504971]::fmt::Display>::fmt
[INFO] [stdout]    1:     0x654c587c9d4a - core[a373ad73a504971]::fmt::write
[INFO] [stdout]    2:     0x654c587b8f3c - <alloc[2e1b2a31b91974c5]::vec::Vec<u8> as core[a373ad73a504971]::io::write::Write>::write_fmt
[INFO] [stdout]    3:     0x654c58791056 - std[617be2ca0a6fd877]::panicking::default_hook::{closure#0}
[INFO] [stdout]    4:     0x654c587ad289 - std[617be2ca0a6fd877]::panicking::default_hook
[INFO] [stdout]    5:     0x654c58748aa0 - test[aada8e7e76ba119b]::test_main_inner::{closure#0}
[INFO] [stdout]    6:     0x654c587ad442 - std[617be2ca0a6fd877]::panicking::panic_with_hook
[INFO] [stdout]    7:     0x654c58791102 - std[617be2ca0a6fd877]::panicking::panic_handler::{closure#0}
[INFO] [stdout]    8:     0x654c58789de9 - std[617be2ca0a6fd877]::sys::backtrace::__rust_end_short_backtrace::<std[617be2ca0a6fd877]::panicking::panic_handler::{closure#0}, !>
[INFO] [stdout]    9:     0x654c58791d0d - __rustc[ea4f61d10b84890b]::rust_begin_unwind
[INFO] [stdout]   10:     0x654c587ca47c - core[a373ad73a504971]::panicking::panic_fmt
[INFO] [stdout]   11:     0x654c587ca252 - core[a373ad73a504971]::result::unwrap_failed
[INFO] [stdout]   12:     0x654c58730fa4 - <dmap[8522a64a32982c0f]::formats::fitacf::tests::test_missing_optional_fields::{closure#0} as core[a373ad73a504971]::ops::function::FnOnce<()>>::call_once
[INFO] [stdout]   13:     0x654c5873beeb - test[aada8e7e76ba119b]::__rust_begin_short_backtrace::<core[a373ad73a504971]::result::Result<(), alloc[2e1b2a31b91974c5]::string::String>, fn() -> core[a373ad73a504971]::result::Result<(), alloc[2e1b2a31b91974c5]::string::String>>
[INFO] [stdout]   14:     0x654c587490c5 - test[aada8e7e76ba119b]::run_test::{closure#0}
[INFO] [stdout]   15:     0x654c587429b4 - std[617be2ca0a6fd877]::sys::backtrace::__rust_begin_short_backtrace::<test[aada8e7e76ba119b]::run_test::{closure#1}, ()>
[INFO] [stdout]   16:     0x654c5874c152 - <std[617be2ca0a6fd877]::thread::lifecycle::spawn_unchecked<test[aada8e7e76ba119b]::run_test::{closure#1}, ()>::{closure#1} as core[a373ad73a504971]::ops::function::FnOnce<()>>::call_once::{shim:vtable#0}
[INFO] [stdout]   17:     0x654c587b44cf - <std[617be2ca0a6fd877]::sys::thread::unix::Thread>::new::thread_start
[INFO] [stdout]   18:     0x7e0801a8bdfa - <unknown>
[INFO] [stdout]   19:     0x7e0801b1f3d4 - clone
[INFO] [stdout]   20:                0x0 - <unknown>
[INFO] [stdout] 
[INFO] [stdout] ---- formats::grid::tests::test_missing_optional_fields stdout ----
[INFO] [stdout] 
[INFO] [stdout] thread 'formats::grid::tests::test_missing_optional_fields' (1015) panicked at src/formats/grid.rs:132:1:
[INFO] [stdout] Unable to sniff file: Io(Os { code: 2, kind: NotFound, message: "No such file or directory" })
[INFO] [stdout] stack backtrace:
[INFO] [stdout]    0:     0x654c587b4c71 - <<std[617be2ca0a6fd877]::sys::backtrace::BacktraceLock>::print::DisplayBacktrace as core[a373ad73a504971]::fmt::Display>::fmt
[INFO] [stdout]    1:     0x654c587c9d4a - core[a373ad73a504971]::fmt::write
[INFO] [stdout]    2:     0x654c587b8f3c - <alloc[2e1b2a31b91974c5]::vec::Vec<u8> as core[a373ad73a504971]::io::write::Write>::write_fmt
[INFO] [stdout]    3:     0x654c58791056 - std[617be2ca0a6fd877]::panicking::default_hook::{closure#0}
[INFO] [stdout]    4:     0x654c587ad289 - std[617be2ca0a6fd877]::panicking::default_hook
[INFO] [stdout]    5:     0x654c58748aa0 - test[aada8e7e76ba119b]::test_main_inner::{closure#0}
[INFO] [stdout]    6:     0x654c587ad442 - std[617be2ca0a6fd877]::panicking::panic_with_hook
[INFO] [stdout]    7:     0x654c58791102 - std[617be2ca0a6fd877]::panicking::panic_handler::{closure#0}
[INFO] [stdout]    8:     0x654c58789de9 - std[617be2ca0a6fd877]::sys::backtrace::__rust_end_short_backtrace::<std[617be2ca0a6fd877]::panicking::panic_handler::{closure#0}, !>
[INFO] [stdout]    9:     0x654c58791d0d - __rustc[ea4f61d10b84890b]::rust_begin_unwind
[INFO] [stdout]   10:     0x654c587ca47c - core[a373ad73a504971]::panicking::panic_fmt
[INFO] [stdout]   11:     0x654c587ca252 - core[a373ad73a504971]::result::unwrap_failed
[INFO] [stdout]   12:     0x654c58738b04 - <dmap[8522a64a32982c0f]::formats::grid::tests::test_missing_optional_fields::{closure#0} as core[a373ad73a504971]::ops::function::FnOnce<()>>::call_once
[INFO] [stdout]   13:     0x654c5873beeb - test[aada8e7e76ba119b]::__rust_begin_short_backtrace::<core[a373ad73a504971]::result::Result<(), alloc[2e1b2a31b91974c5]::string::String>, fn() -> core[a373ad73a504971]::result::Result<(), alloc[2e1b2a31b91974c5]::string::String>>
[INFO] [stdout]   14:     0x654c587490c5 - test[aada8e7e76ba119b]::run_test::{closure#0}
[INFO] [stdout]   15:     0x654c587429b4 - std[617be2ca0a6fd877]::sys::backtrace::__rust_begin_short_backtrace::<test[aada8e7e76ba119b]::run_test::{closure#1}, ()>
[INFO] [stdout]   16:     0x654c5874c152 - <std[617be2ca0a6fd877]::thread::lifecycle::spawn_unchecked<test[aada8e7e76ba119b]::run_test::{closure#1}, ()>::{closure#1} as core[a373ad73a504971]::ops::function::FnOnce<()>>::call_once::{shim:vtable#0}
[INFO] [stdout]   17:     0x654c587b44cf - <std[617be2ca0a6fd877]::sys::thread::unix::Thread>::new::thread_start
[INFO] [stdout]   18:     0x7e0801a8bdfa - <unknown>
[INFO] [stdout]   19:     0x7e0801b1f3d4 - clone
[INFO] [stdout]   20:                0x0 - <unknown>
[INFO] [stdout] 
[INFO] [stdout] ---- formats::snd::tests::test_missing_required_fields stdout ----
[INFO] [stdout] 
[INFO] [stdout] thread 'formats::snd::tests::test_missing_required_fields' (1024) panicked at src/formats/snd.rs:91:1:
[INFO] [stdout] Unable to sniff file: Io(Os { code: 2, kind: NotFound, message: "No such file or directory" })
[INFO] [stdout] stack backtrace:
[INFO] [stdout]    0:     0x654c587b4c71 - <<std[617be2ca0a6fd877]::sys::backtrace::BacktraceLock>::print::DisplayBacktrace as core[a373ad73a504971]::fmt::Display>::fmt
[INFO] [stdout]    1:     0x654c587c9d4a - core[a373ad73a504971]::fmt::write
[INFO] [stdout]    2:     0x654c587b8f3c - <alloc[2e1b2a31b91974c5]::vec::Vec<u8> as core[a373ad73a504971]::io::write::Write>::write_fmt
[INFO] [stdout]    3:     0x654c58791056 - std[617be2ca0a6fd877]::panicking::default_hook::{closure#0}
[INFO] [stdout]    4:     0x654c587ad289 - std[617be2ca0a6fd877]::panicking::default_hook
[INFO] [stdout]    5:     0x654c58748aa0 - test[aada8e7e76ba119b]::test_main_inner::{closure#0}
[INFO] [stdout]    6:     0x654c587ad442 - std[617be2ca0a6fd877]::panicking::panic_with_hook
[INFO] [stdout]    7:     0x654c58791102 - std[617be2ca0a6fd877]::panicking::panic_handler::{closure#0}
[INFO] [stdout]    8:     0x654c58789de9 - std[617be2ca0a6fd877]::sys::backtrace::__rust_end_short_backtrace::<std[617be2ca0a6fd877]::panicking::panic_handler::{closure#0}, !>
[INFO] [stdout]    9:     0x654c58791d0d - __rustc[ea4f61d10b84890b]::rust_begin_unwind
[INFO] [stdout]   10:     0x654c587ca47c - core[a373ad73a504971]::panicking::panic_fmt
[INFO] [stdout]   11:     0x654c587ca252 - core[a373ad73a504971]::result::unwrap_failed
[INFO] [stdout]   12:     0x654c58707258 - <dmap[8522a64a32982c0f]::formats::snd::tests::test_missing_required_fields::{closure#0} as core[a373ad73a504971]::ops::function::FnOnce<()>>::call_once
[INFO] [stdout]   13:     0x654c5873beeb - test[aada8e7e76ba119b]::__rust_begin_short_backtrace::<core[a373ad73a504971]::result::Result<(), alloc[2e1b2a31b91974c5]::string::String>, fn() -> core[a373ad73a504971]::result::Result<(), alloc[2e1b2a31b91974c5]::string::String>>
[INFO] [stdout]   14:     0x654c587490c5 - test[aada8e7e76ba119b]::run_test::{closure#0}
[INFO] [stdout]   15:     0x654c587429b4 - std[617be2ca0a6fd877]::sys::backtrace::__rust_begin_short_backtrace::<test[aada8e7e76ba119b]::run_test::{closure#1}, ()>
[INFO] [stdout]   16:     0x654c5874c152 - <std[617be2ca0a6fd877]::thread::lifecycle::spawn_unchecked<test[aada8e7e76ba119b]::run_test::{closure#1}, ()>::{closure#1} as core[a373ad73a504971]::ops::function::FnOnce<()>>::call_once::{shim:vtable#0}
[INFO] [stdout]   17:     0x654c587b44cf - <std[617be2ca0a6fd877]::sys::thread::unix::Thread>::new::thread_start
[INFO] [stdout]   18:     0x7e0801a8bdfa - <unknown>
[INFO] [stdout]   19:     0x7e0801b1f3d4 - clone
[INFO] [stdout]   20:                0x0 - <unknown>
[INFO] [stdout] 
[INFO] [stdout] ---- formats::fitacf::tests::test_missing_required_fields stdout ----
[INFO] [stdout] 
[INFO] [stdout] thread 'formats::fitacf::tests::test_missing_required_fields' (1014) panicked at src/formats/fitacf.rs:225:1:
[INFO] [stdout] Unable to sniff file: Io(Os { code: 2, kind: NotFound, message: "No such file or directory" })
[INFO] [stdout] stack backtrace:
[INFO] [stdout]    0:     0x654c587b4c71 - <<std[617be2ca0a6fd877]::sys::backtrace::BacktraceLock>::print::DisplayBacktrace as core[a373ad73a504971]::fmt::Display>::fmt
[INFO] [stdout]    1:     0x654c587c9d4a - core[a373ad73a504971]::fmt::write
[INFO] [stdout]    2:     0x654c587b8f3c - <alloc[2e1b2a31b91974c5]::vec::Vec<u8> as core[a373ad73a504971]::io::write::Write>::write_fmt
[INFO] [stdout]    3:     0x654c58791056 - std[617be2ca0a6fd877]::panicking::default_hook::{closure#0}
[INFO] [stdout]    4:     0x654c587ad289 - std[617be2ca0a6fd877]::panicking::default_hook
[INFO] [stdout]    5:     0x654c58748aa0 - test[aada8e7e76ba119b]::test_main_inner::{closure#0}
[INFO] [stdout]    6:     0x654c587ad442 - std[617be2ca0a6fd877]::panicking::panic_with_hook
[INFO] [stdout]    7:     0x654c58791102 - std[617be2ca0a6fd877]::panicking::panic_handler::{closure#0}
[INFO] [stdout]    8:     0x654c58789de9 - std[617be2ca0a6fd877]::sys::backtrace::__rust_end_short_backtrace::<std[617be2ca0a6fd877]::panicking::panic_handler::{closure#0}, !>
[INFO] [stdout]    9:     0x654c58791d0d - __rustc[ea4f61d10b84890b]::rust_begin_unwind
[INFO] [stdout]   10:     0x654c587ca47c - core[a373ad73a504971]::panicking::panic_fmt
[INFO] [stdout]   11:     0x654c587ca252 - core[a373ad73a504971]::result::unwrap_failed
[INFO] [stdout]   12:     0x654c58731da8 - <dmap[8522a64a32982c0f]::formats::fitacf::tests::test_missing_required_fields::{closure#0} as core[a373ad73a504971]::ops::function::FnOnce<()>>::call_once
[INFO] [stdout]   13:     0x654c5873beeb - test[aada8e7e76ba119b]::__rust_begin_short_backtrace::<core[a373ad73a504971]::result::Result<(), alloc[2e1b2a31b91974c5]::string::String>, fn() -> core[a373ad73a504971]::result::Result<(), alloc[2e1b2a31b91974c5]::string::String>>
[INFO] [stdout]   14:     0x654c587490c5 - test[aada8e7e76ba119b]::run_test::{closure#0}
[INFO] [stdout]   15:     0x654c587429b4 - std[617be2ca0a6fd877]::sys::backtrace::__rust_begin_short_backtrace::<test[aada8e7e76ba119b]::run_test::{closure#1}, ()>
[INFO] [stdout]   16:     0x654c5874c152 - <std[617be2ca0a6fd877]::thread::lifecycle::spawn_unchecked<test[aada8e7e76ba119b]::run_test::{closure#1}, ()>::{closure#1} as core[a373ad73a504971]::ops::function::FnOnce<()>>::call_once::{shim:vtable#0}
[INFO] [stdout]   17:     0x654c587b44cf - <std[617be2ca0a6fd877]::sys::thread::unix::Thread>::new::thread_start
[INFO] [stdout]   18:     0x7e0801a8bdfa - <unknown>
[INFO] [stdout]   19:     0x7e0801b1f3d4 - clone
[INFO] [stdout]   20:                0x0 - <unknown>
[INFO] [stdout] 
[INFO] [stdout] ---- formats::grid::tests::test_missing_required_fields stdout ----
[INFO] [stdout] 
[INFO] [stdout] thread 'formats::grid::tests::test_missing_required_fields' (1016) panicked at src/formats/grid.rs:132:1:
[INFO] [stdout] Unable to sniff file: Io(Os { code: 2, kind: NotFound, message: "No such file or directory" })
[INFO] [stdout] stack backtrace:
[INFO] [stdout]    0:     0x654c587b4c71 - <<std[617be2ca0a6fd877]::sys::backtrace::BacktraceLock>::print::DisplayBacktrace as core[a373ad73a504971]::fmt::Display>::fmt
[INFO] [stdout]    1:     0x654c587c9d4a - core[a373ad73a504971]::fmt::write
[INFO] [stdout]    2:     0x654c587b8f3c - <alloc[2e1b2a31b91974c5]::vec::Vec<u8> as core[a373ad73a504971]::io::write::Write>::write_fmt
[INFO] [stdout]    3:     0x654c58791056 - std[617be2ca0a6fd877]::panicking::default_hook::{closure#0}
[INFO] [stdout]    4:     0x654c587ad289 - std[617be2ca0a6fd877]::panicking::default_hook
[INFO] [stdout]    5:     0x654c58748aa0 - test[aada8e7e76ba119b]::test_main_inner::{closure#0}
[INFO] [stdout]    6:     0x654c587ad442 - std[617be2ca0a6fd877]::panicking::panic_with_hook
[INFO] [stdout]    7:     0x654c58791102 - std[617be2ca0a6fd877]::panicking::panic_handler::{closure#0}
[INFO] [stdout]    8:     0x654c58789de9 - std[617be2ca0a6fd877]::sys::backtrace::__rust_end_short_backtrace::<std[617be2ca0a6fd877]::panicking::panic_handler::{closure#0}, !>
[INFO] [stdout]    9:     0x654c58791d0d - __rustc[ea4f61d10b84890b]::rust_begin_unwind
[INFO] [stdout]   10:     0x654c587ca47c - core[a373ad73a504971]::panicking::panic_fmt
[INFO] [stdout]   11:     0x654c587ca252 - core[a373ad73a504971]::result::unwrap_failed
[INFO] [stdout]   12:     0x654c58739afd - <dmap[8522a64a32982c0f]::formats::grid::tests::test_missing_required_fields::{closure#0} as core[a373ad73a504971]::ops::function::FnOnce<()>>::call_once
[INFO] [stdout]   13:     0x654c5873beeb - test[aada8e7e76ba119b]::__rust_begin_short_backtrace::<core[a373ad73a504971]::result::Result<(), alloc[2e1b2a31b91974c5]::string::String>, fn() -> core[a373ad73a504971]::result::Result<(), alloc[2e1b2a31b91974c5]::string::String>>
[INFO] [stdout]   14:     0x654c587490c5 - test[aada8e7e76ba119b]::run_test::{closure#0}
[INFO] [stdout]   15:     0x654c587429b4 - std[617be2ca0a6fd877]::sys::backtrace::__rust_begin_short_backtrace::<test[aada8e7e76ba119b]::run_test::{closure#1}, ()>
[INFO] [stdout]   16:     0x654c5874c152 - <std[617be2ca0a6fd877]::thread::lifecycle::spawn_unchecked<test[aada8e7e76ba119b]::run_test::{closure#1}, ()>::{closure#1} as core[a373ad73a504971]::ops::function::FnOnce<()>>::call_once::{shim:vtable#0}
[INFO] [stdout]   17:     0x654c587b44cf - <std[617be2ca0a6fd877]::sys::thread::unix::Thread>::new::thread_start
[INFO] [stdout]   18:     0x7e0801a8bdfa - <unknown>
[INFO] [stdout]   19:     0x7e0801b1f3d4 - clone
[INFO] [stdout]   20:                0x0 - <unknown>
[INFO] [stdout] 
[INFO] [stdout] ---- formats::rawacf::tests::test_missing_required_fields stdout ----
[INFO] [stdout] 
[INFO] [stdout] thread 'formats::rawacf::tests::test_missing_required_fields' (1022) panicked at src/formats/rawacf.rs:94:1:
[INFO] [stdout] Unable to sniff file: Io(Os { code: 2, kind: NotFound, message: "No such file or directory" })
[INFO] [stdout] stack backtrace:
[INFO] [stdout]    0:     0x654c587b4c71 - <<std[617be2ca0a6fd877]::sys::backtrace::BacktraceLock>::print::DisplayBacktrace as core[a373ad73a504971]::fmt::Display>::fmt
[INFO] [stdout]    1:     0x654c587c9d4a - core[a373ad73a504971]::fmt::write
[INFO] [stdout]    2:     0x654c587b8f3c - <alloc[2e1b2a31b91974c5]::vec::Vec<u8> as core[a373ad73a504971]::io::write::Write>::write_fmt
[INFO] [stdout]    3:     0x654c58791056 - std[617be2ca0a6fd877]::panicking::default_hook::{closure#0}
[INFO] [stdout]    4:     0x654c587ad289 - std[617be2ca0a6fd877]::panicking::default_hook
[INFO] [stdout]    5:     0x654c58748aa0 - test[aada8e7e76ba119b]::test_main_inner::{closure#0}
[INFO] [stdout]    6:     0x654c587ad442 - std[617be2ca0a6fd877]::panicking::panic_with_hook
[INFO] [stdout]    7:     0x654c58791102 - std[617be2ca0a6fd877]::panicking::panic_handler::{closure#0}
[INFO] [stdout]    8:     0x654c58789de9 - std[617be2ca0a6fd877]::sys::backtrace::__rust_end_short_backtrace::<std[617be2ca0a6fd877]::panicking::panic_handler::{closure#0}, !>
[INFO] [stdout]    9:     0x654c58791d0d - __rustc[ea4f61d10b84890b]::rust_begin_unwind
[INFO] [stdout]   10:     0x654c587ca47c - core[a373ad73a504971]::panicking::panic_fmt
[INFO] [stdout]   11:     0x654c587ca252 - core[a373ad73a504971]::result::unwrap_failed
[INFO] [stdout]   12:     0x654c5870ff58 - <dmap[8522a64a32982c0f]::formats::rawacf::tests::test_missing_required_fields::{closure#0} as core[a373ad73a504971]::ops::function::FnOnce<()>>::call_once
[INFO] [stdout]   13:     0x654c5873beeb - test[aada8e7e76ba119b]::__rust_begin_short_backtrace::<core[a373ad73a504971]::result::Result<(), alloc[2e1b2a31b91974c5]::string::String>, fn() -> core[a373ad73a504971]::result::Result<(), alloc[2e1b2a31b91974c5]::string::String>>
[INFO] [stdout]   14:     0x654c587490c5 - test[aada8e7e76ba119b]::run_test::{closure#0}
[INFO] [stdout]   15:     0x654c587429b4 - std[617be2ca0a6fd877]::sys::backtrace::__rust_begin_short_backtrace::<test[aada8e7e76ba119b]::run_test::{closure#1}, ()>
[INFO] [stdout]   16:     0x654c5874c152 - <std[617be2ca0a6fd877]::thread::lifecycle::spawn_unchecked<test[aada8e7e76ba119b]::run_test::{closure#1}, ()>::{closure#1} as core[a373ad73a504971]::ops::function::FnOnce<()>>::call_once::{shim:vtable#0}
[INFO] [stdout]   17:     0x654c587b44cf - <std[617be2ca0a6fd877]::sys::thread::unix::Thread>::new::thread_start
[INFO] [stdout]   18:     0x7e0801a8bdfa - <unknown>
[INFO] [stdout]   19:     0x7e0801b1f3d4 - clone
[INFO] [stdout]   20:                0x0 - <unknown>
[INFO] [stdout] 
[INFO] [stdout] ---- formats::snd::tests::test_missing_optional_fields stdout ----
[INFO] [stdout] 
[INFO] [stdout] thread 'formats::snd::tests::test_missing_optional_fields' (1023) panicked at src/formats/snd.rs:91:1:
[INFO] [stdout] Unable to sniff file: Io(Os { code: 2, kind: NotFound, message: "No such file or directory" })
[INFO] [stdout] stack backtrace:
[INFO] [stdout]    0:     0x654c587b4c71 - <<std[617be2ca0a6fd877]::sys::backtrace::BacktraceLock>::print::DisplayBacktrace as core[a373ad73a504971]::fmt::Display>::fmt
[INFO] [stdout]    1:     0x654c587c9d4a - core[a373ad73a504971]::fmt::write
[INFO] [stdout]    2:     0x654c587b8f3c - <alloc[2e1b2a31b91974c5]::vec::Vec<u8> as core[a373ad73a504971]::io::write::Write>::write_fmt
[INFO] [stdout]    3:     0x654c58791056 - std[617be2ca0a6fd877]::panicking::default_hook::{closure#0}
[INFO] [stdout]    4:     0x654c587ad289 - std[617be2ca0a6fd877]::panicking::default_hook
[INFO] [stdout]    5:     0x654c58748aa0 - test[aada8e7e76ba119b]::test_main_inner::{closure#0}
[INFO] [stdout]    6:     0x654c587ad442 - std[617be2ca0a6fd877]::panicking::panic_with_hook
[INFO] [stdout]    7:     0x654c58791102 - std[617be2ca0a6fd877]::panicking::panic_handler::{closure#0}
[INFO] [stdout]    8:     0x654c58789de9 - std[617be2ca0a6fd877]::sys::backtrace::__rust_end_short_backtrace::<std[617be2ca0a6fd877]::panicking::panic_handler::{closure#0}, !>
[INFO] [stdout]    9:     0x654c58791d0d - __rustc[ea4f61d10b84890b]::rust_begin_unwind
[INFO] [stdout]   10:     0x654c587ca47c - core[a373ad73a504971]::panicking::panic_fmt
[INFO] [stdout]   11:     0x654c587ca252 - core[a373ad73a504971]::result::unwrap_failed
[INFO] [stdout]   12:     0x654c58706454 - <dmap[8522a64a32982c0f]::formats::snd::tests::test_missing_optional_fields::{closure#0} as core[a373ad73a504971]::ops::function::FnOnce<()>>::call_once
[INFO] [stdout]   13:     0x654c5873beeb - test[aada8e7e76ba119b]::__rust_begin_short_backtrace::<core[a373ad73a504971]::result::Result<(), alloc[2e1b2a31b91974c5]::string::String>, fn() -> core[a373ad73a504971]::result::Result<(), alloc[2e1b2a31b91974c5]::string::String>>
[INFO] [stdout]   14:     0x654c587490c5 - test[aada8e7e76ba119b]::run_test::{closure#0}
[INFO] [stdout]   15:     0x654c587429b4 - std[617be2ca0a6fd877]::sys::backtrace::__rust_begin_short_backtrace::<test[aada8e7e76ba119b]::run_test::{closure#1}, ()>
[INFO] [stdout]   16:     0x654c5874c152 - <std[617be2ca0a6fd877]::thread::lifecycle::spawn_unchecked<test[aada8e7e76ba119b]::run_test::{closure#1}, ()>::{closure#1} as core[a373ad73a504971]::ops::function::FnOnce<()>>::call_once::{shim:vtable#0}
[INFO] [stdout]   17:     0x654c587b44cf - <std[617be2ca0a6fd877]::sys::thread::unix::Thread>::new::thread_start
[INFO] [stdout]   18:     0x7e0801a8bdfa - <unknown>
[INFO] [stdout]   19:     0x7e0801b1f3d4 - clone
[INFO] [stdout]   20:                0x0 - <unknown>
[INFO] [stdout] 
[INFO] [stdout] 
[INFO] [stdout] failures:
[INFO] [stdout]     formats::fitacf::tests::test_missing_optional_fields
[INFO] [stdout]     formats::fitacf::tests::test_missing_required_fields
[INFO] [stdout]     formats::grid::tests::test_missing_optional_fields
[INFO] [stdout]     formats::grid::tests::test_missing_required_fields
[INFO] [stdout]     formats::iqdat::tests::test_missing_optional_fields
[INFO] [stdout]     formats::iqdat::tests::test_missing_required_fields
[INFO] [stdout]     formats::map::tests::test_missing_optional_fields
[INFO] [stdout]     formats::map::tests::test_missing_required_fields
[INFO] [stdout]     formats::rawacf::tests::test_missing_optional_fields
[INFO] [stdout]     formats::rawacf::tests::test_missing_required_fields
[INFO] [stdout]     formats::snd::tests::test_missing_optional_fields
[INFO] [stdout]     formats::snd::tests::test_missing_required_fields
[INFO] [stdout] 
[INFO] [stdout] test result: FAILED. 11 passed; 12 failed; 0 ignored; 0 measured; 0 filtered out; finished in 0.01s
[INFO] [stdout] 
[INFO] [stderr] error: test failed, to rerun pass `--lib`
[INFO] running `Command { std: "docker" "inspect" "6967aaae5c18a2a9bab0c30c82d566d903972f85d647b2883d0d23e26f967f95", kill_on_drop: false }`
[INFO] running `Command { std: "docker" "rm" "-f" "6967aaae5c18a2a9bab0c30c82d566d903972f85d647b2883d0d23e26f967f95", kill_on_drop: false }`
[INFO] [stdout] 6967aaae5c18a2a9bab0c30c82d566d903972f85d647b2883d0d23e26f967f95
