[INFO] fetching crate dark-crystal-web3-core 0.1.1...
[INFO] testing dark-crystal-web3-core-0.1.1 against 1.99.0-beta.8+cargoflags=--release for beta-release-1.100-2
[INFO] extracting crate dark-crystal-web3-core 0.1.1 into /workspace/builds/worker-7-tc1/source
[INFO] started tweaking crates.io crate dark-crystal-web3-core 0.1.1
[INFO] finished tweaking crates.io crate dark-crystal-web3-core 0.1.1
[INFO] tweaked toml for crates.io crate dark-crystal-web3-core 0.1.1 written to /workspace/builds/worker-7-tc1/source/Cargo.toml
[INFO] validating manifest of crates.io crate dark-crystal-web3-core 0.1.1 on toolchain 1.99.0-beta.8
[INFO] running `Command { std: CARGO_HOME="/workspace/cargo-home" RUSTUP_HOME="/workspace/rustup-home" "/workspace/cargo-home/bin/cargo" "+1.99.0-beta.8" "metadata" "--manifest-path" "Cargo.toml" "--no-deps", kill_on_drop: false }`
[INFO] running `Command { std: CARGO_HOME="/workspace/cargo-home" RUSTUP_HOME="/workspace/rustup-home" "/workspace/cargo-home/bin/cargo" "+1.99.0-beta.8" "generate-lockfile" "--manifest-path" "Cargo.toml", kill_on_drop: false }`
[INFO] [stderr]     Updating crates.io index
[INFO] [stderr]      Locking 57 packages to highest compatible versions
[INFO] [stderr]       Adding bip39 v1.2.0 (available: v3.0.0)
[INFO] [stderr]       Adding cryptoxide v0.3.6 (available: v0.6.6)
[INFO] [stderr]       Adding serde_qs v0.8.5 (available: v1.1.3)
[INFO] [stderr]       Adding subtle v2.4.1 (available: v2.6.1)
[INFO] [stderr]       Adding unicode-normalization v0.1.9 (available: v0.1.26)
[INFO] [stderr]       Adding zeroize v1.3.0 (available: v1.9.1)
[INFO] running `Command { std: CARGO_HOME="/workspace/cargo-home" RUSTUP_HOME="/workspace/rustup-home" "/workspace/cargo-home/bin/cargo" "+1.99.0-beta.8" "fetch" "--manifest-path" "Cargo.toml", kill_on_drop: false }`
[INFO] [stderr]  Downloading crates ...
[INFO] [stderr]   Downloaded dark-crystal-secret-sharing-rust v0.2.2
[INFO] [stderr]   Downloaded dark-crystal-key-backup-rust v0.2.3
[INFO] [stderr]   Downloaded crypto_box v0.7.2
[INFO] [stderr]   Downloaded chacha20poly1305 v0.9.1
[INFO] [stderr]   Downloaded chacha20 v0.8.2
[INFO] [stderr]   Downloaded x25519-dalek v1.2.0
[INFO] [stderr]   Downloaded bitcoin_hashes v0.11.0
[INFO] [stderr]   Downloaded unicode-normalization v0.1.9
[INFO] [stderr]   Downloaded bip39 v1.2.0
[INFO] [stderr]   Downloaded cryptoxide v0.3.6
[INFO] running `Command { std: "docker" "create" "-v" "/var/lib/crater-agent-workspace/builds/worker-7-tc1/source:/opt/rustwide/workdir:ro,Z" "-v" "/var/lib/crater-agent-workspace/builds/worker-7-tc1/target:/opt/rustwide/target:rw,Z" "-v" "/var/lib/crater-agent-workspace/cargo-home:/opt/rustwide/cargo-home:ro,Z" "-v" "/var/lib/crater-agent-workspace/rustup-home:/opt/rustwide/rustup-home:ro,Z" "-m" "1610612736" "--network" "none" "ghcr.io/rust-lang/crates-build-env/linux@sha256:77db811e55d90add9212f6832c23229e3de5f1c1f9905e8cb07319ea15df73ac" "sleep" "infinity", kill_on_drop: false }`
[INFO] [stdout] e70ae8cdfa51bf4545d75decb3fdc9a764a1ad54cf37bb25667ac092ffad58be
[INFO] running `Command { std: "docker" "start" "e70ae8cdfa51bf4545d75decb3fdc9a764a1ad54cf37bb25667ac092ffad58be", kill_on_drop: false }`
[INFO] running `Command { std: "docker" "inspect" "e70ae8cdfa51bf4545d75decb3fdc9a764a1ad54cf37bb25667ac092ffad58be", kill_on_drop: false }`
[INFO] running `Command { std: "docker" "exec" "-e" "SOURCE_DIR=/opt/rustwide/workdir" "-e" "CARGO_HOME=/opt/rustwide/cargo-home" "-e" "RUSTUP_HOME=/opt/rustwide/rustup-home" "-e" "CARGO_TARGET_DIR=/opt/rustwide/target" "-w" "/opt/rustwide/workdir" "--user" "0:0" "e70ae8cdfa51bf4545d75decb3fdc9a764a1ad54cf37bb25667ac092ffad58be" "/opt/rustwide/cargo-home/bin/cargo" "+1.99.0-beta.8" "metadata" "--no-deps" "--format-version=1", kill_on_drop: false }`
[INFO] running `Command { std: "docker" "inspect" "e70ae8cdfa51bf4545d75decb3fdc9a764a1ad54cf37bb25667ac092ffad58be", kill_on_drop: false }`
[INFO] running `Command { std: "docker" "exec" "-e" "SOURCE_DIR=/opt/rustwide/workdir" "-e" "CARGO_HOME=/opt/rustwide/cargo-home" "-e" "RUSTUP_HOME=/opt/rustwide/rustup-home" "-e" "CARGO_TARGET_DIR=/opt/rustwide/target" "-e" "CARGO_INCREMENTAL=0" "-e" "RUST_BACKTRACE=full" "-e" "RUSTFLAGS=--cap-lints=warn" "-e" "RUSTDOCFLAGS=--cap-lints=warn" "-w" "/opt/rustwide/workdir" "--user" "0:0" "e70ae8cdfa51bf4545d75decb3fdc9a764a1ad54cf37bb25667ac092ffad58be" "/opt/rustwide/cargo-home/bin/cargo" "+1.99.0-beta.8" "build" "--frozen" "--message-format=json" "--release", kill_on_drop: false }`
[INFO] [stderr]    Compiling generic-array v0.14.9
[INFO] [stderr]    Compiling syn v2.0.119
[INFO] [stderr]    Compiling subtle v2.4.1
[INFO] [stderr]    Compiling zerocopy v0.8.63
[INFO] [stderr]    Compiling ahash v0.4.8
[INFO] [stderr]    Compiling rand_core v0.4.3
[INFO] [stderr]    Compiling bitcoin_hashes v0.11.0
[INFO] [stderr]    Compiling cryptoxide v0.3.6
[INFO] [stderr]    Compiling serde v1.0.229
[INFO] [stderr]    Compiling unicode-normalization v0.1.9
[INFO] [stderr]    Compiling hashbrown v0.9.1
[INFO] [stderr]    Compiling bip39 v1.2.0
[INFO] [stderr]    Compiling cipher v0.3.0
[INFO] [stderr]    Compiling universal-hash v0.4.1
[INFO] [stderr]    Compiling aead v0.4.3
[INFO] [stderr]    Compiling digest v0.9.0
[INFO] [stderr]    Compiling poly1305 v0.7.2
[INFO] [stderr]    Compiling zeroize_derive v1.5.0
[INFO] [stderr]    Compiling thiserror-impl v1.0.69
[INFO] [stderr]    Compiling zeroize v1.3.0
[INFO] [stderr]    Compiling salsa20 v0.9.0
[INFO] [stderr]    Compiling chacha20 v0.8.2
[INFO] [stderr]    Compiling curve25519-dalek v3.2.1
[INFO] [stderr]    Compiling thiserror v1.0.69
[INFO] [stderr]    Compiling serde_qs v0.8.5
[INFO] [stderr]    Compiling xsalsa20poly1305 v0.8.0
[INFO] [stderr]    Compiling chacha20poly1305 v0.9.1
[INFO] [stderr]    Compiling ppv-lite86 v0.2.21
[INFO] [stderr]    Compiling x25519-dalek v1.2.0
[INFO] [stderr]    Compiling rand_chacha v0.3.1
[INFO] [stderr]    Compiling crypto_box v0.7.2
[INFO] [stderr]    Compiling rand v0.8.8
[INFO] [stderr]    Compiling sharks v0.5.0
[INFO] [stderr]    Compiling dark-crystal-secret-sharing-rust v0.2.2
[INFO] [stderr]    Compiling dark-crystal-key-backup-rust v0.2.3
[INFO] [stderr]    Compiling dark-crystal-web3-core v0.1.1 (/opt/rustwide/workdir)
[INFO] [stderr]     Finished `release` profile [optimized] target(s) in 18.96s
[INFO] running `Command { std: "docker" "inspect" "e70ae8cdfa51bf4545d75decb3fdc9a764a1ad54cf37bb25667ac092ffad58be", kill_on_drop: false }`
[INFO] running `Command { std: "docker" "exec" "-e" "SOURCE_DIR=/opt/rustwide/workdir" "-e" "CARGO_HOME=/opt/rustwide/cargo-home" "-e" "RUSTUP_HOME=/opt/rustwide/rustup-home" "-e" "CARGO_TARGET_DIR=/opt/rustwide/target" "-e" "CARGO_INCREMENTAL=0" "-e" "RUST_BACKTRACE=full" "-e" "RUSTFLAGS=--cap-lints=warn" "-e" "RUSTDOCFLAGS=--cap-lints=warn" "-w" "/opt/rustwide/workdir" "--user" "0:0" "e70ae8cdfa51bf4545d75decb3fdc9a764a1ad54cf37bb25667ac092ffad58be" "/opt/rustwide/cargo-home/bin/cargo" "+1.99.0-beta.8" "test" "--frozen" "--no-run" "--message-format=json" "--release", kill_on_drop: false }`
[INFO] [stderr]    Compiling dark-crystal-web3-core v0.1.1 (/opt/rustwide/workdir)
[INFO] [stderr]     Finished `release` profile [optimized] target(s) in 1.15s
[INFO] running `Command { std: "docker" "inspect" "e70ae8cdfa51bf4545d75decb3fdc9a764a1ad54cf37bb25667ac092ffad58be", kill_on_drop: false }`
[INFO] running `Command { std: "docker" "exec" "-e" "SOURCE_DIR=/opt/rustwide/workdir" "-e" "CARGO_HOME=/opt/rustwide/cargo-home" "-e" "RUSTUP_HOME=/opt/rustwide/rustup-home" "-e" "CARGO_TARGET_DIR=/opt/rustwide/target" "-e" "CARGO_INCREMENTAL=0" "-e" "RUST_BACKTRACE=full" "-e" "RUSTFLAGS=--cap-lints=warn" "-e" "RUSTDOCFLAGS=--cap-lints=warn" "-w" "/opt/rustwide/workdir" "--user" "0:0" "e70ae8cdfa51bf4545d75decb3fdc9a764a1ad54cf37bb25667ac092ffad58be" "/opt/rustwide/cargo-home/bin/cargo" "+1.99.0-beta.8" "test" "--frozen" "--release", kill_on_drop: false }`
[INFO] [stderr]     Finished `release` profile [optimized] target(s) in 0.09s
[INFO] [stderr]      Running unittests src/lib.rs (/opt/rustwide/target/release/deps/dark_crystal_web3_core-0bd02614ff8fbc9f)
[INFO] [stdout] 
[INFO] [stdout] running 10 tests
[INFO] [stdout] test secret::bip39::tests::words_12 ... ok
[INFO] [stdout] test secret::bip39::tests::words_24 ... ok
[INFO] [stdout] test secret::tests::detect_string ... ok
[INFO] [stdout] test tests::ignore_duplicate_share ... ok
[INFO] [stdout] test tests::recover_secret_with_mixed_shares ... ok
[INFO] [stdout] test tests::recover_secret ... ok
[INFO] [stdout] test secret::tests::decode_secrets ... ok
[INFO] [stdout] test tests::recover_from_hex_strings ... ok
[INFO] [stdout] test secret::tests::encode_secrets ... ok
[INFO] [stderr] error: test failed, to rerun pass `--lib`
[INFO] [stdout] test tests::create_share_payload ... FAILED
[INFO] [stdout] 
[INFO] [stdout] failures:
[INFO] [stdout] 
[INFO] [stdout] ---- tests::create_share_payload stdout ----
[INFO] [stdout] 
[INFO] [stdout] thread 'tests::create_share_payload' (640) panicked at src/lib.rs:216:9:
[INFO] [stdout] assertion `left == right` failed
[INFO] [stdout]   left: 592
[INFO] [stdout]  right: 593
[INFO] [stdout] stack backtrace:
[INFO] [stdout]    0:     0x610c5b9d4e31 - <<std[70759c8f55707aa4]::sys::backtrace::BacktraceLock>::print::DisplayBacktrace as core[df12db4294e9bfd3]::fmt::Display>::fmt
[INFO] [stdout]    1:     0x610c5b9e98fa - core[df12db4294e9bfd3]::fmt::write
[INFO] [stdout]    2:     0x610c5b9d92cc - <alloc[2182bb758b4b3781]::vec::Vec<u8> as core[df12db4294e9bfd3]::io::write::Write>::write_fmt
[INFO] [stdout]    3:     0x610c5b9b1426 - std[70759c8f55707aa4]::panicking::default_hook::{closure#0}
[INFO] [stdout]    4:     0x610c5b9cd599 - std[70759c8f55707aa4]::panicking::default_hook
[INFO] [stdout]    5:     0x610c5b953300 - test[9d35eded1c95d3be]::test_main_inner::<test[9d35eded1c95d3be]::test_main_static::{closure#0}>::{closure#0}
[INFO] [stdout]    6:     0x610c5b9cd752 - std[70759c8f55707aa4]::panicking::panic_with_hook
[INFO] [stdout]    7:     0x610c5b9b14d2 - std[70759c8f55707aa4]::panicking::panic_handler::{closure#0}
[INFO] [stdout]    8:     0x610c5b9aa259 - std[70759c8f55707aa4]::sys::backtrace::__rust_end_short_backtrace::<std[70759c8f55707aa4]::panicking::panic_handler::{closure#0}, !>
[INFO] [stdout]    9:     0x610c5b9b20cd - __rustc[8fa7c3cbc660c2b3]::rust_begin_unwind
[INFO] [stdout]   10:     0x610c5b9ea02c - core[df12db4294e9bfd3]::panicking::panic_fmt
[INFO] [stdout]   11:     0x610c5b9e9f43 - core[df12db4294e9bfd3]::panicking::assert_failed_inner
[INFO] [stdout]   12:     0x610c5b9e6678 - core[df12db4294e9bfd3]::panicking::assert_failed::<usize, usize>
[INFO] [stdout]   13:     0x610c5b93f10e - dark_crystal_web3_core[462c85a1fd352f99]::tests::create_share_payload
[INFO] [stdout]   14:     0x610c5b946479 - <dark_crystal_web3_core[462c85a1fd352f99]::tests::create_share_payload::{closure#0} as core[df12db4294e9bfd3]::ops::function::FnOnce<()>>::call_once
[INFO] [stdout]   15:     0x610c5b9465eb - test[9d35eded1c95d3be]::__rust_begin_short_backtrace::<core[df12db4294e9bfd3]::result::Result<(), alloc[2182bb758b4b3781]::string::String>, fn() -> core[df12db4294e9bfd3]::result::Result<(), alloc[2182bb758b4b3781]::string::String>>
[INFO] [stdout]   16:     0x610c5b953c55 - test[9d35eded1c95d3be]::run_test::{closure#0}
[INFO] [stdout]   17:     0x610c5b94d514 - std[70759c8f55707aa4]::sys::backtrace::__rust_begin_short_backtrace::<test[9d35eded1c95d3be]::run_test::{closure#1}, ()>
[INFO] [stdout]   18:     0x610c5b956db2 - <std[70759c8f55707aa4]::thread::lifecycle::spawn_unchecked<test[9d35eded1c95d3be]::run_test::{closure#1}, ()>::{closure#1} as core[df12db4294e9bfd3]::ops::function::FnOnce<()>>::call_once::{shim:vtable#0}
[INFO] [stdout]   19:     0x610c5b9d4709 - <std[70759c8f55707aa4]::sys::thread::unix::Thread>::new::thread_start
[INFO] [stdout]   20:     0x760c37cdfdfa - <unknown>
[INFO] [stdout]   21:     0x760c37d733d4 - clone
[INFO] [stdout]   22:                0x0 - <unknown>
[INFO] [stdout] 
[INFO] [stdout] 
[INFO] [stdout] failures:
[INFO] [stdout]     tests::create_share_payload
[INFO] [stdout] 
[INFO] [stdout] test result: FAILED. 9 passed; 1 failed; 0 ignored; 0 measured; 0 filtered out; finished in 0.00s
[INFO] [stdout] 
[INFO] running `Command { std: "docker" "inspect" "e70ae8cdfa51bf4545d75decb3fdc9a764a1ad54cf37bb25667ac092ffad58be", kill_on_drop: false }`
[INFO] running `Command { std: "docker" "rm" "-f" "e70ae8cdfa51bf4545d75decb3fdc9a764a1ad54cf37bb25667ac092ffad58be", kill_on_drop: false }`
[INFO] [stdout] e70ae8cdfa51bf4545d75decb3fdc9a764a1ad54cf37bb25667ac092ffad58be
