[INFO] fetching crate darjeeling 0.3.5...
[INFO] testing darjeeling-0.3.5 against 1.100.0-beta.1+cargoflags=--release for beta-release-1.100-2
[INFO] extracting crate darjeeling 0.3.5 into /workspace/builds/worker-2-tc2/source
[INFO] started tweaking crates.io crate darjeeling 0.3.5
[INFO] finished tweaking crates.io crate darjeeling 0.3.5
[INFO] tweaked toml for crates.io crate darjeeling 0.3.5 written to /workspace/builds/worker-2-tc2/source/Cargo.toml
[INFO] validating manifest of crates.io crate darjeeling 0.3.5 on toolchain 1.100.0-beta.1
[INFO] running `Command { std: CARGO_HOME="/workspace/cargo-home" RUSTUP_HOME="/workspace/rustup-home" "/workspace/cargo-home/bin/cargo" "+1.100.0-beta.1" "metadata" "--manifest-path" "Cargo.toml" "--no-deps", kill_on_drop: false }`
[INFO] crate crates.io crate darjeeling 0.3.5 already has a lockfile, it will not be regenerated
[INFO] running `Command { std: CARGO_HOME="/workspace/cargo-home" RUSTUP_HOME="/workspace/rustup-home" "/workspace/cargo-home/bin/cargo" "+1.100.0-beta.1" "fetch" "--manifest-path" "Cargo.toml", kill_on_drop: false }`
[INFO] running `Command { std: "docker" "create" "-v" "/var/lib/crater-agent-workspace/builds/worker-2-tc2/source:/opt/rustwide/workdir:ro,Z" "-v" "/var/lib/crater-agent-workspace/builds/worker-2-tc2/target:/opt/rustwide/target:rw,Z" "-v" "/var/lib/crater-agent-workspace/cargo-home:/opt/rustwide/cargo-home:ro,Z" "-v" "/var/lib/crater-agent-workspace/rustup-home:/opt/rustwide/rustup-home:ro,Z" "-m" "1610612736" "--network" "none" "ghcr.io/rust-lang/crates-build-env/linux@sha256:77db811e55d90add9212f6832c23229e3de5f1c1f9905e8cb07319ea15df73ac" "sleep" "infinity", kill_on_drop: false }`
[INFO] [stdout] e71137f22c386e313992b4af62d22ec3172d54674ae11ce1e863069fa8b7129d
[INFO] running `Command { std: "docker" "start" "e71137f22c386e313992b4af62d22ec3172d54674ae11ce1e863069fa8b7129d", kill_on_drop: false }`
[INFO] running `Command { std: "docker" "inspect" "e71137f22c386e313992b4af62d22ec3172d54674ae11ce1e863069fa8b7129d", kill_on_drop: false }`
[INFO] running `Command { std: "docker" "exec" "-e" "SOURCE_DIR=/opt/rustwide/workdir" "-e" "CARGO_HOME=/opt/rustwide/cargo-home" "-e" "RUSTUP_HOME=/opt/rustwide/rustup-home" "-e" "CARGO_TARGET_DIR=/opt/rustwide/target" "-w" "/opt/rustwide/workdir" "--user" "0:0" "e71137f22c386e313992b4af62d22ec3172d54674ae11ce1e863069fa8b7129d" "/opt/rustwide/cargo-home/bin/cargo" "+1.100.0-beta.1" "metadata" "--no-deps" "--format-version=1", kill_on_drop: false }`
[INFO] running `Command { std: "docker" "inspect" "e71137f22c386e313992b4af62d22ec3172d54674ae11ce1e863069fa8b7129d", kill_on_drop: false }`
[INFO] running `Command { std: "docker" "exec" "-e" "SOURCE_DIR=/opt/rustwide/workdir" "-e" "CARGO_HOME=/opt/rustwide/cargo-home" "-e" "RUSTUP_HOME=/opt/rustwide/rustup-home" "-e" "CARGO_TARGET_DIR=/opt/rustwide/target" "-e" "CARGO_INCREMENTAL=0" "-e" "RUST_BACKTRACE=full" "-e" "RUSTFLAGS=--cap-lints=warn" "-e" "RUSTDOCFLAGS=--cap-lints=warn" "-w" "/opt/rustwide/workdir" "--user" "0:0" "e71137f22c386e313992b4af62d22ec3172d54674ae11ce1e863069fa8b7129d" "/opt/rustwide/cargo-home/bin/cargo" "+1.100.0-beta.1" "build" "--frozen" "--message-format=json" "--release", kill_on_drop: false }`
[INFO] [stderr]    Compiling libc v0.2.147
[INFO] [stderr]    Compiling proc-macro2 v1.0.66
[INFO] [stderr]    Compiling crossbeam-utils v0.8.16
[INFO] [stderr]    Compiling unicode-ident v1.0.11
[INFO] [stderr]    Compiling memoffset v0.9.0
[INFO] [stderr]    Compiling crossbeam-epoch v0.9.15
[INFO] [stderr]    Compiling serde v1.0.186
[INFO] [stderr]    Compiling rayon-core v1.11.0
[INFO] [stderr]    Compiling serde_json v1.0.105
[INFO] [stderr]    Compiling either v1.9.0
[INFO] [stderr]    Compiling ascii_converter v0.3.0
[INFO] [stderr]    Compiling quote v1.0.33
[INFO] [stderr]    Compiling getrandom v0.2.10
[INFO] [stderr]    Compiling num_cpus v1.16.0
[INFO] [stderr]    Compiling syn v2.0.29
[INFO] [stderr]    Compiling rand_core v0.6.4
[INFO] [stderr]    Compiling rand_chacha v0.3.1
[INFO] [stderr]    Compiling crossbeam-channel v0.5.8
[INFO] [stderr]    Compiling rand v0.8.5
[INFO] [stderr]    Compiling crossbeam-deque v0.8.3
[INFO] [stderr]    Compiling serde_derive v1.0.186
[INFO] [stderr]    Compiling rayon v1.7.0
[INFO] [stderr]    Compiling bincode v1.3.3
[INFO] [stderr]    Compiling darjeeling v0.3.5 (/opt/rustwide/workdir)
[INFO] [stdout] warning: unused import: `error::Error`
[INFO] [stdout]  --> src/error.rs:2:24
[INFO] [stdout]   |
[INFO] [stdout] 2 | use std::{any::TypeId, error::Error};
[INFO] [stdout]   |                        ^^^^^^^^^^^^
[INFO] [stdout]   |
[INFO] [stdout]   = note: `#[warn(unused_imports)]` (part of `#[warn(unused)]`) on by default
[INFO] [stdout] 
[INFO] [stdout] 
[INFO] [stdout] warning: unused import: `rayon::prelude`
[INFO] [stdout]  --> src/categorize.rs:6:5
[INFO] [stdout]   |
[INFO] [stdout] 6 | use rayon::prelude::*;
[INFO] [stdout]   |     ^^^^^^^^^^^^^^
[INFO] [stdout] 
[INFO] [stdout] 
[INFO] [stdout] warning: value assigned to `err_percent` is never read
[INFO] [stdout]    --> src/categorize.rs:185:13
[INFO] [stdout]     |
[INFO] [stdout] 185 |             err_percent = 0.00;
[INFO] [stdout]     |             ^^^^^^^^^^^^^^^^^^ this value is reassigned later and never used
[INFO] [stdout] ...
[INFO] [stdout] 215 |             err_percent = (sum / count) * 100.0;
[INFO] [stdout]     |             ----------------------------------- `err_percent` is overwritten here before the previous value is read
[INFO] [stdout]     |
[INFO] [stdout]     = note: `#[warn(unused_assignments)]` (part of `#[warn(unused)]`) on by default
[INFO] [stdout] 
[INFO] [stdout] 
[INFO] [stdout] warning: associated items `self_analysis`, `calculate_err_for_generation_model`, and `largest_node` are never used
[INFO] [stdout]    --> src/generation.rs:287:8
[INFO] [stdout]     |
[INFO] [stdout]  16 | impl GenNetwork {
[INFO] [stdout]     | --------------- associated items in this implementation
[INFO] [stdout] ...
[INFO] [stdout] 287 |     fn self_analysis(
[INFO] [stdout]     |        ^^^^^^^^^^^^^
[INFO] [stdout] ...
[INFO] [stdout] 350 |     fn calculate_err_for_generation_model(mse: &mut f32, node: &Node) -> f32 {
[INFO] [stdout]     |        ^^^^^^^^^^^^^^^^^^^^^^^^^^^^^^^^^^
[INFO] [stdout] ...
[INFO] [stdout] 359 |     fn largest_node(&self) -> usize {
[INFO] [stdout]     |        ^^^^^^^^^^^^
[INFO] [stdout]     |
[INFO] [stdout]     = note: `#[warn(dead_code)]` (part of `#[warn(unused)]`) on by default
[INFO] [stdout] 
[INFO] [stdout] 
[INFO] [stdout] warning: associated function `step` is never used
[INFO] [stdout]    --> src/node.rs:113:8
[INFO] [stdout]     |
[INFO] [stdout]  20 | impl Node {
[INFO] [stdout]     | --------- associated function in this implementation
[INFO] [stdout] ...
[INFO] [stdout] 113 |     fn step(x: f32) -> f32 {
[INFO] [stdout]     |        ^^^^
[INFO] [stdout] 
[INFO] [stdout] 
[INFO] [stderr]     Finished `release` profile [optimized] target(s) in 15.55s
[INFO] running `Command { std: "docker" "inspect" "e71137f22c386e313992b4af62d22ec3172d54674ae11ce1e863069fa8b7129d", kill_on_drop: false }`
[INFO] running `Command { std: "docker" "exec" "-e" "SOURCE_DIR=/opt/rustwide/workdir" "-e" "CARGO_HOME=/opt/rustwide/cargo-home" "-e" "RUSTUP_HOME=/opt/rustwide/rustup-home" "-e" "CARGO_TARGET_DIR=/opt/rustwide/target" "-e" "CARGO_INCREMENTAL=0" "-e" "RUST_BACKTRACE=full" "-e" "RUSTFLAGS=--cap-lints=warn" "-e" "RUSTDOCFLAGS=--cap-lints=warn" "-w" "/opt/rustwide/workdir" "--user" "0:0" "e71137f22c386e313992b4af62d22ec3172d54674ae11ce1e863069fa8b7129d" "/opt/rustwide/cargo-home/bin/cargo" "+1.100.0-beta.1" "test" "--frozen" "--no-run" "--message-format=json" "--release", kill_on_drop: false }`
[INFO] [stdout] warning: unused import: `error::Error`
[INFO] [stdout]  --> src/error.rs:2:24
[INFO] [stdout]   |
[INFO] [stdout] 2 | use std::{any::TypeId, error::Error};
[INFO] [stdout]   |                        ^^^^^^^^^^^^
[INFO] [stdout]   |
[INFO] [stdout]   = note: `#[warn(unused_imports)]` (part of `#[warn(unused)]`) on by default
[INFO] [stdout] 
[INFO] [stdout] 
[INFO] [stdout] warning: unused import: `rayon::prelude`
[INFO] [stdout]  --> src/categorize.rs:6:5
[INFO] [stdout]   |
[INFO] [stdout] 6 | use rayon::prelude::*;
[INFO] [stdout]   |     ^^^^^^^^^^^^^^
[INFO] [stdout] 
[INFO] [stdout] 
[INFO] [stdout] warning: value assigned to `err_percent` is never read
[INFO] [stdout]    --> src/categorize.rs:185:13
[INFO] [stdout]     |
[INFO] [stdout] 185 |             err_percent = 0.00;
[INFO] [stdout]     |             ^^^^^^^^^^^^^^^^^^ this value is reassigned later and never used
[INFO] [stdout] ...
[INFO] [stdout] 215 |             err_percent = (sum / count) * 100.0;
[INFO] [stdout]     |             ----------------------------------- `err_percent` is overwritten here before the previous value is read
[INFO] [stdout]     |
[INFO] [stdout]     = note: `#[warn(unused_assignments)]` (part of `#[warn(unused)]`) on by default
[INFO] [stdout] 
[INFO] [stdout] 
[INFO] [stdout] warning: associated items `self_analysis`, `calculate_err_for_generation_model`, and `largest_node` are never used
[INFO] [stdout]    --> src/generation.rs:287:8
[INFO] [stdout]     |
[INFO] [stdout]  16 | impl GenNetwork {
[INFO] [stdout]     | --------------- associated items in this implementation
[INFO] [stdout] ...
[INFO] [stdout] 287 |     fn self_analysis(
[INFO] [stdout]     |        ^^^^^^^^^^^^^
[INFO] [stdout] ...
[INFO] [stdout] 350 |     fn calculate_err_for_generation_model(mse: &mut f32, node: &Node) -> f32 {
[INFO] [stdout]     |        ^^^^^^^^^^^^^^^^^^^^^^^^^^^^^^^^^^
[INFO] [stdout] ...
[INFO] [stdout] 359 |     fn largest_node(&self) -> usize {
[INFO] [stdout]     |        ^^^^^^^^^^^^
[INFO] [stdout]     |
[INFO] [stdout]     = note: `#[warn(dead_code)]` (part of `#[warn(unused)]`) on by default
[INFO] [stdout] 
[INFO] [stdout] 
[INFO] [stdout] warning: associated function `step` is never used
[INFO] [stdout]    --> src/node.rs:113:8
[INFO] [stdout]     |
[INFO] [stdout]  20 | impl Node {
[INFO] [stdout]     | --------- associated function in this implementation
[INFO] [stdout] ...
[INFO] [stdout] 113 |     fn step(x: f32) -> f32 {
[INFO] [stdout]     |        ^^^^
[INFO] [stdout] 
[INFO] [stdout] 
[INFO] [stderr]    Compiling darjeeling v0.3.5 (/opt/rustwide/workdir)
[INFO] [stdout] warning: unused import: `error::Error`
[INFO] [stdout]  --> src/error.rs:2:24
[INFO] [stdout]   |
[INFO] [stdout] 2 | use std::{any::TypeId, error::Error};
[INFO] [stdout]   |                        ^^^^^^^^^^^^
[INFO] [stdout]   |
[INFO] [stdout]   = note: `#[warn(unused_imports)]` (part of `#[warn(unused)]`) on by default
[INFO] [stdout] 
[INFO] [stdout] 
[INFO] [stdout] warning: unused import: `rayon::prelude`
[INFO] [stdout]  --> src/categorize.rs:6:5
[INFO] [stdout]   |
[INFO] [stdout] 6 | use rayon::prelude::*;
[INFO] [stdout]   |     ^^^^^^^^^^^^^^
[INFO] [stdout] 
[INFO] [stdout] 
[INFO] [stdout] warning: value assigned to `err_percent` is never read
[INFO] [stdout]    --> src/categorize.rs:185:13
[INFO] [stdout]     |
[INFO] [stdout] 185 |             err_percent = 0.00;
[INFO] [stdout]     |             ^^^^^^^^^^^^^^^^^^ this value is reassigned later and never used
[INFO] [stdout] ...
[INFO] [stdout] 215 |             err_percent = (sum / count) * 100.0;
[INFO] [stdout]     |             ----------------------------------- `err_percent` is overwritten here before the previous value is read
[INFO] [stdout]     |
[INFO] [stdout]     = note: `#[warn(unused_assignments)]` (part of `#[warn(unused)]`) on by default
[INFO] [stdout] 
[INFO] [stdout] 
[INFO] [stdout] warning: associated items `self_analysis`, `calculate_err_for_generation_model`, and `largest_node` are never used
[INFO] [stdout]    --> src/generation.rs:287:8
[INFO] [stdout]     |
[INFO] [stdout]  16 | impl GenNetwork {
[INFO] [stdout]     | --------------- associated items in this implementation
[INFO] [stdout] ...
[INFO] [stdout] 287 |     fn self_analysis(
[INFO] [stdout]     |        ^^^^^^^^^^^^^
[INFO] [stdout] ...
[INFO] [stdout] 350 |     fn calculate_err_for_generation_model(mse: &mut f32, node: &Node) -> f32 {
[INFO] [stdout]     |        ^^^^^^^^^^^^^^^^^^^^^^^^^^^^^^^^^^
[INFO] [stdout] ...
[INFO] [stdout] 359 |     fn largest_node(&self) -> usize {
[INFO] [stdout]     |        ^^^^^^^^^^^^
[INFO] [stdout]     |
[INFO] [stdout]     = note: `#[warn(dead_code)]` (part of `#[warn(unused)]`) on by default
[INFO] [stdout] 
[INFO] [stdout] 
[INFO] [stdout] warning: associated function `step` is never used
[INFO] [stdout]    --> src/node.rs:113:8
[INFO] [stdout]     |
[INFO] [stdout]  20 | impl Node {
[INFO] [stdout]     | --------- associated function in this implementation
[INFO] [stdout] ...
[INFO] [stdout] 113 |     fn step(x: f32) -> f32 {
[INFO] [stdout]     |        ^^^^
[INFO] [stdout] 
[INFO] [stdout] 
[INFO] [stderr]     Finished `release` profile [optimized] target(s) in 2.17s
[INFO] running `Command { std: "docker" "inspect" "e71137f22c386e313992b4af62d22ec3172d54674ae11ce1e863069fa8b7129d", kill_on_drop: false }`
[INFO] running `Command { std: "docker" "exec" "-e" "SOURCE_DIR=/opt/rustwide/workdir" "-e" "CARGO_HOME=/opt/rustwide/cargo-home" "-e" "RUSTUP_HOME=/opt/rustwide/rustup-home" "-e" "CARGO_TARGET_DIR=/opt/rustwide/target" "-e" "CARGO_INCREMENTAL=0" "-e" "RUST_BACKTRACE=full" "-e" "RUSTFLAGS=--cap-lints=warn" "-e" "RUSTDOCFLAGS=--cap-lints=warn" "-w" "/opt/rustwide/workdir" "--user" "0:0" "e71137f22c386e313992b4af62d22ec3172d54674ae11ce1e863069fa8b7129d" "/opt/rustwide/cargo-home/bin/cargo" "+1.100.0-beta.1" "test" "--frozen" "--release", kill_on_drop: false }`
[INFO] [stderr] warning: unused import: `error::Error`
[INFO] [stderr]  --> src/error.rs:2:24
[INFO] [stderr]   |
[INFO] [stderr] 2 | use std::{any::TypeId, error::Error};
[INFO] [stderr]   |                        ^^^^^^^^^^^^
[INFO] [stderr]   |
[INFO] [stderr]   = note: `#[warn(unused_imports)]` (part of `#[warn(unused)]`) on by default
[INFO] [stderr] 
[INFO] [stderr] warning: unused import: `rayon::prelude`
[INFO] [stderr]  --> src/categorize.rs:6:5
[INFO] [stderr]   |
[INFO] [stderr] 6 | use rayon::prelude::*;
[INFO] [stderr]   |     ^^^^^^^^^^^^^^
[INFO] [stderr] 
[INFO] [stderr] warning: value assigned to `err_percent` is never read
[INFO] [stderr]    --> src/categorize.rs:185:13
[INFO] [stderr]     |
[INFO] [stderr] 185 |             err_percent = 0.00;
[INFO] [stderr]     |             ^^^^^^^^^^^^^^^^^^ this value is reassigned later and never used
[INFO] [stderr] ...
[INFO] [stderr] 215 |             err_percent = (sum / count) * 100.0;
[INFO] [stderr]     |             ----------------------------------- `err_percent` is overwritten here before the previous value is read
[INFO] [stderr]     |
[INFO] [stderr]     = note: `#[warn(unused_assignments)]` (part of `#[warn(unused)]`) on by default
[INFO] [stderr] 
[INFO] [stderr] warning: associated items `self_analysis`, `calculate_err_for_generation_model`, and `largest_node` are never used
[INFO] [stderr]    --> src/generation.rs:287:8
[INFO] [stderr]     |
[INFO] [stderr]  16 | impl GenNetwork {
[INFO] [stderr]     | --------------- associated items in this implementation
[INFO] [stderr] ...
[INFO] [stderr] 287 |     fn self_analysis(
[INFO] [stderr]     |        ^^^^^^^^^^^^^
[INFO] [stderr] ...
[INFO] [stderr] 350 |     fn calculate_err_for_generation_model(mse: &mut f32, node: &Node) -> f32 {
[INFO] [stderr]     |        ^^^^^^^^^^^^^^^^^^^^^^^^^^^^^^^^^^
[INFO] [stderr] ...
[INFO] [stderr] 359 |     fn largest_node(&self) -> usize {
[INFO] [stderr]     |        ^^^^^^^^^^^^
[INFO] [stderr]     |
[INFO] [stderr]     = note: `#[warn(dead_code)]` (part of `#[warn(unused)]`) on by default
[INFO] [stderr] 
[INFO] [stderr] warning: associated function `step` is never used
[INFO] [stderr]    --> src/node.rs:113:8
[INFO] [stderr]     |
[INFO] [stderr]  20 | impl Node {
[INFO] [stderr]     | --------- associated function in this implementation
[INFO] [stderr] ...
[INFO] [stderr] 113 |     fn step(x: f32) -> f32 {
[INFO] [stderr]     |        ^^^^
[INFO] [stderr] 
[INFO] [stderr] warning: `darjeeling` (lib) generated 5 warnings (run `cargo fix --lib -p darjeeling` to apply 1 suggestion)
[INFO] [stderr] warning: `darjeeling` (lib test) generated 5 warnings (5 duplicates)
[INFO] [stderr]     Finished `release` profile [optimized] target(s) in 0.05s
[INFO] [stderr]      Running unittests src/lib.rs (/opt/rustwide/target/release/build/darjeeling/982165c3fcf1cb9d/out/darjeeling-982165c3fcf1cb9d)
[INFO] [stdout] 
[INFO] [stdout] running 3 tests
[INFO] [stdout] test tests::train_test_xor ... FAILED
[INFO] [stdout] test tests::train_test_digits ... FAILED
[INFO] [stdout] test tests::train_test_gen ... FAILED
[INFO] [stdout] 
[INFO] [stdout] failures:
[INFO] [stdout] 
[INFO] [stdout] ---- tests::train_test_xor stdout ----
[INFO] [stdout] 
[INFO] [stdout] thread 'tests::train_test_xor' (709) panicked at src/tests.rs:61:23:
[INFO] [stdout] Panic opening the file: Os { code: 2, kind: NotFound, message: "No such file or directory" }
[INFO] [stdout] stack backtrace:
[INFO] [stdout]    0:     0x61c7539d7891 - <<std[617be2ca0a6fd877]::sys::backtrace::BacktraceLock>::print::DisplayBacktrace as core[a373ad73a504971]::fmt::Display>::fmt
[INFO] [stdout]    1:     0x61c7539ed28a - core[a373ad73a504971]::fmt::write
[INFO] [stdout]    2:     0x61c7539dbaac - <alloc[2e1b2a31b91974c5]::vec::Vec<u8> as core[a373ad73a504971]::io::write::Write>::write_fmt
[INFO] [stdout]    3:     0x61c7539b3806 - std[617be2ca0a6fd877]::panicking::default_hook::{closure#0}
[INFO] [stdout]    4:     0x61c7539cfa39 - std[617be2ca0a6fd877]::panicking::default_hook
[INFO] [stdout]    5:     0x61c753968710 - test[aada8e7e76ba119b]::test_main_inner::{closure#0}
[INFO] [stdout]    6:     0x61c7539cfbf2 - std[617be2ca0a6fd877]::panicking::panic_with_hook
[INFO] [stdout]    7:     0x61c7539b38b2 - std[617be2ca0a6fd877]::panicking::panic_handler::{closure#0}
[INFO] [stdout]    8:     0x61c7539ac439 - std[617be2ca0a6fd877]::sys::backtrace::__rust_end_short_backtrace::<std[617be2ca0a6fd877]::panicking::panic_handler::{closure#0}, !>
[INFO] [stdout]    9:     0x61c7539b44bd - __rustc[ea4f61d10b84890b]::rust_begin_unwind
[INFO] [stdout]   10:     0x61c7539ed9bc - core[a373ad73a504971]::panicking::panic_fmt
[INFO] [stdout]   11:     0x61c75395120a - <darjeeling[60befef7b5d36039]::tests::train_test_xor::{closure#0} as core[a373ad73a504971]::ops::function::FnOnce<()>>::call_once
[INFO] [stdout]   12:     0x61c75395bb5b - test[aada8e7e76ba119b]::__rust_begin_short_backtrace::<core[a373ad73a504971]::result::Result<(), alloc[2e1b2a31b91974c5]::string::String>, fn() -> core[a373ad73a504971]::result::Result<(), alloc[2e1b2a31b91974c5]::string::String>>
[INFO] [stdout]   13:     0x61c753968d35 - test[aada8e7e76ba119b]::run_test::{closure#0}
[INFO] [stdout]   14:     0x61c753962624 - std[617be2ca0a6fd877]::sys::backtrace::__rust_begin_short_backtrace::<test[aada8e7e76ba119b]::run_test::{closure#1}, ()>
[INFO] [stdout]   15:     0x61c75396bdc2 - <std[617be2ca0a6fd877]::thread::lifecycle::spawn_unchecked<test[aada8e7e76ba119b]::run_test::{closure#1}, ()>::{closure#1} as core[a373ad73a504971]::ops::function::FnOnce<()>>::call_once::{shim:vtable#0}
[INFO] [stdout]   16:     0x61c7539d6bff - <std[617be2ca0a6fd877]::sys::thread::unix::Thread>::new::thread_start
[INFO] [stdout]   17:     0x7619939f4dfa - <unknown>
[INFO] [stdout]   18:     0x761993a883d4 - clone
[INFO] [stdout]   19:                0x0 - <unknown>
[INFO] [stdout] 
[INFO] [stdout] ---- tests::train_test_digits stdout ----
[INFO] [stdout] 
[INFO] [stdout] thread 'tests::train_test_digits' (707) panicked at src/tests.rs:128:23:
[INFO] [stdout] Panic opening the file: Os { code: 2, kind: NotFound, message: "No such file or directory" }
[INFO] [stdout] stack backtrace:
[INFO] [stdout]    0:     0x61c7539d7891 - <<std[617be2ca0a6fd877]::sys::backtrace::BacktraceLock>::print::DisplayBacktrace as core[a373ad73a504971]::fmt::Display>::fmt
[INFO] [stdout]    1:     0x61c7539ed28a - core[a373ad73a504971]::fmt::write
[INFO] [stdout]    2:     0x61c7539dbaac - <alloc[2e1b2a31b91974c5]::vec::Vec<u8> as core[a373ad73a504971]::io::write::Write>::write_fmt
[INFO] [stdout]    3:     0x61c7539b3806 - std[617be2ca0a6fd877]::panicking::default_hook::{closure#0}
[INFO] [stdout]    4:     0x61c7539cfa39 - std[617be2ca0a6fd877]::panicking::default_hook
[INFO] [stdout]    5:     0x61c753968710 - test[aada8e7e76ba119b]::test_main_inner::{closure#0}
[INFO] [stdout]    6:     0x61c7539cfbf2 - std[617be2ca0a6fd877]::panicking::panic_with_hook
[INFO] [stdout]    7:     0x61c7539b38b2 - std[617be2ca0a6fd877]::panicking::panic_handler::{closure#0}
[INFO] [stdout]    8:     0x61c7539ac439 - std[617be2ca0a6fd877]::sys::backtrace::__rust_end_short_backtrace::<std[617be2ca0a6fd877]::panicking::panic_handler::{closure#0}, !>
[INFO] [stdout]    9:     0x61c7539b44bd - __rustc[ea4f61d10b84890b]::rust_begin_unwind
[INFO] [stdout]   10:     0x61c7539ed9bc - core[a373ad73a504971]::panicking::panic_fmt
[INFO] [stdout]   11:     0x61c75395207f - <darjeeling[60befef7b5d36039]::tests::train_test_digits::{closure#0} as core[a373ad73a504971]::ops::function::FnOnce<()>>::call_once
[INFO] [stdout]   12:     0x61c75395bb5b - test[aada8e7e76ba119b]::__rust_begin_short_backtrace::<core[a373ad73a504971]::result::Result<(), alloc[2e1b2a31b91974c5]::string::String>, fn() -> core[a373ad73a504971]::result::Result<(), alloc[2e1b2a31b91974c5]::string::String>>
[INFO] [stdout]   13:     0x61c753968d35 - test[aada8e7e76ba119b]::run_test::{closure#0}
[INFO] [stdout]   14:     0x61c753962624 - std[617be2ca0a6fd877]::sys::backtrace::__rust_begin_short_backtrace::<test[aada8e7e76ba119b]::run_test::{closure#1}, ()>
[INFO] [stdout]   15:     0x61c75396bdc2 - <std[617be2ca0a6fd877]::thread::lifecycle::spawn_unchecked<test[aada8e7e76ba119b]::run_test::{closure#1}, ()>::{closure#1} as core[a373ad73a504971]::ops::function::FnOnce<()>>::call_once::{shim:vtable#0}
[INFO] [stdout]   16:     0x61c7539d6bff - <std[617be2ca0a6fd877]::sys::thread::unix::Thread>::new::thread_start
[INFO] [stdout]   17:     0x7619939f4dfa - <unknown>
[INFO] [stdout]   18:     0x761993a883d4 - clone
[INFO] [stdout]   19:                0x0 - <unknown>
[INFO] [stdout] 
[INFO] [stdout] ---- tests::train_test_gen stdout ----
[INFO] [stdout] 
[INFO] [stdout] thread 'tests::train_test_gen' (708) panicked at src/tests.rs:190:23:
[INFO] [stdout] Panic opening the file: Os { code: 2, kind: NotFound, message: "No such file or directory" }
[INFO] [stdout] stack backtrace:
[INFO] [stdout]    0:     0x61c7539d7891 - <<std[617be2ca0a6fd877]::sys::backtrace::BacktraceLock>::print::DisplayBacktrace as core[a373ad73a504971]::fmt::Display>::fmt
[INFO] [stdout]    1:     0x61c7539ed28a - core[a373ad73a504971]::fmt::write
[INFO] [stdout]    2:     0x61c7539dbaac - <alloc[2e1b2a31b91974c5]::vec::Vec<u8> as core[a373ad73a504971]::io::write::Write>::write_fmt
[INFO] [stdout]    3:     0x61c7539b3806 - std[617be2ca0a6fd877]::panicking::default_hook::{closure#0}
[INFO] [stdout]    4:     0x61c7539cfa39 - std[617be2ca0a6fd877]::panicking::default_hook
[INFO] [stdout]    5:     0x61c753968710 - test[aada8e7e76ba119b]::test_main_inner::{closure#0}
[INFO] [stdout]    6:     0x61c7539cfbf2 - std[617be2ca0a6fd877]::panicking::panic_with_hook
[INFO] [stdout]    7:     0x61c7539b38b2 - std[617be2ca0a6fd877]::panicking::panic_handler::{closure#0}
[INFO] [stdout]    8:     0x61c7539ac439 - std[617be2ca0a6fd877]::sys::backtrace::__rust_end_short_backtrace::<std[617be2ca0a6fd877]::panicking::panic_handler::{closure#0}, !>
[INFO] [stdout]    9:     0x61c7539b44bd - __rustc[ea4f61d10b84890b]::rust_begin_unwind
[INFO] [stdout]   10:     0x61c7539ed9bc - core[a373ad73a504971]::panicking::panic_fmt
[INFO] [stdout]   11:     0x61c75394feb0 - darjeeling[60befef7b5d36039]::tests::gen_data_file
[INFO] [stdout]   12:     0x61c7539502de - <darjeeling[60befef7b5d36039]::tests::train_test_gen::{closure#0} as core[a373ad73a504971]::ops::function::FnOnce<()>>::call_once
[INFO] [stdout]   13:     0x61c75395bb5b - test[aada8e7e76ba119b]::__rust_begin_short_backtrace::<core[a373ad73a504971]::result::Result<(), alloc[2e1b2a31b91974c5]::string::String>, fn() -> core[a373ad73a504971]::result::Result<(), alloc[2e1b2a31b91974c5]::string::String>>
[INFO] [stdout]   14:     0x61c753968d35 - test[aada8e7e76ba119b]::run_test::{closure#0}
[INFO] [stdout]   15:     0x61c753962624 - std[617be2ca0a6fd877]::sys::backtrace::__rust_begin_short_backtrace::<test[aada8e7e76ba119b]::run_test::{closure#1}, ()>
[INFO] [stdout]   16:     0x61c75396bdc2 - <std[617be2ca0a6fd877]::thread::lifecycle::spawn_unchecked<test[aada8e7e76ba119b]::run_test::{closure#1}, ()>::{closure#1} as core[a373ad73a504971]::ops::function::FnOnce<()>>::call_once::{shim:vtable#0}
[INFO] [stdout]   17:     0x61c7539d6bff - <std[617be2ca0a6fd877]::sys::thread::unix::Thread>::new::thread_start
[INFO] [stdout]   18:     0x7619939f4dfa - <unknown>
[INFO] [stdout]   19:     0x761993a883d4 - clone
[INFO] [stdout]   20:                0x0 - <unknown>
[INFO] [stdout] 
[INFO] [stdout] 
[INFO] [stdout] failures:
[INFO] [stdout]     tests::train_test_digits
[INFO] [stdout]     tests::train_test_gen
[INFO] [stdout]     tests::train_test_xor
[INFO] [stdout] 
[INFO] [stdout] test result: FAILED. 0 passed; 3 failed; 0 ignored; 0 measured; 0 filtered out; finished in 0.01s
[INFO] [stdout] 
[INFO] [stderr] error: test failed, to rerun pass `--lib`
[INFO] running `Command { std: "docker" "inspect" "e71137f22c386e313992b4af62d22ec3172d54674ae11ce1e863069fa8b7129d", kill_on_drop: false }`
[INFO] running `Command { std: "docker" "rm" "-f" "e71137f22c386e313992b4af62d22ec3172d54674ae11ce1e863069fa8b7129d", kill_on_drop: false }`
[INFO] [stdout] e71137f22c386e313992b4af62d22ec3172d54674ae11ce1e863069fa8b7129d
