[INFO] fetching crate daraja-sdk 0.4.1...
[INFO] testing daraja-sdk-0.4.1 against 1.99.0-beta.8+cargoflags=--release for beta-release-1.100-2
[INFO] extracting crate daraja-sdk 0.4.1 into /workspace/builds/worker-6-tc1/source
[INFO] started tweaking crates.io crate daraja-sdk 0.4.1
[INFO] removed 0 missing examples
[INFO] finished tweaking crates.io crate daraja-sdk 0.4.1
[INFO] tweaked toml for crates.io crate daraja-sdk 0.4.1 written to /workspace/builds/worker-6-tc1/source/Cargo.toml
[INFO] validating manifest of crates.io crate daraja-sdk 0.4.1 on toolchain 1.99.0-beta.8
[INFO] running `Command { std: CARGO_HOME="/workspace/cargo-home" RUSTUP_HOME="/workspace/rustup-home" "/workspace/cargo-home/bin/cargo" "+1.99.0-beta.8" "metadata" "--manifest-path" "Cargo.toml" "--no-deps", kill_on_drop: false }`
[INFO] crate crates.io crate daraja-sdk 0.4.1 already has a lockfile, it will not be regenerated
[INFO] running `Command { std: CARGO_HOME="/workspace/cargo-home" RUSTUP_HOME="/workspace/rustup-home" "/workspace/cargo-home/bin/cargo" "+1.99.0-beta.8" "fetch" "--manifest-path" "Cargo.toml", kill_on_drop: false }`
[INFO] [stderr]  Downloading crates ...
[INFO] [stderr]   Downloaded base64 v0.23.0
[INFO] [stderr]   Downloaded aws-lc-rs v1.17.3
[INFO] [stderr]   Downloaded aws-lc-sys v0.43.0
[INFO] running `Command { std: "docker" "create" "-v" "/var/lib/crater-agent-workspace/builds/worker-6-tc1/source:/opt/rustwide/workdir:ro,Z" "-v" "/var/lib/crater-agent-workspace/builds/worker-6-tc1/target:/opt/rustwide/target:rw,Z" "-v" "/var/lib/crater-agent-workspace/cargo-home:/opt/rustwide/cargo-home:ro,Z" "-v" "/var/lib/crater-agent-workspace/rustup-home:/opt/rustwide/rustup-home:ro,Z" "-m" "1610612736" "--network" "none" "ghcr.io/rust-lang/crates-build-env/linux@sha256:77db811e55d90add9212f6832c23229e3de5f1c1f9905e8cb07319ea15df73ac" "sleep" "infinity", kill_on_drop: false }`
[INFO] [stdout] f1be31d7f4d18a5b78f91ec6485834937a86e8247ce77b0ceca9262f9a73cf63
[INFO] running `Command { std: "docker" "start" "f1be31d7f4d18a5b78f91ec6485834937a86e8247ce77b0ceca9262f9a73cf63", kill_on_drop: false }`
[INFO] running `Command { std: "docker" "inspect" "f1be31d7f4d18a5b78f91ec6485834937a86e8247ce77b0ceca9262f9a73cf63", kill_on_drop: false }`
[INFO] running `Command { std: "docker" "exec" "-e" "SOURCE_DIR=/opt/rustwide/workdir" "-e" "CARGO_HOME=/opt/rustwide/cargo-home" "-e" "RUSTUP_HOME=/opt/rustwide/rustup-home" "-e" "CARGO_TARGET_DIR=/opt/rustwide/target" "-w" "/opt/rustwide/workdir" "--user" "0:0" "f1be31d7f4d18a5b78f91ec6485834937a86e8247ce77b0ceca9262f9a73cf63" "/opt/rustwide/cargo-home/bin/cargo" "+1.99.0-beta.8" "metadata" "--no-deps" "--format-version=1", kill_on_drop: false }`
[INFO] running `Command { std: "docker" "inspect" "f1be31d7f4d18a5b78f91ec6485834937a86e8247ce77b0ceca9262f9a73cf63", kill_on_drop: false }`
[INFO] running `Command { std: "docker" "exec" "-e" "SOURCE_DIR=/opt/rustwide/workdir" "-e" "CARGO_HOME=/opt/rustwide/cargo-home" "-e" "RUSTUP_HOME=/opt/rustwide/rustup-home" "-e" "CARGO_TARGET_DIR=/opt/rustwide/target" "-e" "CARGO_INCREMENTAL=0" "-e" "RUST_BACKTRACE=full" "-e" "RUSTFLAGS=--cap-lints=warn" "-e" "RUSTDOCFLAGS=--cap-lints=warn" "-w" "/opt/rustwide/workdir" "--user" "0:0" "f1be31d7f4d18a5b78f91ec6485834937a86e8247ce77b0ceca9262f9a73cf63" "/opt/rustwide/cargo-home/bin/cargo" "+1.99.0-beta.8" "build" "--frozen" "--message-format=json" "--release", kill_on_drop: false }`
[INFO] [stderr]    Compiling syn v2.0.119
[INFO] [stderr]    Compiling displaydoc v0.2.7
[INFO] [stderr]    Compiling futures-core v0.3.33
[INFO] [stderr]    Compiling cc v1.4.0
[INFO] [stderr]    Compiling mio v1.2.2
[INFO] [stderr]    Compiling tokio-macros v2.7.2
[INFO] [stderr]    Compiling smallvec v1.15.2
[INFO] [stderr]    Compiling aws-lc-rs v1.17.3
[INFO] [stderr]    Compiling zeroize v1.9.0
[INFO] [stderr]    Compiling http v1.5.0
[INFO] [stderr]    Compiling futures-sink v0.3.33
[INFO] [stderr]    Compiling rustls-pki-types v1.15.1
[INFO] [stderr]    Compiling futures-task v0.3.33
[INFO] [stderr]    Compiling tokio v1.53.1
[INFO] [stderr]    Compiling rustls v0.23.43
[INFO] [stderr]    Compiling indexmap v2.14.0
[INFO] [stderr]    Compiling futures-util v0.3.33
[INFO] [stderr]    Compiling tracing v0.1.44
[INFO] [stderr]    Compiling futures-channel v0.3.33
[INFO] [stderr]    Compiling form_urlencoded v1.2.2
[INFO] [stderr]    Compiling cmake v0.1.58
[INFO] [stderr]    Compiling http-body v1.1.0
[INFO] [stderr]    Compiling sync_wrapper v1.0.2
[INFO] [stderr]    Compiling ipnet v2.12.1
[INFO] [stderr]    Compiling rustls-native-certs v0.8.4
[INFO] [stderr]    Compiling serde_derive v1.0.229
[INFO] [stderr]    Compiling aws-lc-sys v0.43.0
[INFO] [stderr]    Compiling bitflags v2.13.1
[INFO] [stderr]    Compiling http-body-util v0.1.4
[INFO] [stderr]    Compiling synstructure v0.13.2
[INFO] [stderr]    Compiling chrono v0.4.45
[INFO] [stderr]    Compiling base64 v0.23.0
[INFO] [stderr]    Compiling zerofrom-derive v0.1.7
[INFO] [stderr]    Compiling yoke-derive v0.8.2
[INFO] [stderr]    Compiling zerovec-derive v0.11.3
[INFO] [stderr]    Compiling zerofrom v0.1.8
[INFO] [stderr]    Compiling yoke v0.8.3
[INFO] [stderr]    Compiling zerovec v0.11.6
[INFO] [stderr]    Compiling zerotrie v0.2.4
[INFO] [stderr]    Compiling serde v1.0.229
[INFO] [stderr]    Compiling tinystr v0.8.3
[INFO] [stderr]    Compiling icu_locale_core v2.2.0
[INFO] [stderr]    Compiling potential_utf v0.1.5
[INFO] [stderr]    Compiling icu_collections v2.2.0
[INFO] [stderr]    Compiling tokio-util v0.7.19
[INFO] [stderr]    Compiling tower v0.5.3
[INFO] [stderr]    Compiling icu_provider v2.2.0
[INFO] [stderr]    Compiling icu_normalizer v2.2.0
[INFO] [stderr]    Compiling icu_properties v2.2.0
[INFO] [stderr]    Compiling h2 v0.4.15
[INFO] [stderr]    Compiling idna_adapter v1.2.2
[INFO] [stderr]    Compiling idna v1.1.0
[INFO] [stderr]    Compiling url v2.5.8
[INFO] [stderr]    Compiling tower-http v0.6.11
[INFO] [stderr]    Compiling hyper v1.11.0
[INFO] [stderr]    Compiling hyper-util v0.1.20
[INFO] [stderr]    Compiling rustls-webpki v0.103.13
[INFO] [stderr]    Compiling tokio-rustls v0.26.4
[INFO] [stderr]    Compiling rustls-platform-verifier v0.7.0
[INFO] [stderr]    Compiling hyper-rustls v0.27.9
[INFO] [stderr]    Compiling reqwest v0.13.4
[INFO] [stderr]    Compiling daraja-sdk v0.4.1 (/opt/rustwide/workdir)
[INFO] [stderr]     Finished `release` profile [optimized] target(s) in 3m 18s
[INFO] running `Command { std: "docker" "inspect" "f1be31d7f4d18a5b78f91ec6485834937a86e8247ce77b0ceca9262f9a73cf63", kill_on_drop: false }`
[INFO] running `Command { std: "docker" "exec" "-e" "SOURCE_DIR=/opt/rustwide/workdir" "-e" "CARGO_HOME=/opt/rustwide/cargo-home" "-e" "RUSTUP_HOME=/opt/rustwide/rustup-home" "-e" "CARGO_TARGET_DIR=/opt/rustwide/target" "-e" "CARGO_INCREMENTAL=0" "-e" "RUST_BACKTRACE=full" "-e" "RUSTFLAGS=--cap-lints=warn" "-e" "RUSTDOCFLAGS=--cap-lints=warn" "-w" "/opt/rustwide/workdir" "--user" "0:0" "f1be31d7f4d18a5b78f91ec6485834937a86e8247ce77b0ceca9262f9a73cf63" "/opt/rustwide/cargo-home/bin/cargo" "+1.99.0-beta.8" "test" "--frozen" "--no-run" "--message-format=json" "--release", kill_on_drop: false }`
[INFO] [stderr]    Compiling serde_json v1.0.151
[INFO] [stderr]    Compiling serde v1.0.229
[INFO] [stderr]    Compiling winnow v1.0.4
[INFO] [stderr]    Compiling toml_datetime v1.1.1+spec-1.1.0
[INFO] [stderr]    Compiling serde_spanned v1.1.1
[INFO] [stderr]    Compiling toml_writer v1.1.2+spec-1.1.0
[INFO] [stderr]    Compiling toml_parser v1.1.3+spec-1.1.0
[INFO] [stderr]    Compiling toml v1.1.4+spec-1.1.0
[INFO] [stderr]    Compiling reqwest v0.13.4
[INFO] [stderr]    Compiling daraja-sdk v0.4.1 (/opt/rustwide/workdir)
[INFO] [stderr]     Finished `release` profile [optimized] target(s) in 45.90s
[INFO] running `Command { std: "docker" "inspect" "f1be31d7f4d18a5b78f91ec6485834937a86e8247ce77b0ceca9262f9a73cf63", kill_on_drop: false }`
[INFO] running `Command { std: "docker" "exec" "-e" "SOURCE_DIR=/opt/rustwide/workdir" "-e" "CARGO_HOME=/opt/rustwide/cargo-home" "-e" "RUSTUP_HOME=/opt/rustwide/rustup-home" "-e" "CARGO_TARGET_DIR=/opt/rustwide/target" "-e" "CARGO_INCREMENTAL=0" "-e" "RUST_BACKTRACE=full" "-e" "RUSTFLAGS=--cap-lints=warn" "-e" "RUSTDOCFLAGS=--cap-lints=warn" "-w" "/opt/rustwide/workdir" "--user" "0:0" "f1be31d7f4d18a5b78f91ec6485834937a86e8247ce77b0ceca9262f9a73cf63" "/opt/rustwide/cargo-home/bin/cargo" "+1.99.0-beta.8" "test" "--frozen" "--release", kill_on_drop: false }`
[INFO] [stderr]     Finished `release` profile [optimized] target(s) in 0.21s
[INFO] [stderr]      Running unittests src/lib.rs (/opt/rustwide/target/release/deps/daraja_sdk-31de4893a23b8038)
[INFO] [stdout] 
[INFO] [stdout] running 10 tests
[INFO] [stdout] test mpesa::express::tests::stk_push_response_deserializes_id_fields ... ok
[INFO] [stdout] test mpesa::express::tests::request_serializes_callback_url_field ... ok
[INFO] [stdout] test mpesa::client::tests::with_credentials_sets_consumer_key_and_secret ... ok
[INFO] [stdout] test mpesa::client::tests::generate_access_token_returns_valid_response ... FAILED
[INFO] [stdout] test mpesa::express::tests::test_stk_push ... FAILED
[INFO] [stdout] test mpesa::express::tests::transaction_type_serializes_as_plain_string ... ok
[INFO] [stdout] test mpesa::client::tests::new_creates_client_with_empty_credentials ... ok
[INFO] [stdout] test types::test::test_daraja_api_trait ... ok
[INFO] [stdout] test mpesa::client::tests::generate_access_token_fails_with_invalid_credentials ... FAILED
[INFO] [stdout] test mpesa::express::tests::send_prompt_rejects_incomplete_builder ... ok
[INFO] [stdout] 
[INFO] [stdout] failures:
[INFO] [stdout] 
[INFO] [stdout] ---- mpesa::client::tests::generate_access_token_returns_valid_response stdout ----
[INFO] [stdout] 
[INFO] [stdout] thread 'mpesa::client::tests::generate_access_token_returns_valid_response' (2606) panicked at src/mpesa/test_support.rs:28:14:
[INFO] [stdout] copy config.toml.example to config.toml and add sandbox credentials: Os { code: 2, kind: NotFound, message: "No such file or directory" }
[INFO] [stdout] stack backtrace:
[INFO] [stdout]    0:     0x569b553a22c1 - <<std[70759c8f55707aa4]::sys::backtrace::BacktraceLock>::print::DisplayBacktrace as core[df12db4294e9bfd3]::fmt::Display>::fmt
[INFO] [stdout]    1:     0x569b553b96fa - core[df12db4294e9bfd3]::fmt::write
[INFO] [stdout]    2:     0x569b553a727c - <alloc[2182bb758b4b3781]::vec::Vec<u8> as core[df12db4294e9bfd3]::io::write::Write>::write_fmt
[INFO] [stdout]    3:     0x569b5537c556 - std[70759c8f55707aa4]::panicking::default_hook::{closure#0}
[INFO] [stdout]    4:     0x569b553994f9 - std[70759c8f55707aa4]::panicking::default_hook
[INFO] [stdout]    5:     0x569b54f3e060 - test[9d35eded1c95d3be]::test_main_inner::<test[9d35eded1c95d3be]::test_main_static::{closure#0}>::{closure#0}
[INFO] [stdout]    6:     0x569b55399822 - std[70759c8f55707aa4]::panicking::panic_with_hook
[INFO] [stdout]    7:     0x569b5537c602 - std[70759c8f55707aa4]::panicking::panic_handler::{closure#0}
[INFO] [stdout]    8:     0x569b55375079 - std[70759c8f55707aa4]::sys::backtrace::__rust_end_short_backtrace::<std[70759c8f55707aa4]::panicking::panic_handler::{closure#0}, !>
[INFO] [stdout]    9:     0x569b5537d3ed - __rustc[8fa7c3cbc660c2b3]::rust_begin_unwind
[INFO] [stdout]   10:     0x569b553b9e9c - core[df12db4294e9bfd3]::panicking::panic_fmt
[INFO] [stdout]   11:     0x569b553b9c72 - core[df12db4294e9bfd3]::result::unwrap_failed
[INFO] [stdout]   12:     0x569b54f16c71 - <daraja_sdk[1f757a6ced725d09]::mpesa::test_support::TestConfig>::load
[INFO] [stdout]   13:     0x569b54f06946 - daraja_sdk[1f757a6ced725d09]::mpesa::client::tests::generate_access_token_returns_valid_response::{closure#0}
[INFO] [stdout]   14:     0x569b54f01f6a - <tokio[d24b621fb9f506e0]::runtime::context::scoped::Scoped<tokio[d24b621fb9f506e0]::runtime::scheduler::Context>>::set::<<tokio[d24b621fb9f506e0]::runtime::scheduler::current_thread::CoreGuard>::enter<<tokio[d24b621fb9f506e0]::runtime::scheduler::current_thread::CoreGuard>::block_on<core[df12db4294e9bfd3]::pin::Pin<&mut core[df12db4294e9bfd3]::pin::Pin<&mut dyn core[df12db4294e9bfd3]::future::future::Future<Output = ()>>>>::{closure#0}, core[df12db4294e9bfd3]::option::Option<()>>::{closure#0}, (alloc[2182bb758b4b3781]::boxed::Box<tokio[d24b621fb9f506e0]::runtime::scheduler::current_thread::Core>, core[df12db4294e9bfd3]::option::Option<()>)>
[INFO] [stdout]   15:     0x569b54f0222d - <tokio[d24b621fb9f506e0]::runtime::scheduler::current_thread::CoreGuard>::block_on::<core[df12db4294e9bfd3]::pin::Pin<&mut core[df12db4294e9bfd3]::pin::Pin<&mut dyn core[df12db4294e9bfd3]::future::future::Future<Output = ()>>>>
[INFO] [stdout]   16:     0x569b54f03e9d - tokio[d24b621fb9f506e0]::runtime::context::runtime::enter_runtime::<<tokio[d24b621fb9f506e0]::runtime::scheduler::current_thread::CurrentThread>::block_on<core[df12db4294e9bfd3]::pin::Pin<&mut dyn core[df12db4294e9bfd3]::future::future::Future<Output = ()>>>::{closure#0}, ()>
[INFO] [stdout]   17:     0x569b54f01dc5 - <tokio[d24b621fb9f506e0]::runtime::runtime::Runtime>::block_on::<core[df12db4294e9bfd3]::pin::Pin<&mut dyn core[df12db4294e9bfd3]::future::future::Future<Output = ()>>>
[INFO] [stdout]   18:     0x569b54f070ab - daraja_sdk[1f757a6ced725d09]::mpesa::client::tests::generate_access_token_returns_valid_response
[INFO] [stdout]   19:     0x569b54f185c9 - <daraja_sdk[1f757a6ced725d09]::mpesa::client::tests::generate_access_token_returns_valid_response::{closure#0} as core[df12db4294e9bfd3]::ops::function::FnOnce<()>>::call_once
[INFO] [stdout]   20:     0x569b54f3134b - test[9d35eded1c95d3be]::__rust_begin_short_backtrace::<core[df12db4294e9bfd3]::result::Result<(), alloc[2182bb758b4b3781]::string::String>, fn() -> core[df12db4294e9bfd3]::result::Result<(), alloc[2182bb758b4b3781]::string::String>>
[INFO] [stdout]   21:     0x569b54f3e9b5 - test[9d35eded1c95d3be]::run_test::{closure#0}
[INFO] [stdout]   22:     0x569b54f38274 - std[70759c8f55707aa4]::sys::backtrace::__rust_begin_short_backtrace::<test[9d35eded1c95d3be]::run_test::{closure#1}, ()>
[INFO] [stdout]   23:     0x569b54f41b12 - <std[70759c8f55707aa4]::thread::lifecycle::spawn_unchecked<test[9d35eded1c95d3be]::run_test::{closure#1}, ()>::{closure#1} as core[df12db4294e9bfd3]::ops::function::FnOnce<()>>::call_once::{shim:vtable#0}
[INFO] [stdout]   24:     0x569b553a1289 - <std[70759c8f55707aa4]::sys::thread::unix::Thread>::new::thread_start
[INFO] [stdout]   25:     0x7e51291ffdfa - <unknown>
[INFO] [stdout]   26:     0x7e51292933d4 - clone
[INFO] [stdout]   27:                0x0 - <unknown>
[INFO] [stdout] 
[INFO] [stdout] ---- mpesa::express::tests::test_stk_push stdout ----
[INFO] [stdout] 
[INFO] [stdout] thread 'mpesa::express::tests::test_stk_push' (2612) panicked at src/mpesa/test_support.rs:28:14:
[INFO] [stdout] copy config.toml.example to config.toml and add sandbox credentials: Os { code: 2, kind: NotFound, message: "No such file or directory" }
[INFO] [stdout] stack backtrace:
[INFO] [stdout]    0:     0x569b553a22c1 - <<std[70759c8f55707aa4]::sys::backtrace::BacktraceLock>::print::DisplayBacktrace as core[df12db4294e9bfd3]::fmt::Display>::fmt
[INFO] [stdout]    1:     0x569b553b96fa - core[df12db4294e9bfd3]::fmt::write
[INFO] [stdout]    2:     0x569b553a727c - <alloc[2182bb758b4b3781]::vec::Vec<u8> as core[df12db4294e9bfd3]::io::write::Write>::write_fmt
[INFO] [stdout]    3:     0x569b5537c556 - std[70759c8f55707aa4]::panicking::default_hook::{closure#0}
[INFO] [stdout]    4:     0x569b553994f9 - std[70759c8f55707aa4]::panicking::default_hook
[INFO] [stdout]    5:     0x569b54f3e060 - test[9d35eded1c95d3be]::test_main_inner::<test[9d35eded1c95d3be]::test_main_static::{closure#0}>::{closure#0}
[INFO] [stdout]    6:     0x569b55399822 - std[70759c8f55707aa4]::panicking::panic_with_hook
[INFO] [stdout]    7:     0x569b5537c602 - std[70759c8f55707aa4]::panicking::panic_handler::{closure#0}
[INFO] [stdout]    8:     0x569b55375079 - std[70759c8f55707aa4]::sys::backtrace::__rust_end_short_backtrace::<std[70759c8f55707aa4]::panicking::panic_handler::{closure#0}, !>
[INFO] [stdout]    9:     0x569b5537d3ed - __rustc[8fa7c3cbc660c2b3]::rust_begin_unwind
[INFO] [stdout]   10:     0x569b553b9e9c - core[df12db4294e9bfd3]::panicking::panic_fmt
[INFO] [stdout]   11:     0x569b553b9c72 - core[df12db4294e9bfd3]::result::unwrap_failed
[INFO] [stdout]   12:     0x569b54f16c71 - <daraja_sdk[1f757a6ced725d09]::mpesa::test_support::TestConfig>::load
[INFO] [stdout]   13:     0x569b54ef69d6 - daraja_sdk[1f757a6ced725d09]::mpesa::express::tests::test_stk_push::{closure#0}
[INFO] [stdout]   14:     0x569b54f01f6a - <tokio[d24b621fb9f506e0]::runtime::context::scoped::Scoped<tokio[d24b621fb9f506e0]::runtime::scheduler::Context>>::set::<<tokio[d24b621fb9f506e0]::runtime::scheduler::current_thread::CoreGuard>::enter<<tokio[d24b621fb9f506e0]::runtime::scheduler::current_thread::CoreGuard>::block_on<core[df12db4294e9bfd3]::pin::Pin<&mut core[df12db4294e9bfd3]::pin::Pin<&mut dyn core[df12db4294e9bfd3]::future::future::Future<Output = ()>>>>::{closure#0}, core[df12db4294e9bfd3]::option::Option<()>>::{closure#0}, (alloc[2182bb758b4b3781]::boxed::Box<tokio[d24b621fb9f506e0]::runtime::scheduler::current_thread::Core>, core[df12db4294e9bfd3]::option::Option<()>)>
[INFO] [stdout]   15:     0x569b54f0222d - <tokio[d24b621fb9f506e0]::runtime::scheduler::current_thread::CoreGuard>::block_on::<core[df12db4294e9bfd3]::pin::Pin<&mut core[df12db4294e9bfd3]::pin::Pin<&mut dyn core[df12db4294e9bfd3]::future::future::Future<Output = ()>>>>
[INFO] [stdout]   16:     0x569b54f03e9d - tokio[d24b621fb9f506e0]::runtime::context::runtime::enter_runtime::<<tokio[d24b621fb9f506e0]::runtime::scheduler::current_thread::CurrentThread>::block_on<core[df12db4294e9bfd3]::pin::Pin<&mut dyn core[df12db4294e9bfd3]::future::future::Future<Output = ()>>>::{closure#0}, ()>
[INFO] [stdout]   17:     0x569b54f01dc5 - <tokio[d24b621fb9f506e0]::runtime::runtime::Runtime>::block_on::<core[df12db4294e9bfd3]::pin::Pin<&mut dyn core[df12db4294e9bfd3]::future::future::Future<Output = ()>>>
[INFO] [stdout]   18:     0x569b54ef8f9b - daraja_sdk[1f757a6ced725d09]::mpesa::express::tests::test_stk_push
[INFO] [stdout]   19:     0x569b54f18609 - <daraja_sdk[1f757a6ced725d09]::mpesa::express::tests::test_stk_push::{closure#0} as core[df12db4294e9bfd3]::ops::function::FnOnce<()>>::call_once
[INFO] [stdout]   20:     0x569b54f3134b - test[9d35eded1c95d3be]::__rust_begin_short_backtrace::<core[df12db4294e9bfd3]::result::Result<(), alloc[2182bb758b4b3781]::string::String>, fn() -> core[df12db4294e9bfd3]::result::Result<(), alloc[2182bb758b4b3781]::string::String>>
[INFO] [stdout]   21:     0x569b54f3e9b5 - test[9d35eded1c95d3be]::run_test::{closure#0}
[INFO] [stdout]   22:     0x569b54f38274 - std[70759c8f55707aa4]::sys::backtrace::__rust_begin_short_backtrace::<test[9d35eded1c95d3be]::run_test::{closure#1}, ()>
[INFO] [stdout]   23:     0x569b54f41b12 - <std[70759c8f55707aa4]::thread::lifecycle::spawn_unchecked<test[9d35eded1c95d3be]::run_test::{closure#1}, ()>::{closure#1} as core[df12db4294e9bfd3]::ops::function::FnOnce<()>>::call_once::{shim:vtable#0}
[INFO] [stdout]   24:     0x569b553a1289 - <std[70759c8f55707aa4]::sys::thread::unix::Thread>::new::thread_start
[INFO] [stdout]   25:     0x7e51291ffdfa - <unknown>
[INFO] [stdout]   26:     0x7e51292933d4 - clone
[INFO] [stdout]   27:                0x0 - <unknown>
[INFO] [stdout] 
[INFO] [stdout] ---- mpesa::client::tests::generate_access_token_fails_with_invalid_credentials stdout ----
[INFO] [stdout] 
[INFO] [stdout] thread 'mpesa::client::tests::generate_access_token_fails_with_invalid_credentials' (2605) panicked at src/mpesa/client.rs:199:9:
[INFO] [stdout] assertion `left == right` failed
[INFO] [stdout]   left: None
[INFO] [stdout]  right: Some(400)
[INFO] [stdout] stack backtrace:
[INFO] [stdout]    0:     0x569b553a22c1 - <<std[70759c8f55707aa4]::sys::backtrace::BacktraceLock>::print::DisplayBacktrace as core[df12db4294e9bfd3]::fmt::Display>::fmt
[INFO] [stdout]    1:     0x569b553b96fa - core[df12db4294e9bfd3]::fmt::write
[INFO] [stdout]    2:     0x569b553a727c - <alloc[2182bb758b4b3781]::vec::Vec<u8> as core[df12db4294e9bfd3]::io::write::Write>::write_fmt
[INFO] [stdout]    3:     0x569b5537c556 - std[70759c8f55707aa4]::panicking::default_hook::{closure#0}
[INFO] [stdout]    4:     0x569b553994f9 - std[70759c8f55707aa4]::panicking::default_hook
[INFO] [stdout]    5:     0x569b54f3e060 - test[9d35eded1c95d3be]::test_main_inner::<test[9d35eded1c95d3be]::test_main_static::{closure#0}>::{closure#0}
[INFO] [stdout]    6:     0x569b55399822 - std[70759c8f55707aa4]::panicking::panic_with_hook
[INFO] [stdout]    7:     0x569b5537c602 - std[70759c8f55707aa4]::panicking::panic_handler::{closure#0}
[INFO] [stdout]    8:     0x569b55375079 - std[70759c8f55707aa4]::sys::backtrace::__rust_end_short_backtrace::<std[70759c8f55707aa4]::panicking::panic_handler::{closure#0}, !>
[INFO] [stdout]    9:     0x569b5537d3ed - __rustc[8fa7c3cbc660c2b3]::rust_begin_unwind
[INFO] [stdout]   10:     0x569b553b9e9c - core[df12db4294e9bfd3]::panicking::panic_fmt
[INFO] [stdout]   11:     0x569b553b9db3 - core[df12db4294e9bfd3]::panicking::assert_failed_inner
[INFO] [stdout]   12:     0x569b54f16430 - core[df12db4294e9bfd3]::panicking::assert_failed::<core[df12db4294e9bfd3]::option::Option<http[11518df94330b5f0]::status::StatusCode>, core[df12db4294e9bfd3]::option::Option<http[11518df94330b5f0]::status::StatusCode>>
[INFO] [stdout]   13:     0x569b54f06fb7 - daraja_sdk[1f757a6ced725d09]::mpesa::client::tests::generate_access_token_fails_with_invalid_credentials::{closure#0}
[INFO] [stdout]   14:     0x569b54f01f6a - <tokio[d24b621fb9f506e0]::runtime::context::scoped::Scoped<tokio[d24b621fb9f506e0]::runtime::scheduler::Context>>::set::<<tokio[d24b621fb9f506e0]::runtime::scheduler::current_thread::CoreGuard>::enter<<tokio[d24b621fb9f506e0]::runtime::scheduler::current_thread::CoreGuard>::block_on<core[df12db4294e9bfd3]::pin::Pin<&mut core[df12db4294e9bfd3]::pin::Pin<&mut dyn core[df12db4294e9bfd3]::future::future::Future<Output = ()>>>>::{closure#0}, core[df12db4294e9bfd3]::option::Option<()>>::{closure#0}, (alloc[2182bb758b4b3781]::boxed::Box<tokio[d24b621fb9f506e0]::runtime::scheduler::current_thread::Core>, core[df12db4294e9bfd3]::option::Option<()>)>
[INFO] [stdout]   15:     0x569b54f0222d - <tokio[d24b621fb9f506e0]::runtime::scheduler::current_thread::CoreGuard>::block_on::<core[df12db4294e9bfd3]::pin::Pin<&mut core[df12db4294e9bfd3]::pin::Pin<&mut dyn core[df12db4294e9bfd3]::future::future::Future<Output = ()>>>>
[INFO] [stdout]   16:     0x569b54f03e9d - tokio[d24b621fb9f506e0]::runtime::context::runtime::enter_runtime::<<tokio[d24b621fb9f506e0]::runtime::scheduler::current_thread::CurrentThread>::block_on<core[df12db4294e9bfd3]::pin::Pin<&mut dyn core[df12db4294e9bfd3]::future::future::Future<Output = ()>>>::{closure#0}, ()>
[INFO] [stdout]   17:     0x569b54f01dc5 - <tokio[d24b621fb9f506e0]::runtime::runtime::Runtime>::block_on::<core[df12db4294e9bfd3]::pin::Pin<&mut dyn core[df12db4294e9bfd3]::future::future::Future<Output = ()>>>
[INFO] [stdout]   18:     0x569b54f0729b - daraja_sdk[1f757a6ced725d09]::mpesa::client::tests::generate_access_token_fails_with_invalid_credentials
[INFO] [stdout]   19:     0x569b54f185e9 - <daraja_sdk[1f757a6ced725d09]::mpesa::client::tests::generate_access_token_fails_with_invalid_credentials::{closure#0} as core[df12db4294e9bfd3]::ops::function::FnOnce<()>>::call_once
[INFO] [stdout]   20:     0x569b54f3134b - test[9d35eded1c95d3be]::__rust_begin_short_backtrace::<core[df12db4294e9bfd3]::result::Result<(), alloc[2182bb758b4b3781]::string::String>, fn() -> core[df12db4294e9bfd3]::result::Result<(), alloc[2182bb758b4b3781]::string::String>>
[INFO] [stdout]   21:     0x569b54f3e9b5 - test[9d35eded1c95d3be]::run_test::{closure#0}
[INFO] [stdout]   22:     0x569b54f38274 - std[70759c8f55707aa4]::sys::backtrace::__rust_begin_short_backtrace::<test[9d35eded1c95d3be]::run_test::{closure#1}, ()>
[INFO] [stdout]   23:     0x569b54f41b12 - <std[70759c8f55707aa4]::thread::lifecycle::spawn_unchecked<test[9d35eded1c95d3be]::run_test::{closure#1}, ()>::{closure#1} as core[df12db4294e9bfd3]::ops::function::FnOnce<()>>::call_once::{shim:vtable#0}
[INFO] [stdout]   24:     0x569b553a1289 - <std[70759c8f55707aa4]::sys::thread::unix::Thread>::new::thread_start
[INFO] [stdout]   25:     0x7e51291ffdfa - <unknown>
[INFO] [stdout]   26:     0x7e51292933d4 - clone
[INFO] [stdout]   27:                0x0 - <unknown>
[INFO] [stdout] 
[INFO] [stdout] 
[INFO] [stdout] failures:
[INFO] [stdout]     mpesa::client::tests::generate_access_token_fails_with_invalid_credentials
[INFO] [stdout]     mpesa::client::tests::generate_access_token_returns_valid_response
[INFO] [stdout]     mpesa::express::tests::test_stk_push
[INFO] [stdout] 
[INFO] [stdout] test result: FAILED. 7 passed; 3 failed; 0 ignored; 0 measured; 0 filtered out; finished in 0.16s
[INFO] [stdout] 
[INFO] [stderr] error: test failed, to rerun pass `--lib`
[INFO] running `Command { std: "docker" "inspect" "f1be31d7f4d18a5b78f91ec6485834937a86e8247ce77b0ceca9262f9a73cf63", kill_on_drop: false }`
[INFO] running `Command { std: "docker" "rm" "-f" "f1be31d7f4d18a5b78f91ec6485834937a86e8247ce77b0ceca9262f9a73cf63", kill_on_drop: false }`
[INFO] [stdout] f1be31d7f4d18a5b78f91ec6485834937a86e8247ce77b0ceca9262f9a73cf63
