[INFO] fetching crate dapr-durabletask 0.0.3...
[INFO] testing dapr-durabletask-0.0.3 against 1.99.0-beta.8+cargoflags=--release for beta-release-1.100-2
[INFO] extracting crate dapr-durabletask 0.0.3 into /workspace/builds/worker-7-tc1/source
[INFO] started tweaking crates.io crate dapr-durabletask 0.0.3
[INFO] removed 0 missing examples
[INFO] removed 0 missing tests
[INFO] finished tweaking crates.io crate dapr-durabletask 0.0.3
[INFO] tweaked toml for crates.io crate dapr-durabletask 0.0.3 written to /workspace/builds/worker-7-tc1/source/Cargo.toml
[INFO] validating manifest of crates.io crate dapr-durabletask 0.0.3 on toolchain 1.99.0-beta.8
[INFO] running `Command { std: CARGO_HOME="/workspace/cargo-home" RUSTUP_HOME="/workspace/rustup-home" "/workspace/cargo-home/bin/cargo" "+1.99.0-beta.8" "metadata" "--manifest-path" "Cargo.toml" "--no-deps", kill_on_drop: false }`
[INFO] crate crates.io crate dapr-durabletask 0.0.3 already has a lockfile, it will not be regenerated
[INFO] running `Command { std: CARGO_HOME="/workspace/cargo-home" RUSTUP_HOME="/workspace/rustup-home" "/workspace/cargo-home/bin/cargo" "+1.99.0-beta.8" "fetch" "--manifest-path" "Cargo.toml", kill_on_drop: false }`
[INFO] [stderr]     Updating crates.io index
[INFO] [stderr]  Downloading crates ...
[INFO] [stderr]   Downloaded dapr-durabletask-proto v0.0.1
[INFO] [stderr]   Downloaded opentelemetry v0.32.0
[INFO] [stderr]   Downloaded opentelemetry_sdk v0.32.1
[INFO] running `Command { std: "docker" "create" "-v" "/var/lib/crater-agent-workspace/builds/worker-7-tc1/source:/opt/rustwide/workdir:ro,Z" "-v" "/var/lib/crater-agent-workspace/builds/worker-7-tc1/target:/opt/rustwide/target:rw,Z" "-v" "/var/lib/crater-agent-workspace/cargo-home:/opt/rustwide/cargo-home:ro,Z" "-v" "/var/lib/crater-agent-workspace/rustup-home:/opt/rustwide/rustup-home:ro,Z" "-m" "1610612736" "--network" "none" "ghcr.io/rust-lang/crates-build-env/linux@sha256:77db811e55d90add9212f6832c23229e3de5f1c1f9905e8cb07319ea15df73ac" "sleep" "infinity", kill_on_drop: false }`
[INFO] [stdout] ab32167a95045e9e15d7c7082d344c7fafd082b603c2c576162b9bcdce20f86d
[INFO] running `Command { std: "docker" "start" "ab32167a95045e9e15d7c7082d344c7fafd082b603c2c576162b9bcdce20f86d", kill_on_drop: false }`
[INFO] running `Command { std: "docker" "inspect" "ab32167a95045e9e15d7c7082d344c7fafd082b603c2c576162b9bcdce20f86d", kill_on_drop: false }`
[INFO] running `Command { std: "docker" "exec" "-e" "SOURCE_DIR=/opt/rustwide/workdir" "-e" "CARGO_HOME=/opt/rustwide/cargo-home" "-e" "RUSTUP_HOME=/opt/rustwide/rustup-home" "-e" "CARGO_TARGET_DIR=/opt/rustwide/target" "-w" "/opt/rustwide/workdir" "--user" "0:0" "ab32167a95045e9e15d7c7082d344c7fafd082b603c2c576162b9bcdce20f86d" "/opt/rustwide/cargo-home/bin/cargo" "+1.99.0-beta.8" "metadata" "--no-deps" "--format-version=1", kill_on_drop: false }`
[INFO] running `Command { std: "docker" "inspect" "ab32167a95045e9e15d7c7082d344c7fafd082b603c2c576162b9bcdce20f86d", kill_on_drop: false }`
[INFO] running `Command { std: "docker" "exec" "-e" "SOURCE_DIR=/opt/rustwide/workdir" "-e" "CARGO_HOME=/opt/rustwide/cargo-home" "-e" "RUSTUP_HOME=/opt/rustwide/rustup-home" "-e" "CARGO_TARGET_DIR=/opt/rustwide/target" "-e" "CARGO_INCREMENTAL=0" "-e" "RUST_BACKTRACE=full" "-e" "RUSTFLAGS=--cap-lints=warn" "-e" "RUSTDOCFLAGS=--cap-lints=warn" "-w" "/opt/rustwide/workdir" "--user" "0:0" "ab32167a95045e9e15d7c7082d344c7fafd082b603c2c576162b9bcdce20f86d" "/opt/rustwide/cargo-home/bin/cargo" "+1.99.0-beta.8" "build" "--frozen" "--message-format=json" "--release", kill_on_drop: false }`
[INFO] [stderr]    Compiling http v1.4.2
[INFO] [stderr]    Compiling syn v2.0.117
[INFO] [stderr]    Compiling parking_lot_core v0.9.12
[INFO] [stderr]    Compiling socket2 v0.6.4
[INFO] [stderr]    Compiling mio v1.2.1
[INFO] [stderr]    Compiling memchr v2.8.1
[INFO] [stderr]    Compiling cc v1.2.63
[INFO] [stderr]    Compiling serde_core v1.0.228
[INFO] [stderr]    Compiling parking_lot v0.12.5
[INFO] [stderr]    Compiling getrandom v0.2.17
[INFO] [stderr]    Compiling anyhow v1.0.102
[INFO] [stderr]    Compiling either v1.16.0
[INFO] [stderr]    Compiling http-body v1.0.1
[INFO] [stderr]    Compiling rustls v0.23.40
[INFO] [stderr]    Compiling http-body-util v0.1.3
[INFO] [stderr]    Compiling itertools v0.14.0
[INFO] [stderr]    Compiling log v0.4.32
[INFO] [stderr]    Compiling ring v0.17.14
[INFO] [stderr]    Compiling axum-core v0.5.6
[INFO] [stderr]    Compiling getrandom v0.4.2
[INFO] [stderr]    Compiling serde_json v1.0.150
[INFO] [stderr]    Compiling cpufeatures v0.3.0
[INFO] [stderr]    Compiling chacha20 v0.10.0
[INFO] [stderr]    Compiling uuid v1.23.3
[INFO] [stderr]    Compiling rand v0.10.1
[INFO] [stderr]    Compiling tokio-macros v2.7.0
[INFO] [stderr]    Compiling tracing-attributes v0.1.31
[INFO] [stderr]    Compiling futures-macro v0.3.32
[INFO] [stderr]    Compiling prost-derive v0.14.4
[INFO] [stderr]    Compiling pin-project-internal v1.1.13
[INFO] [stderr]    Compiling async-trait v0.1.89
[INFO] [stderr]    Compiling tokio v1.52.3
[INFO] [stderr]    Compiling futures-util v0.3.32
[INFO] [stderr]    Compiling serde_derive v1.0.228
[INFO] [stderr]    Compiling pin-project v1.1.13
[INFO] [stderr]    Compiling thiserror-impl v2.0.18
[INFO] [stderr]    Compiling tracing v0.1.44
[INFO] [stderr]    Compiling prost v0.14.4
[INFO] [stderr]    Compiling thiserror v2.0.18
[INFO] [stderr]    Compiling prost-types v0.14.4
[INFO] [stderr]    Compiling serde v1.0.228
[INFO] [stderr]    Compiling chrono v0.4.45
[INFO] [stderr]    Compiling futures-executor v0.3.32
[INFO] [stderr]    Compiling futures v0.3.32
[INFO] [stderr]    Compiling tokio-util v0.7.18
[INFO] [stderr]    Compiling tokio-stream v0.1.18
[INFO] [stderr]    Compiling h2 v0.4.14
[INFO] [stderr]    Compiling tower v0.5.3
[INFO] [stderr]    Compiling axum v0.8.9
[INFO] [stderr]    Compiling rustls-webpki v0.103.13
[INFO] [stderr]    Compiling hyper v1.10.1
[INFO] [stderr]    Compiling hyper-util v0.1.20
[INFO] [stderr]    Compiling hyper-timeout v0.5.2
[INFO] [stderr]    Compiling tokio-rustls v0.26.4
[INFO] [stderr]    Compiling tonic v0.14.6
[INFO] [stderr]    Compiling tonic-prost v0.14.6
[INFO] [stderr]    Compiling dapr-durabletask-proto v0.0.1
[INFO] [stderr]    Compiling dapr-durabletask v0.0.3 (/opt/rustwide/workdir)
[INFO] [stderr]     Finished `release` profile [optimized] target(s) in 2m 29s
[INFO] running `Command { std: "docker" "inspect" "ab32167a95045e9e15d7c7082d344c7fafd082b603c2c576162b9bcdce20f86d", kill_on_drop: false }`
[INFO] running `Command { std: "docker" "exec" "-e" "SOURCE_DIR=/opt/rustwide/workdir" "-e" "CARGO_HOME=/opt/rustwide/cargo-home" "-e" "RUSTUP_HOME=/opt/rustwide/rustup-home" "-e" "CARGO_TARGET_DIR=/opt/rustwide/target" "-e" "CARGO_INCREMENTAL=0" "-e" "RUST_BACKTRACE=full" "-e" "RUSTFLAGS=--cap-lints=warn" "-e" "RUSTDOCFLAGS=--cap-lints=warn" "-w" "/opt/rustwide/workdir" "--user" "0:0" "ab32167a95045e9e15d7c7082d344c7fafd082b603c2c576162b9bcdce20f86d" "/opt/rustwide/cargo-home/bin/cargo" "+1.99.0-beta.8" "test" "--frozen" "--no-run" "--message-format=json" "--release", kill_on_drop: false }`
[INFO] [stderr]    Compiling tracing v0.1.44
[INFO] [stderr]    Compiling log v0.4.32
[INFO] [stderr]    Compiling zerocopy v0.8.52
[INFO] [stderr]    Compiling futures-executor v0.3.32
[INFO] [stderr]    Compiling futures v0.3.32
[INFO] [stderr]    Compiling rustls v0.23.40
[INFO] [stderr]    Compiling tracing-log v0.2.0
[INFO] [stderr]    Compiling h2 v0.4.14
[INFO] [stderr]    Compiling tower v0.5.3
[INFO] [stderr]    Compiling opentelemetry v0.32.0
[INFO] [stderr]    Compiling tracing-subscriber v0.3.23
[INFO] [stderr]    Compiling axum v0.8.9
[INFO] [stderr]    Compiling hyper v1.10.1
[INFO] [stderr]    Compiling tokio-rustls v0.26.4
[INFO] [stderr]    Compiling ppv-lite86 v0.2.21
[INFO] [stderr]    Compiling hyper-util v0.1.20
[INFO] [stderr]    Compiling rand_chacha v0.9.0
[INFO] [stderr]    Compiling rand v0.9.4
[INFO] [stderr]    Compiling hyper-timeout v0.5.2
[INFO] [stderr]    Compiling tonic v0.14.6
[INFO] [stderr]    Compiling opentelemetry_sdk v0.32.1
[INFO] [stderr]    Compiling tonic-prost v0.14.6
[INFO] [stderr]    Compiling dapr-durabletask-proto v0.0.1
[INFO] [stderr]    Compiling dapr-durabletask v0.0.3 (/opt/rustwide/workdir)
[INFO] [stderr]     Finished `release` profile [optimized] target(s) in 4m 49s
[INFO] running `Command { std: "docker" "inspect" "ab32167a95045e9e15d7c7082d344c7fafd082b603c2c576162b9bcdce20f86d", kill_on_drop: false }`
[INFO] running `Command { std: "docker" "exec" "-e" "SOURCE_DIR=/opt/rustwide/workdir" "-e" "CARGO_HOME=/opt/rustwide/cargo-home" "-e" "RUSTUP_HOME=/opt/rustwide/rustup-home" "-e" "CARGO_TARGET_DIR=/opt/rustwide/target" "-e" "CARGO_INCREMENTAL=0" "-e" "RUST_BACKTRACE=full" "-e" "RUSTFLAGS=--cap-lints=warn" "-e" "RUSTDOCFLAGS=--cap-lints=warn" "-w" "/opt/rustwide/workdir" "--user" "0:0" "ab32167a95045e9e15d7c7082d344c7fafd082b603c2c576162b9bcdce20f86d" "/opt/rustwide/cargo-home/bin/cargo" "+1.99.0-beta.8" "test" "--frozen" "--release", kill_on_drop: false }`
[INFO] [stderr]     Finished `release` profile [optimized] target(s) in 0.20s
[INFO] [stderr]      Running unittests src/lib.rs (/opt/rustwide/target/release/deps/dapr_durabletask-5191bc6b7387c412)
[INFO] [stdout] 
[INFO] [stdout] running 165 tests
[INFO] [stdout] test api::errors::tests::display_invalid_address ... ok
[INFO] [stdout] test api::errors::tests::display_orchestration_failed ... ok
[INFO] [stdout] test api::errors::tests::display_timeout ... ok
[INFO] [stdout] test api::errors::tests::from_serde_json_error ... ok
[INFO] [stdout] test api::errors::tests::display_task_failed ... ok
[INFO] [stdout] test api::errors::tests::from_tonic_status ... ok
[INFO] [stdout] test api::failure_details::tests::from_proto_all_fields ... ok
[INFO] [stdout] test api::errors::tests::display_connection_failed ... ok
[INFO] [stdout] test api::errors::tests::display_grpc_error ... ok
[INFO] [stdout] test api::errors::tests::display_internal ... ok
[INFO] [stdout] test api::errors::tests::display_instance_not_found ... ok
[INFO] [stdout] test api::errors::tests::display_other ... ok
[INFO] [stdout] test api::history_propagation::tests::filters_return_matching_events ... ok
[INFO] [stdout] test api::history_propagation::tests::from_proto_decodes_chunks_and_flattens_events ... ok
[INFO] [stdout] test api::orchestration_state::tests::raise_if_failed_ok_for_completed ... ok
[INFO] [stdout] test api::history_propagation::tests::app_ids_are_deduplicated_in_chain_order ... ok
[INFO] [stdout] test api::history_propagation::tests::filters_return_not_found_for_missing_names ... ok
[INFO] [stdout] test api::orchestration_state::tests::timestamp_negative_nanos_returns_none ... ok
[INFO] [stdout] test api::history_propagation::tests::from_proto_none_returns_none ... ok
[INFO] [stdout] test api::orchestration_state::tests::timestamp_overflow_nanos_returns_none ... ok
[INFO] [stdout] test api::orchestration_state::tests::try_from_no_workflow_state ... ok
[INFO] [stdout] test api::orchestration_state::tests::raise_if_failed_returns_error_for_failed ... ok
[INFO] [stdout] test api::orchestration_state::tests::try_from_valid_response ... ok
[INFO] [stdout] test api::orchestration_status::tests::test_display ... ok
[INFO] [stdout] test api::orchestration_status::tests::test_is_running ... ok
[INFO] [stdout] test api::orchestration_state::tests::raise_if_failed_with_failure_details ... ok
[INFO] [stdout] test api::failure_details::tests::from_proto_no_stack_trace ... ok
[INFO] [stdout] test api::orchestration_state::tests::timestamp_negative_seconds ... ok
[INFO] [stdout] test api::orchestration_status::tests::test_unknown_value_returns_error ... ok
[INFO] [stdout] test api::orchestration_state::tests::timestamp_valid_seconds_and_nanos ... ok
[INFO] [stdout] test api::orchestration_state::tests::try_from_not_exists ... ok
[INFO] [stdout] test api::orchestration_status::tests::test_is_terminal ... ok
[INFO] [stdout] test api::orchestration_status::tests::test_roundtrip_conversion ... ok
[INFO] [stdout] test api::purge_instance_filter::tests::new_creates_empty_filter ... ok
[INFO] [stdout] test api::retry_policy::tests::with_backoff_coefficient ... ok
[INFO] [stdout] test api::retry_policy::tests::with_max_retry_interval ... ok
[INFO] [stdout] test api::retry_policy::tests::with_retry_timeout ... ok
[INFO] [stdout] test client::options::tests::client_options_builder_chaining ... ok
[INFO] [stdout] test api::purge_instance_filter::tests::builder_methods_set_fields ... ok
[INFO] [stdout] test api::purge_instance_filter::tests::into_proto_converts_correctly ... ok
[INFO] [stdout] test client::options::tests::client_options_with_connect_timeout ... ok
[INFO] [stdout] test client::options::tests::client_options_with_keepalive_interval ... ok
[INFO] [stdout] test client::options::tests::client_options_with_keepalive_timeout ... ok
[INFO] [stdout] test client::options::tests::client_options_with_max_grpc_message_size ... ok
[INFO] [stdout] test api::retry_policy::tests::with_handle_is_callable ... ok
[INFO] [stdout] test client::options::tests::client_options_with_max_identifier_length ... ok
[INFO] [stdout] test client::options::tests::client_options_with_max_json_payload_size ... ok
[INFO] [stdout] test client::options::tests::client_options_with_tls ... ok
[INFO] [stdout] test client::options::tests::client_options_defaults ... ok
[INFO] [stdout] test client::options::tests::tls_config_defaults ... ok
[INFO] [stdout] test client::options::tests::tls_config_with_skip_verify ... ok
[INFO] [stdout] test client::options::tests::tls_config_with_ca_cert_pem ... ok
[INFO] [stdout] test internal::helpers::tests::test_execution_resumed_event ... ok
[INFO] [stdout] test internal::helpers::tests::test_execution_started_event ... ok
[INFO] [stdout] test internal::helpers::tests::test_execution_suspended_event ... ok
[INFO] [stdout] test client::options::tests::tls_config_with_client_cert_pem ... ok
[INFO] [stdout] test client::options::tests::tls_config_with_domain_name ... ok
[INFO] [stdout] test internal::helpers::tests::test_execution_terminated_event ... ok
[INFO] [stdout] test internal::helpers::tests::test_from_timestamp_rejects_negative_nanos ... ok
[INFO] [stdout] test internal::helpers::tests::test_from_timestamp_rejects_overflow_nanos ... ok
[INFO] [stdout] test api::retry_policy::tests::debug_without_handle ... ok
[INFO] [stdout] test api::retry_policy::tests::debug_with_handle ... ok
[INFO] [stdout] test internal::helpers::tests::test_new_history_event ... ok
[INFO] [stdout] test internal::helpers::tests::test_event_raised_event ... ok
[INFO] [stdout] test internal::helpers::tests::test_validate_identifier_custom_max_length ... ok
[INFO] [stdout] test internal::helpers::tests::test_timestamp_roundtrip ... ok
[INFO] [stdout] test api::retry_policy::tests::new_sets_defaults ... ok
[INFO] [stdout] test internal::helpers::tests::test_validate_identifier_too_long ... ok
[INFO] [stdout] test internal::helpers::tests::test_string_value_helpers ... ok
[INFO] [stdout] test internal::serialization::tests::test_from_json_optional_none ... ok
[INFO] [stdout] test internal::helpers::tests::test_validate_identifier_null_byte ... ok
[INFO] [stdout] test internal::serialization::tests::test_from_json_custom_max_size ... ok
[INFO] [stdout] test internal::serialization::tests::test_from_json_optional_some ... ok
[INFO] [stdout] test internal::helpers::tests::test_validate_identifier_valid ... ok
[INFO] [stdout] test internal::serialization::tests::test_to_json_string ... ok
[INFO] [stdout] test internal::serialization::tests::test_to_json_struct ... ok
[INFO] [stdout] test task::activity_context::tests::test_activity_context ... ok
[INFO] [stdout] test internal::helpers::tests::test_validate_identifier_control_char ... ok
[INFO] [stdout] test internal::serialization::tests::test_from_json_string ... ok
[INFO] [stdout] test internal::serialization::tests::test_from_json_none_to_unit ... ok
[INFO] [stdout] test task::completable_task::tests::test_fail_task ... ok
[INFO] [stdout] test task::completable_task::tests::test_poll_failed ... ok
[INFO] [stdout] test internal::serialization::tests::test_to_json_unit ... ok
[INFO] [stdout] test task::completable_task::tests::test_clone_shares_state ... ok
[INFO] [stdout] test task::completable_task::tests::test_complete_task ... ok
[INFO] [stdout] test task::completable_task::tests::test_new_task_is_not_complete ... ok
[INFO] [stdout] test task::completable_task::tests::test_poll_pending_then_ready ... ok
[INFO] [stdout] test task::options::tests::activity_options_builder_chaining ... ok
[INFO] [stdout] test task::options::tests::activity_options_defaults ... ok
[INFO] [stdout] test task::options::tests::sub_orchestrator_options_defaults ... ok
[INFO] [stdout] test task::options::tests::activity_options_with_app_id ... ok
[INFO] [stdout] test task::options::tests::sub_orchestrator_options_with_app_id ... ok
[INFO] [stdout] test task::options::tests::sub_orchestrator_options_with_instance_id ... ok
[INFO] [stdout] test task::orchestration_context::tests::test_basic_accessors ... ok
[INFO] [stdout] test task::options::tests::sub_orchestrator_options_with_retry_policy ... ok
[INFO] [stdout] test task::orchestration_context::tests::test_call_activity_creates_action ... ok
[INFO] [stdout] test task::orchestration_context::tests::test_call_activity_replay_returns_existing ... ok
[INFO] [stdout] test task::orchestration_context::tests::test_call_sub_orchestrator ... ok
[INFO] [stdout] test task::options::tests::activity_options_with_retry_policy ... ok
[INFO] [stdout] test task::orchestration_context::tests::test_create_timer ... ok
[INFO] [stdout] test task::options::tests::sub_orchestrator_options_builder_chaining ... ok
[INFO] [stdout] test task::orchestration_context::tests::test_create_timer_origin_none ... ok
[INFO] [stdout] test task::orchestration_context::tests::test_call_sub_orchestrator_with_app_id ... ok
[INFO] [stdout] test task::orchestration_context::tests::test_is_patched_at_frontier_after_history_returns_true ... ok
[INFO] [stdout] test task::orchestration_context::tests::test_continue_as_new ... ok
[INFO] [stdout] test task::orchestration_context::tests::test_is_patched_caches_decision ... ok
[INFO] [stdout] test task::orchestration_context::tests::test_is_patched_in_history_returns_true ... ok
[INFO] [stdout] test task::orchestration_context::tests::test_is_patched_mid_replay_returns_false ... ok
[INFO] [stdout] test task::orchestration_context::tests::test_is_patched_new_execution_returns_true ... ok
[INFO] [stdout] test task::orchestration_context::tests::test_sequence_numbers_increment ... ok
[INFO] [stdout] test task::orchestration_context::tests::test_set_custom_status ... ok
[INFO] [stdout] test task::orchestration_context::tests::test_wait_for_external_event_buffered ... ok
[INFO] [stdout] test task::orchestration_context::tests::test_wait_for_external_event_emits_timer_new_execution ... ok
[INFO] [stdout] test task::orchestration_context::tests::test_wait_for_external_event_no_timer_during_replay ... ok
[INFO] [stdout] test task::orchestration_context::tests::test_wait_for_external_event_pending ... ok
[INFO] [stdout] test task::orchestration_context::tests::test_wait_for_external_event_with_timeout_emits_timer ... ok
[INFO] [stdout] test task::orchestration_context::tests::test_create_timer_refactor_still_works ... ok
[INFO] [stdout] test task::orchestration_context::tests::test_input ... ok
[INFO] [stdout] test task::when_all::tests::test_when_all_all_complete ... ok
[INFO] [stdout] test task::when_all::tests::test_when_all_empty ... ok
[INFO] [stdout] test task::when_all::tests::test_when_all_pending_then_complete ... ok
[INFO] [stdout] test task::when_any::tests::test_when_any_failed_task_counts ... ok
[INFO] [stdout] test task::when_all::tests::test_when_all_fails_on_any_failure ... ok
[INFO] [stdout] test task::when_any::tests::test_when_any_pending_then_ready ... ok
[INFO] [stdout] test task::when_any::tests::test_when_any_first_complete ... ok
[INFO] [stdout] test task::when_any::tests::test_when_any_second_complete ... ok
[INFO] [stdout] test worker::activity_executor::tests::test_activity_context_task_execution_id ... ok
[INFO] [stdout] test worker::activity_executor::tests::test_activity_failure ... ok
[INFO] [stdout] test worker::activity_executor::tests::test_activity_success ... ok
[INFO] [stdout] test worker::grpc_worker::tests::prune_finished_tasks_keeps_in_flight_tasks ... ok
[INFO] [stdout] test worker::options::tests::builder_chaining ... ok
[INFO] [stdout] test worker::grpc_worker::tests::prune_finished_tasks_drains_all_completed_tasks ... ok
[INFO] [stdout] test worker::options::tests::with_fast_reconnect ... ok
[INFO] [stdout] test worker::options::tests::with_max_concurrent_work_items ... ok
[INFO] [stdout] test worker::options::tests::with_max_event_names ... ok
[INFO] [stdout] test worker::options::tests::with_max_events_per_name ... ok
[INFO] [stdout] test worker::options::tests::with_max_json_payload_size ... ok
[INFO] [stdout] test worker::grpc_worker::tests::prune_finished_tasks_handles_panicked_tasks ... ok
[INFO] [stdout] test worker::options::tests::with_max_identifier_length ... ok
[INFO] [stdout] test internal::helpers::tests::test_validate_identifier_empty ... ok
[INFO] [stdout] test task::orchestration_context::tests::test_wait_for_external_event_buffered_still_emits_timer ... ok
[INFO] [stdout] test worker::options::tests::with_max_pending_tasks_per_name ... ok
[INFO] [stdout] test worker::orchestration_executor::tests::test_continue_as_new ... ok
[INFO] [stdout] test worker::orchestration_executor::tests::test_orchestrator_with_activity_replay ... ok
[INFO] [stdout] test worker::orchestration_executor::tests::test_suspended_orchestration_not_run ... ok
[INFO] [stdout] test worker::orchestration_executor::tests::test_terminated_orchestration_not_run ... ok
[INFO] [stdout] test worker::orchestration_executor::tests::test_orchestrator_task_failure ... ok
[INFO] [stdout] test worker::orchestration_executor::tests::test_external_event_delivery ... ok
[INFO] [stdout] test worker::reconnect_policy::tests::test_backoff_grows_to_max ... ok
[INFO] [stdout] test worker::reconnect_policy::tests::test_jitter_stays_within_bounds ... ok
[INFO] [stdout] test worker::reconnect_policy::tests::test_max_attempts_exhausted ... ok
[INFO] [stdout] test worker::orchestration_executor::tests::test_orchestrator_pending_activity ... ok
[INFO] [stdout] test worker::reconnect_policy::tests::test_multiplier_below_one_clamped ... ok
[INFO] [stdout] test worker::reconnect_policy::tests::test_reset_restarts_delay ... ok
[INFO] [stdout] test worker::registry::tests::test_invoke_activity ... ok
[INFO] [stdout] test worker::registry::tests::test_register_and_lookup_orchestrator ... ok
[INFO] [stdout] test worker::orchestration_executor::tests::test_simple_orchestrator_completes ... ok
[INFO] [stdout] test worker::registry::tests::test_versioned_exact_match ... ok
[INFO] [stdout] test worker::registry::tests::test_invoke_orchestrator ... ok
[INFO] [stdout] test worker::registry::tests::test_latest_is_fallback ... ok
[INFO] [stdout] test worker::registry::tests::test_register_and_lookup_activity ... ok
[INFO] [stdout] test worker::options::tests::worker_options_defaults ... ok
[INFO] [stdout] test worker::registry::tests::test_unversioned_fallback ... ok
[INFO] [stdout] test internal::serialization::tests::test_from_json_optional_rejects_oversized_payload ... ok
[INFO] [stdout] test internal::serialization::tests::test_from_json_rejects_oversized_payload ... ok
[INFO] [stdout] 
[INFO] [stdout] test result: ok. 165 passed; 0 failed; 0 ignored; 0 measured; 0 filtered out; finished in 0.18s
[INFO] [stdout] 
[INFO] [stdout] 
[INFO] [stderr]      Running tests/e2e.rs (/opt/rustwide/target/release/deps/e2e-9803d434b21d7c3f)
[INFO] [stdout] running 21 tests
[INFO] [stdout] test test_activity_sequence ... FAILED
[INFO] [stdout] test test_human_interaction_three_orchestrations ... FAILED
[INFO] [stdout] test test_external_event_with_timeout_expired ... FAILED
[INFO] [stdout] test test_single_orchestration_without_activity ... FAILED
[INFO] [stdout] test test_fan_out_fan_in ... FAILED
[INFO] [stdout] test test_single_timer ... FAILED
[INFO] [stdout] test test_sub_orchestration_fan_out ... FAILED
[INFO] [stdout] test test_external_event_with_timeout_approved ... FAILED
[INFO] [stdout] test test_empty_orchestration ... FAILED
[INFO] [stdout] test test_continue_as_new ... FAILED
[INFO] [stdout] test test_worker_connects_after_sidecar_starts_late ... ok
[INFO] [stdout] test test_sub_orchestration ... FAILED
[INFO] [stdout] test test_multiple_external_events ... FAILED
[INFO] [stdout] test test_worker_reconnects_after_sidecar_restart ... ok
[INFO] [stdout] test test_worker_shutdown_interrupts_reconnect_wait ... ok
[INFO] [stdout] test test_worker_stops_after_max_attempts ... ok
[INFO] [stdout] test test_suspend_resume ... FAILED
[INFO] [stdout] test test_terminate_orchestration ... FAILED
[INFO] [stdout] test test_worker_drains_in_flight_activity_on_shutdown ... FAILED
[INFO] [stdout] test test_worker_survives_multiple_sidecar_restarts ... ok
[INFO] [stdout] test test_purge_orchestration ... FAILED
[INFO] [stdout] 
[INFO] [stdout] failures:
[INFO] [stdout] 
[INFO] [stdout] ---- test_activity_sequence stdout ----
[INFO] [stdout] 
[INFO] [stdout] thread 'test_activity_sequence' (2355) panicked at tests/e2e.rs:173:5:
[INFO] [stdout] sidecar not available — run `nix develop` to build it, or set DURABLETASK_SIDECAR_BIN
[INFO] [stdout] stack backtrace:
[INFO] [stdout]    0:     0x578041962ad1 - <<std[70759c8f55707aa4]::sys::backtrace::BacktraceLock>::print::DisplayBacktrace as core[df12db4294e9bfd3]::fmt::Display>::fmt
[INFO] [stdout]    1:     0x57804197a5ca - core[df12db4294e9bfd3]::fmt::write
[INFO] [stdout]    2:     0x5780419679dc - <alloc[2182bb758b4b3781]::vec::Vec<u8> as core[df12db4294e9bfd3]::io::write::Write>::write_fmt
[INFO] [stdout]    3:     0x57804193d336 - std[70759c8f55707aa4]::panicking::default_hook::{closure#0}
[INFO] [stdout]    4:     0x57804195a059 - std[70759c8f55707aa4]::panicking::default_hook
[INFO] [stdout]    5:     0x578041742660 - test[9d35eded1c95d3be]::test_main_inner::<test[9d35eded1c95d3be]::test_main_static::{closure#0}>::{closure#0}
[INFO] [stdout]    6:     0x57804195a382 - std[70759c8f55707aa4]::panicking::panic_with_hook
[INFO] [stdout]    7:     0x57804193d3e2 - std[70759c8f55707aa4]::panicking::panic_handler::{closure#0}
[INFO] [stdout]    8:     0x578041936089 - std[70759c8f55707aa4]::sys::backtrace::__rust_end_short_backtrace::<std[70759c8f55707aa4]::panicking::panic_handler::{closure#0}, !>
[INFO] [stdout]    9:     0x57804193e1cd - __rustc[8fa7c3cbc660c2b3]::rust_begin_unwind
[INFO] [stdout]   10:     0x57804197ad2c - core[df12db4294e9bfd3]::panicking::panic_fmt
[INFO] [stdout]   11:     0x57804197aa84 - core[df12db4294e9bfd3]::option::expect_failed
[INFO] [stdout]   12:     0x57804164864e - e2e[1fd6c5e6439f4b5e]::test_activity_sequence::{closure#0}
[INFO] [stdout]   13:     0x5780416fe343 - <tokio[350c8fe4df9daacb]::runtime::scheduler::current_thread::Context>::enter::<core[df12db4294e9bfd3]::task::poll::Poll<()>, <tokio[350c8fe4df9daacb]::runtime::scheduler::current_thread::CoreGuard>::block_on<core[df12db4294e9bfd3]::pin::Pin<&mut core[df12db4294e9bfd3]::pin::Pin<&mut dyn core[df12db4294e9bfd3]::future::future::Future<Output = ()>>>>::{closure#0}::{closure#0}>
[INFO] [stdout]   14:     0x57804172ab2c - <tokio[350c8fe4df9daacb]::runtime::context::scoped::Scoped<tokio[350c8fe4df9daacb]::runtime::scheduler::Context>>::set::<<tokio[350c8fe4df9daacb]::runtime::scheduler::current_thread::CoreGuard>::enter<<tokio[350c8fe4df9daacb]::runtime::scheduler::current_thread::CoreGuard>::block_on<core[df12db4294e9bfd3]::pin::Pin<&mut core[df12db4294e9bfd3]::pin::Pin<&mut dyn core[df12db4294e9bfd3]::future::future::Future<Output = ()>>>>::{closure#0}, core[df12db4294e9bfd3]::option::Option<()>>::{closure#0}, (alloc[2182bb758b4b3781]::boxed::Box<tokio[350c8fe4df9daacb]::runtime::scheduler::current_thread::Core>, core[df12db4294e9bfd3]::option::Option<()>)>
[INFO] [stdout]   15:     0x5780416fee97 - <tokio[350c8fe4df9daacb]::runtime::scheduler::current_thread::CoreGuard>::block_on::<core[df12db4294e9bfd3]::pin::Pin<&mut core[df12db4294e9bfd3]::pin::Pin<&mut dyn core[df12db4294e9bfd3]::future::future::Future<Output = ()>>>>
[INFO] [stdout]   16:     0x5780416f9c2d - tokio[350c8fe4df9daacb]::runtime::context::runtime::enter_runtime::<<tokio[350c8fe4df9daacb]::runtime::scheduler::current_thread::CurrentThread>::block_on<core[df12db4294e9bfd3]::pin::Pin<&mut dyn core[df12db4294e9bfd3]::future::future::Future<Output = ()>>>::{closure#0}, ()>
[INFO] [stdout]   17:     0x57804170a265 - <tokio[350c8fe4df9daacb]::runtime::runtime::Runtime>::block_on::<core[df12db4294e9bfd3]::pin::Pin<&mut dyn core[df12db4294e9bfd3]::future::future::Future<Output = ()>>>
[INFO] [stdout]   18:     0x578041666eee - <e2e[1fd6c5e6439f4b5e]::test_activity_sequence::{closure#0} as core[df12db4294e9bfd3]::ops::function::FnOnce<()>>::call_once
[INFO] [stdout]   19:     0x57804173594b - test[9d35eded1c95d3be]::__rust_begin_short_backtrace::<core[df12db4294e9bfd3]::result::Result<(), alloc[2182bb758b4b3781]::string::String>, fn() -> core[df12db4294e9bfd3]::result::Result<(), alloc[2182bb758b4b3781]::string::String>>
[INFO] [stdout]   20:     0x578041742fb5 - test[9d35eded1c95d3be]::run_test::{closure#0}
[INFO] [stdout]   21:     0x57804173c874 - std[70759c8f55707aa4]::sys::backtrace::__rust_begin_short_backtrace::<test[9d35eded1c95d3be]::run_test::{closure#1}, ()>
[INFO] [stdout]   22:     0x578041746112 - <std[70759c8f55707aa4]::thread::lifecycle::spawn_unchecked<test[9d35eded1c95d3be]::run_test::{closure#1}, ()>::{closure#1} as core[df12db4294e9bfd3]::ops::function::FnOnce<()>>::call_once::{shim:vtable#0}
[INFO] [stdout]   23:     0x578041961bf9 - <std[70759c8f55707aa4]::sys::thread::unix::Thread>::new::thread_start
[INFO] [stdout]   24:     0x7143f4bf4dfa - <unknown>
[INFO] [stdout]   25:     0x7143f4c883d4 - clone
[INFO] [stdout]   26:                0x0 - <unknown>
[INFO] [stdout] 
[INFO] [stdout] ---- test_human_interaction_three_orchestrations stdout ----
[INFO] [stdout] 
[INFO] [stdout] thread 'test_human_interaction_three_orchestrations' (2361) panicked at tests/e2e.rs:748:5:
[INFO] [stdout] sidecar not available — run `nix develop` to build it, or set DURABLETASK_SIDECAR_BIN
[INFO] [stdout] stack backtrace:
[INFO] [stdout]    0:     0x578041962ad1 - <<std[70759c8f55707aa4]::sys::backtrace::BacktraceLock>::print::DisplayBacktrace as core[df12db4294e9bfd3]::fmt::Display>::fmt
[INFO] [stdout]    1:     0x57804197a5ca - core[df12db4294e9bfd3]::fmt::write
[INFO] [stdout]    2:     0x5780419679dc - <alloc[2182bb758b4b3781]::vec::Vec<u8> as core[df12db4294e9bfd3]::io::write::Write>::write_fmt
[INFO] [stdout]    3:     0x57804193d336 - std[70759c8f55707aa4]::panicking::default_hook::{closure#0}
[INFO] [stdout]    4:     0x57804195a059 - std[70759c8f55707aa4]::panicking::default_hook
[INFO] [stdout]    5:     0x578041742660 - test[9d35eded1c95d3be]::test_main_inner::<test[9d35eded1c95d3be]::test_main_static::{closure#0}>::{closure#0}
[INFO] [stdout]    6:     0x57804195a382 - std[70759c8f55707aa4]::panicking::panic_with_hook
[INFO] [stdout]    7:     0x57804193d3e2 - std[70759c8f55707aa4]::panicking::panic_handler::{closure#0}
[INFO] [stdout]    8:     0x578041936089 - std[70759c8f55707aa4]::sys::backtrace::__rust_end_short_backtrace::<std[70759c8f55707aa4]::panicking::panic_handler::{closure#0}, !>
[INFO] [stdout]    9:     0x57804193e1cd - __rustc[8fa7c3cbc660c2b3]::rust_begin_unwind
[INFO] [stdout]   10:     0x57804197ad2c - core[df12db4294e9bfd3]::panicking::panic_fmt
[INFO] [stdout]   11:     0x57804197aa84 - core[df12db4294e9bfd3]::option::expect_failed
[INFO] [stdout]   12:     0x578041654611 - e2e[1fd6c5e6439f4b5e]::test_human_interaction_three_orchestrations::{closure#0}
[INFO] [stdout]   13:     0x5780416fe343 - <tokio[350c8fe4df9daacb]::runtime::scheduler::current_thread::Context>::enter::<core[df12db4294e9bfd3]::task::poll::Poll<()>, <tokio[350c8fe4df9daacb]::runtime::scheduler::current_thread::CoreGuard>::block_on<core[df12db4294e9bfd3]::pin::Pin<&mut core[df12db4294e9bfd3]::pin::Pin<&mut dyn core[df12db4294e9bfd3]::future::future::Future<Output = ()>>>>::{closure#0}::{closure#0}>
[INFO] [stdout]   14:     0x57804172ab2c - <tokio[350c8fe4df9daacb]::runtime::context::scoped::Scoped<tokio[350c8fe4df9daacb]::runtime::scheduler::Context>>::set::<<tokio[350c8fe4df9daacb]::runtime::scheduler::current_thread::CoreGuard>::enter<<tokio[350c8fe4df9daacb]::runtime::scheduler::current_thread::CoreGuard>::block_on<core[df12db4294e9bfd3]::pin::Pin<&mut core[df12db4294e9bfd3]::pin::Pin<&mut dyn core[df12db4294e9bfd3]::future::future::Future<Output = ()>>>>::{closure#0}, core[df12db4294e9bfd3]::option::Option<()>>::{closure#0}, (alloc[2182bb758b4b3781]::boxed::Box<tokio[350c8fe4df9daacb]::runtime::scheduler::current_thread::Core>, core[df12db4294e9bfd3]::option::Option<()>)>
[INFO] [stdout]   15:     0x5780416fee97 - <tokio[350c8fe4df9daacb]::runtime::scheduler::current_thread::CoreGuard>::block_on::<core[df12db4294e9bfd3]::pin::Pin<&mut core[df12db4294e9bfd3]::pin::Pin<&mut dyn core[df12db4294e9bfd3]::future::future::Future<Output = ()>>>>
[INFO] [stdout]   16:     0x5780416f9c2d - tokio[350c8fe4df9daacb]::runtime::context::runtime::enter_runtime::<<tokio[350c8fe4df9daacb]::runtime::scheduler::current_thread::CurrentThread>::block_on<core[df12db4294e9bfd3]::pin::Pin<&mut dyn core[df12db4294e9bfd3]::future::future::Future<Output = ()>>>::{closure#0}, ()>
[INFO] [stdout]   17:     0x57804170a265 - <tokio[350c8fe4df9daacb]::runtime::runtime::Runtime>::block_on::<core[df12db4294e9bfd3]::pin::Pin<&mut dyn core[df12db4294e9bfd3]::future::future::Future<Output = ()>>>
[INFO] [stdout]   18:     0x578041667e0e - <e2e[1fd6c5e6439f4b5e]::test_human_interaction_three_orchestrations::{closure#0} as core[df12db4294e9bfd3]::ops::function::FnOnce<()>>::call_once
[INFO] [stdout]   19:     0x57804173594b - test[9d35eded1c95d3be]::__rust_begin_short_backtrace::<core[df12db4294e9bfd3]::result::Result<(), alloc[2182bb758b4b3781]::string::String>, fn() -> core[df12db4294e9bfd3]::result::Result<(), alloc[2182bb758b4b3781]::string::String>>
[INFO] [stdout]   20:     0x578041742fb5 - test[9d35eded1c95d3be]::run_test::{closure#0}
[INFO] [stdout]   21:     0x57804173c874 - std[70759c8f55707aa4]::sys::backtrace::__rust_begin_short_backtrace::<test[9d35eded1c95d3be]::run_test::{closure#1}, ()>
[INFO] [stdout]   22:     0x578041746112 - <std[70759c8f55707aa4]::thread::lifecycle::spawn_unchecked<test[9d35eded1c95d3be]::run_test::{closure#1}, ()>::{closure#1} as core[df12db4294e9bfd3]::ops::function::FnOnce<()>>::call_once::{shim:vtable#0}
[INFO] [stdout]   23:     0x578041961bf9 - <std[70759c8f55707aa4]::sys::thread::unix::Thread>::new::thread_start
[INFO] [stdout]   24:     0x7143f4bf4dfa - <unknown>
[INFO] [stdout]   25:     0x7143f4c883d4 - clone
[INFO] [stdout]   26:                0x0 - <unknown>
[INFO] [stdout] 
[INFO] [stdout] ---- test_external_event_with_timeout_expired stdout ----
[INFO] [stdout] 
[INFO] [stdout] thread 'test_external_event_with_timeout_expired' (2359) panicked at tests/e2e.rs:509:5:
[INFO] [stdout] sidecar not available — run `nix develop` to build it, or set DURABLETASK_SIDECAR_BIN
[INFO] [stdout] stack backtrace:
[INFO] [stdout]    0:     0x578041962ad1 - <<std[70759c8f55707aa4]::sys::backtrace::BacktraceLock>::print::DisplayBacktrace as core[df12db4294e9bfd3]::fmt::Display>::fmt
[INFO] [stdout]    1:     0x57804197a5ca - core[df12db4294e9bfd3]::fmt::write
[INFO] [stdout]    2:     0x5780419679dc - <alloc[2182bb758b4b3781]::vec::Vec<u8> as core[df12db4294e9bfd3]::io::write::Write>::write_fmt
[INFO] [stdout]    3:     0x57804193d336 - std[70759c8f55707aa4]::panicking::default_hook::{closure#0}
[INFO] [stdout]    4:     0x57804195a059 - std[70759c8f55707aa4]::panicking::default_hook
[INFO] [stdout]    5:     0x578041742660 - test[9d35eded1c95d3be]::test_main_inner::<test[9d35eded1c95d3be]::test_main_static::{closure#0}>::{closure#0}
[INFO] [stdout]    6:     0x57804195a382 - std[70759c8f55707aa4]::panicking::panic_with_hook
[INFO] [stdout]    7:     0x57804193d3e2 - std[70759c8f55707aa4]::panicking::panic_handler::{closure#0}
[INFO] [stdout]    8:     0x578041936089 - std[70759c8f55707aa4]::sys::backtrace::__rust_end_short_backtrace::<std[70759c8f55707aa4]::panicking::panic_handler::{closure#0}, !>
[INFO] [stdout]    9:     0x57804193e1cd - __rustc[8fa7c3cbc660c2b3]::rust_begin_unwind
[INFO] [stdout]   10:     0x57804197ad2c - core[df12db4294e9bfd3]::panicking::panic_fmt
[INFO] [stdout]   11:     0x57804197aa84 - core[df12db4294e9bfd3]::option::expect_failed
[INFO] [stdout]   12:     0x57804165274e - e2e[1fd6c5e6439f4b5e]::test_external_event_with_timeout_expired::{closure#0}
[INFO] [stdout]   13:     0x5780416fe343 - <tokio[350c8fe4df9daacb]::runtime::scheduler::current_thread::Context>::enter::<core[df12db4294e9bfd3]::task::poll::Poll<()>, <tokio[350c8fe4df9daacb]::runtime::scheduler::current_thread::CoreGuard>::block_on<core[df12db4294e9bfd3]::pin::Pin<&mut core[df12db4294e9bfd3]::pin::Pin<&mut dyn core[df12db4294e9bfd3]::future::future::Future<Output = ()>>>>::{closure#0}::{closure#0}>
[INFO] [stdout]   14:     0x57804172ab2c - <tokio[350c8fe4df9daacb]::runtime::context::scoped::Scoped<tokio[350c8fe4df9daacb]::runtime::scheduler::Context>>::set::<<tokio[350c8fe4df9daacb]::runtime::scheduler::current_thread::CoreGuard>::enter<<tokio[350c8fe4df9daacb]::runtime::scheduler::current_thread::CoreGuard>::block_on<core[df12db4294e9bfd3]::pin::Pin<&mut core[df12db4294e9bfd3]::pin::Pin<&mut dyn core[df12db4294e9bfd3]::future::future::Future<Output = ()>>>>::{closure#0}, core[df12db4294e9bfd3]::option::Option<()>>::{closure#0}, (alloc[2182bb758b4b3781]::boxed::Box<tokio[350c8fe4df9daacb]::runtime::scheduler::current_thread::Core>, core[df12db4294e9bfd3]::option::Option<()>)>
[INFO] [stdout]   15:     0x5780416fee97 - <tokio[350c8fe4df9daacb]::runtime::scheduler::current_thread::CoreGuard>::block_on::<core[df12db4294e9bfd3]::pin::Pin<&mut core[df12db4294e9bfd3]::pin::Pin<&mut dyn core[df12db4294e9bfd3]::future::future::Future<Output = ()>>>>
[INFO] [stdout]   16:     0x5780416f9c2d - tokio[350c8fe4df9daacb]::runtime::context::runtime::enter_runtime::<<tokio[350c8fe4df9daacb]::runtime::scheduler::current_thread::CurrentThread>::block_on<core[df12db4294e9bfd3]::pin::Pin<&mut dyn core[df12db4294e9bfd3]::future::future::Future<Output = ()>>>::{closure#0}, ()>
[INFO] [stdout]   17:     0x57804170a265 - <tokio[350c8fe4df9daacb]::runtime::runtime::Runtime>::block_on::<core[df12db4294e9bfd3]::pin::Pin<&mut dyn core[df12db4294e9bfd3]::future::future::Future<Output = ()>>>
[INFO] [stdout]   18:     0x5780416679ee - <e2e[1fd6c5e6439f4b5e]::test_external_event_with_timeout_expired::{closure#0} as core[df12db4294e9bfd3]::ops::function::FnOnce<()>>::call_once
[INFO] [stdout]   19:     0x57804173594b - test[9d35eded1c95d3be]::__rust_begin_short_backtrace::<core[df12db4294e9bfd3]::result::Result<(), alloc[2182bb758b4b3781]::string::String>, fn() -> core[df12db4294e9bfd3]::result::Result<(), alloc[2182bb758b4b3781]::string::String>>
[INFO] [stdout]   20:     0x578041742fb5 - test[9d35eded1c95d3be]::run_test::{closure#0}
[INFO] [stdout]   21:     0x57804173c874 - std[70759c8f55707aa4]::sys::backtrace::__rust_begin_short_backtrace::<test[9d35eded1c95d3be]::run_test::{closure#1}, ()>
[INFO] [stdout]   22:     0x578041746112 - <std[70759c8f55707aa4]::thread::lifecycle::spawn_unchecked<test[9d35eded1c95d3be]::run_test::{closure#1}, ()>::{closure#1} as core[df12db4294e9bfd3]::ops::function::FnOnce<()>>::call_once::{shim:vtable#0}
[INFO] [stdout]   23:     0x578041961bf9 - <std[70759c8f55707aa4]::sys::thread::unix::Thread>::new::thread_start
[INFO] [stdout]   24:     0x7143f4bf4dfa - <unknown>
[INFO] [stdout]   25:     0x7143f4c883d4 - clone
[INFO] [stdout]   26:                0x0 - <unknown>
[INFO] [stdout] 
[INFO] [stdout] ---- test_single_orchestration_without_activity stdout ----
[INFO] [stdout] 
[INFO] [stdout] thread 'test_single_orchestration_without_activity' (2364) panicked at tests/e2e.rs:134:5:
[INFO] [stdout] sidecar not available — run `nix develop` to build it, or set DURABLETASK_SIDECAR_BIN
[INFO] [stdout] stack backtrace:
[INFO] [stdout]    0:     0x578041962ad1 - <<std[70759c8f55707aa4]::sys::backtrace::BacktraceLock>::print::DisplayBacktrace as core[df12db4294e9bfd3]::fmt::Display>::fmt
[INFO] [stdout]    1:     0x57804197a5ca - core[df12db4294e9bfd3]::fmt::write
[INFO] [stdout]    2:     0x5780419679dc - <alloc[2182bb758b4b3781]::vec::Vec<u8> as core[df12db4294e9bfd3]::io::write::Write>::write_fmt
[INFO] [stdout]    3:     0x57804193d336 - std[70759c8f55707aa4]::panicking::default_hook::{closure#0}
[INFO] [stdout]    4:     0x57804195a059 - std[70759c8f55707aa4]::panicking::default_hook
[INFO] [stdout]    5:     0x578041742660 - test[9d35eded1c95d3be]::test_main_inner::<test[9d35eded1c95d3be]::test_main_static::{closure#0}>::{closure#0}
[INFO] [stdout]    6:     0x57804195a382 - std[70759c8f55707aa4]::panicking::panic_with_hook
[INFO] [stdout]    7:     0x57804193d3e2 - std[70759c8f55707aa4]::panicking::panic_handler::{closure#0}
[INFO] [stdout]    8:     0x578041936089 - std[70759c8f55707aa4]::sys::backtrace::__rust_end_short_backtrace::<std[70759c8f55707aa4]::panicking::panic_handler::{closure#0}, !>
[INFO] [stdout]    9:     0x57804193e1cd - __rustc[8fa7c3cbc660c2b3]::rust_begin_unwind
[INFO] [stdout]   10:     0x57804197ad2c - core[df12db4294e9bfd3]::panicking::panic_fmt
[INFO] [stdout]   11:     0x57804197aa84 - core[df12db4294e9bfd3]::option::expect_failed
[INFO] [stdout]   12:     0x578041653dee - e2e[1fd6c5e6439f4b5e]::test_single_orchestration_without_activity::{closure#0}
[INFO] [stdout]   13:     0x5780416fe343 - <tokio[350c8fe4df9daacb]::runtime::scheduler::current_thread::Context>::enter::<core[df12db4294e9bfd3]::task::poll::Poll<()>, <tokio[350c8fe4df9daacb]::runtime::scheduler::current_thread::CoreGuard>::block_on<core[df12db4294e9bfd3]::pin::Pin<&mut core[df12db4294e9bfd3]::pin::Pin<&mut dyn core[df12db4294e9bfd3]::future::future::Future<Output = ()>>>>::{closure#0}::{closure#0}>
[INFO] [stdout]   14:     0x57804172ab2c - <tokio[350c8fe4df9daacb]::runtime::context::scoped::Scoped<tokio[350c8fe4df9daacb]::runtime::scheduler::Context>>::set::<<tokio[350c8fe4df9daacb]::runtime::scheduler::current_thread::CoreGuard>::enter<<tokio[350c8fe4df9daacb]::runtime::scheduler::current_thread::CoreGuard>::block_on<core[df12db4294e9bfd3]::pin::Pin<&mut core[df12db4294e9bfd3]::pin::Pin<&mut dyn core[df12db4294e9bfd3]::future::future::Future<Output = ()>>>>::{closure#0}, core[df12db4294e9bfd3]::option::Option<()>>::{closure#0}, (alloc[2182bb758b4b3781]::boxed::Box<tokio[350c8fe4df9daacb]::runtime::scheduler::current_thread::Core>, core[df12db4294e9bfd3]::option::Option<()>)>
[INFO] [stdout]   15:     0x5780416fee97 - <tokio[350c8fe4df9daacb]::runtime::scheduler::current_thread::CoreGuard>::block_on::<core[df12db4294e9bfd3]::pin::Pin<&mut core[df12db4294e9bfd3]::pin::Pin<&mut dyn core[df12db4294e9bfd3]::future::future::Future<Output = ()>>>>
[INFO] [stdout]   16:     0x5780416f9c2d - tokio[350c8fe4df9daacb]::runtime::context::runtime::enter_runtime::<<tokio[350c8fe4df9daacb]::runtime::scheduler::current_thread::CurrentThread>::block_on<core[df12db4294e9bfd3]::pin::Pin<&mut dyn core[df12db4294e9bfd3]::future::future::Future<Output = ()>>>::{closure#0}, ()>
[INFO] [stdout]   17:     0x57804170a265 - <tokio[350c8fe4df9daacb]::runtime::runtime::Runtime>::block_on::<core[df12db4294e9bfd3]::pin::Pin<&mut dyn core[df12db4294e9bfd3]::future::future::Future<Output = ()>>>
[INFO] [stdout]   18:     0x578041667cae - <e2e[1fd6c5e6439f4b5e]::test_single_orchestration_without_activity::{closure#0} as core[df12db4294e9bfd3]::ops::function::FnOnce<()>>::call_once
[INFO] [stdout]   19:     0x57804173594b - test[9d35eded1c95d3be]::__rust_begin_short_backtrace::<core[df12db4294e9bfd3]::result::Result<(), alloc[2182bb758b4b3781]::string::String>, fn() -> core[df12db4294e9bfd3]::result::Result<(), alloc[2182bb758b4b3781]::string::String>>
[INFO] [stdout]   20:     0x578041742fb5 - test[9d35eded1c95d3be]::run_test::{closure#0}
[INFO] [stdout]   21:     0x57804173c874 - std[70759c8f55707aa4]::sys::backtrace::__rust_begin_short_backtrace::<test[9d35eded1c95d3be]::run_test::{closure#1}, ()>
[INFO] [stdout]   22:     0x578041746112 - <std[70759c8f55707aa4]::thread::lifecycle::spawn_unchecked<test[9d35eded1c95d3be]::run_test::{closure#1}, ()>::{closure#1} as core[df12db4294e9bfd3]::ops::function::FnOnce<()>>::call_once::{shim:vtable#0}
[INFO] [stdout]   23:     0x578041961bf9 - <std[70759c8f55707aa4]::sys::thread::unix::Thread>::new::thread_start
[INFO] [stdout]   24:     0x7143f4bf4dfa - <unknown>
[INFO] [stdout]   25:     0x7143f4c883d4 - clone
[INFO] [stdout]   26:                0x0 - <unknown>
[INFO] [stdout] 
[INFO] [stdout] ---- test_fan_out_fan_in stdout ----
[INFO] [stdout] 
[INFO] [stdout] thread 'test_fan_out_fan_in' (2360) panicked at tests/e2e.rs:233:5:
[INFO] [stdout] sidecar not available — run `nix develop` to build it, or set DURABLETASK_SIDECAR_BIN
[INFO] [stdout] stack backtrace:
[INFO] [stdout]    0:     0x578041962ad1 - <<std[70759c8f55707aa4]::sys::backtrace::BacktraceLock>::print::DisplayBacktrace as core[df12db4294e9bfd3]::fmt::Display>::fmt
[INFO] [stdout]    1:     0x57804197a5ca - core[df12db4294e9bfd3]::fmt::write
[INFO] [stdout]    2:     0x5780419679dc - <alloc[2182bb758b4b3781]::vec::Vec<u8> as core[df12db4294e9bfd3]::io::write::Write>::write_fmt
[INFO] [stdout]    3:     0x57804193d336 - std[70759c8f55707aa4]::panicking::default_hook::{closure#0}
[INFO] [stdout]    4:     0x57804195a059 - std[70759c8f55707aa4]::panicking::default_hook
[INFO] [stdout]    5:     0x578041742660 - test[9d35eded1c95d3be]::test_main_inner::<test[9d35eded1c95d3be]::test_main_static::{closure#0}>::{closure#0}
[INFO] [stdout]    6:     0x57804195a382 - std[70759c8f55707aa4]::panicking::panic_with_hook
[INFO] [stdout]    7:     0x57804193d3e2 - std[70759c8f55707aa4]::panicking::panic_handler::{closure#0}
[INFO] [stdout]    8:     0x578041936089 - std[70759c8f55707aa4]::sys::backtrace::__rust_end_short_backtrace::<std[70759c8f55707aa4]::panicking::panic_handler::{closure#0}, !>
[INFO] [stdout]    9:     0x57804193e1cd - __rustc[8fa7c3cbc660c2b3]::rust_begin_unwind
[INFO] [stdout]   10:     0x57804197ad2c - core[df12db4294e9bfd3]::panicking::panic_fmt
[INFO] [stdout]   11:     0x57804197aa84 - core[df12db4294e9bfd3]::option::expect_failed
[INFO] [stdout]   12:     0x578041641bd0 - e2e[1fd6c5e6439f4b5e]::test_fan_out_fan_in::{closure#0}
[INFO] [stdout]   13:     0x5780416fe343 - <tokio[350c8fe4df9daacb]::runtime::scheduler::current_thread::Context>::enter::<core[df12db4294e9bfd3]::task::poll::Poll<()>, <tokio[350c8fe4df9daacb]::runtime::scheduler::current_thread::CoreGuard>::block_on<core[df12db4294e9bfd3]::pin::Pin<&mut core[df12db4294e9bfd3]::pin::Pin<&mut dyn core[df12db4294e9bfd3]::future::future::Future<Output = ()>>>>::{closure#0}::{closure#0}>
[INFO] [stdout]   14:     0x57804172ab2c - <tokio[350c8fe4df9daacb]::runtime::context::scoped::Scoped<tokio[350c8fe4df9daacb]::runtime::scheduler::Context>>::set::<<tokio[350c8fe4df9daacb]::runtime::scheduler::current_thread::CoreGuard>::enter<<tokio[350c8fe4df9daacb]::runtime::scheduler::current_thread::CoreGuard>::block_on<core[df12db4294e9bfd3]::pin::Pin<&mut core[df12db4294e9bfd3]::pin::Pin<&mut dyn core[df12db4294e9bfd3]::future::future::Future<Output = ()>>>>::{closure#0}, core[df12db4294e9bfd3]::option::Option<()>>::{closure#0}, (alloc[2182bb758b4b3781]::boxed::Box<tokio[350c8fe4df9daacb]::runtime::scheduler::current_thread::Core>, core[df12db4294e9bfd3]::option::Option<()>)>
[INFO] [stdout]   15:     0x5780416fee97 - <tokio[350c8fe4df9daacb]::runtime::scheduler::current_thread::CoreGuard>::block_on::<core[df12db4294e9bfd3]::pin::Pin<&mut core[df12db4294e9bfd3]::pin::Pin<&mut dyn core[df12db4294e9bfd3]::future::future::Future<Output = ()>>>>
[INFO] [stdout]   16:     0x5780416f9c2d - tokio[350c8fe4df9daacb]::runtime::context::runtime::enter_runtime::<<tokio[350c8fe4df9daacb]::runtime::scheduler::current_thread::CurrentThread>::block_on<core[df12db4294e9bfd3]::pin::Pin<&mut dyn core[df12db4294e9bfd3]::future::future::Future<Output = ()>>>::{closure#0}, ()>
[INFO] [stdout]   17:     0x57804170a265 - <tokio[350c8fe4df9daacb]::runtime::runtime::Runtime>::block_on::<core[df12db4294e9bfd3]::pin::Pin<&mut dyn core[df12db4294e9bfd3]::future::future::Future<Output = ()>>>
[INFO] [stdout]   18:     0x578041666ace - <e2e[1fd6c5e6439f4b5e]::test_fan_out_fan_in::{closure#0} as core[df12db4294e9bfd3]::ops::function::FnOnce<()>>::call_once
[INFO] [stdout]   19:     0x57804173594b - test[9d35eded1c95d3be]::__rust_begin_short_backtrace::<core[df12db4294e9bfd3]::result::Result<(), alloc[2182bb758b4b3781]::string::String>, fn() -> core[df12db4294e9bfd3]::result::Result<(), alloc[2182bb758b4b3781]::string::String>>
[INFO] [stdout]   20:     0x578041742fb5 - test[9d35eded1c95d3be]::run_test::{closure#0}
[INFO] [stdout]   21:     0x57804173c874 - std[70759c8f55707aa4]::sys::backtrace::__rust_begin_short_backtrace::<test[9d35eded1c95d3be]::run_test::{closure#1}, ()>
[INFO] [stdout]   22:     0x578041746112 - <std[70759c8f55707aa4]::thread::lifecycle::spawn_unchecked<test[9d35eded1c95d3be]::run_test::{closure#1}, ()>::{closure#1} as core[df12db4294e9bfd3]::ops::function::FnOnce<()>>::call_once::{shim:vtable#0}
[INFO] [stdout]   23:     0x578041961bf9 - <std[70759c8f55707aa4]::sys::thread::unix::Thread>::new::thread_start
[INFO] [stdout]   24:     0x7143f4bf4dfa - <unknown>
[INFO] [stdout]   25:     0x7143f4c883d4 - clone
[INFO] [stdout]   26:                0x0 - <unknown>
[INFO] [stdout] 
[INFO] [stdout] ---- test_single_timer stdout ----
[INFO] [stdout] 
[INFO] [stdout] thread 'test_single_timer' (2365) panicked at tests/e2e.rs:427:5:
[INFO] [stdout] sidecar not available — run `nix develop` to build it, or set DURABLETASK_SIDECAR_BIN
[INFO] [stdout] stack backtrace:
[INFO] [stdout]    0:     0x578041962ad1 - <<std[70759c8f55707aa4]::sys::backtrace::BacktraceLock>::print::DisplayBacktrace as core[df12db4294e9bfd3]::fmt::Display>::fmt
[INFO] [stdout]    1:     0x57804197a5ca - core[df12db4294e9bfd3]::fmt::write
[INFO] [stdout]    2:     0x5780419679dc - <alloc[2182bb758b4b3781]::vec::Vec<u8> as core[df12db4294e9bfd3]::io::write::Write>::write_fmt
[INFO] [stdout]    3:     0x57804193d336 - std[70759c8f55707aa4]::panicking::default_hook::{closure#0}
[INFO] [stdout]    4:     0x57804195a059 - std[70759c8f55707aa4]::panicking::default_hook
[INFO] [stdout]    5:     0x578041742660 - test[9d35eded1c95d3be]::test_main_inner::<test[9d35eded1c95d3be]::test_main_static::{closure#0}>::{closure#0}
[INFO] [stdout]    6:     0x57804195a382 - std[70759c8f55707aa4]::panicking::panic_with_hook
[INFO] [stdout]    7:     0x57804193d3e2 - std[70759c8f55707aa4]::panicking::panic_handler::{closure#0}
[INFO] [stdout]    8:     0x578041936089 - std[70759c8f55707aa4]::sys::backtrace::__rust_end_short_backtrace::<std[70759c8f55707aa4]::panicking::panic_handler::{closure#0}, !>
[INFO] [stdout]    9:     0x57804193e1cd - __rustc[8fa7c3cbc660c2b3]::rust_begin_unwind
[INFO] [stdout]   10:     0x57804197ad2c - core[df12db4294e9bfd3]::panicking::panic_fmt
[INFO] [stdout]   11:     0x57804197aa84 - core[df12db4294e9bfd3]::option::expect_failed
[INFO] [stdout]   12:     0x57804164119b - e2e[1fd6c5e6439f4b5e]::test_single_timer::{closure#0}
[INFO] [stdout]   13:     0x5780416fe343 - <tokio[350c8fe4df9daacb]::runtime::scheduler::current_thread::Context>::enter::<core[df12db4294e9bfd3]::task::poll::Poll<()>, <tokio[350c8fe4df9daacb]::runtime::scheduler::current_thread::CoreGuard>::block_on<core[df12db4294e9bfd3]::pin::Pin<&mut core[df12db4294e9bfd3]::pin::Pin<&mut dyn core[df12db4294e9bfd3]::future::future::Future<Output = ()>>>>::{closure#0}::{closure#0}>
[INFO] [stdout]   14:     0x57804172ab2c - <tokio[350c8fe4df9daacb]::runtime::context::scoped::Scoped<tokio[350c8fe4df9daacb]::runtime::scheduler::Context>>::set::<<tokio[350c8fe4df9daacb]::runtime::scheduler::current_thread::CoreGuard>::enter<<tokio[350c8fe4df9daacb]::runtime::scheduler::current_thread::CoreGuard>::block_on<core[df12db4294e9bfd3]::pin::Pin<&mut core[df12db4294e9bfd3]::pin::Pin<&mut dyn core[df12db4294e9bfd3]::future::future::Future<Output = ()>>>>::{closure#0}, core[df12db4294e9bfd3]::option::Option<()>>::{closure#0}, (alloc[2182bb758b4b3781]::boxed::Box<tokio[350c8fe4df9daacb]::runtime::scheduler::current_thread::Core>, core[df12db4294e9bfd3]::option::Option<()>)>
[INFO] [stdout]   15:     0x5780416fee97 - <tokio[350c8fe4df9daacb]::runtime::scheduler::current_thread::CoreGuard>::block_on::<core[df12db4294e9bfd3]::pin::Pin<&mut core[df12db4294e9bfd3]::pin::Pin<&mut dyn core[df12db4294e9bfd3]::future::future::Future<Output = ()>>>>
[INFO] [stdout]   16:     0x5780416f9c2d - tokio[350c8fe4df9daacb]::runtime::context::runtime::enter_runtime::<<tokio[350c8fe4df9daacb]::runtime::scheduler::current_thread::CurrentThread>::block_on<core[df12db4294e9bfd3]::pin::Pin<&mut dyn core[df12db4294e9bfd3]::future::future::Future<Output = ()>>>::{closure#0}, ()>
[INFO] [stdout]   17:     0x57804170a265 - <tokio[350c8fe4df9daacb]::runtime::runtime::Runtime>::block_on::<core[df12db4294e9bfd3]::pin::Pin<&mut dyn core[df12db4294e9bfd3]::future::future::Future<Output = ()>>>
[INFO] [stdout]   18:     0x57804166696e - <e2e[1fd6c5e6439f4b5e]::test_single_timer::{closure#0} as core[df12db4294e9bfd3]::ops::function::FnOnce<()>>::call_once
[INFO] [stdout]   19:     0x57804173594b - test[9d35eded1c95d3be]::__rust_begin_short_backtrace::<core[df12db4294e9bfd3]::result::Result<(), alloc[2182bb758b4b3781]::string::String>, fn() -> core[df12db4294e9bfd3]::result::Result<(), alloc[2182bb758b4b3781]::string::String>>
[INFO] [stdout]   20:     0x578041742fb5 - test[9d35eded1c95d3be]::run_test::{closure#0}
[INFO] [stdout]   21:     0x57804173c874 - std[70759c8f55707aa4]::sys::backtrace::__rust_begin_short_backtrace::<test[9d35eded1c95d3be]::run_test::{closure#1}, ()>
[INFO] [stdout]   22:     0x578041746112 - <std[70759c8f55707aa4]::thread::lifecycle::spawn_unchecked<test[9d35eded1c95d3be]::run_test::{closure#1}, ()>::{closure#1} as core[df12db4294e9bfd3]::ops::function::FnOnce<()>>::call_once::{shim:vtable#0}
[INFO] [stdout]   23:     0x578041961bf9 - <std[70759c8f55707aa4]::sys::thread::unix::Thread>::new::thread_start
[INFO] [stdout]   24:     0x7143f4bf4dfa - <unknown>
[INFO] [stdout]   25:     0x7143f4c883d4 - clone
[INFO] [stdout]   26:                0x0 - <unknown>
[INFO] [stdout] 
[INFO] [stdout] ---- test_sub_orchestration_fan_out stdout ----
[INFO] [stdout] 
[INFO] [stdout] thread 'test_sub_orchestration_fan_out' (2367) panicked at tests/e2e.rs:317:5:
[INFO] [stdout] sidecar not available — run `nix develop` to build it, or set DURABLETASK_SIDECAR_BIN
[INFO] [stdout] stack backtrace:
[INFO] [stdout]    0:     0x578041962ad1 - <<std[70759c8f55707aa4]::sys::backtrace::BacktraceLock>::print::DisplayBacktrace as core[df12db4294e9bfd3]::fmt::Display>::fmt
[INFO] [stdout]    1:     0x57804197a5ca - core[df12db4294e9bfd3]::fmt::write
[INFO] [stdout]    2:     0x5780419679dc - <alloc[2182bb758b4b3781]::vec::Vec<u8> as core[df12db4294e9bfd3]::io::write::Write>::write_fmt
[INFO] [stdout]    3:     0x57804193d336 - std[70759c8f55707aa4]::panicking::default_hook::{closure#0}
[INFO] [stdout]    4:     0x57804195a059 - std[70759c8f55707aa4]::panicking::default_hook
[INFO] [stdout]    5:     0x578041742660 - test[9d35eded1c95d3be]::test_main_inner::<test[9d35eded1c95d3be]::test_main_static::{closure#0}>::{closure#0}
[INFO] [stdout]    6:     0x57804195a382 - std[70759c8f55707aa4]::panicking::panic_with_hook
[INFO] [stdout]    7:     0x57804193d3e2 - std[70759c8f55707aa4]::panicking::panic_handler::{closure#0}
[INFO] [stdout]    8:     0x578041936089 - std[70759c8f55707aa4]::sys::backtrace::__rust_end_short_backtrace::<std[70759c8f55707aa4]::panicking::panic_handler::{closure#0}, !>
[INFO] [stdout]    9:     0x57804193e1cd - __rustc[8fa7c3cbc660c2b3]::rust_begin_unwind
[INFO] [stdout]   10:     0x57804197ad2c - core[df12db4294e9bfd3]::panicking::panic_fmt
[INFO] [stdout]   11:     0x57804197aa84 - core[df12db4294e9bfd3]::option::expect_failed
[INFO] [stdout]   12:     0x57804165177d - e2e[1fd6c5e6439f4b5e]::test_sub_orchestration_fan_out::{closure#0}
[INFO] [stdout]   13:     0x5780416fe343 - <tokio[350c8fe4df9daacb]::runtime::scheduler::current_thread::Context>::enter::<core[df12db4294e9bfd3]::task::poll::Poll<()>, <tokio[350c8fe4df9daacb]::runtime::scheduler::current_thread::CoreGuard>::block_on<core[df12db4294e9bfd3]::pin::Pin<&mut core[df12db4294e9bfd3]::pin::Pin<&mut dyn core[df12db4294e9bfd3]::future::future::Future<Output = ()>>>>::{closure#0}::{closure#0}>
[INFO] [stdout]   14:     0x57804172ab2c - <tokio[350c8fe4df9daacb]::runtime::context::scoped::Scoped<tokio[350c8fe4df9daacb]::runtime::scheduler::Context>>::set::<<tokio[350c8fe4df9daacb]::runtime::scheduler::current_thread::CoreGuard>::enter<<tokio[350c8fe4df9daacb]::runtime::scheduler::current_thread::CoreGuard>::block_on<core[df12db4294e9bfd3]::pin::Pin<&mut core[df12db4294e9bfd3]::pin::Pin<&mut dyn core[df12db4294e9bfd3]::future::future::Future<Output = ()>>>>::{closure#0}, core[df12db4294e9bfd3]::option::Option<()>>::{closure#0}, (alloc[2182bb758b4b3781]::boxed::Box<tokio[350c8fe4df9daacb]::runtime::scheduler::current_thread::Core>, core[df12db4294e9bfd3]::option::Option<()>)>
[INFO] [stdout]   15:     0x5780416fee97 - <tokio[350c8fe4df9daacb]::runtime::scheduler::current_thread::CoreGuard>::block_on::<core[df12db4294e9bfd3]::pin::Pin<&mut core[df12db4294e9bfd3]::pin::Pin<&mut dyn core[df12db4294e9bfd3]::future::future::Future<Output = ()>>>>
[INFO] [stdout]   16:     0x5780416f9c2d - tokio[350c8fe4df9daacb]::runtime::context::runtime::enter_runtime::<<tokio[350c8fe4df9daacb]::runtime::scheduler::current_thread::CurrentThread>::block_on<core[df12db4294e9bfd3]::pin::Pin<&mut dyn core[df12db4294e9bfd3]::future::future::Future<Output = ()>>>::{closure#0}, ()>
[INFO] [stdout]   17:     0x57804170a265 - <tokio[350c8fe4df9daacb]::runtime::runtime::Runtime>::block_on::<core[df12db4294e9bfd3]::pin::Pin<&mut dyn core[df12db4294e9bfd3]::future::future::Future<Output = ()>>>
[INFO] [stdout]   18:     0x57804166772e - <e2e[1fd6c5e6439f4b5e]::test_sub_orchestration_fan_out::{closure#0} as core[df12db4294e9bfd3]::ops::function::FnOnce<()>>::call_once
[INFO] [stdout]   19:     0x57804173594b - test[9d35eded1c95d3be]::__rust_begin_short_backtrace::<core[df12db4294e9bfd3]::result::Result<(), alloc[2182bb758b4b3781]::string::String>, fn() -> core[df12db4294e9bfd3]::result::Result<(), alloc[2182bb758b4b3781]::string::String>>
[INFO] [stdout]   20:     0x578041742fb5 - test[9d35eded1c95d3be]::run_test::{closure#0}
[INFO] [stdout]   21:     0x57804173c874 - std[70759c8f55707aa4]::sys::backtrace::__rust_begin_short_backtrace::<test[9d35eded1c95d3be]::run_test::{closure#1}, ()>
[INFO] [stdout]   22:     0x578041746112 - <std[70759c8f55707aa4]::thread::lifecycle::spawn_unchecked<test[9d35eded1c95d3be]::run_test::{closure#1}, ()>::{closure#1} as core[df12db4294e9bfd3]::ops::function::FnOnce<()>>::call_once::{shim:vtable#0}
[INFO] [stdout]   23:     0x578041961bf9 - <std[70759c8f55707aa4]::sys::thread::unix::Thread>::new::thread_start
[INFO] [stdout]   24:     0x7143f4bf4dfa - <unknown>
[INFO] [stdout]   25:     0x7143f4c883d4 - clone
[INFO] [stdout]   26:                0x0 - <unknown>
[INFO] [stdout] 
[INFO] [stdout] ---- test_external_event_with_timeout_approved stdout ----
[INFO] [stdout] 
[INFO] [stdout] thread 'test_external_event_with_timeout_approved' (2358) panicked at tests/e2e.rs:467:5:
[INFO] [stdout] sidecar not available — run `nix develop` to build it, or set DURABLETASK_SIDECAR_BIN
[INFO] [stdout] stack backtrace:
[INFO] [stdout]    0:     0x578041962ad1 - <<std[70759c8f55707aa4]::sys::backtrace::BacktraceLock>::print::DisplayBacktrace as core[df12db4294e9bfd3]::fmt::Display>::fmt
[INFO] [stdout]    1:     0x57804197a5ca - core[df12db4294e9bfd3]::fmt::write
[INFO] [stdout]    2:     0x5780419679dc - <alloc[2182bb758b4b3781]::vec::Vec<u8> as core[df12db4294e9bfd3]::io::write::Write>::write_fmt
[INFO] [stdout]    3:     0x57804193d336 - std[70759c8f55707aa4]::panicking::default_hook::{closure#0}
[INFO] [stdout]    4:     0x57804195a059 - std[70759c8f55707aa4]::panicking::default_hook
[INFO] [stdout]    5:     0x578041742660 - test[9d35eded1c95d3be]::test_main_inner::<test[9d35eded1c95d3be]::test_main_static::{closure#0}>::{closure#0}
[INFO] [stdout]    6:     0x57804195a382 - std[70759c8f55707aa4]::panicking::panic_with_hook
[INFO] [stdout]    7:     0x57804193d3e2 - std[70759c8f55707aa4]::panicking::panic_handler::{closure#0}
[INFO] [stdout]    8:     0x578041936089 - std[70759c8f55707aa4]::sys::backtrace::__rust_end_short_backtrace::<std[70759c8f55707aa4]::panicking::panic_handler::{closure#0}, !>
[INFO] [stdout]    9:     0x57804193e1cd - __rustc[8fa7c3cbc660c2b3]::rust_begin_unwind
[INFO] [stdout]   10:     0x57804197ad2c - core[df12db4294e9bfd3]::panicking::panic_fmt
[INFO] [stdout]   11:     0x57804197aa84 - core[df12db4294e9bfd3]::option::expect_failed
[INFO] [stdout]   12:     0x578041653241 - e2e[1fd6c5e6439f4b5e]::test_external_event_with_timeout_approved::{closure#0}
[INFO] [stdout]   13:     0x5780416fe343 - <tokio[350c8fe4df9daacb]::runtime::scheduler::current_thread::Context>::enter::<core[df12db4294e9bfd3]::task::poll::Poll<()>, <tokio[350c8fe4df9daacb]::runtime::scheduler::current_thread::CoreGuard>::block_on<core[df12db4294e9bfd3]::pin::Pin<&mut core[df12db4294e9bfd3]::pin::Pin<&mut dyn core[df12db4294e9bfd3]::future::future::Future<Output = ()>>>>::{closure#0}::{closure#0}>
[INFO] [stdout]   14:     0x57804172ab2c - <tokio[350c8fe4df9daacb]::runtime::context::scoped::Scoped<tokio[350c8fe4df9daacb]::runtime::scheduler::Context>>::set::<<tokio[350c8fe4df9daacb]::runtime::scheduler::current_thread::CoreGuard>::enter<<tokio[350c8fe4df9daacb]::runtime::scheduler::current_thread::CoreGuard>::block_on<core[df12db4294e9bfd3]::pin::Pin<&mut core[df12db4294e9bfd3]::pin::Pin<&mut dyn core[df12db4294e9bfd3]::future::future::Future<Output = ()>>>>::{closure#0}, core[df12db4294e9bfd3]::option::Option<()>>::{closure#0}, (alloc[2182bb758b4b3781]::boxed::Box<tokio[350c8fe4df9daacb]::runtime::scheduler::current_thread::Core>, core[df12db4294e9bfd3]::option::Option<()>)>
[INFO] [stdout]   15:     0x5780416fee97 - <tokio[350c8fe4df9daacb]::runtime::scheduler::current_thread::CoreGuard>::block_on::<core[df12db4294e9bfd3]::pin::Pin<&mut core[df12db4294e9bfd3]::pin::Pin<&mut dyn core[df12db4294e9bfd3]::future::future::Future<Output = ()>>>>
[INFO] [stdout]   16:     0x5780416f9c2d - tokio[350c8fe4df9daacb]::runtime::context::runtime::enter_runtime::<<tokio[350c8fe4df9daacb]::runtime::scheduler::current_thread::CurrentThread>::block_on<core[df12db4294e9bfd3]::pin::Pin<&mut dyn core[df12db4294e9bfd3]::future::future::Future<Output = ()>>>::{closure#0}, ()>
[INFO] [stdout]   17:     0x57804170a265 - <tokio[350c8fe4df9daacb]::runtime::runtime::Runtime>::block_on::<core[df12db4294e9bfd3]::pin::Pin<&mut dyn core[df12db4294e9bfd3]::future::future::Future<Output = ()>>>
[INFO] [stdout]   18:     0x578041667b4e - <e2e[1fd6c5e6439f4b5e]::test_external_event_with_timeout_approved::{closure#0} as core[df12db4294e9bfd3]::ops::function::FnOnce<()>>::call_once
[INFO] [stdout]   19:     0x57804173594b - test[9d35eded1c95d3be]::__rust_begin_short_backtrace::<core[df12db4294e9bfd3]::result::Result<(), alloc[2182bb758b4b3781]::string::String>, fn() -> core[df12db4294e9bfd3]::result::Result<(), alloc[2182bb758b4b3781]::string::String>>
[INFO] [stdout]   20:     0x578041742fb5 - test[9d35eded1c95d3be]::run_test::{closure#0}
[INFO] [stdout]   21:     0x57804173c874 - std[70759c8f55707aa4]::sys::backtrace::__rust_begin_short_backtrace::<test[9d35eded1c95d3be]::run_test::{closure#1}, ()>
[INFO] [stdout]   22:     0x578041746112 - <std[70759c8f55707aa4]::thread::lifecycle::spawn_unchecked<test[9d35eded1c95d3be]::run_test::{closure#1}, ()>::{closure#1} as core[df12db4294e9bfd3]::ops::function::FnOnce<()>>::call_once::{shim:vtable#0}
[INFO] [stdout]   23:     0x578041961bf9 - <std[70759c8f55707aa4]::sys::thread::unix::Thread>::new::thread_start
[INFO] [stdout]   24:     0x7143f4bf4dfa - <unknown>
[INFO] [stdout]   25:     0x7143f4c883d4 - clone
[INFO] [stdout]   26:                0x0 - <unknown>
[INFO] [stdout] 
[INFO] [stdout] ---- test_empty_orchestration stdout ----
[INFO] [stdout] 
[INFO] [stdout] thread 'test_empty_orchestration' (2357) panicked at tests/e2e.rs:105:5:
[INFO] [stdout] sidecar not available — run `nix develop` to build it, or set DURABLETASK_SIDECAR_BIN
[INFO] [stdout] stack backtrace:
[INFO] [stdout]    0:     0x578041962ad1 - <<std[70759c8f55707aa4]::sys::backtrace::BacktraceLock>::print::DisplayBacktrace as core[df12db4294e9bfd3]::fmt::Display>::fmt
[INFO] [stdout]    1:     0x57804197a5ca - core[df12db4294e9bfd3]::fmt::write
[INFO] [stdout]    2:     0x5780419679dc - <alloc[2182bb758b4b3781]::vec::Vec<u8> as core[df12db4294e9bfd3]::io::write::Write>::write_fmt
[INFO] [stdout]    3:     0x57804193d336 - std[70759c8f55707aa4]::panicking::default_hook::{closure#0}
[INFO] [stdout]    4:     0x57804195a059 - std[70759c8f55707aa4]::panicking::default_hook
[INFO] [stdout]    5:     0x578041742660 - test[9d35eded1c95d3be]::test_main_inner::<test[9d35eded1c95d3be]::test_main_static::{closure#0}>::{closure#0}
[INFO] [stdout]    6:     0x57804195a382 - std[70759c8f55707aa4]::panicking::panic_with_hook
[INFO] [stdout]    7:     0x57804193d3e2 - std[70759c8f55707aa4]::panicking::panic_handler::{closure#0}
[INFO] [stdout]    8:     0x578041936089 - std[70759c8f55707aa4]::sys::backtrace::__rust_end_short_backtrace::<std[70759c8f55707aa4]::panicking::panic_handler::{closure#0}, !>
[INFO] [stdout]    9:     0x57804193e1cd - __rustc[8fa7c3cbc660c2b3]::rust_begin_unwind
[INFO] [stdout]   10:     0x57804197ad2c - core[df12db4294e9bfd3]::panicking::panic_fmt
[INFO] [stdout]   11:     0x57804197aa84 - core[df12db4294e9bfd3]::option::expect_failed
[INFO] [stdout]   12:     0x578041649b2d - e2e[1fd6c5e6439f4b5e]::test_empty_orchestration::{closure#0}
[INFO] [stdout]   13:     0x5780416fe343 - <tokio[350c8fe4df9daacb]::runtime::scheduler::current_thread::Context>::enter::<core[df12db4294e9bfd3]::task::poll::Poll<()>, <tokio[350c8fe4df9daacb]::runtime::scheduler::current_thread::CoreGuard>::block_on<core[df12db4294e9bfd3]::pin::Pin<&mut core[df12db4294e9bfd3]::pin::Pin<&mut dyn core[df12db4294e9bfd3]::future::future::Future<Output = ()>>>>::{closure#0}::{closure#0}>
[INFO] [stdout]   14:     0x57804172ab2c - <tokio[350c8fe4df9daacb]::runtime::context::scoped::Scoped<tokio[350c8fe4df9daacb]::runtime::scheduler::Context>>::set::<<tokio[350c8fe4df9daacb]::runtime::scheduler::current_thread::CoreGuard>::enter<<tokio[350c8fe4df9daacb]::runtime::scheduler::current_thread::CoreGuard>::block_on<core[df12db4294e9bfd3]::pin::Pin<&mut core[df12db4294e9bfd3]::pin::Pin<&mut dyn core[df12db4294e9bfd3]::future::future::Future<Output = ()>>>>::{closure#0}, core[df12db4294e9bfd3]::option::Option<()>>::{closure#0}, (alloc[2182bb758b4b3781]::boxed::Box<tokio[350c8fe4df9daacb]::runtime::scheduler::current_thread::Core>, core[df12db4294e9bfd3]::option::Option<()>)>
[INFO] [stdout]   15:     0x5780416fee97 - <tokio[350c8fe4df9daacb]::runtime::scheduler::current_thread::CoreGuard>::block_on::<core[df12db4294e9bfd3]::pin::Pin<&mut core[df12db4294e9bfd3]::pin::Pin<&mut dyn core[df12db4294e9bfd3]::future::future::Future<Output = ()>>>>
[INFO] [stdout]   16:     0x5780416f9c2d - tokio[350c8fe4df9daacb]::runtime::context::runtime::enter_runtime::<<tokio[350c8fe4df9daacb]::runtime::scheduler::current_thread::CurrentThread>::block_on<core[df12db4294e9bfd3]::pin::Pin<&mut dyn core[df12db4294e9bfd3]::future::future::Future<Output = ()>>>::{closure#0}, ()>
[INFO] [stdout]   17:     0x57804170a265 - <tokio[350c8fe4df9daacb]::runtime::runtime::Runtime>::block_on::<core[df12db4294e9bfd3]::pin::Pin<&mut dyn core[df12db4294e9bfd3]::future::future::Future<Output = ()>>>
[INFO] [stdout]   18:     0x5780416671ae - <e2e[1fd6c5e6439f4b5e]::test_empty_orchestration::{closure#0} as core[df12db4294e9bfd3]::ops::function::FnOnce<()>>::call_once
[INFO] [stdout]   19:     0x57804173594b - test[9d35eded1c95d3be]::__rust_begin_short_backtrace::<core[df12db4294e9bfd3]::result::Result<(), alloc[2182bb758b4b3781]::string::String>, fn() -> core[df12db4294e9bfd3]::result::Result<(), alloc[2182bb758b4b3781]::string::String>>
[INFO] [stdout]   20:     0x578041742fb5 - test[9d35eded1c95d3be]::run_test::{closure#0}
[INFO] [stdout]   21:     0x57804173c874 - std[70759c8f55707aa4]::sys::backtrace::__rust_begin_short_backtrace::<test[9d35eded1c95d3be]::run_test::{closure#1}, ()>
[INFO] [stdout]   22:     0x578041746112 - <std[70759c8f55707aa4]::thread::lifecycle::spawn_unchecked<test[9d35eded1c95d3be]::run_test::{closure#1}, ()>::{closure#1} as core[df12db4294e9bfd3]::ops::function::FnOnce<()>>::call_once::{shim:vtable#0}
[INFO] [stdout]   23:     0x578041961bf9 - <std[70759c8f55707aa4]::sys::thread::unix::Thread>::new::thread_start
[INFO] [stdout]   24:     0x7143f4bf4dfa - <unknown>
[INFO] [stdout]   25:     0x7143f4c883d4 - clone
[INFO] [stdout]   26:                0x0 - <unknown>
[INFO] [stdout] 
[INFO] [stdout] ---- test_continue_as_new stdout ----
[INFO] [stdout] 
[INFO] [stdout] thread 'test_continue_as_new' (2356) panicked at tests/e2e.rs:595:5:
[INFO] [stdout] sidecar not available — run `nix develop` to build it, or set DURABLETASK_SIDECAR_BIN
[INFO] [stdout] stack backtrace:
[INFO] [stdout]    0:     0x578041962ad1 - <<std[70759c8f55707aa4]::sys::backtrace::BacktraceLock>::print::DisplayBacktrace as core[df12db4294e9bfd3]::fmt::Display>::fmt
[INFO] [stdout]    1:     0x57804197a5ca - core[df12db4294e9bfd3]::fmt::write
[INFO] [stdout]    2:     0x5780419679dc - <alloc[2182bb758b4b3781]::vec::Vec<u8> as core[df12db4294e9bfd3]::io::write::Write>::write_fmt
[INFO] [stdout]    3:     0x57804193d336 - std[70759c8f55707aa4]::panicking::default_hook::{closure#0}
[INFO] [stdout]    4:     0x57804195a059 - std[70759c8f55707aa4]::panicking::default_hook
[INFO] [stdout]    5:     0x578041742660 - test[9d35eded1c95d3be]::test_main_inner::<test[9d35eded1c95d3be]::test_main_static::{closure#0}>::{closure#0}
[INFO] [stdout]    6:     0x57804195a382 - std[70759c8f55707aa4]::panicking::panic_with_hook
[INFO] [stdout]    7:     0x57804193d3e2 - std[70759c8f55707aa4]::panicking::panic_handler::{closure#0}
[INFO] [stdout]    8:     0x578041936089 - std[70759c8f55707aa4]::sys::backtrace::__rust_end_short_backtrace::<std[70759c8f55707aa4]::panicking::panic_handler::{closure#0}, !>
[INFO] [stdout]    9:     0x57804193e1cd - __rustc[8fa7c3cbc660c2b3]::rust_begin_unwind
[INFO] [stdout]   10:     0x57804197ad2c - core[df12db4294e9bfd3]::panicking::panic_fmt
[INFO] [stdout]   11:     0x57804197aa84 - core[df12db4294e9bfd3]::option::expect_failed
[INFO] [stdout]   12:     0x5780416479af - e2e[1fd6c5e6439f4b5e]::test_continue_as_new::{closure#0}
[INFO] [stdout]   13:     0x5780416fe343 - <tokio[350c8fe4df9daacb]::runtime::scheduler::current_thread::Context>::enter::<core[df12db4294e9bfd3]::task::poll::Poll<()>, <tokio[350c8fe4df9daacb]::runtime::scheduler::current_thread::CoreGuard>::block_on<core[df12db4294e9bfd3]::pin::Pin<&mut core[df12db4294e9bfd3]::pin::Pin<&mut dyn core[df12db4294e9bfd3]::future::future::Future<Output = ()>>>>::{closure#0}::{closure#0}>
[INFO] [stdout]   14:     0x57804172ab2c - <tokio[350c8fe4df9daacb]::runtime::context::scoped::Scoped<tokio[350c8fe4df9daacb]::runtime::scheduler::Context>>::set::<<tokio[350c8fe4df9daacb]::runtime::scheduler::current_thread::CoreGuard>::enter<<tokio[350c8fe4df9daacb]::runtime::scheduler::current_thread::CoreGuard>::block_on<core[df12db4294e9bfd3]::pin::Pin<&mut core[df12db4294e9bfd3]::pin::Pin<&mut dyn core[df12db4294e9bfd3]::future::future::Future<Output = ()>>>>::{closure#0}, core[df12db4294e9bfd3]::option::Option<()>>::{closure#0}, (alloc[2182bb758b4b3781]::boxed::Box<tokio[350c8fe4df9daacb]::runtime::scheduler::current_thread::Core>, core[df12db4294e9bfd3]::option::Option<()>)>
[INFO] [stdout]   15:     0x5780416fee97 - <tokio[350c8fe4df9daacb]::runtime::scheduler::current_thread::CoreGuard>::block_on::<core[df12db4294e9bfd3]::pin::Pin<&mut core[df12db4294e9bfd3]::pin::Pin<&mut dyn core[df12db4294e9bfd3]::future::future::Future<Output = ()>>>>
[INFO] [stdout]   16:     0x5780416f9c2d - tokio[350c8fe4df9daacb]::runtime::context::runtime::enter_runtime::<<tokio[350c8fe4df9daacb]::runtime::scheduler::current_thread::CurrentThread>::block_on<core[df12db4294e9bfd3]::pin::Pin<&mut dyn core[df12db4294e9bfd3]::future::future::Future<Output = ()>>>::{closure#0}, ()>
[INFO] [stdout]   17:     0x57804170a265 - <tokio[350c8fe4df9daacb]::runtime::runtime::Runtime>::block_on::<core[df12db4294e9bfd3]::pin::Pin<&mut dyn core[df12db4294e9bfd3]::future::future::Future<Output = ()>>>
[INFO] [stdout]   18:     0x578041666d8e - <e2e[1fd6c5e6439f4b5e]::test_continue_as_new::{closure#0} as core[df12db4294e9bfd3]::ops::function::FnOnce<()>>::call_once
[INFO] [stdout]   19:     0x57804173594b - test[9d35eded1c95d3be]::__rust_begin_short_backtrace::<core[df12db4294e9bfd3]::result::Result<(), alloc[2182bb758b4b3781]::string::String>, fn() -> core[df12db4294e9bfd3]::result::Result<(), alloc[2182bb758b4b3781]::string::String>>
[INFO] [stdout]   20:     0x578041742fb5 - test[9d35eded1c95d3be]::run_test::{closure#0}
[INFO] [stdout]   21:     0x57804173c874 - std[70759c8f55707aa4]::sys::backtrace::__rust_begin_short_backtrace::<test[9d35eded1c95d3be]::run_test::{closure#1}, ()>
[INFO] [stdout]   22:     0x578041746112 - <std[70759c8f55707aa4]::thread::lifecycle::spawn_unchecked<test[9d35eded1c95d3be]::run_test::{closure#1}, ()>::{closure#1} as core[df12db4294e9bfd3]::ops::function::FnOnce<()>>::call_once::{shim:vtable#0}
[INFO] [stdout]   23:     0x578041961bf9 - <std[70759c8f55707aa4]::sys::thread::unix::Thread>::new::thread_start
[INFO] [stdout]   24:     0x7143f4bf4dfa - <unknown>
[INFO] [stdout]   25:     0x7143f4c883d4 - clone
[INFO] [stdout]   26:                0x0 - <unknown>
[INFO] [stdout] 
[INFO] [stdout] ---- test_sub_orchestration stdout ----
[INFO] [stdout] 
[INFO] [stdout] thread 'test_sub_orchestration' (2366) panicked at tests/e2e.rs:277:5:
[INFO] [stdout] sidecar not available — run `nix develop` to build it, or set DURABLETASK_SIDECAR_BIN
[INFO] [stdout] stack backtrace:
[INFO] [stdout]    0:     0x578041962ad1 - <<std[70759c8f55707aa4]::sys::backtrace::BacktraceLock>::print::DisplayBacktrace as core[df12db4294e9bfd3]::fmt::Display>::fmt
[INFO] [stdout]    1:     0x57804197a5ca - core[df12db4294e9bfd3]::fmt::write
[INFO] [stdout]    2:     0x5780419679dc - <alloc[2182bb758b4b3781]::vec::Vec<u8> as core[df12db4294e9bfd3]::io::write::Write>::write_fmt
[INFO] [stdout]    3:     0x57804193d336 - std[70759c8f55707aa4]::panicking::default_hook::{closure#0}
[INFO] [stdout]    4:     0x57804195a059 - std[70759c8f55707aa4]::panicking::default_hook
[INFO] [stdout]    5:     0x578041742660 - test[9d35eded1c95d3be]::test_main_inner::<test[9d35eded1c95d3be]::test_main_static::{closure#0}>::{closure#0}
[INFO] [stdout]    6:     0x57804195a382 - std[70759c8f55707aa4]::panicking::panic_with_hook
[INFO] [stdout]    7:     0x57804193d3e2 - std[70759c8f55707aa4]::panicking::panic_handler::{closure#0}
[INFO] [stdout]    8:     0x578041936089 - std[70759c8f55707aa4]::sys::backtrace::__rust_end_short_backtrace::<std[70759c8f55707aa4]::panicking::panic_handler::{closure#0}, !>
[INFO] [stdout]    9:     0x57804193e1cd - __rustc[8fa7c3cbc660c2b3]::rust_begin_unwind
[INFO] [stdout]   10:     0x57804197ad2c - core[df12db4294e9bfd3]::panicking::panic_fmt
[INFO] [stdout]   11:     0x57804197aa84 - core[df12db4294e9bfd3]::option::expect_failed
[INFO] [stdout]   12:     0x5780416491c2 - e2e[1fd6c5e6439f4b5e]::test_sub_orchestration::{closure#0}
[INFO] [stdout]   13:     0x5780416fe343 - <tokio[350c8fe4df9daacb]::runtime::scheduler::current_thread::Context>::enter::<core[df12db4294e9bfd3]::task::poll::Poll<()>, <tokio[350c8fe4df9daacb]::runtime::scheduler::current_thread::CoreGuard>::block_on<core[df12db4294e9bfd3]::pin::Pin<&mut core[df12db4294e9bfd3]::pin::Pin<&mut dyn core[df12db4294e9bfd3]::future::future::Future<Output = ()>>>>::{closure#0}::{closure#0}>
[INFO] [stdout]   14:     0x57804172ab2c - <tokio[350c8fe4df9daacb]::runtime::context::scoped::Scoped<tokio[350c8fe4df9daacb]::runtime::scheduler::Context>>::set::<<tokio[350c8fe4df9daacb]::runtime::scheduler::current_thread::CoreGuard>::enter<<tokio[350c8fe4df9daacb]::runtime::scheduler::current_thread::CoreGuard>::block_on<core[df12db4294e9bfd3]::pin::Pin<&mut core[df12db4294e9bfd3]::pin::Pin<&mut dyn core[df12db4294e9bfd3]::future::future::Future<Output = ()>>>>::{closure#0}, core[df12db4294e9bfd3]::option::Option<()>>::{closure#0}, (alloc[2182bb758b4b3781]::boxed::Box<tokio[350c8fe4df9daacb]::runtime::scheduler::current_thread::Core>, core[df12db4294e9bfd3]::option::Option<()>)>
[INFO] [stdout]   15:     0x5780416fee97 - <tokio[350c8fe4df9daacb]::runtime::scheduler::current_thread::CoreGuard>::block_on::<core[df12db4294e9bfd3]::pin::Pin<&mut core[df12db4294e9bfd3]::pin::Pin<&mut dyn core[df12db4294e9bfd3]::future::future::Future<Output = ()>>>>
[INFO] [stdout]   16:     0x5780416f9c2d - tokio[350c8fe4df9daacb]::runtime::context::runtime::enter_runtime::<<tokio[350c8fe4df9daacb]::runtime::scheduler::current_thread::CurrentThread>::block_on<core[df12db4294e9bfd3]::pin::Pin<&mut dyn core[df12db4294e9bfd3]::future::future::Future<Output = ()>>>::{closure#0}, ()>
[INFO] [stdout]   17:     0x57804170a265 - <tokio[350c8fe4df9daacb]::runtime::runtime::Runtime>::block_on::<core[df12db4294e9bfd3]::pin::Pin<&mut dyn core[df12db4294e9bfd3]::future::future::Future<Output = ()>>>
[INFO] [stdout]   18:     0x57804166704e - <e2e[1fd6c5e6439f4b5e]::test_sub_orchestration::{closure#0} as core[df12db4294e9bfd3]::ops::function::FnOnce<()>>::call_once
[INFO] [stdout]   19:     0x57804173594b - test[9d35eded1c95d3be]::__rust_begin_short_backtrace::<core[df12db4294e9bfd3]::result::Result<(), alloc[2182bb758b4b3781]::string::String>, fn() -> core[df12db4294e9bfd3]::result::Result<(), alloc[2182bb758b4b3781]::string::String>>
[INFO] [stdout]   20:     0x578041742fb5 - test[9d35eded1c95d3be]::run_test::{closure#0}
[INFO] [stdout]   21:     0x57804173c874 - std[70759c8f55707aa4]::sys::backtrace::__rust_begin_short_backtrace::<test[9d35eded1c95d3be]::run_test::{closure#1}, ()>
[INFO] [stdout]   22:     0x578041746112 - <std[70759c8f55707aa4]::thread::lifecycle::spawn_unchecked<test[9d35eded1c95d3be]::run_test::{closure#1}, ()>::{closure#1} as core[df12db4294e9bfd3]::ops::function::FnOnce<()>>::call_once::{shim:vtable#0}
[INFO] [stdout]   23:     0x578041961bf9 - <std[70759c8f55707aa4]::sys::thread::unix::Thread>::new::thread_start
[INFO] [stdout]   24:     0x7143f4bf4dfa - <unknown>
[INFO] [stdout]   25:     0x7143f4c883d4 - clone
[INFO] [stdout]   26:                0x0 - <unknown>
[INFO] [stdout] 
[INFO] [stdout] ---- test_multiple_external_events stdout ----
[INFO] [stdout] 
[INFO] [stdout] thread 'test_multiple_external_events' (2362) panicked at tests/e2e.rs:372:5:
[INFO] [stdout] sidecar not available — run `nix develop` to build it, or set DURABLETASK_SIDECAR_BIN
[INFO] [stdout] stack backtrace:
[INFO] [stdout]    0:     0x578041962ad1 - <<std[70759c8f55707aa4]::sys::backtrace::BacktraceLock>::print::DisplayBacktrace as core[df12db4294e9bfd3]::fmt::Display>::fmt
[INFO] [stdout]    1:     0x57804197a5ca - core[df12db4294e9bfd3]::fmt::write
[INFO] [stdout]    2:     0x5780419679dc - <alloc[2182bb758b4b3781]::vec::Vec<u8> as core[df12db4294e9bfd3]::io::write::Write>::write_fmt
[INFO] [stdout]    3:     0x57804193d336 - std[70759c8f55707aa4]::panicking::default_hook::{closure#0}
[INFO] [stdout]    4:     0x57804195a059 - std[70759c8f55707aa4]::panicking::default_hook
[INFO] [stdout]    5:     0x578041742660 - test[9d35eded1c95d3be]::test_main_inner::<test[9d35eded1c95d3be]::test_main_static::{closure#0}>::{closure#0}
[INFO] [stdout]    6:     0x57804195a382 - std[70759c8f55707aa4]::panicking::panic_with_hook
[INFO] [stdout]    7:     0x57804193d3e2 - std[70759c8f55707aa4]::panicking::panic_handler::{closure#0}
[INFO] [stdout]    8:     0x578041936089 - std[70759c8f55707aa4]::sys::backtrace::__rust_end_short_backtrace::<std[70759c8f55707aa4]::panicking::panic_handler::{closure#0}, !>
[INFO] [stdout]    9:     0x57804193e1cd - __rustc[8fa7c3cbc660c2b3]::rust_begin_unwind
[INFO] [stdout]   10:     0x57804197ad2c - core[df12db4294e9bfd3]::panicking::panic_fmt
[INFO] [stdout]   11:     0x57804197aa84 - core[df12db4294e9bfd3]::option::expect_failed
[INFO] [stdout]   12:     0x578041650a48 - e2e[1fd6c5e6439f4b5e]::test_multiple_external_events::{closure#0}
[INFO] [stdout]   13:     0x5780416fe343 - <tokio[350c8fe4df9daacb]::runtime::scheduler::current_thread::Context>::enter::<core[df12db4294e9bfd3]::task::poll::Poll<()>, <tokio[350c8fe4df9daacb]::runtime::scheduler::current_thread::CoreGuard>::block_on<core[df12db4294e9bfd3]::pin::Pin<&mut core[df12db4294e9bfd3]::pin::Pin<&mut dyn core[df12db4294e9bfd3]::future::future::Future<Output = ()>>>>::{closure#0}::{closure#0}>
[INFO] [stdout]   14:     0x57804172ab2c - <tokio[350c8fe4df9daacb]::runtime::context::scoped::Scoped<tokio[350c8fe4df9daacb]::runtime::scheduler::Context>>::set::<<tokio[350c8fe4df9daacb]::runtime::scheduler::current_thread::CoreGuard>::enter<<tokio[350c8fe4df9daacb]::runtime::scheduler::current_thread::CoreGuard>::block_on<core[df12db4294e9bfd3]::pin::Pin<&mut core[df12db4294e9bfd3]::pin::Pin<&mut dyn core[df12db4294e9bfd3]::future::future::Future<Output = ()>>>>::{closure#0}, core[df12db4294e9bfd3]::option::Option<()>>::{closure#0}, (alloc[2182bb758b4b3781]::boxed::Box<tokio[350c8fe4df9daacb]::runtime::scheduler::current_thread::Core>, core[df12db4294e9bfd3]::option::Option<()>)>
[INFO] [stdout]   15:     0x5780416fee97 - <tokio[350c8fe4df9daacb]::runtime::scheduler::current_thread::CoreGuard>::block_on::<core[df12db4294e9bfd3]::pin::Pin<&mut core[df12db4294e9bfd3]::pin::Pin<&mut dyn core[df12db4294e9bfd3]::future::future::Future<Output = ()>>>>
[INFO] [stdout]   16:     0x5780416f9c2d - tokio[350c8fe4df9daacb]::runtime::context::runtime::enter_runtime::<<tokio[350c8fe4df9daacb]::runtime::scheduler::current_thread::CurrentThread>::block_on<core[df12db4294e9bfd3]::pin::Pin<&mut dyn core[df12db4294e9bfd3]::future::future::Future<Output = ()>>>::{closure#0}, ()>
[INFO] [stdout]   17:     0x57804170a265 - <tokio[350c8fe4df9daacb]::runtime::runtime::Runtime>::block_on::<core[df12db4294e9bfd3]::pin::Pin<&mut dyn core[df12db4294e9bfd3]::future::future::Future<Output = ()>>>
[INFO] [stdout]   18:     0x5780416675ce - <e2e[1fd6c5e6439f4b5e]::test_multiple_external_events::{closure#0} as core[df12db4294e9bfd3]::ops::function::FnOnce<()>>::call_once
[INFO] [stdout]   19:     0x57804173594b - test[9d35eded1c95d3be]::__rust_begin_short_backtrace::<core[df12db4294e9bfd3]::result::Result<(), alloc[2182bb758b4b3781]::string::String>, fn() -> core[df12db4294e9bfd3]::result::Result<(), alloc[2182bb758b4b3781]::string::String>>
[INFO] [stdout]   20:     0x578041742fb5 - test[9d35eded1c95d3be]::run_test::{closure#0}
[INFO] [stdout]   21:     0x57804173c874 - std[70759c8f55707aa4]::sys::backtrace::__rust_begin_short_backtrace::<test[9d35eded1c95d3be]::run_test::{closure#1}, ()>
[INFO] [stdout]   22:     0x578041746112 - <std[70759c8f55707aa4]::thread::lifecycle::spawn_unchecked<test[9d35eded1c95d3be]::run_test::{closure#1}, ()>::{closure#1} as core[df12db4294e9bfd3]::ops::function::FnOnce<()>>::call_once::{shim:vtable#0}
[INFO] [stdout]   23:     0x578041961bf9 - <std[70759c8f55707aa4]::sys::thread::unix::Thread>::new::thread_start
[INFO] [stdout]   24:     0x7143f4bf4dfa - <unknown>
[INFO] [stderr] error: test failed, to rerun pass `--test e2e`
[INFO] [stdout]   25:     0x7143f4c883d4 - clone
[INFO] [stdout]   26:                0x0 - <unknown>
[INFO] [stdout] 
[INFO] [stdout] ---- test_suspend_resume stdout ----
[INFO] [stdout] 
[INFO] [stdout] thread 'test_suspend_resume' (2368) panicked at tests/e2e.rs:635:5:
[INFO] [stdout] sidecar not available — run `nix develop` to build it, or set DURABLETASK_SIDECAR_BIN
[INFO] [stdout] stack backtrace:
[INFO] [stdout]    0:     0x578041962ad1 - <<std[70759c8f55707aa4]::sys::backtrace::BacktraceLock>::print::DisplayBacktrace as core[df12db4294e9bfd3]::fmt::Display>::fmt
[INFO] [stdout]    1:     0x57804197a5ca - core[df12db4294e9bfd3]::fmt::write
[INFO] [stdout]    2:     0x5780419679dc - <alloc[2182bb758b4b3781]::vec::Vec<u8> as core[df12db4294e9bfd3]::io::write::Write>::write_fmt
[INFO] [stdout]    3:     0x57804193d336 - std[70759c8f55707aa4]::panicking::default_hook::{closure#0}
[INFO] [stdout]    4:     0x57804195a059 - std[70759c8f55707aa4]::panicking::default_hook
[INFO] [stdout]    5:     0x578041742660 - test[9d35eded1c95d3be]::test_main_inner::<test[9d35eded1c95d3be]::test_main_static::{closure#0}>::{closure#0}
[INFO] [stdout]    6:     0x57804195a382 - std[70759c8f55707aa4]::panicking::panic_with_hook
[INFO] [stdout]    7:     0x57804193d3e2 - std[70759c8f55707aa4]::panicking::panic_handler::{closure#0}
[INFO] [stdout]    8:     0x578041936089 - std[70759c8f55707aa4]::sys::backtrace::__rust_end_short_backtrace::<std[70759c8f55707aa4]::panicking::panic_handler::{closure#0}, !>
[INFO] [stdout]    9:     0x57804193e1cd - __rustc[8fa7c3cbc660c2b3]::rust_begin_unwind
[INFO] [stdout]   10:     0x57804197ad2c - core[df12db4294e9bfd3]::panicking::panic_fmt
[INFO] [stdout]   11:     0x57804197aa84 - core[df12db4294e9bfd3]::option::expect_failed
[INFO] [stdout]   12:     0x578041643c1e - e2e[1fd6c5e6439f4b5e]::test_suspend_resume::{closure#0}
[INFO] [stdout]   13:     0x5780416fe343 - <tokio[350c8fe4df9daacb]::runtime::scheduler::current_thread::Context>::enter::<core[df12db4294e9bfd3]::task::poll::Poll<()>, <tokio[350c8fe4df9daacb]::runtime::scheduler::current_thread::CoreGuard>::block_on<core[df12db4294e9bfd3]::pin::Pin<&mut core[df12db4294e9bfd3]::pin::Pin<&mut dyn core[df12db4294e9bfd3]::future::future::Future<Output = ()>>>>::{closure#0}::{closure#0}>
[INFO] [stdout]   14:     0x57804172ab2c - <tokio[350c8fe4df9daacb]::runtime::context::scoped::Scoped<tokio[350c8fe4df9daacb]::runtime::scheduler::Context>>::set::<<tokio[350c8fe4df9daacb]::runtime::scheduler::current_thread::CoreGuard>::enter<<tokio[350c8fe4df9daacb]::runtime::scheduler::current_thread::CoreGuard>::block_on<core[df12db4294e9bfd3]::pin::Pin<&mut core[df12db4294e9bfd3]::pin::Pin<&mut dyn core[df12db4294e9bfd3]::future::future::Future<Output = ()>>>>::{closure#0}, core[df12db4294e9bfd3]::option::Option<()>>::{closure#0}, (alloc[2182bb758b4b3781]::boxed::Box<tokio[350c8fe4df9daacb]::runtime::scheduler::current_thread::Core>, core[df12db4294e9bfd3]::option::Option<()>)>
[INFO] [stdout]   15:     0x5780416fee97 - <tokio[350c8fe4df9daacb]::runtime::scheduler::current_thread::CoreGuard>::block_on::<core[df12db4294e9bfd3]::pin::Pin<&mut core[df12db4294e9bfd3]::pin::Pin<&mut dyn core[df12db4294e9bfd3]::future::future::Future<Output = ()>>>>
[INFO] [stdout]   16:     0x5780416f9c2d - tokio[350c8fe4df9daacb]::runtime::context::runtime::enter_runtime::<<tokio[350c8fe4df9daacb]::runtime::scheduler::current_thread::CurrentThread>::block_on<core[df12db4294e9bfd3]::pin::Pin<&mut dyn core[df12db4294e9bfd3]::future::future::Future<Output = ()>>>::{closure#0}, ()>
[INFO] [stdout]   17:     0x57804170a265 - <tokio[350c8fe4df9daacb]::runtime::runtime::Runtime>::block_on::<core[df12db4294e9bfd3]::pin::Pin<&mut dyn core[df12db4294e9bfd3]::future::future::Future<Output = ()>>>
[INFO] [stdout]   18:     0x578041666c3a - <e2e[1fd6c5e6439f4b5e]::test_suspend_resume::{closure#0} as core[df12db4294e9bfd3]::ops::function::FnOnce<()>>::call_once
[INFO] [stdout]   19:     0x57804173594b - test[9d35eded1c95d3be]::__rust_begin_short_backtrace::<core[df12db4294e9bfd3]::result::Result<(), alloc[2182bb758b4b3781]::string::String>, fn() -> core[df12db4294e9bfd3]::result::Result<(), alloc[2182bb758b4b3781]::string::String>>
[INFO] [stdout]   20:     0x578041742fb5 - test[9d35eded1c95d3be]::run_test::{closure#0}
[INFO] [stdout]   21:     0x57804173c874 - std[70759c8f55707aa4]::sys::backtrace::__rust_begin_short_backtrace::<test[9d35eded1c95d3be]::run_test::{closure#1}, ()>
[INFO] [stdout]   22:     0x578041746112 - <std[70759c8f55707aa4]::thread::lifecycle::spawn_unchecked<test[9d35eded1c95d3be]::run_test::{closure#1}, ()>::{closure#1} as core[df12db4294e9bfd3]::ops::function::FnOnce<()>>::call_once::{shim:vtable#0}
[INFO] [stdout]   23:     0x578041961bf9 - <std[70759c8f55707aa4]::sys::thread::unix::Thread>::new::thread_start
[INFO] [stdout]   24:     0x7143f4bf4dfa - <unknown>
[INFO] [stdout]   25:     0x7143f4c883d4 - clone
[INFO] [stdout]   26:                0x0 - <unknown>
[INFO] [stdout] 
[INFO] [stdout] ---- test_terminate_orchestration stdout ----
[INFO] [stdout] 
[INFO] [stdout] thread 'test_terminate_orchestration' (2369) panicked at tests/e2e.rs:546:5:
[INFO] [stdout] sidecar not available — run `nix develop` to build it, or set DURABLETASK_SIDECAR_BIN
[INFO] [stdout] stack backtrace:
[INFO] [stdout]    0:     0x578041962ad1 - <<std[70759c8f55707aa4]::sys::backtrace::BacktraceLock>::print::DisplayBacktrace as core[df12db4294e9bfd3]::fmt::Display>::fmt
[INFO] [stdout]    1:     0x57804197a5ca - core[df12db4294e9bfd3]::fmt::write
[INFO] [stdout]    2:     0x5780419679dc - <alloc[2182bb758b4b3781]::vec::Vec<u8> as core[df12db4294e9bfd3]::io::write::Write>::write_fmt
[INFO] [stdout]    3:     0x57804193d336 - std[70759c8f55707aa4]::panicking::default_hook::{closure#0}
[INFO] [stdout]    4:     0x57804195a059 - std[70759c8f55707aa4]::panicking::default_hook
[INFO] [stdout]    5:     0x578041742660 - test[9d35eded1c95d3be]::test_main_inner::<test[9d35eded1c95d3be]::test_main_static::{closure#0}>::{closure#0}
[INFO] [stdout]    6:     0x57804195a382 - std[70759c8f55707aa4]::panicking::panic_with_hook
[INFO] [stdout]    7:     0x57804193d3e2 - std[70759c8f55707aa4]::panicking::panic_handler::{closure#0}
[INFO] [stdout]    8:     0x578041936089 - std[70759c8f55707aa4]::sys::backtrace::__rust_end_short_backtrace::<std[70759c8f55707aa4]::panicking::panic_handler::{closure#0}, !>
[INFO] [stdout]    9:     0x57804193e1cd - __rustc[8fa7c3cbc660c2b3]::rust_begin_unwind
[INFO] [stdout]   10:     0x57804197ad2c - core[df12db4294e9bfd3]::panicking::panic_fmt
[INFO] [stdout]   11:     0x57804197aa84 - core[df12db4294e9bfd3]::option::expect_failed
[INFO] [stdout]   12:     0x57804164ea80 - e2e[1fd6c5e6439f4b5e]::test_terminate_orchestration::{closure#0}
[INFO] [stdout]   13:     0x5780416fe343 - <tokio[350c8fe4df9daacb]::runtime::scheduler::current_thread::Context>::enter::<core[df12db4294e9bfd3]::task::poll::Poll<()>, <tokio[350c8fe4df9daacb]::runtime::scheduler::current_thread::CoreGuard>::block_on<core[df12db4294e9bfd3]::pin::Pin<&mut core[df12db4294e9bfd3]::pin::Pin<&mut dyn core[df12db4294e9bfd3]::future::future::Future<Output = ()>>>>::{closure#0}::{closure#0}>
[INFO] [stdout]   14:     0x57804172ab2c - <tokio[350c8fe4df9daacb]::runtime::context::scoped::Scoped<tokio[350c8fe4df9daacb]::runtime::scheduler::Context>>::set::<<tokio[350c8fe4df9daacb]::runtime::scheduler::current_thread::CoreGuard>::enter<<tokio[350c8fe4df9daacb]::runtime::scheduler::current_thread::CoreGuard>::block_on<core[df12db4294e9bfd3]::pin::Pin<&mut core[df12db4294e9bfd3]::pin::Pin<&mut dyn core[df12db4294e9bfd3]::future::future::Future<Output = ()>>>>::{closure#0}, core[df12db4294e9bfd3]::option::Option<()>>::{closure#0}, (alloc[2182bb758b4b3781]::boxed::Box<tokio[350c8fe4df9daacb]::runtime::scheduler::current_thread::Core>, core[df12db4294e9bfd3]::option::Option<()>)>
[INFO] [stdout]   15:     0x5780416fee97 - <tokio[350c8fe4df9daacb]::runtime::scheduler::current_thread::CoreGuard>::block_on::<core[df12db4294e9bfd3]::pin::Pin<&mut core[df12db4294e9bfd3]::pin::Pin<&mut dyn core[df12db4294e9bfd3]::future::future::Future<Output = ()>>>>
[INFO] [stdout]   16:     0x5780416f9c2d - tokio[350c8fe4df9daacb]::runtime::context::runtime::enter_runtime::<<tokio[350c8fe4df9daacb]::runtime::scheduler::current_thread::CurrentThread>::block_on<core[df12db4294e9bfd3]::pin::Pin<&mut dyn core[df12db4294e9bfd3]::future::future::Future<Output = ()>>>::{closure#0}, ()>
[INFO] [stdout]   17:     0x57804170a265 - <tokio[350c8fe4df9daacb]::runtime::runtime::Runtime>::block_on::<core[df12db4294e9bfd3]::pin::Pin<&mut dyn core[df12db4294e9bfd3]::future::future::Future<Output = ()>>>
[INFO] [stdout]   18:     0x57804166747a - <e2e[1fd6c5e6439f4b5e]::test_terminate_orchestration::{closure#0} as core[df12db4294e9bfd3]::ops::function::FnOnce<()>>::call_once
[INFO] [stdout]   19:     0x57804173594b - test[9d35eded1c95d3be]::__rust_begin_short_backtrace::<core[df12db4294e9bfd3]::result::Result<(), alloc[2182bb758b4b3781]::string::String>, fn() -> core[df12db4294e9bfd3]::result::Result<(), alloc[2182bb758b4b3781]::string::String>>
[INFO] [stdout]   20:     0x578041742fb5 - test[9d35eded1c95d3be]::run_test::{closure#0}
[INFO] [stdout]   21:     0x57804173c874 - std[70759c8f55707aa4]::sys::backtrace::__rust_begin_short_backtrace::<test[9d35eded1c95d3be]::run_test::{closure#1}, ()>
[INFO] [stdout]   22:     0x578041746112 - <std[70759c8f55707aa4]::thread::lifecycle::spawn_unchecked<test[9d35eded1c95d3be]::run_test::{closure#1}, ()>::{closure#1} as core[df12db4294e9bfd3]::ops::function::FnOnce<()>>::call_once::{shim:vtable#0}
[INFO] [stdout]   23:     0x578041961bf9 - <std[70759c8f55707aa4]::sys::thread::unix::Thread>::new::thread_start
[INFO] [stdout]   24:     0x7143f4bf4dfa - <unknown>
[INFO] [stdout]   25:     0x7143f4c883d4 - clone
[INFO] [stdout]   26:                0x0 - <unknown>
[INFO] [stdout] 
[INFO] [stdout] ---- test_worker_drains_in_flight_activity_on_shutdown stdout ----
[INFO] [stdout] 
[INFO] [stdout] thread 'test_worker_drains_in_flight_activity_on_shutdown' (2371) panicked at tests/e2e.rs:1159:5:
[INFO] [stdout] sidecar not available — run `nix develop` to build it, or set DURABLETASK_SIDECAR_BIN
[INFO] [stdout] stack backtrace:
[INFO] [stdout]    0:     0x578041962ad1 - <<std[70759c8f55707aa4]::sys::backtrace::BacktraceLock>::print::DisplayBacktrace as core[df12db4294e9bfd3]::fmt::Display>::fmt
[INFO] [stdout]    1:     0x57804197a5ca - core[df12db4294e9bfd3]::fmt::write
[INFO] [stdout]    2:     0x5780419679dc - <alloc[2182bb758b4b3781]::vec::Vec<u8> as core[df12db4294e9bfd3]::io::write::Write>::write_fmt
[INFO] [stdout]    3:     0x57804193d336 - std[70759c8f55707aa4]::panicking::default_hook::{closure#0}
[INFO] [stdout]    4:     0x57804195a059 - std[70759c8f55707aa4]::panicking::default_hook
[INFO] [stdout]    5:     0x578041742660 - test[9d35eded1c95d3be]::test_main_inner::<test[9d35eded1c95d3be]::test_main_static::{closure#0}>::{closure#0}
[INFO] [stdout]    6:     0x57804195a382 - std[70759c8f55707aa4]::panicking::panic_with_hook
[INFO] [stdout]    7:     0x57804193d3e2 - std[70759c8f55707aa4]::panicking::panic_handler::{closure#0}
[INFO] [stdout]    8:     0x578041936089 - std[70759c8f55707aa4]::sys::backtrace::__rust_end_short_backtrace::<std[70759c8f55707aa4]::panicking::panic_handler::{closure#0}, !>
[INFO] [stdout]    9:     0x57804193e1cd - __rustc[8fa7c3cbc660c2b3]::rust_begin_unwind
[INFO] [stdout]   10:     0x57804197ad2c - core[df12db4294e9bfd3]::panicking::panic_fmt
[INFO] [stdout]   11:     0x57804197aa84 - core[df12db4294e9bfd3]::option::expect_failed
[INFO] [stdout]   12:     0x57804165a2be - e2e[1fd6c5e6439f4b5e]::test_worker_drains_in_flight_activity_on_shutdown::{closure#0}
[INFO] [stdout]   13:     0x5780416fe343 - <tokio[350c8fe4df9daacb]::runtime::scheduler::current_thread::Context>::enter::<core[df12db4294e9bfd3]::task::poll::Poll<()>, <tokio[350c8fe4df9daacb]::runtime::scheduler::current_thread::CoreGuard>::block_on<core[df12db4294e9bfd3]::pin::Pin<&mut core[df12db4294e9bfd3]::pin::Pin<&mut dyn core[df12db4294e9bfd3]::future::future::Future<Output = ()>>>>::{closure#0}::{closure#0}>
[INFO] [stdout]   14:     0x57804172ab2c - <tokio[350c8fe4df9daacb]::runtime::context::scoped::Scoped<tokio[350c8fe4df9daacb]::runtime::scheduler::Context>>::set::<<tokio[350c8fe4df9daacb]::runtime::scheduler::current_thread::CoreGuard>::enter<<tokio[350c8fe4df9daacb]::runtime::scheduler::current_thread::CoreGuard>::block_on<core[df12db4294e9bfd3]::pin::Pin<&mut core[df12db4294e9bfd3]::pin::Pin<&mut dyn core[df12db4294e9bfd3]::future::future::Future<Output = ()>>>>::{closure#0}, core[df12db4294e9bfd3]::option::Option<()>>::{closure#0}, (alloc[2182bb758b4b3781]::boxed::Box<tokio[350c8fe4df9daacb]::runtime::scheduler::current_thread::Core>, core[df12db4294e9bfd3]::option::Option<()>)>
[INFO] [stdout]   15:     0x5780416fee97 - <tokio[350c8fe4df9daacb]::runtime::scheduler::current_thread::CoreGuard>::block_on::<core[df12db4294e9bfd3]::pin::Pin<&mut core[df12db4294e9bfd3]::pin::Pin<&mut dyn core[df12db4294e9bfd3]::future::future::Future<Output = ()>>>>
[INFO] [stdout]   16:     0x5780416f9c2d - tokio[350c8fe4df9daacb]::runtime::context::runtime::enter_runtime::<<tokio[350c8fe4df9daacb]::runtime::scheduler::current_thread::CurrentThread>::block_on<core[df12db4294e9bfd3]::pin::Pin<&mut dyn core[df12db4294e9bfd3]::future::future::Future<Output = ()>>>::{closure#0}, ()>
[INFO] [stdout]   17:     0x57804170a265 - <tokio[350c8fe4df9daacb]::runtime::runtime::Runtime>::block_on::<core[df12db4294e9bfd3]::pin::Pin<&mut dyn core[df12db4294e9bfd3]::future::future::Future<Output = ()>>>
[INFO] [stdout]   18:     0x5780416684ee - <e2e[1fd6c5e6439f4b5e]::test_worker_drains_in_flight_activity_on_shutdown::{closure#0} as core[df12db4294e9bfd3]::ops::function::FnOnce<()>>::call_once
[INFO] [stdout]   19:     0x57804173594b - test[9d35eded1c95d3be]::__rust_begin_short_backtrace::<core[df12db4294e9bfd3]::result::Result<(), alloc[2182bb758b4b3781]::string::String>, fn() -> core[df12db4294e9bfd3]::result::Result<(), alloc[2182bb758b4b3781]::string::String>>
[INFO] [stdout]   20:     0x578041742fb5 - test[9d35eded1c95d3be]::run_test::{closure#0}
[INFO] [stdout]   21:     0x57804173c874 - std[70759c8f55707aa4]::sys::backtrace::__rust_begin_short_backtrace::<test[9d35eded1c95d3be]::run_test::{closure#1}, ()>
[INFO] [stdout]   22:     0x578041746112 - <std[70759c8f55707aa4]::thread::lifecycle::spawn_unchecked<test[9d35eded1c95d3be]::run_test::{closure#1}, ()>::{closure#1} as core[df12db4294e9bfd3]::ops::function::FnOnce<()>>::call_once::{shim:vtable#0}
[INFO] [stdout]   23:     0x578041961bf9 - <std[70759c8f55707aa4]::sys::thread::unix::Thread>::new::thread_start
[INFO] [stdout]   24:     0x7143f4bf4dfa - <unknown>
[INFO] [stdout]   25:     0x7143f4c883d4 - clone
[INFO] [stdout]   26:                0x0 - <unknown>
[INFO] [stdout] 
[INFO] [stdout] ---- test_purge_orchestration stdout ----
[INFO] [stdout] 
[INFO] [stdout] thread 'test_purge_orchestration' (2363) panicked at tests/e2e.rs:695:5:
[INFO] [stdout] sidecar not available — run `nix develop` to build it, or set DURABLETASK_SIDECAR_BIN
[INFO] [stdout] stack backtrace:
[INFO] [stdout]    0:     0x578041962ad1 - <<std[70759c8f55707aa4]::sys::backtrace::BacktraceLock>::print::DisplayBacktrace as core[df12db4294e9bfd3]::fmt::Display>::fmt
[INFO] [stdout]    1:     0x57804197a5ca - core[df12db4294e9bfd3]::fmt::write
[INFO] [stdout]    2:     0x5780419679dc - <alloc[2182bb758b4b3781]::vec::Vec<u8> as core[df12db4294e9bfd3]::io::write::Write>::write_fmt
[INFO] [stdout]    3:     0x57804193d336 - std[70759c8f55707aa4]::panicking::default_hook::{closure#0}
[INFO] [stdout]    4:     0x57804195a059 - std[70759c8f55707aa4]::panicking::default_hook
[INFO] [stdout]    5:     0x578041742660 - test[9d35eded1c95d3be]::test_main_inner::<test[9d35eded1c95d3be]::test_main_static::{closure#0}>::{closure#0}
[INFO] [stdout]    6:     0x57804195a382 - std[70759c8f55707aa4]::panicking::panic_with_hook
[INFO] [stdout]    7:     0x57804193d3e2 - std[70759c8f55707aa4]::panicking::panic_handler::{closure#0}
[INFO] [stdout]    8:     0x578041936089 - std[70759c8f55707aa4]::sys::backtrace::__rust_end_short_backtrace::<std[70759c8f55707aa4]::panicking::panic_handler::{closure#0}, !>
[INFO] [stdout]    9:     0x57804193e1cd - __rustc[8fa7c3cbc660c2b3]::rust_begin_unwind
[INFO] [stdout]   10:     0x57804197ad2c - core[df12db4294e9bfd3]::panicking::panic_fmt
[INFO] [stdout]   11:     0x57804197aa84 - core[df12db4294e9bfd3]::option::expect_failed
[INFO] [stdout]   12:     0x57804164bdce - e2e[1fd6c5e6439f4b5e]::test_purge_orchestration::{closure#0}
[INFO] [stdout]   13:     0x5780416fe343 - <tokio[350c8fe4df9daacb]::runtime::scheduler::current_thread::Context>::enter::<core[df12db4294e9bfd3]::task::poll::Poll<()>, <tokio[350c8fe4df9daacb]::runtime::scheduler::current_thread::CoreGuard>::block_on<core[df12db4294e9bfd3]::pin::Pin<&mut core[df12db4294e9bfd3]::pin::Pin<&mut dyn core[df12db4294e9bfd3]::future::future::Future<Output = ()>>>>::{closure#0}::{closure#0}>
[INFO] [stdout]   14:     0x57804172ab2c - <tokio[350c8fe4df9daacb]::runtime::context::scoped::Scoped<tokio[350c8fe4df9daacb]::runtime::scheduler::Context>>::set::<<tokio[350c8fe4df9daacb]::runtime::scheduler::current_thread::CoreGuard>::enter<<tokio[350c8fe4df9daacb]::runtime::scheduler::current_thread::CoreGuard>::block_on<core[df12db4294e9bfd3]::pin::Pin<&mut core[df12db4294e9bfd3]::pin::Pin<&mut dyn core[df12db4294e9bfd3]::future::future::Future<Output = ()>>>>::{closure#0}, core[df12db4294e9bfd3]::option::Option<()>>::{closure#0}, (alloc[2182bb758b4b3781]::boxed::Box<tokio[350c8fe4df9daacb]::runtime::scheduler::current_thread::Core>, core[df12db4294e9bfd3]::option::Option<()>)>
[INFO] [stdout]   15:     0x5780416fee97 - <tokio[350c8fe4df9daacb]::runtime::scheduler::current_thread::CoreGuard>::block_on::<core[df12db4294e9bfd3]::pin::Pin<&mut core[df12db4294e9bfd3]::pin::Pin<&mut dyn core[df12db4294e9bfd3]::future::future::Future<Output = ()>>>>
[INFO] [stdout]   16:     0x5780416f9c2d - tokio[350c8fe4df9daacb]::runtime::context::runtime::enter_runtime::<<tokio[350c8fe4df9daacb]::runtime::scheduler::current_thread::CurrentThread>::block_on<core[df12db4294e9bfd3]::pin::Pin<&mut dyn core[df12db4294e9bfd3]::future::future::Future<Output = ()>>>::{closure#0}, ()>
[INFO] [stdout]   17:     0x57804170a265 - <tokio[350c8fe4df9daacb]::runtime::runtime::Runtime>::block_on::<core[df12db4294e9bfd3]::pin::Pin<&mut dyn core[df12db4294e9bfd3]::future::future::Future<Output = ()>>>
[INFO] [stdout]   18:     0x57804166731a - <e2e[1fd6c5e6439f4b5e]::test_purge_orchestration::{closure#0} as core[df12db4294e9bfd3]::ops::function::FnOnce<()>>::call_once
[INFO] [stdout]   19:     0x57804173594b - test[9d35eded1c95d3be]::__rust_begin_short_backtrace::<core[df12db4294e9bfd3]::result::Result<(), alloc[2182bb758b4b3781]::string::String>, fn() -> core[df12db4294e9bfd3]::result::Result<(), alloc[2182bb758b4b3781]::string::String>>
[INFO] [stdout]   20:     0x578041742fb5 - test[9d35eded1c95d3be]::run_test::{closure#0}
[INFO] [stdout]   21:     0x57804173c874 - std[70759c8f55707aa4]::sys::backtrace::__rust_begin_short_backtrace::<test[9d35eded1c95d3be]::run_test::{closure#1}, ()>
[INFO] [stdout]   22:     0x578041746112 - <std[70759c8f55707aa4]::thread::lifecycle::spawn_unchecked<test[9d35eded1c95d3be]::run_test::{closure#1}, ()>::{closure#1} as core[df12db4294e9bfd3]::ops::function::FnOnce<()>>::call_once::{shim:vtable#0}
[INFO] [stdout]   23:     0x578041961bf9 - <std[70759c8f55707aa4]::sys::thread::unix::Thread>::new::thread_start
[INFO] [stdout]   24:     0x7143f4bf4dfa - <unknown>
[INFO] [stdout]   25:     0x7143f4c883d4 - clone
[INFO] [stdout]   26:                0x0 - <unknown>
[INFO] [stdout] 
[INFO] [stdout] 
[INFO] [stdout] failures:
[INFO] [stdout]     test_activity_sequence
[INFO] [stdout]     test_continue_as_new
[INFO] [stdout]     test_empty_orchestration
[INFO] [stdout]     test_external_event_with_timeout_approved
[INFO] [stdout]     test_external_event_with_timeout_expired
[INFO] [stdout]     test_fan_out_fan_in
[INFO] [stdout]     test_human_interaction_three_orchestrations
[INFO] [stdout]     test_multiple_external_events
[INFO] [stdout]     test_purge_orchestration
[INFO] [stdout]     test_single_orchestration_without_activity
[INFO] [stdout]     test_single_timer
[INFO] [stdout]     test_sub_orchestration
[INFO] [stdout]     test_sub_orchestration_fan_out
[INFO] [stdout]     test_suspend_resume
[INFO] [stdout]     test_terminate_orchestration
[INFO] [stdout]     test_worker_drains_in_flight_activity_on_shutdown
[INFO] [stdout] 
[INFO] [stdout] test result: FAILED. 5 passed; 16 failed; 0 ignored; 0 measured; 0 filtered out; finished in 0.02s
[INFO] [stdout] 
[INFO] running `Command { std: "docker" "inspect" "ab32167a95045e9e15d7c7082d344c7fafd082b603c2c576162b9bcdce20f86d", kill_on_drop: false }`
[INFO] running `Command { std: "docker" "rm" "-f" "ab32167a95045e9e15d7c7082d344c7fafd082b603c2c576162b9bcdce20f86d", kill_on_drop: false }`
[INFO] [stdout] ab32167a95045e9e15d7c7082d344c7fafd082b603c2c576162b9bcdce20f86d
