[INFO] fetching crate dana 0.4.0...
[INFO] testing dana-0.4.0 against 1.100.0-beta.1+cargoflags=--release for beta-release-1.100-2
[INFO] extracting crate dana 0.4.0 into /workspace/builds/worker-7-tc2/source
[INFO] started tweaking crates.io crate dana 0.4.0
[INFO] finished tweaking crates.io crate dana 0.4.0
[INFO] tweaked toml for crates.io crate dana 0.4.0 written to /workspace/builds/worker-7-tc2/source/Cargo.toml
[INFO] validating manifest of crates.io crate dana 0.4.0 on toolchain 1.100.0-beta.1
[INFO] running `Command { std: CARGO_HOME="/workspace/cargo-home" RUSTUP_HOME="/workspace/rustup-home" "/workspace/cargo-home/bin/cargo" "+1.100.0-beta.1" "metadata" "--manifest-path" "Cargo.toml" "--no-deps", kill_on_drop: false }`
[INFO] running `Command { std: CARGO_HOME="/workspace/cargo-home" RUSTUP_HOME="/workspace/rustup-home" "/workspace/cargo-home/bin/cargo" "+1.100.0-beta.1" "generate-lockfile" "--manifest-path" "Cargo.toml", kill_on_drop: false }`
[INFO] [stderr]     Updating crates.io index
[INFO] [stderr]      Locking 97 packages to highest compatible versions
[INFO] [stderr]       Adding criterion v0.5.1 (available: v0.8.2)
[INFO] [stderr]       Adding rand v0.8.8 (available: v0.10.3)
[INFO] running `Command { std: CARGO_HOME="/workspace/cargo-home" RUSTUP_HOME="/workspace/rustup-home" "/workspace/cargo-home/bin/cargo" "+1.100.0-beta.1" "fetch" "--manifest-path" "Cargo.toml", kill_on_drop: false }`
[INFO] running `Command { std: "docker" "create" "-v" "/var/lib/crater-agent-workspace/builds/worker-7-tc2/source:/opt/rustwide/workdir:ro,Z" "-v" "/var/lib/crater-agent-workspace/builds/worker-7-tc2/target:/opt/rustwide/target:rw,Z" "-v" "/var/lib/crater-agent-workspace/cargo-home:/opt/rustwide/cargo-home:ro,Z" "-v" "/var/lib/crater-agent-workspace/rustup-home:/opt/rustwide/rustup-home:ro,Z" "-m" "1610612736" "--network" "none" "ghcr.io/rust-lang/crates-build-env/linux@sha256:77db811e55d90add9212f6832c23229e3de5f1c1f9905e8cb07319ea15df73ac" "sleep" "infinity", kill_on_drop: false }`
[INFO] [stdout] 6d21796650c4991e1f0261994adf9ea2680eaccb19b2204af73a8e9e975630ea
[INFO] running `Command { std: "docker" "start" "6d21796650c4991e1f0261994adf9ea2680eaccb19b2204af73a8e9e975630ea", kill_on_drop: false }`
[INFO] running `Command { std: "docker" "inspect" "6d21796650c4991e1f0261994adf9ea2680eaccb19b2204af73a8e9e975630ea", kill_on_drop: false }`
[INFO] running `Command { std: "docker" "exec" "-e" "SOURCE_DIR=/opt/rustwide/workdir" "-e" "CARGO_HOME=/opt/rustwide/cargo-home" "-e" "RUSTUP_HOME=/opt/rustwide/rustup-home" "-e" "CARGO_TARGET_DIR=/opt/rustwide/target" "-w" "/opt/rustwide/workdir" "--user" "0:0" "6d21796650c4991e1f0261994adf9ea2680eaccb19b2204af73a8e9e975630ea" "/opt/rustwide/cargo-home/bin/cargo" "+1.100.0-beta.1" "metadata" "--no-deps" "--format-version=1", kill_on_drop: false }`
[INFO] running `Command { std: "docker" "inspect" "6d21796650c4991e1f0261994adf9ea2680eaccb19b2204af73a8e9e975630ea", kill_on_drop: false }`
[INFO] running `Command { std: "docker" "exec" "-e" "SOURCE_DIR=/opt/rustwide/workdir" "-e" "CARGO_HOME=/opt/rustwide/cargo-home" "-e" "RUSTUP_HOME=/opt/rustwide/rustup-home" "-e" "CARGO_TARGET_DIR=/opt/rustwide/target" "-e" "CARGO_INCREMENTAL=0" "-e" "RUST_BACKTRACE=full" "-e" "RUSTFLAGS=--cap-lints=warn" "-e" "RUSTDOCFLAGS=--cap-lints=warn" "-w" "/opt/rustwide/workdir" "--user" "0:0" "6d21796650c4991e1f0261994adf9ea2680eaccb19b2204af73a8e9e975630ea" "/opt/rustwide/cargo-home/bin/cargo" "+1.100.0-beta.1" "build" "--frozen" "--message-format=json" "--release", kill_on_drop: false }`
[INFO] [stderr]    Compiling proc-macro2 v1.0.107
[INFO] [stderr]    Compiling unicode-ident v1.0.27
[INFO] [stderr]    Compiling num-traits v0.2.19
[INFO] [stderr]    Compiling quote v1.0.47
[INFO] [stderr]    Compiling syn v1.0.109
[INFO] [stderr]    Compiling syn v2.0.119
[INFO] [stderr]    Compiling dana_macros v0.4.0
[INFO] [stderr]    Compiling thiserror-impl-no-std v2.0.2
[INFO] [stderr]    Compiling thiserror-no-std v2.0.2
[INFO] [stderr]    Compiling dana v0.4.0 (/opt/rustwide/workdir)
[INFO] [stderr] warning: unused dependency `thiserror-no-std`
[INFO] [stderr]   --> Cargo.toml:38:15
[INFO] [stderr]    |
[INFO] [stderr] 38 | [dependencies.thiserror-no-std]
[INFO] [stderr]    |               ^^^^^^^^^^^^^^^^^
[INFO] [stderr]    |
[INFO] [stderr]    = note: `cargo::unused_dependencies` is set to `warn` by default
[INFO] [stderr] help: consider removing the dependency on `thiserror-no-std`
[INFO] [stderr] warning: `dana` (manifest) generated 1 warning
[INFO] [stderr]     Finished `release` profile [optimized] target(s) in 10.12s
[INFO] running `Command { std: "docker" "inspect" "6d21796650c4991e1f0261994adf9ea2680eaccb19b2204af73a8e9e975630ea", kill_on_drop: false }`
[INFO] running `Command { std: "docker" "exec" "-e" "SOURCE_DIR=/opt/rustwide/workdir" "-e" "CARGO_HOME=/opt/rustwide/cargo-home" "-e" "RUSTUP_HOME=/opt/rustwide/rustup-home" "-e" "CARGO_TARGET_DIR=/opt/rustwide/target" "-e" "CARGO_INCREMENTAL=0" "-e" "RUST_BACKTRACE=full" "-e" "RUSTFLAGS=--cap-lints=warn" "-e" "RUSTDOCFLAGS=--cap-lints=warn" "-w" "/opt/rustwide/workdir" "--user" "0:0" "6d21796650c4991e1f0261994adf9ea2680eaccb19b2204af73a8e9e975630ea" "/opt/rustwide/cargo-home/bin/cargo" "+1.100.0-beta.1" "test" "--frozen" "--no-run" "--message-format=json" "--release", kill_on_drop: false }`
[INFO] [stderr]    Compiling serde_core v1.0.229
[INFO] [stderr]    Compiling zerocopy v0.8.63
[INFO] [stderr]    Compiling syn v2.0.119
[INFO] [stderr]    Compiling syn v3.0.9
[INFO] [stderr]    Compiling serde_json v1.0.154
[INFO] [stderr]    Compiling either v1.19.0
[INFO] [stderr]    Compiling getrandom v0.2.17
[INFO] [stderr]    Compiling winnow v1.0.4
[INFO] [stderr]    Compiling regex-syntax v0.8.11
[INFO] [stderr]    Compiling ciborium-io v0.2.2
[INFO] [stderr]    Compiling target-tuple v1.0.2
[INFO] [stderr]    Compiling clap_lex v1.1.1
[INFO] [stderr]    Compiling plotters-backend v0.3.7
[INFO] [stderr]    Compiling itertools v0.10.5
[INFO] [stderr]    Compiling clap_builder v4.6.7
[INFO] [stderr]    Compiling toml_parser v1.1.5+spec-1.1.0
[INFO] [stderr]    Compiling plotters-svg v0.3.7
[INFO] [stderr]    Compiling rand_core v0.6.4
[INFO] [stderr]    Compiling csv-core v0.1.13
[INFO] [stderr]    Compiling cast v0.3.0
[INFO] [stderr]    Compiling toml_writer v1.1.3+spec-1.1.0
[INFO] [stderr]    Compiling rayon v1.12.0
[INFO] [stderr]    Compiling regex-automata v0.4.18
[INFO] [stderr]    Compiling criterion-plot v0.5.0
[INFO] [stderr]    Compiling serde_derive v1.0.229
[INFO] [stderr]    Compiling clap v4.6.7
[INFO] [stderr]    Compiling plotters v0.3.7
[INFO] [stderr]    Compiling zerocopy-derive v0.8.63
[INFO] [stderr]    Compiling serde_spanned v1.1.2
[INFO] [stderr]    Compiling toml_datetime v1.1.2+spec-1.1.0
[INFO] [stderr]    Compiling regex v1.13.1
[INFO] [stderr]    Compiling toml v1.1.8+spec-1.1.0
[INFO] [stderr]    Compiling serde v1.0.229
[INFO] [stderr]    Compiling dana_macros v0.4.0
[INFO] [stderr]    Compiling tinytemplate v1.2.1
[INFO] [stderr]    Compiling csv v1.4.0
[INFO] [stderr]    Compiling is-terminal v0.4.17
[INFO] [stderr]    Compiling oorandom v11.1.5
[INFO] [stderr]    Compiling anes v0.1.6
[INFO] [stderr]    Compiling glob v0.3.4
[INFO] [stderr]    Compiling trybuild v1.0.122
[INFO] [stderr]    Compiling dana v0.4.0 (/opt/rustwide/workdir)
[INFO] [stderr]    Compiling half v2.7.1
[INFO] [stderr]    Compiling ppv-lite86 v0.2.21
[INFO] [stderr]    Compiling ciborium-ll v0.2.2
[INFO] [stderr]    Compiling rand_chacha v0.3.1
[INFO] [stderr]    Compiling ciborium v0.2.2
[INFO] [stderr]    Compiling rand v0.8.8
[INFO] [stderr]    Compiling criterion v0.5.1
[INFO] [stdout] warning: missing documentation for the crate
[INFO] [stdout]   --> tests/serde.rs:1:1
[INFO] [stdout]    |
[INFO] [stdout]  1 | / #![cfg(feature = "serde")]
[INFO] [stdout]  2 | |
[INFO] [stdout]  3 | | use serde::{de::DeserializeOwned, Serialize};
[INFO] [stdout]  4 | | use dana::{prelude::*, symbols::basic::*};
[INFO] [stdout] ...  |
[INFO] [stdout] 67 | |     test_fail(qty![2.0 m*s], r#"{"value":2.0,"unit":{"div":["Meter","Second"]}}"#);
[INFO] [stdout] 68 | | }
[INFO] [stdout]    | |_^
[INFO] [stdout]    |
[INFO] [stdout]    = note: requested on the command line with `-W missing-docs`
[INFO] [stdout] 
[INFO] [stdout] 
[INFO] [stdout] warning: missing documentation for the crate
[INFO] [stdout]   --> tests/dim.rs:1:1
[INFO] [stdout]    |
[INFO] [stdout]  1 | / use num_traits::Inv;
[INFO] [stdout]  2 | | use dana::dimension::*;
[INFO] [stdout] ...  |
[INFO] [stdout] 14 | |     let _: Torque = Length::new() * Force::new();
[INFO] [stdout] 15 | | }
[INFO] [stdout]    | |_^
[INFO] [stdout]    |
[INFO] [stdout]    = note: requested on the command line with `-W missing-docs`
[INFO] [stdout] 
[INFO] [stdout] 
[INFO] [stdout] warning: missing documentation for the crate
[INFO] [stdout]   --> tests/rand.rs:1:1
[INFO] [stdout]    |
[INFO] [stdout]  1 | / #![cfg(feature = "rand")]
[INFO] [stdout]  2 | |
[INFO] [stdout]  3 | | use rand::prelude::*;
[INFO] [stdout]  4 | | use dana::{prelude::*, symbols::basic::*};
[INFO] [stdout] ...  |
[INFO] [stdout] 23 | | }
[INFO] [stdout]    | |_^
[INFO] [stdout]    |
[INFO] [stdout]    = note: requested on the command line with `-W missing-docs`
[INFO] [stdout] 
[INFO] [stdout] 
[INFO] [stdout] warning: missing documentation for the crate
[INFO] [stdout]    --> tests/proc_macros.rs:1:1
[INFO] [stdout]     |
[INFO] [stdout]   1 | / #[test]
[INFO] [stdout]   2 | | fn dim() {
[INFO] [stdout]   3 | |     use dana::{
[INFO] [stdout]   4 | |         prelude::*,
[INFO] [stdout] ...   |
[INFO] [stdout] 200 | |     let _: qtype!(usize; L^1/T^2) = u.quantity(1 as _);
[INFO] [stdout] 201 | | }
[INFO] [stdout]     | |_^
[INFO] [stdout]     |
[INFO] [stdout]     = note: requested on the command line with `-W missing-docs`
[INFO] [stdout] 
[INFO] [stdout] 
[INFO] [stdout] warning: missing documentation for the crate
[INFO] [stdout]    --> tests/conversion.rs:1:1
[INFO] [stdout]     |
[INFO] [stdout]   1 | / use num_traits::Inv;
[INFO] [stdout]   2 | | use dana::{prelude::*, symbols::{electrical::*, physics::*}};
[INFO] [stdout] ...   |
[INFO] [stdout] 153 | |     assert_eq!(qty![*[1.0 gal] * density_water in mg].round(), 3_774_237.0);
[INFO] [stdout] 154 | | }
[INFO] [stdout]     | |_^
[INFO] [stdout]     |
[INFO] [stdout]     = note: requested on the command line with `-W missing-docs`
[INFO] [stdout] 
[INFO] [stdout] 
[INFO] [stdout] warning: missing documentation for the crate
[INFO] [stdout]    --> tests/main.rs:1:1
[INFO] [stdout]     |
[INFO] [stdout]   1 | / use num_traits::Inv;
[INFO] [stdout]   2 | | use dana::{assert_qty_approx, prelude::*, symbols::basic::*};
[INFO] [stdout] ...   |
[INFO] [stdout] 232 | | }
[INFO] [stdout]     | |_^
[INFO] [stdout]     |
[INFO] [stdout]     = note: requested on the command line with `-W missing-docs`
[INFO] [stdout] 
[INFO] [stdout] 
[INFO] [stdout] warning: missing documentation for a function
[INFO] [stdout]  --> tests/main.rs:6:1
[INFO] [stdout]   |
[INFO] [stdout] 6 | pub fn test_macros() {
[INFO] [stdout]   | ^^^^^^^^^^^^^^^^^^^^
[INFO] [stdout] 
[INFO] [stdout] 
[INFO] [stderr] warning: unused dependency `thiserror-no-std`
[INFO] [stderr]   --> Cargo.toml:38:15
[INFO] [stderr]    |
[INFO] [stderr] 38 | [dependencies.thiserror-no-std]
[INFO] [stderr]    |               ^^^^^^^^^^^^^^^^^
[INFO] [stderr]    |
[INFO] [stderr]    = note: `cargo::unused_dependencies` is set to `warn` by default
[INFO] [stderr] help: consider removing the dependency on `thiserror-no-std`
[INFO] [stderr] warning: `dana` (manifest) generated 1 warning
[INFO] [stderr]     Finished `release` profile [optimized] target(s) in 1m 53s
[INFO] running `Command { std: "docker" "inspect" "6d21796650c4991e1f0261994adf9ea2680eaccb19b2204af73a8e9e975630ea", kill_on_drop: false }`
[INFO] running `Command { std: "docker" "exec" "-e" "SOURCE_DIR=/opt/rustwide/workdir" "-e" "CARGO_HOME=/opt/rustwide/cargo-home" "-e" "RUSTUP_HOME=/opt/rustwide/rustup-home" "-e" "CARGO_TARGET_DIR=/opt/rustwide/target" "-e" "CARGO_INCREMENTAL=0" "-e" "RUST_BACKTRACE=full" "-e" "RUSTFLAGS=--cap-lints=warn" "-e" "RUSTDOCFLAGS=--cap-lints=warn" "-w" "/opt/rustwide/workdir" "--user" "0:0" "6d21796650c4991e1f0261994adf9ea2680eaccb19b2204af73a8e9e975630ea" "/opt/rustwide/cargo-home/bin/cargo" "+1.100.0-beta.1" "test" "--frozen" "--release", kill_on_drop: false }`
[INFO] [stderr] warning: missing documentation for the crate
[INFO] [stderr]    --> tests/conversion.rs:1:1
[INFO] [stderr]     |
[INFO] [stderr]   1 | / use num_traits::Inv;
[INFO] [stderr]   2 | | use dana::{prelude::*, symbols::{electrical::*, physics::*}};
[INFO] [stderr] ...   |
[INFO] [stderr] 153 | |     assert_eq!(qty![*[1.0 gal] * density_water in mg].round(), 3_774_237.0);
[INFO] [stderr] 154 | | }
[INFO] [stderr]     | |_^
[INFO] [stderr]     |
[INFO] [stderr]     = note: requested on the command line with `-W missing-docs`
[INFO] [stderr] 
[INFO] [stderr] warning: missing documentation for the crate
[INFO] [stderr]    --> tests/proc_macros.rs:1:1
[INFO] [stderr]     |
[INFO] [stderr]   1 | / #[test]
[INFO] [stderr]   2 | | fn dim() {
[INFO] [stderr]   3 | |     use dana::{
[INFO] [stderr]   4 | |         prelude::*,
[INFO] [stderr] ...   |
[INFO] [stderr] 200 | |     let _: qtype!(usize; L^1/T^2) = u.quantity(1 as _);
[INFO] [stderr] 201 | | }
[INFO] [stderr]     | |_^
[INFO] [stderr]     |
[INFO] [stderr]     = note: requested on the command line with `-W missing-docs`
[INFO] [stderr] 
[INFO] [stderr] warning: missing documentation for the crate
[INFO] [stderr]   --> tests/dim.rs:1:1
[INFO] [stderr]    |
[INFO] [stderr]  1 | / use num_traits::Inv;
[INFO] [stderr]  2 | | use dana::dimension::*;
[INFO] [stderr] ...  |
[INFO] [stderr] 14 | |     let _: Torque = Length::new() * Force::new();
[INFO] [stderr] 15 | | }
[INFO] [stderr]    | |_^
[INFO] [stderr]    |
[INFO] [stderr]    = note: requested on the command line with `-W missing-docs`
[INFO] [stderr] 
[INFO] [stderr] warning: missing documentation for the crate
[INFO] [stderr]   --> tests/rand.rs:1:1
[INFO] [stderr]    |
[INFO] [stderr]  1 | / #![cfg(feature = "rand")]
[INFO] [stderr]  2 | |
[INFO] [stderr]  3 | | use rand::prelude::*;
[INFO] [stderr]  4 | | use dana::{prelude::*, symbols::basic::*};
[INFO] [stderr] ...  |
[INFO] [stderr] 23 | | }
[INFO] [stderr]    | |_^
[INFO] [stderr]    |
[INFO] [stderr]    = note: requested on the command line with `-W missing-docs`
[INFO] [stderr] 
[INFO] [stderr] warning: missing documentation for the crate
[INFO] [stderr]    --> tests/main.rs:1:1
[INFO] [stderr]     |
[INFO] [stderr]   1 | / use num_traits::Inv;
[INFO] [stderr]   2 | | use dana::{assert_qty_approx, prelude::*, symbols::basic::*};
[INFO] [stderr] ...   |
[INFO] [stderr] 232 | | }
[INFO] [stderr]     | |_^
[INFO] [stderr]     |
[INFO] [stderr]     = note: requested on the command line with `-W missing-docs`
[INFO] [stderr] 
[INFO] [stderr] warning: missing documentation for a function
[INFO] [stderr]  --> tests/main.rs:6:1
[INFO] [stderr]   |
[INFO] [stderr] 6 | pub fn test_macros() {
[INFO] [stderr]   | ^^^^^^^^^^^^^^^^^^^^
[INFO] [stderr] 
[INFO] [stderr] warning: missing documentation for the crate
[INFO] [stderr]   --> tests/serde.rs:1:1
[INFO] [stderr]    |
[INFO] [stderr]  1 | / #![cfg(feature = "serde")]
[INFO] [stderr]  2 | |
[INFO] [stderr]  3 | | use serde::{de::DeserializeOwned, Serialize};
[INFO] [stderr]  4 | | use dana::{prelude::*, symbols::basic::*};
[INFO] [stderr] ...  |
[INFO] [stderr] 67 | |     test_fail(qty![2.0 m*s], r#"{"value":2.0,"unit":{"div":["Meter","Second"]}}"#);
[INFO] [stderr] 68 | | }
[INFO] [stderr]    | |_^
[INFO] [stderr]    |
[INFO] [stderr]    = note: requested on the command line with `-W missing-docs`
[INFO] [stderr] 
[INFO] [stderr] warning: `dana` (test "conversion") generated 1 warning
[INFO] [stderr] warning: `dana` (test "proc_macros") generated 1 warning
[INFO] [stderr] warning: `dana` (test "dim") generated 1 warning
[INFO] [stderr] warning: `dana` (test "rand") generated 1 warning
[INFO] [stderr] warning: `dana` (test "main") generated 2 warnings
[INFO] [stderr] warning: `dana` (test "serde") generated 1 warning
[INFO] [stderr] warning: unused dependency `thiserror-no-std`
[INFO] [stderr]   --> Cargo.toml:38:15
[INFO] [stderr]    |
[INFO] [stderr] 38 | [dependencies.thiserror-no-std]
[INFO] [stderr]    |               ^^^^^^^^^^^^^^^^^
[INFO] [stderr]    |
[INFO] [stderr]    = note: `cargo::unused_dependencies` is set to `warn` by default
[INFO] [stderr] help: consider removing the dependency on `thiserror-no-std`
[INFO] [stderr] warning: `dana` (manifest) generated 1 warning
[INFO] [stderr]     Finished `release` profile [optimized] target(s) in 0.14s
[INFO] [stderr]      Running unittests src/lib.rs (/opt/rustwide/target/release/build/dana/60e6ea4f3317fc37/out/dana-60e6ea4f3317fc37)
[INFO] [stdout] 
[INFO] [stdout] running 7 tests
[INFO] [stdout] test quantity::qty_from::time_std::tests::qty_duration ... ok
[INFO] [stdout] test constants::test_constants ... ok
[INFO] [stdout] test equations::tests::test_gravity ... ok
[INFO] [stdout] test equations::tests::test_gravity_earth ... ok
[INFO] [stdout] test equations::tests::test_temp ... ok
[INFO] [stdout] test equations::tests::test_photon ... ok
[INFO] [stdout] test equations::tests::test_e_mc2 ... ok
[INFO] [stdout] 
[INFO] [stdout] test result: ok. 7 passed; 0 failed; 0 ignored; 0 measured; 0 filtered out; finished in 0.00s
[INFO] [stdout] 
[INFO] [stderr]      Running tests/conversion.rs (/opt/rustwide/target/release/build/dana/9c42abf7d9b956b1/out/conversion-9c42abf7d9b956b1)
[INFO] [stdout] 
[INFO] [stdout] running 7 tests
[INFO] [stdout] test test_anonymous ... ok
[INFO] [stdout] test test_cancel ... ok
[INFO] [stdout] test test_electrical ... ok
[INFO] [stdout] test test_electrical_charge ... ok
[INFO] [stdout] test test_f_ma ... ok
[INFO] [stdout] test test_powers ... ok
[INFO] [stderr]      Running tests/dim.rs (/opt/rustwide/target/release/build/dana/cd3e1b9bf414d156/out/dim-cd3e1b9bf414d156)
[INFO] [stdout] test test_volume ... ok
[INFO] [stdout] 
[INFO] [stdout] test result: ok. 7 passed; 0 failed; 0 ignored; 0 measured; 0 filtered out; finished in 0.00s
[INFO] [stdout] 
[INFO] [stderr]      Running tests/main.rs (/opt/rustwide/target/release/build/dana/66d9cc55e9ca40c5/out/main-66d9cc55e9ca40c5)
[INFO] [stdout] 
[INFO] [stdout] running 1 test
[INFO] [stdout] test test_dimensions ... ok
[INFO] [stdout] 
[INFO] [stdout] test result: ok. 1 passed; 0 failed; 0 ignored; 0 measured; 0 filtered out; finished in 0.00s
[INFO] [stdout] 
[INFO] [stdout] 
[INFO] [stdout] running 5 tests
[INFO] [stdout] test test_rescale ... ok
[INFO] [stdout] test test_unit_step ... ok
[INFO] [stdout] test test_quantity_norm ... ok
[INFO] [stdout] test test_macros ... ok
[INFO] [stdout] test test_scale ... ok
[INFO] [stdout] 
[INFO] [stdout] test result: ok. 5 passed; 0 failed; 0 ignored; 0 measured; 0 filtered out; finished in 0.00s
[INFO] [stdout] 
[INFO] [stderr]      Running tests/proc_macros.rs (/opt/rustwide/target/release/build/dana/5f4a7abaac5f8b20/out/proc_macros-5f4a7abaac5f8b20)
[INFO] [stdout] 
[INFO] [stdout] running 6 tests
[INFO] [stdout] test dim ... ok
[INFO] [stdout] test qty_ops_adv ... ok
[INFO] [stdout] test qty_ops ... ok
[INFO] [stdout] test qty_valid ... ok
[INFO] [stdout] test qtype_valid ... ok
[INFO] [stderr]    Compiling proc-macro2 v1.0.107
[INFO] [stderr]    Compiling quote v1.0.47
[INFO] [stderr]    Compiling unicode-ident v1.0.27
[INFO] [stderr]    Compiling autocfg v1.5.1
[INFO] [stderr]    Compiling libm v0.2.16
[INFO] [stderr]    Compiling zerocopy v0.8.63
[INFO] [stderr]    Compiling libc v0.2.191
[INFO] [stderr]    Compiling serde_core v1.0.229
[INFO] [stderr]     Checking cfg-if v1.0.5
[INFO] [stderr]    Compiling crossbeam-utils v0.8.23
[INFO] [stderr]    Compiling crossbeam-epoch v0.9.21
[INFO] [stderr]    Compiling crossbeam-deque v0.8.8
[INFO] [stderr]    Compiling serde v1.0.229
[INFO] [stderr]    Compiling zmij v1.0.23
[INFO] [stderr]     Checking memchr v2.8.3
[INFO] [stderr]    Compiling syn v1.0.109
[INFO] [stderr]    Compiling num-traits v0.2.19
[INFO] [stderr]    Compiling serde_json v1.0.154
[INFO] [stderr]    Compiling rayon-core v1.13.0
[INFO] [stderr]     Checking itoa v1.0.18
[INFO] [stderr]     Checking either v1.19.0
[INFO] [stderr]     Checking plotters-backend v0.3.7
[INFO] [stderr]     Checking clap_lex v1.1.1
[INFO] [stderr]     Checking ciborium-io v0.2.2
[INFO] [stderr]     Checking anstyle v1.0.14
[INFO] [stderr]     Checking regex-syntax v0.8.11
[INFO] [stderr]    Compiling syn v2.0.119
[INFO] [stderr]    Compiling syn v3.0.9
[INFO] [stderr]     Checking getrandom v0.2.17
[INFO] [stderr]     Checking rand_core v0.6.4
[INFO] [stderr]     Checking clap_builder v4.6.7
[INFO] [stderr]     Checking regex-automata v0.4.18
[INFO] [stderr]     Checking plotters-svg v0.3.7
[INFO] [stderr]     Checking itertools v0.10.5
[INFO] [stderr]     Checking csv-core v0.1.13
[INFO] [stderr]     Checking cast v0.3.0
[INFO] [stderr]     Checking same-file v1.0.6
[INFO] [stderr]     Checking ryu v1.0.23
[INFO] [stderr]     Checking clap v4.6.7
[INFO] [stderr]     Checking walkdir v2.5.0
[INFO] [stderr]     Checking rayon v1.12.0
[INFO] [stderr]     Checking csv v1.4.0
[INFO] [stderr]     Checking plotters v0.3.7
[INFO] [stderr]     Checking regex v1.13.1
[INFO] [stderr]     Checking is-terminal v0.4.17
[INFO] [stderr]     Checking once_cell v1.21.4
[INFO] [stderr]     Checking typenum v1.20.1
[INFO] [stderr]     Checking criterion-plot v0.5.0
[INFO] [stderr]     Checking anes v0.1.6
[INFO] [stderr]     Checking oorandom v11.1.5
[INFO] [stderr]    Compiling thiserror-impl-no-std v2.0.2
[INFO] [stderr]    Compiling serde_derive v1.0.229
[INFO] [stderr]    Compiling zerocopy-derive v0.8.63
[INFO] [stderr]    Compiling dana_macros v0.4.0
[INFO] [stderr]     Checking thiserror-no-std v2.0.2
[INFO] [stderr]     Checking dana v0.4.0 (/opt/rustwide/workdir)
[INFO] [stderr]     Checking tinytemplate v1.2.1
[INFO] [stderr]     Checking half v2.7.1
[INFO] [stderr]     Checking ppv-lite86 v0.2.21
[INFO] [stderr]     Checking ciborium-ll v0.2.2
[INFO] [stderr]     Checking rand_chacha v0.3.1
[INFO] [stderr]     Checking ciborium v0.2.2
[INFO] [stderr]     Checking rand v0.8.8
[INFO] [stderr]     Checking criterion v0.5.1
[INFO] [stderr]     Checking dana-tests v0.0.0 (/opt/rustwide/target/tests/trybuild/dana)
[INFO] [stderr]     Finished `dev` profile [unoptimized + debuginfo] target(s) in 55.36s
[INFO] [stderr] 
[INFO] [stderr] 
[INFO] [stdout] test qty_invalid has been running for over 60 seconds
[INFO] [stderr] test tests/err_qty/exp_empty.rs ... ok
[INFO] [stderr] test tests/err_qty/exp_frac_one_div.rs ... ok
[INFO] [stderr] test tests/err_qty/exp_frac_one_div_zero.rs ... ok
[INFO] [stderr] test tests/err_qty/exp_frac_one_div_zero_hex.rs ... ok
[INFO] [stderr] test tests/err_qty/exp_frac_one_div_zeroes.rs ... ok
[INFO] [stderr] test tests/err_qty/exp_frac_zero_div.rs ... ok
[INFO] [stderr] test tests/err_qty/exp_frac_zero_div_one.rs ... ok
[INFO] [stderr] test tests/err_qty/exp_frac_zero_div_zero.rs ... ok
[INFO] [stderr] test tests/err_qty/exp_frac_zero_hex_div_one.rs ... ok
[INFO] [stderr] test tests/err_qty/exp_frac_zeroes_div_one.rs ... ok
[INFO] [stderr] test tests/err_qty/exp_paren_div.rs ... ok
[INFO] [stderr] test tests/err_qty/exp_paren_empty.rs ... ok
[INFO] [stderr] test tests/err_qty/exp_paren_one_mul_one.rs ... ok
[INFO] [stderr] test tests/err_qty/exp_paren_zero.rs ... ok
[INFO] [stderr] test tests/err_qty/exp_zero.rs ... ok
[INFO] [stderr] test tests/err_qty/mixed_sum.rs ... mismatch
[INFO] [stderr] 
[INFO] [stderr] EXPECTED:
[INFO] [stderr] ┈┈┈┈┈┈┈┈┈┈┈┈┈┈┈┈┈┈┈┈┈┈┈┈┈┈┈┈┈┈┈┈┈┈┈┈┈┈┈┈┈┈┈┈┈┈┈┈┈┈┈┈┈┈┈┈┈┈┈┈
[INFO] [stderr] error[E0271]: type mismatch resolving `<Length as Unit>::Dim == Dimension<Z0, PInt<UInt<UTerm, B1>>, Z0, Z0, Z0, Z0, Z0>`
[INFO] [stderr]  --> tests/err_qty/mixed_sum.rs:5:16
[INFO] [stderr]   |
[INFO] [stderr] 5 |     let _err = qty![1.0 m, 1.0 kg];
[INFO] [stderr]   |                ^^^^^^^^^^^^^^^^^^^ expected `Dimension<PInt<...>, ..., ..., ..., ..., ..., ...>`, found `Dimension<Z0, ..., ..., ..., ..., ..., ...>`
[INFO] [stderr]   |
[INFO] [stderr]   = note: expected struct `Dimension<typenum::int::PInt<typenum::uint::UInt<typenum::uint::UTerm, typenum::bit::B1>>, typenum::int::Z0, typenum::int::Z0, typenum::int::Z0, typenum::int::Z0, typenum::int::Z0, typenum::int::Z0>`
[INFO] [stderr]              found struct `Dimension<typenum::int::Z0, typenum::int::PInt<typenum::uint::UInt<typenum::uint::UTerm, typenum::bit::B1>>, typenum::int::Z0, typenum::int::Z0, typenum::int::Z0, typenum::int::Z0, typenum::int::Z0>`
[INFO] [stderr]   = note: required for `Length` to implement `ConvertFrom<Mass>`
[INFO] [stderr]   = note: required for `Mass` to implement `ConvertInto<Length>`
[INFO] [stderr]   = note: required for `Quantity<Length, {float}>` to implement `Add<Quantity<Mass, {float}>>`
[INFO] [stderr]   = note: this error originates in the macro `$crate::macros::proc::qty` which comes from the expansion of the macro `qty` (in Nightly builds, run with -Z macro-backtrace for more info)
[INFO] [stderr] ┈┈┈┈┈┈┈┈┈┈┈┈┈┈┈┈┈┈┈┈┈┈┈┈┈┈┈┈┈┈┈┈┈┈┈┈┈┈┈┈┈┈┈┈┈┈┈┈┈┈┈┈┈┈┈┈┈┈┈┈
[INFO] [stderr] 
[INFO] [stderr] ACTUAL OUTPUT:
[INFO] [stderr] ┈┈┈┈┈┈┈┈┈┈┈┈┈┈┈┈┈┈┈┈┈┈┈┈┈┈┈┈┈┈┈┈┈┈┈┈┈┈┈┈┈┈┈┈┈┈┈┈┈┈┈┈┈┈┈┈┈┈┈┈
[INFO] [stderr] error[E0271]: type mismatch resolving `<Length as Unit>::Dim == Dimension<Z0, PInt<UInt<UTerm, B1>>, Z0, Z0, Z0, Z0, Z0>`
[INFO] [stderr]  --> tests/err_qty/mixed_sum.rs:5:16
[INFO] [stderr]   |
[INFO] [stderr] 5 |     let _err = qty![1.0 m, 1.0 kg];
[INFO] [stderr]   |                ^^^^^^^^^^^^^^^^^^^ expected `Dimension<Z0, _, Z0, Z0, Z0, Z0, Z0>`, found `Dimension<_, Z0, Z0, Z0, Z0, Z0, Z0>`
[INFO] [stderr]   |
[INFO] [stderr]   = note: expected struct `Dimension<typenum::int::Z0, typenum::int::PInt<typenum::uint::UInt<typenum::uint::UTerm, typenum::bit::B1>>, Z0, Z0, Z0, Z0, Z0>`
[INFO] [stderr]              found struct `Dimension<typenum::int::PInt<typenum::uint::UInt<typenum::uint::UTerm, typenum::bit::B1>>, typenum::int::Z0, Z0, Z0, Z0, Z0, Z0>`
[INFO] [stderr]   = note: required for `Length` to implement `ConvertFrom<Mass>`
[INFO] [stderr]   = note: required for `Mass` to implement `ConvertInto<Length>`
[INFO] [stderr]   = note: required for `Quantity<Length, {float}>` to implement `Add<Quantity<Mass, {float}>>`
[INFO] [stderr]   = note: this error originates in the macro `$crate::macros::proc::qty` which comes from the expansion of the macro `qty` (in Nightly builds, run with -Z macro-backtrace for more info)
[INFO] [stderr] ┈┈┈┈┈┈┈┈┈┈┈┈┈┈┈┈┈┈┈┈┈┈┈┈┈┈┈┈┈┈┈┈┈┈┈┈┈┈┈┈┈┈┈┈┈┈┈┈┈┈┈┈┈┈┈┈┈┈┈┈
[INFO] [stderr] note: If the actual output is the correct output you can bless it by rerunning
[INFO] [stderr]       your test with the environment variable TRYBUILD=overwrite
[INFO] [stderr] 
[INFO] [stderr] test tests/err_qty/recursive_deref.rs ... ok
[INFO] [stderr] test tests/err_qty/trailing_add.rs ... ok
[INFO] [stderr] test tests/err_qty/trailing_div.rs ... ok
[INFO] [stderr] test tests/err_qty/trailing_float.rs ... ok
[INFO] [stderr] test tests/err_qty/trailing_mul.rs ... ok
[INFO] [stderr] test tests/err_qty/trailing_sub.rs ... ok
[INFO] [stderr] 
[INFO] [stderr] 
[INFO] [stdout] test qty_invalid ... FAILED
[INFO] [stdout] 
[INFO] [stdout] failures:
[INFO] [stdout] 
[INFO] [stdout] ---- qty_invalid stdout ----
[INFO] [stdout] 
[INFO] [stdout] thread 'qty_invalid' (1347) panicked at /opt/rustwide/cargo-home/registry/src/index.crates.io-1949cf8c6b5b557f/trybuild-1.0.122/src/run.rs:103:13:
[INFO] [stdout] 1 of 22 tests failed
[INFO] [stdout] stack backtrace:
[INFO] [stdout]    0:     0x62cbcd0417b1 - <<std[617be2ca0a6fd877]::sys::backtrace::BacktraceLock>::print::DisplayBacktrace as core[a373ad73a504971]::fmt::Display>::fmt
[INFO] [stdout]    1:     0x62cbcd057f3a - core[a373ad73a504971]::fmt::write
[INFO] [stdout]    2:     0x62cbcd045ffc - <alloc[2e1b2a31b91974c5]::vec::Vec<u8> as core[a373ad73a504971]::io::write::Write>::write_fmt
[INFO] [stdout]    3:     0x62cbcd01ac16 - std[617be2ca0a6fd877]::panicking::default_hook::{closure#0}
[INFO] [stdout]    4:     0x62cbcd038d59 - std[617be2ca0a6fd877]::panicking::default_hook
[INFO] [stdout]    5:     0x62cbccfd2360 - test[aada8e7e76ba119b]::test_main_inner::{closure#0}
[INFO] [stdout]    6:     0x62cbcd038f12 - std[617be2ca0a6fd877]::panicking::panic_with_hook
[INFO] [stdout]    7:     0x62cbcd01acc2 - std[617be2ca0a6fd877]::panicking::panic_handler::{closure#0}
[INFO] [stdout]    8:     0x62cbcd013519 - std[617be2ca0a6fd877]::sys::backtrace::__rust_end_short_backtrace::<std[617be2ca0a6fd877]::panicking::panic_handler::{closure#0}, !>
[INFO] [stdout]    9:     0x62cbcd01b8cd - __rustc[ea4f61d10b84890b]::rust_begin_unwind
[INFO] [stdout]   10:     0x62cbcd0586ac - core[a373ad73a504971]::panicking::panic_fmt
[INFO] [stdout]   11:     0x62cbccf2528b - <trybuild[38de62ca70bb2296]::Runner>::run
[INFO] [stdout]   12:     0x62cbccf28500 - <trybuild[38de62ca70bb2296]::TestCases as core[a373ad73a504971]::ops::drop::Drop>::drop
[INFO] [stdout]   13:     0x62cbccf1e788 - proc_macros[259eefc28409f91f]::qty_invalid
[INFO] [stdout]   14:     0x62cbccf1ebb9 - <proc_macros[259eefc28409f91f]::qty_invalid::{closure#0} as core[a373ad73a504971]::ops::function::FnOnce<()>>::call_once
[INFO] [stdout]   15:     0x62cbccfc57ab - test[aada8e7e76ba119b]::__rust_begin_short_backtrace::<core[a373ad73a504971]::result::Result<(), alloc[2e1b2a31b91974c5]::string::String>, fn() -> core[a373ad73a504971]::result::Result<(), alloc[2e1b2a31b91974c5]::string::String>>
[INFO] [stdout]   16:     0x62cbccfd2985 - test[aada8e7e76ba119b]::run_test::{closure#0}
[INFO] [stdout]   17:     0x62cbccfcc274 - std[617be2ca0a6fd877]::sys::backtrace::__rust_begin_short_backtrace::<test[aada8e7e76ba119b]::run_test::{closure#1}, ()>
[INFO] [stdout]   18:     0x62cbccfd5a12 - <std[617be2ca0a6fd877]::thread::lifecycle::spawn_unchecked<test[aada8e7e76ba119b]::run_test::{closure#1}, ()>::{closure#1} as core[a373ad73a504971]::ops::function::FnOnce<()>>::call_once::{shim:vtable#0}
[INFO] [stdout]   19:     0x62cbcd040a0f - <std[617be2ca0a6fd877]::sys::thread::unix::Thread>::new::thread_start
[INFO] [stdout]   20:     0x71e761304dfa - <unknown>
[INFO] [stdout]   21:     0x71e7613983d4 - clone
[INFO] [stdout]   22:                0x0 - <unknown>
[INFO] [stdout] 
[INFO] [stdout] 
[INFO] [stdout] failures:
[INFO] [stdout]     qty_invalid
[INFO] [stdout] 
[INFO] [stdout] test result: FAILED. 5 passed; 1 failed; 0 ignored; 0 measured; 0 filtered out; finished in 83.08s
[INFO] [stdout] 
[INFO] [stderr] error: test failed, to rerun pass `--test proc_macros`
[INFO] running `Command { std: "docker" "inspect" "6d21796650c4991e1f0261994adf9ea2680eaccb19b2204af73a8e9e975630ea", kill_on_drop: false }`
[INFO] running `Command { std: "docker" "rm" "-f" "6d21796650c4991e1f0261994adf9ea2680eaccb19b2204af73a8e9e975630ea", kill_on_drop: false }`
[INFO] [stdout] 6d21796650c4991e1f0261994adf9ea2680eaccb19b2204af73a8e9e975630ea
