[INFO] fetching crate daml-macro 0.3.0...
[INFO] testing daml-macro-0.3.0 against 1.100.0-beta.1+cargoflags=--release for beta-release-1.100-2
[INFO] extracting crate daml-macro 0.3.0 into /workspace/builds/worker-2-tc2/source
[INFO] started tweaking crates.io crate daml-macro 0.3.0
[INFO] finished tweaking crates.io crate daml-macro 0.3.0
[INFO] tweaked toml for crates.io crate daml-macro 0.3.0 written to /workspace/builds/worker-2-tc2/source/Cargo.toml
[INFO] validating manifest of crates.io crate daml-macro 0.3.0 on toolchain 1.100.0-beta.1
[INFO] running `Command { std: CARGO_HOME="/workspace/cargo-home" RUSTUP_HOME="/workspace/rustup-home" "/workspace/cargo-home/bin/cargo" "+1.100.0-beta.1" "metadata" "--manifest-path" "Cargo.toml" "--no-deps", kill_on_drop: false }`
[INFO] crate crates.io crate daml-macro 0.3.0 already has a lockfile, it will not be regenerated
[INFO] running `Command { std: CARGO_HOME="/workspace/cargo-home" RUSTUP_HOME="/workspace/rustup-home" "/workspace/cargo-home/bin/cargo" "+1.100.0-beta.1" "fetch" "--manifest-path" "Cargo.toml", kill_on_drop: false }`
[INFO] running `Command { std: "docker" "create" "-v" "/var/lib/crater-agent-workspace/builds/worker-2-tc2/source:/opt/rustwide/workdir:ro,Z" "-v" "/var/lib/crater-agent-workspace/builds/worker-2-tc2/target:/opt/rustwide/target:rw,Z" "-v" "/var/lib/crater-agent-workspace/cargo-home:/opt/rustwide/cargo-home:ro,Z" "-v" "/var/lib/crater-agent-workspace/rustup-home:/opt/rustwide/rustup-home:ro,Z" "-m" "1610612736" "--network" "none" "ghcr.io/rust-lang/crates-build-env/linux@sha256:77db811e55d90add9212f6832c23229e3de5f1c1f9905e8cb07319ea15df73ac" "sleep" "infinity", kill_on_drop: false }`
[INFO] [stdout] 3ebb8c05f3b625ea5cb0bc59e96b152d3fefb6d21a05dce05b9309c32a8eb62a
[INFO] running `Command { std: "docker" "start" "3ebb8c05f3b625ea5cb0bc59e96b152d3fefb6d21a05dce05b9309c32a8eb62a", kill_on_drop: false }`
[INFO] running `Command { std: "docker" "inspect" "3ebb8c05f3b625ea5cb0bc59e96b152d3fefb6d21a05dce05b9309c32a8eb62a", kill_on_drop: false }`
[INFO] running `Command { std: "docker" "exec" "-e" "SOURCE_DIR=/opt/rustwide/workdir" "-e" "CARGO_HOME=/opt/rustwide/cargo-home" "-e" "RUSTUP_HOME=/opt/rustwide/rustup-home" "-e" "CARGO_TARGET_DIR=/opt/rustwide/target" "-w" "/opt/rustwide/workdir" "--user" "0:0" "3ebb8c05f3b625ea5cb0bc59e96b152d3fefb6d21a05dce05b9309c32a8eb62a" "/opt/rustwide/cargo-home/bin/cargo" "+1.100.0-beta.1" "metadata" "--no-deps" "--format-version=1", kill_on_drop: false }`
[INFO] running `Command { std: "docker" "inspect" "3ebb8c05f3b625ea5cb0bc59e96b152d3fefb6d21a05dce05b9309c32a8eb62a", kill_on_drop: false }`
[INFO] running `Command { std: "docker" "exec" "-e" "SOURCE_DIR=/opt/rustwide/workdir" "-e" "CARGO_HOME=/opt/rustwide/cargo-home" "-e" "RUSTUP_HOME=/opt/rustwide/rustup-home" "-e" "CARGO_TARGET_DIR=/opt/rustwide/target" "-e" "CARGO_INCREMENTAL=0" "-e" "RUST_BACKTRACE=full" "-e" "RUSTFLAGS=--cap-lints=warn" "-e" "RUSTDOCFLAGS=--cap-lints=warn" "-w" "/opt/rustwide/workdir" "--user" "0:0" "3ebb8c05f3b625ea5cb0bc59e96b152d3fefb6d21a05dce05b9309c32a8eb62a" "/opt/rustwide/cargo-home/bin/cargo" "+1.100.0-beta.1" "build" "--frozen" "--message-format=json" "--release", kill_on_drop: false }`
[INFO] [stderr]    Compiling futures-sink v0.3.33
[INFO] [stderr]    Compiling either v1.17.0
[INFO] [stderr]    Compiling cc v1.4.0
[INFO] [stderr]    Compiling futures-io v0.3.33
[INFO] [stderr]    Compiling futures-task v0.3.33
[INFO] [stderr]    Compiling pulldown-cmark v0.13.4
[INFO] [stderr]    Compiling syn v2.0.119
[INFO] [stderr]    Compiling libc v0.2.189
[INFO] [stderr]    Compiling getrandom v0.2.17
[INFO] [stderr]    Compiling rustix v1.1.4
[INFO] [stderr]    Compiling getrandom v0.4.3
[INFO] [stderr]    Compiling bytes v1.12.1
[INFO] [stderr]    Compiling regex-syntax v0.8.11
[INFO] [stderr]    Compiling linux-raw-sys v0.12.1
[INFO] [stderr]    Compiling indexmap v2.14.0
[INFO] [stderr]    Compiling hashbrown v0.15.5
[INFO] [stderr]    Compiling syn v3.0.3
[INFO] [stderr]    Compiling futures-channel v0.3.33
[INFO] [stderr]    Compiling serde_core v1.0.229
[INFO] [stderr]    Compiling itertools v0.14.0
[INFO] [stderr]    Compiling rustls v0.23.42
[INFO] [stderr]    Compiling fastrand v2.5.0
[INFO] [stderr]    Compiling axum-core v0.5.6
[INFO] [stderr]    Compiling rustls-native-certs v0.8.4
[INFO] [stderr]    Compiling num-integer v0.1.46
[INFO] [stderr]    Compiling itertools v0.15.0
[INFO] [stderr]    Compiling bigdecimal v0.4.10
[INFO] [stderr]    Compiling thiserror v2.0.19
[INFO] [stderr]    Compiling num-bigint v0.4.8
[INFO] [stderr]    Compiling regex-automata v0.4.16
[INFO] [stderr]    Compiling petgraph v0.8.3
[INFO] [stderr]    Compiling pulldown-cmark-to-cmark v22.0.0
[INFO] [stderr]    Compiling chrono v0.4.45
[INFO] [stderr]    Compiling uuid v1.24.0
[INFO] [stderr]    Compiling ring v0.17.14
[INFO] [stderr]    Compiling regex v1.13.1
[INFO] [stderr]    Compiling prettyplease v0.2.37
[INFO] [stderr]    Compiling tempfile v3.27.0
[INFO] [stderr]    Compiling tonic-build v0.14.6
[INFO] [stderr]    Compiling tokio-macros v2.7.1
[INFO] [stderr]    Compiling tracing-attributes v0.1.31
[INFO] [stderr]    Compiling prost-derive v0.14.4
[INFO] [stderr]    Compiling futures-macro v0.3.33
[INFO] [stderr]    Compiling pin-project-internal v1.1.13
[INFO] [stderr]    Compiling futures-util v0.3.33
[INFO] [stderr]    Compiling tokio v1.53.1
[INFO] [stderr]    Compiling tracing v0.1.44
[INFO] [stderr]    Compiling pin-project v1.1.13
[INFO] [stderr]    Compiling prost v0.14.4
[INFO] [stderr]    Compiling async-trait v0.1.91
[INFO] [stderr]    Compiling thiserror-impl v2.0.19
[INFO] [stderr]    Compiling prost-types v0.14.4
[INFO] [stderr]    Compiling prost-build v0.14.4
[INFO] [stderr]    Compiling tonic-prost-build v0.14.6
[INFO] [stderr]    Compiling daml-grpc v0.3.0
[INFO] [stderr]    Compiling futures-executor v0.3.33
[INFO] [stderr]    Compiling futures v0.3.33
[INFO] [stderr]    Compiling tokio-util v0.7.19
[INFO] [stderr]    Compiling tokio-stream v0.1.19
[INFO] [stderr]    Compiling h2 v0.4.15
[INFO] [stderr]    Compiling tower v0.5.3
[INFO] [stderr]    Compiling axum v0.8.9
[INFO] [stderr]    Compiling rustls-webpki v0.103.13
[INFO] [stderr]    Compiling hyper v1.11.0
[INFO] [stderr]    Compiling hyper-util v0.1.20
[INFO] [stderr]    Compiling hyper-timeout v0.5.2
[INFO] [stderr]    Compiling tokio-rustls v0.26.4
[INFO] [stderr]    Compiling tonic v0.14.6
[INFO] [stderr]    Compiling tonic-prost v0.14.6
[INFO] [stderr]    Compiling daml-macro v0.3.0 (/opt/rustwide/workdir)
[INFO] [stderr]     Finished `release` profile [optimized] target(s) in 1m 30s
[INFO] running `Command { std: "docker" "inspect" "3ebb8c05f3b625ea5cb0bc59e96b152d3fefb6d21a05dce05b9309c32a8eb62a", kill_on_drop: false }`
[INFO] running `Command { std: "docker" "exec" "-e" "SOURCE_DIR=/opt/rustwide/workdir" "-e" "CARGO_HOME=/opt/rustwide/cargo-home" "-e" "RUSTUP_HOME=/opt/rustwide/rustup-home" "-e" "CARGO_TARGET_DIR=/opt/rustwide/target" "-e" "CARGO_INCREMENTAL=0" "-e" "RUST_BACKTRACE=full" "-e" "RUSTFLAGS=--cap-lints=warn" "-e" "RUSTDOCFLAGS=--cap-lints=warn" "-w" "/opt/rustwide/workdir" "--user" "0:0" "3ebb8c05f3b625ea5cb0bc59e96b152d3fefb6d21a05dce05b9309c32a8eb62a" "/opt/rustwide/cargo-home/bin/cargo" "+1.100.0-beta.1" "test" "--frozen" "--no-run" "--message-format=json" "--release", kill_on_drop: false }`
[INFO] [stderr]    Compiling daml-macro v0.3.0 (/opt/rustwide/workdir)
[INFO] [stderr]     Finished `release` profile [optimized] target(s) in 3.18s
[INFO] running `Command { std: "docker" "inspect" "3ebb8c05f3b625ea5cb0bc59e96b152d3fefb6d21a05dce05b9309c32a8eb62a", kill_on_drop: false }`
[INFO] running `Command { std: "docker" "exec" "-e" "SOURCE_DIR=/opt/rustwide/workdir" "-e" "CARGO_HOME=/opt/rustwide/cargo-home" "-e" "RUSTUP_HOME=/opt/rustwide/rustup-home" "-e" "CARGO_TARGET_DIR=/opt/rustwide/target" "-e" "CARGO_INCREMENTAL=0" "-e" "RUST_BACKTRACE=full" "-e" "RUSTFLAGS=--cap-lints=warn" "-e" "RUSTDOCFLAGS=--cap-lints=warn" "-w" "/opt/rustwide/workdir" "--user" "0:0" "3ebb8c05f3b625ea5cb0bc59e96b152d3fefb6d21a05dce05b9309c32a8eb62a" "/opt/rustwide/cargo-home/bin/cargo" "+1.100.0-beta.1" "test" "--frozen" "--release", kill_on_drop: false }`
[INFO] [stderr]     Finished `release` profile [optimized] target(s) in 0.22s
[INFO] [stderr]      Running unittests src/lib.rs (/opt/rustwide/target/release/build/daml-macro/6ef1321f8de3de65/out/daml_macro-6ef1321f8de3de65)
[INFO] [stdout] 
[INFO] [stdout] running 79 tests
[INFO] [stdout] test path::test::test_bad_variant ... ok
[INFO] [stdout] test path::test::test_list_index_expression ... ok
[INFO] [stdout] test path::test::test_nested_contract ... ok
[INFO] [stdout] test path::test::test_nested_list_item_int64 ... ok
[INFO] [stdout] test path::test::test_nested_any_variant_int ... ok
[INFO] [stdout] test path::test::test_nested_list_item_value ... ok
[INFO] [stdout] test path::test::test_nested_named_variant_int ... ok
[INFO] [stdout] test path::test::test_nested_named_variant_list_optional ... ok
[INFO] [stdout] test path::test::test_nested_bool ... ok
[INFO] [stdout] test path::test::test_nested_named_variant_list ... ok
[INFO] [stdout] test path::test::test_nested_optional_rec ... ok
[INFO] [stdout] test path::test::test_nested_named_variant_optional_int ... ok
[INFO] [stdout] test path::test::test_nested_party ... ok
[INFO] [stdout] test path::test::test_list_index_out_of_range ... ok
[INFO] [stdout] test path::test::test_list_in_list_of_record ... ok
[INFO] [stdout] test path::test::test_nested_record ... ok
[INFO] [stdout] test path::test::test_nested_text ... ok
[INFO] [stdout] test path::test::test_nested_unit ... ok
[INFO] [stdout] test path::test::test_nested_unknown_field ... ok
[INFO] [stdout] test path::test::test_nested_value ... ok
[INFO] [stdout] test path::test::test_optional_int ... ok
[INFO] [stdout] test path::test::test_list_item ... ok
[INFO] [stdout] test path::test::test_list_of_optional_final ... ok
[INFO] [stdout] test path::test::test_nested_list ... ok
[INFO] [stdout] test path::test::test_list_of_optional_non_final ... ok
[INFO] [stdout] test path::test::test_nested_int64 ... ok
[INFO] [stdout] test path::test::test_top_date ... ok
[INFO] [stdout] test path::test::test_optional_rec ... ok
[INFO] [stdout] test path::test::test_top_list_leaf_item_text ... ok
[INFO] [stdout] test path::test::test_record_top_party ... ok
[INFO] [stdout] test path::test::test_top_datetime ... ok
[INFO] [stdout] test path::test::test_top_named_variant_list_optional ... ok
[INFO] [stdout] test path::test::test_top_list_leaf_item_value ... ok
[INFO] [stdout] test path::test::test_top_named_variant_text ... ok
[INFO] [stdout] test path::test::test_top_named_variant_list ... ok
[INFO] [stdout] test path::test::test_top_named_variant_value ... ok
[INFO] [stdout] test path::test::test_top_named_variant_optional_int ... ok
[INFO] [stdout] test path::test::test_top_numeric ... ok
[INFO] [stdout] test path::test::test_top_no_result_function ... ok
[INFO] [stdout] test path::test::test_wrong_type_field ... ok
[INFO] [stdout] test path::test::test_top_optional_value ... ok
[INFO] [stdout] test path::test::test_top_list_record_item_text ... ok
[INFO] [stdout] test path::test::test_unknown_field ... ok
[INFO] [stdout] test value::test::test_bool_value ... ok
[INFO] [stdout] test value::test::test_date_literal ... ok
[INFO] [stdout] test value::test::test_date_value ... ok
[INFO] [stdout] test value::test::test_empty_list ... ok
[INFO] [stdout] test value::test::test_from_variables ... ok
[INFO] [stdout] test value::test::test_int64_value ... ok
[INFO] [stdout] test value::test::test_list_of_empty_records ... ok
[INFO] [stdout] test value::test::test_list_of_mixed ... ok
[INFO] [stdout] test value::test::test_list_of_record ... ok
[INFO] [stdout] test value::test::test_nested_record ... ok
[INFO] [stdout] test value::test::test_nested_variant ... ok
[INFO] [stdout] test value::test::test_nested_variant_record ... ok
[INFO] [stdout] test value::test::test_nested_variant_record_optional ... ok
[INFO] [stdout] test path::test::test_top_party ... ok
[INFO] [stdout] test path::test::test_top_variant ... ok
[INFO] [stdout] test value::test::test_optional_record ... ok
[INFO] [stdout] test value::test::test_numeric_value ... ok
[INFO] [stdout] test path::test::test_top_any_variant_text ... ok
[INFO] [stdout] test value::test::test_party_literal ... ok
[INFO] [stdout] test value::test::test_optional_text ... ok
[INFO] [stdout] test value::test::test_party_value ... ok
[INFO] [stdout] test value::test::test_simple_list ... ok
[INFO] [stdout] test value::test::test_simple_record ... ok
[INFO] [stdout] test value::test::test_contract_id_literal ... ok
[INFO] [stdout] test value::test::test_empty_record ... ok
[INFO] [stdout] test value::test::test_expressions ... ok
[INFO] [stdout] test value::test::test_optional_none ... ok
[INFO] [stdout] test path::test::test_top_variant_value ... ok
[INFO] [stdout] test value::test::test_timestamp_literal ... ok
[INFO] [stdout] test value::test::test_timestamp_value ... ok
[INFO] [stdout] test value::test::test_unit_value ... ok
[INFO] [stdout] test value::test::test_variant_party_literal ... ok
[INFO] [stdout] test value::test::test_contract_id_value ... ok
[INFO] [stderr]    Doc-tests daml_macro
[INFO] [stdout] test value::test::test_variant_record ... ok
[INFO] [stdout] test value::test::test_variant_text ... ok
[INFO] [stdout] test value::test::test_string_value ... ok
[INFO] [stdout] 
[INFO] [stdout] test result: ok. 79 passed; 0 failed; 0 ignored; 0 measured; 0 filtered out; finished in 0.01s
[INFO] [stdout] 
[INFO] [stdout] 
[INFO] [stdout] running 2 tests
[INFO] [stdout] test src/value.rs - value::daml_value (line 57) ... FAILED
[INFO] [stdout] test src/path.rs - path::daml_path (line 96) ... FAILED
[INFO] [stdout] 
[INFO] [stdout] failures:
[INFO] [stdout] 
[INFO] [stdout] ---- src/value.rs - value::daml_value (line 57) stdout ----
[INFO] [stdout] error[E0433]: cannot find module or crate `daml` in this scope
[INFO] [stdout]   --> src/value.rs:60:5
[INFO] [stdout]    |
[INFO] [stdout] 60 | use daml::macros::daml_value;
[INFO] [stdout]    |     ^^^^ use of unresolved module or unlinked crate `daml`
[INFO] [stdout]    |
[INFO] [stdout]    = help: if you wanted to use a crate named `daml`, use `cargo add daml` to add it to your `Cargo.toml`
[INFO] [stdout] 
[INFO] [stdout] error: aborting due to 1 previous error
[INFO] [stdout] 
[INFO] [stdout] For more information about this error, try `rustc --explain E0433`.
[INFO] [stdout] Couldn't compile the test.
[INFO] [stdout] ---- src/path.rs - path::daml_path (line 96) stdout ----
[INFO] [stdout] error[E0433]: cannot find module or crate `daml` in this scope
[INFO] [stdout]    --> src/path.rs:100:5
[INFO] [stdout]     |
[INFO] [stdout] 100 | use daml::macros::{daml_value, daml_path};
[INFO] [stdout]     |     ^^^^ use of unresolved module or unlinked crate `daml`
[INFO] [stdout]     |
[INFO] [stdout]     = help: if you wanted to use a crate named `daml`, use `cargo add daml` to add it to your `Cargo.toml`
[INFO] [stdout] 
[INFO] [stdout] error: aborting due to 1 previous error
[INFO] [stdout] 
[INFO] [stdout] For more information about this error, try `rustc --explain E0433`.
[INFO] [stdout] Couldn't compile the test.
[INFO] [stdout] 
[INFO] [stdout] failures:
[INFO] [stdout]     src/path.rs - path::daml_path (line 96)
[INFO] [stdout]     src/value.rs - value::daml_value (line 57)
[INFO] [stdout] 
[INFO] [stdout] test result: FAILED. 0 passed; 2 failed; 0 ignored; 0 measured; 0 filtered out; finished in 0.16s
[INFO] [stdout] 
[INFO] [stdout] all doctests ran in 0.31s; merged doctests compilation took 0.15s
[INFO] [stderr] error: doctest failed, to rerun pass `--doc`
[INFO] running `Command { std: "docker" "inspect" "3ebb8c05f3b625ea5cb0bc59e96b152d3fefb6d21a05dce05b9309c32a8eb62a", kill_on_drop: false }`
[INFO] running `Command { std: "docker" "rm" "-f" "3ebb8c05f3b625ea5cb0bc59e96b152d3fefb6d21a05dce05b9309c32a8eb62a", kill_on_drop: false }`
[INFO] [stdout] 3ebb8c05f3b625ea5cb0bc59e96b152d3fefb6d21a05dce05b9309c32a8eb62a
