[INFO] fetching crate daml-lint 0.9.4...
[INFO] testing daml-lint-0.9.4 against 1.99.0-beta.8+cargoflags=--release for beta-release-1.100-2
[INFO] extracting crate daml-lint 0.9.4 into /workspace/builds/worker-5-tc1/source
[INFO] started tweaking crates.io crate daml-lint 0.9.4
[INFO] removed 0 missing tests
[INFO] finished tweaking crates.io crate daml-lint 0.9.4
[INFO] tweaked toml for crates.io crate daml-lint 0.9.4 written to /workspace/builds/worker-5-tc1/source/Cargo.toml
[INFO] validating manifest of crates.io crate daml-lint 0.9.4 on toolchain 1.99.0-beta.8
[INFO] running `Command { std: CARGO_HOME="/workspace/cargo-home" RUSTUP_HOME="/workspace/rustup-home" "/workspace/cargo-home/bin/cargo" "+1.99.0-beta.8" "metadata" "--manifest-path" "Cargo.toml" "--no-deps", kill_on_drop: false }`
[INFO] crate crates.io crate daml-lint 0.9.4 already has a lockfile, it will not be regenerated
[INFO] running `Command { std: CARGO_HOME="/workspace/cargo-home" RUSTUP_HOME="/workspace/rustup-home" "/workspace/cargo-home/bin/cargo" "+1.99.0-beta.8" "fetch" "--manifest-path" "Cargo.toml", kill_on_drop: false }`
[INFO] [stderr]     Updating crates.io index
[INFO] [stderr]  Downloading crates ...
[INFO] [stderr]   Downloaded trybuild v1.0.117
[INFO] [stderr]   Downloaded target-triple v1.0.0
[INFO] [stderr]   Downloaded rquickjs v0.12.0
[INFO] [stderr]   Downloaded text-size v1.1.1
[INFO] [stderr]   Downloaded daml-syntax v0.9.1
[INFO] [stderr]   Downloaded relative-path v2.0.1
[INFO] [stderr]   Downloaded rquickjs-core v0.12.0
[INFO] [stderr]   Downloaded daml-parser v0.10.1
[INFO] [stderr]   Downloaded rquickjs-sys v0.12.0
[INFO] running `Command { std: "docker" "create" "-v" "/var/lib/crater-agent-workspace/builds/worker-5-tc1/source:/opt/rustwide/workdir:ro,Z" "-v" "/var/lib/crater-agent-workspace/builds/worker-5-tc1/target:/opt/rustwide/target:rw,Z" "-v" "/var/lib/crater-agent-workspace/cargo-home:/opt/rustwide/cargo-home:ro,Z" "-v" "/var/lib/crater-agent-workspace/rustup-home:/opt/rustwide/rustup-home:ro,Z" "-m" "1610612736" "--network" "none" "ghcr.io/rust-lang/crates-build-env/linux@sha256:77db811e55d90add9212f6832c23229e3de5f1c1f9905e8cb07319ea15df73ac" "sleep" "infinity", kill_on_drop: false }`
[INFO] [stdout] c7437aeba1aa70a233cf1d9985acf0695d7865c846634b8e9dc724d8d797708e
[INFO] running `Command { std: "docker" "start" "c7437aeba1aa70a233cf1d9985acf0695d7865c846634b8e9dc724d8d797708e", kill_on_drop: false }`
[INFO] running `Command { std: "docker" "inspect" "c7437aeba1aa70a233cf1d9985acf0695d7865c846634b8e9dc724d8d797708e", kill_on_drop: false }`
[INFO] running `Command { std: "docker" "exec" "-e" "SOURCE_DIR=/opt/rustwide/workdir" "-e" "CARGO_HOME=/opt/rustwide/cargo-home" "-e" "RUSTUP_HOME=/opt/rustwide/rustup-home" "-e" "CARGO_TARGET_DIR=/opt/rustwide/target" "-w" "/opt/rustwide/workdir" "--user" "0:0" "c7437aeba1aa70a233cf1d9985acf0695d7865c846634b8e9dc724d8d797708e" "/opt/rustwide/cargo-home/bin/cargo" "+1.99.0-beta.8" "metadata" "--no-deps" "--format-version=1", kill_on_drop: false }`
[INFO] running `Command { std: "docker" "inspect" "c7437aeba1aa70a233cf1d9985acf0695d7865c846634b8e9dc724d8d797708e", kill_on_drop: false }`
[INFO] running `Command { std: "docker" "exec" "-e" "SOURCE_DIR=/opt/rustwide/workdir" "-e" "CARGO_HOME=/opt/rustwide/cargo-home" "-e" "RUSTUP_HOME=/opt/rustwide/rustup-home" "-e" "CARGO_TARGET_DIR=/opt/rustwide/target" "-e" "CARGO_INCREMENTAL=0" "-e" "RUST_BACKTRACE=full" "-e" "RUSTFLAGS=--cap-lints=warn" "-e" "RUSTDOCFLAGS=--cap-lints=warn" "-w" "/opt/rustwide/workdir" "--user" "0:0" "c7437aeba1aa70a233cf1d9985acf0695d7865c846634b8e9dc724d8d797708e" "/opt/rustwide/cargo-home/bin/cargo" "+1.99.0-beta.8" "build" "--frozen" "--message-format=json" "--release", kill_on_drop: false }`
[INFO] [stderr]    Compiling serde_core v1.0.228
[INFO] [stderr]    Compiling cc v1.2.64
[INFO] [stderr]    Compiling foldhash v0.2.0
[INFO] [stderr]    Compiling allocator-api2 v0.2.21
[INFO] [stderr]    Compiling serde v1.0.228
[INFO] [stderr]    Compiling serde_json v1.0.150
[INFO] [stderr]    Compiling text-size v1.1.1
[INFO] [stderr]    Compiling memchr v2.8.2
[INFO] [stderr]    Compiling daml-parser v0.10.1
[INFO] [stderr]    Compiling serde_derive v1.0.228
[INFO] [stderr]    Compiling clap v4.6.1
[INFO] [stderr]    Compiling hashbrown v0.17.1
[INFO] [stderr]    Compiling rquickjs-sys v0.12.0
[INFO] [stderr]    Compiling indexmap v2.14.0
[INFO] [stderr]    Compiling daml-syntax v0.9.1
[INFO] [stderr]    Compiling serde_yaml v0.9.34+deprecated
[INFO] [stderr]    Compiling rquickjs-core v0.12.0
[INFO] [stderr]    Compiling rquickjs v0.12.0
[INFO] [stderr]    Compiling daml-lint v0.9.4 (/opt/rustwide/workdir)
[INFO] [stderr]     Finished `release` profile [optimized] target(s) in 54.08s
[INFO] running `Command { std: "docker" "inspect" "c7437aeba1aa70a233cf1d9985acf0695d7865c846634b8e9dc724d8d797708e", kill_on_drop: false }`
[INFO] running `Command { std: "docker" "exec" "-e" "SOURCE_DIR=/opt/rustwide/workdir" "-e" "CARGO_HOME=/opt/rustwide/cargo-home" "-e" "RUSTUP_HOME=/opt/rustwide/rustup-home" "-e" "CARGO_TARGET_DIR=/opt/rustwide/target" "-e" "CARGO_INCREMENTAL=0" "-e" "RUST_BACKTRACE=full" "-e" "RUSTFLAGS=--cap-lints=warn" "-e" "RUSTDOCFLAGS=--cap-lints=warn" "-w" "/opt/rustwide/workdir" "--user" "0:0" "c7437aeba1aa70a233cf1d9985acf0695d7865c846634b8e9dc724d8d797708e" "/opt/rustwide/cargo-home/bin/cargo" "+1.99.0-beta.8" "test" "--frozen" "--no-run" "--message-format=json" "--release", kill_on_drop: false }`
[INFO] [stderr]    Compiling serde v1.0.228
[INFO] [stderr]    Compiling winnow v1.0.3
[INFO] [stderr]    Compiling target-triple v1.0.0
[INFO] [stderr]    Compiling toml_datetime v1.1.1+spec-1.1.0
[INFO] [stderr]    Compiling serde_spanned v1.1.1
[INFO] [stderr]    Compiling toml_writer v1.1.1+spec-1.1.0
[INFO] [stderr]    Compiling glob v0.3.3
[INFO] [stderr]    Compiling serde_json v1.0.150
[INFO] [stderr]    Compiling toml_parser v1.1.2+spec-1.1.0
[INFO] [stderr]    Compiling serde_yaml v0.9.34+deprecated
[INFO] [stderr]    Compiling toml v1.1.2+spec-1.1.0
[INFO] [stderr]    Compiling trybuild v1.0.117
[INFO] [stderr]    Compiling daml-lint v0.9.4 (/opt/rustwide/workdir)
[INFO] [stderr]     Finished `release` profile [optimized] target(s) in 20.50s
[INFO] running `Command { std: "docker" "inspect" "c7437aeba1aa70a233cf1d9985acf0695d7865c846634b8e9dc724d8d797708e", kill_on_drop: false }`
[INFO] running `Command { std: "docker" "exec" "-e" "SOURCE_DIR=/opt/rustwide/workdir" "-e" "CARGO_HOME=/opt/rustwide/cargo-home" "-e" "RUSTUP_HOME=/opt/rustwide/rustup-home" "-e" "CARGO_TARGET_DIR=/opt/rustwide/target" "-e" "CARGO_INCREMENTAL=0" "-e" "RUST_BACKTRACE=full" "-e" "RUSTFLAGS=--cap-lints=warn" "-e" "RUSTDOCFLAGS=--cap-lints=warn" "-w" "/opt/rustwide/workdir" "--user" "0:0" "c7437aeba1aa70a233cf1d9985acf0695d7865c846634b8e9dc724d8d797708e" "/opt/rustwide/cargo-home/bin/cargo" "+1.99.0-beta.8" "test" "--frozen" "--release", kill_on_drop: false }`
[INFO] [stderr]     Finished `release` profile [optimized] target(s) in 0.06s
[INFO] [stderr]      Running unittests src/lib.rs (/opt/rustwide/target/release/deps/daml_lint-cc22e4254e9c64e4)
[INFO] [stdout] 
[INFO] [stdout] running 12 tests
[INFO] [stdout] test detector::configured_detector_tests::configured_detector_preserves_wrapped_error_source_chain ... ok
[INFO] [stdout] test detector::configured_detector_tests::configured_detector_with_severity_overrides_reported_severity ... ok
[INFO] [stdout] test detectors::script::tests::test_bad_severity_rejected ... ok
[INFO] [stdout] test ir::tests::source_span_line_calculation_tracks_its_source_file ... ok
[INFO] [stdout] test detectors::script::tests::test_syntax_error_rejected ... ok
[INFO] [stdout] test detectors::script::tests::test_no_visitor_rejected ... ok
[INFO] [stdout] test detector::configured_detector_tests::configured_detector_with_name_rewrites_detector_name_and_findings ... ok
[INFO] [stdout] test detectors::script::tests::test_try_detect_returns_runtime_errors_to_library_callers ... ok
[INFO] [stdout] test detectors::script::tests::test_missing_name_rejected ... ok
[INFO] [stdout] test detectors::script::tests::test_runtime_error_surfaces_rule_and_visitor ... ok
[INFO] [stdout] test detectors::script::tests::test_interrupt_counter_resets_per_module ... ok
[INFO] [stdout] test detectors::script::tests::test_infinite_loop_interrupted ... ok
[INFO] [stdout] 
[INFO] [stdout] test result: ok. 12 passed; 0 failed; 0 ignored; 0 measured; 0 filtered out; finished in 2.39s
[INFO] [stdout] 
[INFO] [stderr]      Running unittests src/main.rs (/opt/rustwide/target/release/deps/daml_lint-57edc3cb5e316ff7)
[INFO] [stdout] 
[INFO] [stdout] running 5 tests
[INFO] [stdout] test config::tests::rule_setting_requires_initial_severity_or_off ... ok
[INFO] [stdout] test config::tests::rule_setting_rejects_numeric_levels_and_legacy_aliases ... ok
[INFO] [stdout] test config::tests::rule_setting_parses_canonical_severities_aliases_on_and_off ... ok
[INFO] [stdout] test config::tests::config_error_exposes_recoverable_source_errors ... ok
[INFO] [stdout] test config::tests::config_error_has_no_fake_source_for_validation_messages ... ok
[INFO] [stdout] 
[INFO] [stdout] test result: ok. 5 passed; 0 failed; 0 ignored; 0 measured; 0 filtered out; finished in 0.00s
[INFO] [stdout] 
[INFO] [stderr]      Running tests/adversarial_behavior.rs (/opt/rustwide/target/release/deps/adversarial_behavior-826953503d923b95)
[INFO] [stdout] 
[INFO] [stdout] running 19 tests
[INFO] [stdout] test comment_between_template_and_fields ... ok
[INFO] [stdout] test keywords_in_strings_create_no_structure ... ok
[INFO] [stdout] test crlf_line_endings ... ok
[INFO] [stdout] test tabs_mixed_with_spaces ... ok
[INFO] [stdout] test sdk_corpus_syntax_gaps ... ok
[INFO] [stdout] test string_with_escaped_quotes_and_comment_markers ... ok
[INFO] [stdout] test empty_with_block_before_controller ... ok
[INFO] [stdout] test pathological_one_liner_template ... ok
[INFO] [stdout] test unterminated_everything_no_hang ... ok
[INFO] [stdout] test unicode_identifiers ... ok
[INFO] [stdout] test deeply_nested_parens_no_stack_overflow ... ok
[INFO] [stdout] test cpp_directives_skipped ... ok
[INFO] [stdout] test operator_that_looks_like_comment ... ok
[INFO] [stdout] test deeply_nested_patterns_no_stack_overflow ... ok
[INFO] [stdout] test huge_single_line ... ok
[INFO] [stdout] test nested_block_comments_with_fake_terminators ... ok
[INFO] [stdout] test keywords_in_comments_create_no_structure ... ok
[INFO] [stdout] test ten_thousand_line_file_parses_quickly ... ok
[INFO] [stdout] test operator_binding_in_where_no_hang ... ok
[INFO] [stdout] 
[INFO] [stdout] test result: ok. 19 passed; 0 failed; 0 ignored; 0 measured; 0 filtered out; finished in 0.09s
[INFO] [stdout] 
[INFO] [stderr]      Running tests/api_evolution.rs (/opt/rustwide/target/release/deps/api_evolution-3df9bac32a0fcee5)
[INFO] [stdout] 
[INFO] [stdout] running 1 test
[INFO] [stderr]    Compiling proc-macro2 v1.0.106
[INFO] [stderr]    Compiling quote v1.0.45
[INFO] [stderr]    Compiling unicode-ident v1.0.24
[INFO] [stderr]    Compiling find-msvc-tools v0.1.9
[INFO] [stderr]    Compiling shlex v2.0.1
[INFO] [stderr]    Compiling foldhash v0.2.0
[INFO] [stderr]    Compiling equivalent v1.0.2
[INFO] [stderr]    Compiling allocator-api2 v0.2.21
[INFO] [stderr]    Compiling serde_core v1.0.228
[INFO] [stderr]    Compiling utf8parse v0.2.2
[INFO] [stderr]    Compiling is_terminal_polyfill v1.70.2
[INFO] [stderr]    Compiling serde v1.0.228
[INFO] [stderr]    Compiling colorchoice v1.0.5
[INFO] [stderr]    Compiling anstyle-query v1.1.5
[INFO] [stderr]    Compiling zmij v1.0.21
[INFO] [stderr]    Compiling anstyle v1.0.14
[INFO] [stderr]    Compiling itoa v1.0.18
[INFO] [stderr]    Compiling heck v0.5.0
[INFO] [stderr]    Compiling anstyle-parse v1.0.0
[INFO] [stderr]    Compiling strsim v0.11.1
[INFO] [stderr]    Compiling clap_lex v1.1.0
[INFO] [stderr]    Compiling serde_json v1.0.150
[INFO] [stderr]    Compiling anstream v1.0.0
[INFO] [stderr]    Compiling cc v1.2.64
[INFO] [stderr]    Compiling text-size v1.1.1
[INFO] [stderr]    Compiling memchr v2.8.2
[INFO] [stderr]    Compiling unsafe-libyaml v0.2.11
[INFO] [stderr]    Compiling daml-parser v0.10.1
[INFO] [stderr]    Compiling ryu v1.0.23
[INFO] [stderr]    Compiling hashbrown v0.17.1
[INFO] [stderr]    Compiling clap_builder v4.6.0
[INFO] [stderr]    Compiling syn v2.0.117
[INFO] [stderr]    Compiling indexmap v2.14.0
[INFO] [stderr]    Compiling daml-syntax v0.9.1
[INFO] [stderr]    Compiling rquickjs-sys v0.12.0
[INFO] [stderr]    Compiling serde_derive v1.0.228
[INFO] [stderr]    Compiling clap_derive v4.6.1
[INFO] [stderr]    Compiling clap v4.6.1
[INFO] [stderr]    Compiling serde_yaml v0.9.34+deprecated
[INFO] [stderr]    Compiling rquickjs-core v0.12.0
[INFO] [stderr]    Compiling rquickjs v0.12.0
[INFO] [stderr]    Compiling daml-lint v0.9.4 (/opt/rustwide/workdir)
[INFO] [stderr]    Compiling daml-lint-tests v0.0.0 (/opt/rustwide/target/tests/trybuild/daml-lint)
[INFO] [stderr]     Finished `dev` profile [unoptimized + debuginfo] target(s) in 22.42s
[INFO] [stderr] 
[INFO] [stderr] 
[INFO] [stderr] test tests/compile_fail/configured_detector_new_private.rs [should fail to compile] ... ok
[INFO] [stderr] test tests/compile_fail/coordinate_space_mixing.rs [should fail to compile] ... ok
[INFO] [stderr] test tests/compile_fail/non_exhaustive_finding.rs [should fail to compile] ... ok
[INFO] [stderr] test tests/compile_pass/finding_field_reads.rs [should pass] ... ok
[INFO] [stderr] 
[INFO] [stderr] 
[INFO] [stdout] test non_exhaustive_dtos_reject_external_struct_literals ... ok
[INFO] [stdout] 
[INFO] [stdout] test result: ok. 1 passed; 0 failed; 0 ignored; 0 measured; 0 filtered out; finished in 39.07s
[INFO] [stdout] 
[INFO] [stderr]      Running tests/builtin_rule_behavior.rs (/opt/rustwide/target/release/deps/builtin_rule_behavior-8a19e865a09dde95)
[INFO] [stdout] 
[INFO] [stdout] running 6 tests
[INFO] [stdout] test missing_ensure_decimal_script_covers_regressions ... ok
[INFO] [stdout] test unguarded_division_script_covers_regressions ... ok
[INFO] [stdout] test unbounded_fields_script_covers_regressions ... ok
[INFO] [stdout] test archive_before_execute_script_covers_regressions ... ok
[INFO] [stdout] test head_of_list_query_script_covers_regressions ... ok
[INFO] [stderr]      Running tests/cli.rs (/opt/rustwide/target/release/deps/cli-463b1a638165532c)
[INFO] [stdout] test missing_positive_amount_script_covers_regressions ... ok
[INFO] [stdout] 
[INFO] [stdout] test result: ok. 6 passed; 0 failed; 0 ignored; 0 measured; 0 filtered out; finished in 0.04s
[INFO] [stdout] 
[INFO] [stdout] 
[INFO] [stdout] running 16 tests
[INFO] [stdout] test help_exits_successfully ... ok
[INFO] [stdout] test config_unknown_enabled_rule_exits_two ... ok
[INFO] [stdout] test clean_file_exits_zero ... ok
[INFO] [stdout] test custom_rule_runtime_error_exits_two ... ok
[INFO] [stdout] test findings_at_threshold_exit_one ... ok
[INFO] [stdout] test unreadable_subdirectory_exits_two ... FAILED
[INFO] [stdout] test config_can_disable_builtin_rule ... ok
[INFO] [stdout] test findings_at_high_threshold_exit_one_for_high_or_critical ... ok
[INFO] [stdout] test rule_flag_overrides_disabled_config_selection ... ok
[INFO] [stdout] test missing_input_exits_two ... ok
[INFO] [stdout] test unknown_lint_rule_exits_two ... ok
[INFO] [stdout] test implicit_daml_yaml_does_not_walk_parent_directories ... ok
[INFO] [stdout] test unreadable_daml_file_exits_two ... FAILED
[INFO] [stdout] test rule_flag_runs_only_selected_builtin_rule ... ok
[INFO] [stdout] test parse_error_exits_three ... ok
[INFO] [stdout] test installed_plugin_manifest_rule_can_be_enabled_from_config ... ok
[INFO] [stdout] 
[INFO] [stdout] failures:
[INFO] [stdout] 
[INFO] [stdout] ---- unreadable_subdirectory_exits_two stdout ----
[INFO] [stdout] 
[INFO] [stdout] thread 'unreadable_subdirectory_exits_two' (2570) panicked at tests/cli.rs:396:5:
[INFO] [stdout] assertion failed: String::from_utf8_lossy(&output.stderr).contains("could not read directory")
[INFO] [stdout] stack backtrace:
[INFO] [stdout]    0:     0x620c5555b481 - <<std[70759c8f55707aa4]::sys::backtrace::BacktraceLock>::print::DisplayBacktrace as core[df12db4294e9bfd3]::fmt::Display>::fmt
[INFO] [stdout]    1:     0x620c5556f99a - core[df12db4294e9bfd3]::fmt::write
[INFO] [stdout]    2:     0x620c5555fb7c - <alloc[2182bb758b4b3781]::vec::Vec<u8> as core[df12db4294e9bfd3]::io::write::Write>::write_fmt
[INFO] [stdout]    3:     0x620c55535c96 - std[70759c8f55707aa4]::panicking::default_hook::{closure#0}
[INFO] [stdout]    4:     0x620c55552d99 - std[70759c8f55707aa4]::panicking::default_hook
[INFO] [stdout]    5:     0x620c554edb50 - test[9d35eded1c95d3be]::test_main_inner::<test[9d35eded1c95d3be]::test_main_static::{closure#0}>::{closure#0}
[INFO] [stdout]    6:     0x620c55552f52 - std[70759c8f55707aa4]::panicking::panic_with_hook
[INFO] [stdout]    7:     0x620c55535d74 - std[70759c8f55707aa4]::panicking::panic_handler::{closure#0}
[INFO] [stdout]    8:     0x620c5552e819 - std[70759c8f55707aa4]::sys::backtrace::__rust_end_short_backtrace::<std[70759c8f55707aa4]::panicking::panic_handler::{closure#0}, !>
[INFO] [stdout]    9:     0x620c555369fd - __rustc[8fa7c3cbc660c2b3]::rust_begin_unwind
[INFO] [stdout]   10:     0x620c555700cc - core[df12db4294e9bfd3]::panicking::panic_fmt
[INFO] [stdout]   11:     0x620c55570092 - core[df12db4294e9bfd3]::panicking::panic
[INFO] [stdout]   12:     0x620c554dd093 - <cli[b78ecf99ba386ee2]::unreadable_subdirectory_exits_two::{closure#0} as core[df12db4294e9bfd3]::ops::function::FnOnce<()>>::call_once
[INFO] [stdout]   13:     0x620c554e0e3b - test[9d35eded1c95d3be]::__rust_begin_short_backtrace::<core[df12db4294e9bfd3]::result::Result<(), alloc[2182bb758b4b3781]::string::String>, fn() -> core[df12db4294e9bfd3]::result::Result<(), alloc[2182bb758b4b3781]::string::String>>
[INFO] [stdout]   14:     0x620c554ee4a5 - test[9d35eded1c95d3be]::run_test::{closure#0}
[INFO] [stdout]   15:     0x620c554e7d64 - std[70759c8f55707aa4]::sys::backtrace::__rust_begin_short_backtrace::<test[9d35eded1c95d3be]::run_test::{closure#1}, ()>
[INFO] [stdout]   16:     0x620c554f1602 - <std[70759c8f55707aa4]::thread::lifecycle::spawn_unchecked<test[9d35eded1c95d3be]::run_test::{closure#1}, ()>::{closure#1} as core[df12db4294e9bfd3]::ops::function::FnOnce<()>>::call_once::{shim:vtable#0}
[INFO] [stdout]   17:     0x620c5555a7f9 - <std[70759c8f55707aa4]::sys::thread::unix::Thread>::new::thread_start
[INFO] [stdout]   18:     0x717faef94dfa - <unknown>
[INFO] [stdout]   19:     0x717faf0283d4 - clone
[INFO] [stdout]   20:                0x0 - <unknown>
[INFO] [stdout] 
[INFO] [stdout] ---- unreadable_daml_file_exits_two stdout ----
[INFO] [stdout] 
[INFO] [stdout] thread 'unreadable_daml_file_exits_two' (2567) panicked at tests/cli.rs:369:5:
[INFO] [stdout] assertion `left == right` failed
[INFO] [stdout]   left: Some(0)
[INFO] [stdout]  right: Some(2)
[INFO] [stdout] stack backtrace:
[INFO] [stdout]    0:     0x620c5555b481 - <<std[70759c8f55707aa4]::sys::backtrace::BacktraceLock>::print::DisplayBacktrace as core[df12db4294e9bfd3]::fmt::Display>::fmt
[INFO] [stdout]    1:     0x620c5556f99a - core[df12db4294e9bfd3]::fmt::write
[INFO] [stdout]    2:     0x620c5555fb7c - <alloc[2182bb758b4b3781]::vec::Vec<u8> as core[df12db4294e9bfd3]::io::write::Write>::write_fmt
[INFO] [stdout]    3:     0x620c55535c96 - std[70759c8f55707aa4]::panicking::default_hook::{closure#0}
[INFO] [stdout]    4:     0x620c55552d99 - std[70759c8f55707aa4]::panicking::default_hook
[INFO] [stdout]    5:     0x620c554edb50 - test[9d35eded1c95d3be]::test_main_inner::<test[9d35eded1c95d3be]::test_main_static::{closure#0}>::{closure#0}
[INFO] [stdout]    6:     0x620c55552f52 - std[70759c8f55707aa4]::panicking::panic_with_hook
[INFO] [stdout]    7:     0x620c55535d42 - std[70759c8f55707aa4]::panicking::panic_handler::{closure#0}
[INFO] [stdout]    8:     0x620c5552e819 - std[70759c8f55707aa4]::sys::backtrace::__rust_end_short_backtrace::<std[70759c8f55707aa4]::panicking::panic_handler::{closure#0}, !>
[INFO] [stdout]    9:     0x620c555369fd - __rustc[8fa7c3cbc660c2b3]::rust_begin_unwind
[INFO] [stdout]   10:     0x620c555700cc - core[df12db4294e9bfd3]::panicking::panic_fmt
[INFO] [stdout]   11:     0x620c5556ffe3 - core[df12db4294e9bfd3]::panicking::assert_failed_inner
[INFO] [stdout]   12:     0x620c554d8d9d - core[df12db4294e9bfd3]::panicking::assert_failed::<core[df12db4294e9bfd3]::option::Option<i32>, core[df12db4294e9bfd3]::option::Option<i32>>
[INFO] [stdout]   13:     0x620c554dc521 - <cli[b78ecf99ba386ee2]::unreadable_daml_file_exits_two::{closure#0} as core[df12db4294e9bfd3]::ops::function::FnOnce<()>>::call_once
[INFO] [stdout]   14:     0x620c554e0e3b - test[9d35eded1c95d3be]::__rust_begin_short_backtrace::<core[df12db4294e9bfd3]::result::Result<(), alloc[2182bb758b4b3781]::string::String>, fn() -> core[df12db4294e9bfd3]::result::Result<(), alloc[2182bb758b4b3781]::string::String>>
[INFO] [stdout]   15:     0x620c554ee4a5 - test[9d35eded1c95d3be]::run_test::{closure#0}
[INFO] [stdout]   16:     0x620c554e7d64 - std[70759c8f55707aa4]::sys::backtrace::__rust_begin_short_backtrace::<test[9d35eded1c95d3be]::run_test::{closure#1}, ()>
[INFO] [stdout]   17:     0x620c554f1602 - <std[70759c8f55707aa4]::thread::lifecycle::spawn_unchecked<test[9d35eded1c95d3be]::run_test::{closure#1}, ()>::{closure#1} as core[df12db4294e9bfd3]::ops::function::FnOnce<()>>::call_once::{shim:vtable#0}
[INFO] [stdout]   18:     0x620c5555a7f9 - <std[70759c8f55707aa4]::sys::thread::unix::Thread>::new::thread_start
[INFO] [stdout]   19:     0x717faef94dfa - <unknown>
[INFO] [stdout]   20:     0x717faf0283d4 - clone
[INFO] [stdout]   21:                0x0 - <unknown>
[INFO] [stdout] 
[INFO] [stdout] 
[INFO] [stdout] failures:
[INFO] [stdout]     unreadable_daml_file_exits_two
[INFO] [stdout]     unreadable_subdirectory_exits_two
[INFO] [stdout] 
[INFO] [stdout] test result: FAILED. 14 passed; 2 failed; 0 ignored; 0 measured; 0 filtered out; finished in 0.09s
[INFO] [stdout] 
[INFO] [stderr] error: test failed, to rerun pass `--test cli`
[INFO] running `Command { std: "docker" "inspect" "c7437aeba1aa70a233cf1d9985acf0695d7865c846634b8e9dc724d8d797708e", kill_on_drop: false }`
[INFO] running `Command { std: "docker" "rm" "-f" "c7437aeba1aa70a233cf1d9985acf0695d7865c846634b8e9dc724d8d797708e", kill_on_drop: false }`
[INFO] [stdout] c7437aeba1aa70a233cf1d9985acf0695d7865c846634b8e9dc724d8d797708e
