[INFO] fetching crate daml-codegen 0.3.0...
[INFO] testing daml-codegen-0.3.0 against 1.100.0-beta.1+cargoflags=--release for beta-release-1.100-2
[INFO] extracting crate daml-codegen 0.3.0 into /workspace/builds/worker-1-tc2/source
[INFO] started tweaking crates.io crate daml-codegen 0.3.0
[INFO] removed 0 missing tests
[INFO] finished tweaking crates.io crate daml-codegen 0.3.0
[INFO] tweaked toml for crates.io crate daml-codegen 0.3.0 written to /workspace/builds/worker-1-tc2/source/Cargo.toml
[INFO] validating manifest of crates.io crate daml-codegen 0.3.0 on toolchain 1.100.0-beta.1
[INFO] running `Command { std: CARGO_HOME="/workspace/cargo-home" RUSTUP_HOME="/workspace/rustup-home" "/workspace/cargo-home/bin/cargo" "+1.100.0-beta.1" "metadata" "--manifest-path" "Cargo.toml" "--no-deps", kill_on_drop: false }`
[INFO] crate crates.io crate daml-codegen 0.3.0 already has a lockfile, it will not be regenerated
[INFO] running `Command { std: CARGO_HOME="/workspace/cargo-home" RUSTUP_HOME="/workspace/rustup-home" "/workspace/cargo-home/bin/cargo" "+1.100.0-beta.1" "fetch" "--manifest-path" "Cargo.toml", kill_on_drop: false }`
[INFO] running `Command { std: "docker" "create" "-v" "/var/lib/crater-agent-workspace/builds/worker-1-tc2/source:/opt/rustwide/workdir:ro,Z" "-v" "/var/lib/crater-agent-workspace/builds/worker-1-tc2/target:/opt/rustwide/target:rw,Z" "-v" "/var/lib/crater-agent-workspace/cargo-home:/opt/rustwide/cargo-home:ro,Z" "-v" "/var/lib/crater-agent-workspace/rustup-home:/opt/rustwide/rustup-home:ro,Z" "-m" "1610612736" "--network" "none" "ghcr.io/rust-lang/crates-build-env/linux@sha256:77db811e55d90add9212f6832c23229e3de5f1c1f9905e8cb07319ea15df73ac" "sleep" "infinity", kill_on_drop: false }`
[INFO] [stdout] 37d0f7b64e99883a35e81c41344c01fc04f04fc90b92365563dc2e173475bada
[INFO] running `Command { std: "docker" "start" "37d0f7b64e99883a35e81c41344c01fc04f04fc90b92365563dc2e173475bada", kill_on_drop: false }`
[INFO] running `Command { std: "docker" "inspect" "37d0f7b64e99883a35e81c41344c01fc04f04fc90b92365563dc2e173475bada", kill_on_drop: false }`
[INFO] running `Command { std: "docker" "exec" "-e" "SOURCE_DIR=/opt/rustwide/workdir" "-e" "CARGO_HOME=/opt/rustwide/cargo-home" "-e" "RUSTUP_HOME=/opt/rustwide/rustup-home" "-e" "CARGO_TARGET_DIR=/opt/rustwide/target" "-w" "/opt/rustwide/workdir" "--user" "0:0" "37d0f7b64e99883a35e81c41344c01fc04f04fc90b92365563dc2e173475bada" "/opt/rustwide/cargo-home/bin/cargo" "+1.100.0-beta.1" "metadata" "--no-deps" "--format-version=1", kill_on_drop: false }`
[INFO] running `Command { std: "docker" "inspect" "37d0f7b64e99883a35e81c41344c01fc04f04fc90b92365563dc2e173475bada", kill_on_drop: false }`
[INFO] running `Command { std: "docker" "exec" "-e" "SOURCE_DIR=/opt/rustwide/workdir" "-e" "CARGO_HOME=/opt/rustwide/cargo-home" "-e" "RUSTUP_HOME=/opt/rustwide/rustup-home" "-e" "CARGO_TARGET_DIR=/opt/rustwide/target" "-e" "CARGO_INCREMENTAL=0" "-e" "RUST_BACKTRACE=full" "-e" "RUSTFLAGS=--cap-lints=warn" "-e" "RUSTDOCFLAGS=--cap-lints=warn" "-w" "/opt/rustwide/workdir" "--user" "0:0" "37d0f7b64e99883a35e81c41344c01fc04f04fc90b92365563dc2e173475bada" "/opt/rustwide/cargo-home/bin/cargo" "+1.100.0-beta.1" "build" "--frozen" "--message-format=json" "--release", kill_on_drop: false }`
[INFO] [stderr]    Compiling prettyplease v0.2.37
[INFO] [stderr]    Compiling regex-syntax v0.8.11
[INFO] [stderr]    Compiling linux-raw-sys v0.12.1
[INFO] [stderr]    Compiling rustix v1.1.4
[INFO] [stderr]    Compiling hashbrown v0.17.1
[INFO] [stderr]    Compiling syn v2.0.119
[INFO] [stderr]    Compiling bytes v1.12.1
[INFO] [stderr]    Compiling bitflags v2.13.1
[INFO] [stderr]    Compiling hashbrown v0.15.5
[INFO] [stderr]    Compiling once_cell v1.21.4
[INFO] [stderr]    Compiling fastrand v2.5.0
[INFO] [stderr]    Compiling fixedbitset v0.5.7
[INFO] [stderr]    Compiling log v0.4.33
[INFO] [stderr]    Compiling multimap v0.10.1
[INFO] [stderr]    Compiling foldhash v0.2.0
[INFO] [stderr]    Compiling itertools v0.15.0
[INFO] [stderr]    Compiling hashbrown v0.16.1
[INFO] [stderr]    Compiling thiserror v2.0.19
[INFO] [stderr]    Compiling zlib-rs v0.6.6
[INFO] [stderr]    Compiling indexmap v2.14.0
[INFO] [stderr]    Compiling regex-automata v0.4.16
[INFO] [stderr]    Compiling petgraph v0.8.3
[INFO] [stderr]    Compiling hashlink v0.11.1
[INFO] [stderr]    Compiling aho-corasick v1.1.4
[INFO] [stderr]    Compiling thiserror-impl v2.0.19
[INFO] [stderr]    Compiling proc-macro2 v1.0.107
[INFO] [stderr]    Compiling arraydeque v0.5.1
[INFO] [stderr]    Compiling tempfile v3.27.0
[INFO] [stderr]    Compiling unicode-ident v1.0.24
[INFO] [stderr]    Compiling typed-path v0.12.3
[INFO] [stderr]    Compiling clap_builder v4.6.2
[INFO] [stderr]    Compiling regex v1.13.1
[INFO] [stderr]    Compiling flate2 v1.1.9
[INFO] [stderr]    Compiling zip v8.6.0
[INFO] [stderr]    Compiling prost-derive v0.14.4
[INFO] [stderr]    Compiling bounded-static-derive v0.8.0
[INFO] [stderr]    Compiling prost v0.14.4
[INFO] [stderr]    Compiling prost-types v0.14.4
[INFO] [stderr]    Compiling bounded-static v0.8.0
[INFO] [stderr]    Compiling yaml-rust2 v0.11.0
[INFO] [stderr]    Compiling serde v1.0.229
[INFO] [stderr]    Compiling quote v1.0.47
[INFO] [stderr]    Compiling prost-build v0.14.4
[INFO] [stderr]    Compiling clap v4.6.4
[INFO] [stderr]    Compiling heck v0.5.0
[INFO] [stderr]    Compiling daml-lf v0.3.0
[INFO] [stderr]    Compiling daml-codegen v0.3.0 (/opt/rustwide/workdir)
[INFO] [stderr]     Finished `release` profile [optimized] target(s) in 1m 49s
[INFO] running `Command { std: "docker" "inspect" "37d0f7b64e99883a35e81c41344c01fc04f04fc90b92365563dc2e173475bada", kill_on_drop: false }`
[INFO] running `Command { std: "docker" "exec" "-e" "SOURCE_DIR=/opt/rustwide/workdir" "-e" "CARGO_HOME=/opt/rustwide/cargo-home" "-e" "RUSTUP_HOME=/opt/rustwide/rustup-home" "-e" "CARGO_TARGET_DIR=/opt/rustwide/target" "-e" "CARGO_INCREMENTAL=0" "-e" "RUST_BACKTRACE=full" "-e" "RUSTFLAGS=--cap-lints=warn" "-e" "RUSTDOCFLAGS=--cap-lints=warn" "-w" "/opt/rustwide/workdir" "--user" "0:0" "37d0f7b64e99883a35e81c41344c01fc04f04fc90b92365563dc2e173475bada" "/opt/rustwide/cargo-home/bin/cargo" "+1.100.0-beta.1" "test" "--frozen" "--no-run" "--message-format=json" "--release", kill_on_drop: false }`
[INFO] [stderr]    Compiling daml-codegen v0.3.0 (/opt/rustwide/workdir)
[INFO] [stderr]     Finished `release` profile [optimized] target(s) in 3.32s
[INFO] running `Command { std: "docker" "inspect" "37d0f7b64e99883a35e81c41344c01fc04f04fc90b92365563dc2e173475bada", kill_on_drop: false }`
[INFO] running `Command { std: "docker" "exec" "-e" "SOURCE_DIR=/opt/rustwide/workdir" "-e" "CARGO_HOME=/opt/rustwide/cargo-home" "-e" "RUSTUP_HOME=/opt/rustwide/rustup-home" "-e" "CARGO_TARGET_DIR=/opt/rustwide/target" "-e" "CARGO_INCREMENTAL=0" "-e" "RUST_BACKTRACE=full" "-e" "RUSTFLAGS=--cap-lints=warn" "-e" "RUSTDOCFLAGS=--cap-lints=warn" "-w" "/opt/rustwide/workdir" "--user" "0:0" "37d0f7b64e99883a35e81c41344c01fc04f04fc90b92365563dc2e173475bada" "/opt/rustwide/cargo-home/bin/cargo" "+1.100.0-beta.1" "test" "--frozen" "--release", kill_on_drop: false }`
[INFO] [stderr]     Finished `release` profile [optimized] target(s) in 0.16s
[INFO] [stderr]      Running unittests src/lib.rs (/opt/rustwide/target/release/build/daml-codegen/bdfbd478c7df7e24/out/daml_codegen-bdfbd478c7df7e24)
[INFO] [stdout] 
[INFO] [stdout] running 0 tests
[INFO] [stdout] 
[INFO] [stdout] test result: ok. 0 passed; 0 failed; 0 ignored; 0 measured; 0 filtered out; finished in 0.00s
[INFO] [stdout] 
[INFO] [stderr]      Running unittests src/main.rs (/opt/rustwide/target/release/build/daml-codegen/a219c1734001d8ef/out/daml_codegen-a219c1734001d8ef)
[INFO] [stdout] 
[INFO] [stdout] running 0 tests
[INFO] [stdout] 
[INFO] [stdout] test result: ok. 0 passed; 0 failed; 0 ignored; 0 measured; 0 filtered out; finished in 0.00s
[INFO] [stdout] 
[INFO] [stderr]      Running tests/renderer.rs (/opt/rustwide/target/release/build/daml-codegen/200aa2857fb50053/out/renderer-200aa2857fb50053)
[INFO] [stdout] 
[INFO] [stdout] running 8 tests
[INFO] [stdout] test interface_trait_and_impl_emitted ... FAILED
[INFO] [stdout] test rendered_archive_compiles_to_balanced_braces ... FAILED
[INFO] [stdout] test cross_package_paths_carry_package_name ... FAILED
[INFO] [stdout] test interface_addressed_choice_methods_emitted ... FAILED
[INFO] [stdout] test template_id_uses_package_name ... FAILED
[INFO] [stdout] test enum_constructors_round_trip_via_damlvalue ... FAILED
[INFO] [stdout] test variant_record_payload_lives_in_synthetic_module ... FAILED
[INFO] [stdout] test module_matcher_filters_out_unmatched_modules ... FAILED
[INFO] [stdout] 
[INFO] [stdout] failures:
[INFO] [stdout] 
[INFO] [stderr] error: test failed, to rerun pass `--test renderer`
[INFO] [stdout] ---- interface_trait_and_impl_emitted stdout ----
[INFO] [stdout] 
[INFO] [stdout] thread 'interface_trait_and_impl_emitted' (1046) panicked at tests/renderer.rs:33:47:
[INFO] [stdout] read fixture DAR: IoError(Os { code: 2, kind: NotFound, message: "No such file or directory" })
[INFO] [stdout] stack backtrace:
[INFO] [stdout]    0:     0x5e61e52495e1 - <<std[617be2ca0a6fd877]::sys::backtrace::BacktraceLock>::print::DisplayBacktrace as core[a373ad73a504971]::fmt::Display>::fmt
[INFO] [stdout]    1:     0x5e61e5260cca - core[a373ad73a504971]::fmt::write
[INFO] [stdout]    2:     0x5e61e524d95c - <alloc[2e1b2a31b91974c5]::vec::Vec<u8> as core[a373ad73a504971]::io::write::Write>::write_fmt
[INFO] [stdout]    3:     0x5e61e5225726 - std[617be2ca0a6fd877]::panicking::default_hook::{closure#0}
[INFO] [stdout]    4:     0x5e61e5241af9 - std[617be2ca0a6fd877]::panicking::default_hook
[INFO] [stdout]    5:     0x5e61e5057b30 - test[aada8e7e76ba119b]::test_main_inner::{closure#0}
[INFO] [stdout]    6:     0x5e61e5241e22 - std[617be2ca0a6fd877]::panicking::panic_with_hook
[INFO] [stdout]    7:     0x5e61e52257d2 - std[617be2ca0a6fd877]::panicking::panic_handler::{closure#0}
[INFO] [stdout]    8:     0x5e61e521e4e9 - std[617be2ca0a6fd877]::sys::backtrace::__rust_end_short_backtrace::<std[617be2ca0a6fd877]::panicking::panic_handler::{closure#0}, !>
[INFO] [stdout]    9:     0x5e61e52263dd - __rustc[ea4f61d10b84890b]::rust_begin_unwind
[INFO] [stdout]   10:     0x5e61e52614ac - core[a373ad73a504971]::panicking::panic_fmt
[INFO] [stdout]   11:     0x5e61e5261282 - core[a373ad73a504971]::result::unwrap_failed
[INFO] [stdout]   12:     0x5e61e5043936 - renderer[95fcb3403bc68957]::render_demo_modules
[INFO] [stdout]   13:     0x5e61e5044639 - <renderer[95fcb3403bc68957]::interface_trait_and_impl_emitted::{closure#0} as core[a373ad73a504971]::ops::function::FnOnce<()>>::call_once
[INFO] [stdout]   14:     0x5e61e504af7b - test[aada8e7e76ba119b]::__rust_begin_short_backtrace::<core[a373ad73a504971]::result::Result<(), alloc[2e1b2a31b91974c5]::string::String>, fn() -> core[a373ad73a504971]::result::Result<(), alloc[2e1b2a31b91974c5]::string::String>>
[INFO] [stdout]   15:     0x5e61e5058155 - test[aada8e7e76ba119b]::run_test::{closure#0}
[INFO] [stdout]   16:     0x5e61e5051a44 - std[617be2ca0a6fd877]::sys::backtrace::__rust_begin_short_backtrace::<test[aada8e7e76ba119b]::run_test::{closure#1}, ()>
[INFO] [stdout]   17:     0x5e61e505b1e2 - <std[617be2ca0a6fd877]::thread::lifecycle::spawn_unchecked<test[aada8e7e76ba119b]::run_test::{closure#1}, ()>::{closure#1} as core[a373ad73a504971]::ops::function::FnOnce<()>>::call_once::{shim:vtable#0}
[INFO] [stdout]   18:     0x5e61e5248e2f - <std[617be2ca0a6fd877]::sys::thread::unix::Thread>::new::thread_start
[INFO] [stdout]   19:     0x79f4109a0dfa - <unknown>
[INFO] [stdout]   20:     0x79f410a343d4 - clone
[INFO] [stdout]   21:                0x0 - <unknown>
[INFO] [stdout] 
[INFO] [stdout] ---- rendered_archive_compiles_to_balanced_braces stdout ----
[INFO] [stdout] 
[INFO] [stdout] thread 'rendered_archive_compiles_to_balanced_braces' (1048) panicked at tests/renderer.rs:33:47:
[INFO] [stdout] read fixture DAR: IoError(Os { code: 2, kind: NotFound, message: "No such file or directory" })
[INFO] [stdout] stack backtrace:
[INFO] [stdout]    0:     0x5e61e52495e1 - <<std[617be2ca0a6fd877]::sys::backtrace::BacktraceLock>::print::DisplayBacktrace as core[a373ad73a504971]::fmt::Display>::fmt
[INFO] [stdout]    1:     0x5e61e5260cca - core[a373ad73a504971]::fmt::write
[INFO] [stdout]    2:     0x5e61e524d95c - <alloc[2e1b2a31b91974c5]::vec::Vec<u8> as core[a373ad73a504971]::io::write::Write>::write_fmt
[INFO] [stdout]    3:     0x5e61e5225726 - std[617be2ca0a6fd877]::panicking::default_hook::{closure#0}
[INFO] [stdout]    4:     0x5e61e5241af9 - std[617be2ca0a6fd877]::panicking::default_hook
[INFO] [stdout]    5:     0x5e61e5057b30 - test[aada8e7e76ba119b]::test_main_inner::{closure#0}
[INFO] [stdout]    6:     0x5e61e5241e22 - std[617be2ca0a6fd877]::panicking::panic_with_hook
[INFO] [stdout]    7:     0x5e61e52257d2 - std[617be2ca0a6fd877]::panicking::panic_handler::{closure#0}
[INFO] [stdout]    8:     0x5e61e521e4e9 - std[617be2ca0a6fd877]::sys::backtrace::__rust_end_short_backtrace::<std[617be2ca0a6fd877]::panicking::panic_handler::{closure#0}, !>
[INFO] [stdout]    9:     0x5e61e52263dd - __rustc[ea4f61d10b84890b]::rust_begin_unwind
[INFO] [stdout]   10:     0x5e61e52614ac - core[a373ad73a504971]::panicking::panic_fmt
[INFO] [stdout]   11:     0x5e61e5261282 - core[a373ad73a504971]::result::unwrap_failed
[INFO] [stdout]   12:     0x5e61e5043936 - renderer[95fcb3403bc68957]::render_demo_modules
[INFO] [stdout]   13:     0x5e61e504565b - <renderer[95fcb3403bc68957]::rendered_archive_compiles_to_balanced_braces::{closure#0} as core[a373ad73a504971]::ops::function::FnOnce<()>>::call_once
[INFO] [stdout]   14:     0x5e61e504af7b - test[aada8e7e76ba119b]::__rust_begin_short_backtrace::<core[a373ad73a504971]::result::Result<(), alloc[2e1b2a31b91974c5]::string::String>, fn() -> core[a373ad73a504971]::result::Result<(), alloc[2e1b2a31b91974c5]::string::String>>
[INFO] [stdout]   15:     0x5e61e5058155 - test[aada8e7e76ba119b]::run_test::{closure#0}
[INFO] [stdout]   16:     0x5e61e5051a44 - std[617be2ca0a6fd877]::sys::backtrace::__rust_begin_short_backtrace::<test[aada8e7e76ba119b]::run_test::{closure#1}, ()>
[INFO] [stdout]   17:     0x5e61e505b1e2 - <std[617be2ca0a6fd877]::thread::lifecycle::spawn_unchecked<test[aada8e7e76ba119b]::run_test::{closure#1}, ()>::{closure#1} as core[a373ad73a504971]::ops::function::FnOnce<()>>::call_once::{shim:vtable#0}
[INFO] [stdout]   18:     0x5e61e5248e2f - <std[617be2ca0a6fd877]::sys::thread::unix::Thread>::new::thread_start
[INFO] [stdout]   19:     0x79f4109a0dfa - <unknown>
[INFO] [stdout]   20:     0x79f410a343d4 - clone
[INFO] [stdout]   21:                0x0 - <unknown>
[INFO] [stdout] 
[INFO] [stdout] ---- cross_package_paths_carry_package_name stdout ----
[INFO] [stdout] 
[INFO] [stdout] thread 'cross_package_paths_carry_package_name' (1043) panicked at tests/renderer.rs:33:47:
[INFO] [stdout] read fixture DAR: IoError(Os { code: 2, kind: NotFound, message: "No such file or directory" })
[INFO] [stdout] stack backtrace:
[INFO] [stdout]    0:     0x5e61e52495e1 - <<std[617be2ca0a6fd877]::sys::backtrace::BacktraceLock>::print::DisplayBacktrace as core[a373ad73a504971]::fmt::Display>::fmt
[INFO] [stdout]    1:     0x5e61e5260cca - core[a373ad73a504971]::fmt::write
[INFO] [stdout]    2:     0x5e61e524d95c - <alloc[2e1b2a31b91974c5]::vec::Vec<u8> as core[a373ad73a504971]::io::write::Write>::write_fmt
[INFO] [stdout]    3:     0x5e61e5225726 - std[617be2ca0a6fd877]::panicking::default_hook::{closure#0}
[INFO] [stdout]    4:     0x5e61e5241af9 - std[617be2ca0a6fd877]::panicking::default_hook
[INFO] [stdout]    5:     0x5e61e5057b30 - test[aada8e7e76ba119b]::test_main_inner::{closure#0}
[INFO] [stdout]    6:     0x5e61e5241e22 - std[617be2ca0a6fd877]::panicking::panic_with_hook
[INFO] [stdout]    7:     0x5e61e52257d2 - std[617be2ca0a6fd877]::panicking::panic_handler::{closure#0}
[INFO] [stdout]    8:     0x5e61e521e4e9 - std[617be2ca0a6fd877]::sys::backtrace::__rust_end_short_backtrace::<std[617be2ca0a6fd877]::panicking::panic_handler::{closure#0}, !>
[INFO] [stdout]    9:     0x5e61e52263dd - __rustc[ea4f61d10b84890b]::rust_begin_unwind
[INFO] [stdout]   10:     0x5e61e52614ac - core[a373ad73a504971]::panicking::panic_fmt
[INFO] [stdout]   11:     0x5e61e5261282 - core[a373ad73a504971]::result::unwrap_failed
[INFO] [stdout]   12:     0x5e61e5043936 - renderer[95fcb3403bc68957]::render_demo_modules
[INFO] [stdout]   13:     0x5e61e50447f9 - <renderer[95fcb3403bc68957]::cross_package_paths_carry_package_name::{closure#0} as core[a373ad73a504971]::ops::function::FnOnce<()>>::call_once
[INFO] [stdout]   14:     0x5e61e504af7b - test[aada8e7e76ba119b]::__rust_begin_short_backtrace::<core[a373ad73a504971]::result::Result<(), alloc[2e1b2a31b91974c5]::string::String>, fn() -> core[a373ad73a504971]::result::Result<(), alloc[2e1b2a31b91974c5]::string::String>>
[INFO] [stdout]   15:     0x5e61e5058155 - test[aada8e7e76ba119b]::run_test::{closure#0}
[INFO] [stdout]   16:     0x5e61e5051a44 - std[617be2ca0a6fd877]::sys::backtrace::__rust_begin_short_backtrace::<test[aada8e7e76ba119b]::run_test::{closure#1}, ()>
[INFO] [stdout]   17:     0x5e61e505b1e2 - <std[617be2ca0a6fd877]::thread::lifecycle::spawn_unchecked<test[aada8e7e76ba119b]::run_test::{closure#1}, ()>::{closure#1} as core[a373ad73a504971]::ops::function::FnOnce<()>>::call_once::{shim:vtable#0}
[INFO] [stdout]   18:     0x5e61e5248e2f - <std[617be2ca0a6fd877]::sys::thread::unix::Thread>::new::thread_start
[INFO] [stdout]   19:     0x79f4109a0dfa - <unknown>
[INFO] [stdout]   20:     0x79f410a343d4 - clone
[INFO] [stdout]   21:                0x0 - <unknown>
[INFO] [stdout] 
[INFO] [stdout] ---- interface_addressed_choice_methods_emitted stdout ----
[INFO] [stdout] 
[INFO] [stdout] thread 'interface_addressed_choice_methods_emitted' (1045) panicked at tests/renderer.rs:33:47:
[INFO] [stdout] read fixture DAR: IoError(Os { code: 2, kind: NotFound, message: "No such file or directory" })
[INFO] [stdout] stack backtrace:
[INFO] [stdout]    0:     0x5e61e52495e1 - <<std[617be2ca0a6fd877]::sys::backtrace::BacktraceLock>::print::DisplayBacktrace as core[a373ad73a504971]::fmt::Display>::fmt
[INFO] [stdout]    1:     0x5e61e5260cca - core[a373ad73a504971]::fmt::write
[INFO] [stdout]    2:     0x5e61e524d95c - <alloc[2e1b2a31b91974c5]::vec::Vec<u8> as core[a373ad73a504971]::io::write::Write>::write_fmt
[INFO] [stdout]    3:     0x5e61e5225726 - std[617be2ca0a6fd877]::panicking::default_hook::{closure#0}
[INFO] [stdout]    4:     0x5e61e5241af9 - std[617be2ca0a6fd877]::panicking::default_hook
[INFO] [stdout]    5:     0x5e61e5057b30 - test[aada8e7e76ba119b]::test_main_inner::{closure#0}
[INFO] [stdout]    6:     0x5e61e5241e22 - std[617be2ca0a6fd877]::panicking::panic_with_hook
[INFO] [stdout]    7:     0x5e61e52257d2 - std[617be2ca0a6fd877]::panicking::panic_handler::{closure#0}
[INFO] [stdout]    8:     0x5e61e521e4e9 - std[617be2ca0a6fd877]::sys::backtrace::__rust_end_short_backtrace::<std[617be2ca0a6fd877]::panicking::panic_handler::{closure#0}, !>
[INFO] [stdout]    9:     0x5e61e52263dd - __rustc[ea4f61d10b84890b]::rust_begin_unwind
[INFO] [stdout]   10:     0x5e61e52614ac - core[a373ad73a504971]::panicking::panic_fmt
[INFO] [stdout]   11:     0x5e61e5261282 - core[a373ad73a504971]::result::unwrap_failed
[INFO] [stdout]   12:     0x5e61e5043936 - renderer[95fcb3403bc68957]::render_demo_modules
[INFO] [stdout]   13:     0x5e61e50450e9 - <renderer[95fcb3403bc68957]::interface_addressed_choice_methods_emitted::{closure#0} as core[a373ad73a504971]::ops::function::FnOnce<()>>::call_once
[INFO] [stdout]   14:     0x5e61e504af7b - test[aada8e7e76ba119b]::__rust_begin_short_backtrace::<core[a373ad73a504971]::result::Result<(), alloc[2e1b2a31b91974c5]::string::String>, fn() -> core[a373ad73a504971]::result::Result<(), alloc[2e1b2a31b91974c5]::string::String>>
[INFO] [stdout]   15:     0x5e61e5058155 - test[aada8e7e76ba119b]::run_test::{closure#0}
[INFO] [stdout]   16:     0x5e61e5051a44 - std[617be2ca0a6fd877]::sys::backtrace::__rust_begin_short_backtrace::<test[aada8e7e76ba119b]::run_test::{closure#1}, ()>
[INFO] [stdout]   17:     0x5e61e505b1e2 - <std[617be2ca0a6fd877]::thread::lifecycle::spawn_unchecked<test[aada8e7e76ba119b]::run_test::{closure#1}, ()>::{closure#1} as core[a373ad73a504971]::ops::function::FnOnce<()>>::call_once::{shim:vtable#0}
[INFO] [stdout]   18:     0x5e61e5248e2f - <std[617be2ca0a6fd877]::sys::thread::unix::Thread>::new::thread_start
[INFO] [stdout]   19:     0x79f4109a0dfa - <unknown>
[INFO] [stdout]   20:     0x79f410a343d4 - clone
[INFO] [stdout]   21:                0x0 - <unknown>
[INFO] [stdout] 
[INFO] [stdout] ---- template_id_uses_package_name stdout ----
[INFO] [stdout] 
[INFO] [stdout] thread 'template_id_uses_package_name' (1049) panicked at tests/renderer.rs:33:47:
[INFO] [stdout] read fixture DAR: IoError(Os { code: 2, kind: NotFound, message: "No such file or directory" })
[INFO] [stdout] stack backtrace:
[INFO] [stdout]    0:     0x5e61e52495e1 - <<std[617be2ca0a6fd877]::sys::backtrace::BacktraceLock>::print::DisplayBacktrace as core[a373ad73a504971]::fmt::Display>::fmt
[INFO] [stdout]    1:     0x5e61e5260cca - core[a373ad73a504971]::fmt::write
[INFO] [stdout]    2:     0x5e61e524d95c - <alloc[2e1b2a31b91974c5]::vec::Vec<u8> as core[a373ad73a504971]::io::write::Write>::write_fmt
[INFO] [stdout]    3:     0x5e61e5225726 - std[617be2ca0a6fd877]::panicking::default_hook::{closure#0}
[INFO] [stdout]    4:     0x5e61e5241af9 - std[617be2ca0a6fd877]::panicking::default_hook
[INFO] [stdout]    5:     0x5e61e5057b30 - test[aada8e7e76ba119b]::test_main_inner::{closure#0}
[INFO] [stdout]    6:     0x5e61e5241e22 - std[617be2ca0a6fd877]::panicking::panic_with_hook
[INFO] [stdout]    7:     0x5e61e52257d2 - std[617be2ca0a6fd877]::panicking::panic_handler::{closure#0}
[INFO] [stdout]    8:     0x5e61e521e4e9 - std[617be2ca0a6fd877]::sys::backtrace::__rust_end_short_backtrace::<std[617be2ca0a6fd877]::panicking::panic_handler::{closure#0}, !>
[INFO] [stdout]    9:     0x5e61e52263dd - __rustc[ea4f61d10b84890b]::rust_begin_unwind
[INFO] [stdout]   10:     0x5e61e52614ac - core[a373ad73a504971]::panicking::panic_fmt
[INFO] [stdout]   11:     0x5e61e5261282 - core[a373ad73a504971]::result::unwrap_failed
[INFO] [stdout]   12:     0x5e61e5043936 - renderer[95fcb3403bc68957]::render_demo_modules
[INFO] [stdout]   13:     0x5e61e5044489 - <renderer[95fcb3403bc68957]::template_id_uses_package_name::{closure#0} as core[a373ad73a504971]::ops::function::FnOnce<()>>::call_once
[INFO] [stdout]   14:     0x5e61e504af7b - test[aada8e7e76ba119b]::__rust_begin_short_backtrace::<core[a373ad73a504971]::result::Result<(), alloc[2e1b2a31b91974c5]::string::String>, fn() -> core[a373ad73a504971]::result::Result<(), alloc[2e1b2a31b91974c5]::string::String>>
[INFO] [stdout]   15:     0x5e61e5058155 - test[aada8e7e76ba119b]::run_test::{closure#0}
[INFO] [stdout]   16:     0x5e61e5051a44 - std[617be2ca0a6fd877]::sys::backtrace::__rust_begin_short_backtrace::<test[aada8e7e76ba119b]::run_test::{closure#1}, ()>
[INFO] [stdout]   17:     0x5e61e505b1e2 - <std[617be2ca0a6fd877]::thread::lifecycle::spawn_unchecked<test[aada8e7e76ba119b]::run_test::{closure#1}, ()>::{closure#1} as core[a373ad73a504971]::ops::function::FnOnce<()>>::call_once::{shim:vtable#0}
[INFO] [stdout]   18:     0x5e61e5248e2f - <std[617be2ca0a6fd877]::sys::thread::unix::Thread>::new::thread_start
[INFO] [stdout]   19:     0x79f4109a0dfa - <unknown>
[INFO] [stdout]   20:     0x79f410a343d4 - clone
[INFO] [stdout]   21:                0x0 - <unknown>
[INFO] [stdout] 
[INFO] [stdout] ---- enum_constructors_round_trip_via_damlvalue stdout ----
[INFO] [stdout] 
[INFO] [stdout] thread 'enum_constructors_round_trip_via_damlvalue' (1044) panicked at tests/renderer.rs:33:47:
[INFO] [stdout] read fixture DAR: IoError(Os { code: 2, kind: NotFound, message: "No such file or directory" })
[INFO] [stdout] stack backtrace:
[INFO] [stdout]    0:     0x5e61e52495e1 - <<std[617be2ca0a6fd877]::sys::backtrace::BacktraceLock>::print::DisplayBacktrace as core[a373ad73a504971]::fmt::Display>::fmt
[INFO] [stdout]    1:     0x5e61e5260cca - core[a373ad73a504971]::fmt::write
[INFO] [stdout]    2:     0x5e61e524d95c - <alloc[2e1b2a31b91974c5]::vec::Vec<u8> as core[a373ad73a504971]::io::write::Write>::write_fmt
[INFO] [stdout]    3:     0x5e61e5225726 - std[617be2ca0a6fd877]::panicking::default_hook::{closure#0}
[INFO] [stdout]    4:     0x5e61e5241af9 - std[617be2ca0a6fd877]::panicking::default_hook
[INFO] [stdout]    5:     0x5e61e5057b30 - test[aada8e7e76ba119b]::test_main_inner::{closure#0}
[INFO] [stdout]    6:     0x5e61e5241e22 - std[617be2ca0a6fd877]::panicking::panic_with_hook
[INFO] [stdout]    7:     0x5e61e52257d2 - std[617be2ca0a6fd877]::panicking::panic_handler::{closure#0}
[INFO] [stdout]    8:     0x5e61e521e4e9 - std[617be2ca0a6fd877]::sys::backtrace::__rust_end_short_backtrace::<std[617be2ca0a6fd877]::panicking::panic_handler::{closure#0}, !>
[INFO] [stdout]    9:     0x5e61e52263dd - __rustc[ea4f61d10b84890b]::rust_begin_unwind
[INFO] [stdout]   10:     0x5e61e52614ac - core[a373ad73a504971]::panicking::panic_fmt
[INFO] [stdout]   11:     0x5e61e5261282 - core[a373ad73a504971]::result::unwrap_failed
[INFO] [stdout]   12:     0x5e61e5043936 - renderer[95fcb3403bc68957]::render_demo_modules
[INFO] [stdout]   13:     0x5e61e5044971 - <renderer[95fcb3403bc68957]::enum_constructors_round_trip_via_damlvalue::{closure#0} as core[a373ad73a504971]::ops::function::FnOnce<()>>::call_once
[INFO] [stdout]   14:     0x5e61e504af7b - test[aada8e7e76ba119b]::__rust_begin_short_backtrace::<core[a373ad73a504971]::result::Result<(), alloc[2e1b2a31b91974c5]::string::String>, fn() -> core[a373ad73a504971]::result::Result<(), alloc[2e1b2a31b91974c5]::string::String>>
[INFO] [stdout]   15:     0x5e61e5058155 - test[aada8e7e76ba119b]::run_test::{closure#0}
[INFO] [stdout]   16:     0x5e61e5051a44 - std[617be2ca0a6fd877]::sys::backtrace::__rust_begin_short_backtrace::<test[aada8e7e76ba119b]::run_test::{closure#1}, ()>
[INFO] [stdout]   17:     0x5e61e505b1e2 - <std[617be2ca0a6fd877]::thread::lifecycle::spawn_unchecked<test[aada8e7e76ba119b]::run_test::{closure#1}, ()>::{closure#1} as core[a373ad73a504971]::ops::function::FnOnce<()>>::call_once::{shim:vtable#0}
[INFO] [stdout]   18:     0x5e61e5248e2f - <std[617be2ca0a6fd877]::sys::thread::unix::Thread>::new::thread_start
[INFO] [stdout]   19:     0x79f4109a0dfa - <unknown>
[INFO] [stdout]   20:     0x79f410a343d4 - clone
[INFO] [stdout]   21:                0x0 - <unknown>
[INFO] [stdout] 
[INFO] [stdout] ---- variant_record_payload_lives_in_synthetic_module stdout ----
[INFO] [stdout] 
[INFO] [stdout] thread 'variant_record_payload_lives_in_synthetic_module' (1050) panicked at tests/renderer.rs:33:47:
[INFO] [stdout] read fixture DAR: IoError(Os { code: 2, kind: NotFound, message: "No such file or directory" })
[INFO] [stdout] stack backtrace:
[INFO] [stdout]    0:     0x5e61e52495e1 - <<std[617be2ca0a6fd877]::sys::backtrace::BacktraceLock>::print::DisplayBacktrace as core[a373ad73a504971]::fmt::Display>::fmt
[INFO] [stdout]    1:     0x5e61e5260cca - core[a373ad73a504971]::fmt::write
[INFO] [stdout]    2:     0x5e61e524d95c - <alloc[2e1b2a31b91974c5]::vec::Vec<u8> as core[a373ad73a504971]::io::write::Write>::write_fmt
[INFO] [stdout]    3:     0x5e61e5225726 - std[617be2ca0a6fd877]::panicking::default_hook::{closure#0}
[INFO] [stdout]    4:     0x5e61e5241af9 - std[617be2ca0a6fd877]::panicking::default_hook
[INFO] [stdout]    5:     0x5e61e5057b30 - test[aada8e7e76ba119b]::test_main_inner::{closure#0}
[INFO] [stdout]    6:     0x5e61e5241e22 - std[617be2ca0a6fd877]::panicking::panic_with_hook
[INFO] [stdout]    7:     0x5e61e52257d2 - std[617be2ca0a6fd877]::panicking::panic_handler::{closure#0}
[INFO] [stdout]    8:     0x5e61e521e4e9 - std[617be2ca0a6fd877]::sys::backtrace::__rust_end_short_backtrace::<std[617be2ca0a6fd877]::panicking::panic_handler::{closure#0}, !>
[INFO] [stdout]    9:     0x5e61e52263dd - __rustc[ea4f61d10b84890b]::rust_begin_unwind
[INFO] [stdout]   10:     0x5e61e52614ac - core[a373ad73a504971]::panicking::panic_fmt
[INFO] [stdout]   11:     0x5e61e5261282 - core[a373ad73a504971]::result::unwrap_failed
[INFO] [stdout]   12:     0x5e61e5043936 - renderer[95fcb3403bc68957]::render_demo_modules
[INFO] [stdout]   13:     0x5e61e5045969 - <renderer[95fcb3403bc68957]::variant_record_payload_lives_in_synthetic_module::{closure#0} as core[a373ad73a504971]::ops::function::FnOnce<()>>::call_once
[INFO] [stdout]   14:     0x5e61e504af7b - test[aada8e7e76ba119b]::__rust_begin_short_backtrace::<core[a373ad73a504971]::result::Result<(), alloc[2e1b2a31b91974c5]::string::String>, fn() -> core[a373ad73a504971]::result::Result<(), alloc[2e1b2a31b91974c5]::string::String>>
[INFO] [stdout]   15:     0x5e61e5058155 - test[aada8e7e76ba119b]::run_test::{closure#0}
[INFO] [stdout]   16:     0x5e61e5051a44 - std[617be2ca0a6fd877]::sys::backtrace::__rust_begin_short_backtrace::<test[aada8e7e76ba119b]::run_test::{closure#1}, ()>
[INFO] [stdout]   17:     0x5e61e505b1e2 - <std[617be2ca0a6fd877]::thread::lifecycle::spawn_unchecked<test[aada8e7e76ba119b]::run_test::{closure#1}, ()>::{closure#1} as core[a373ad73a504971]::ops::function::FnOnce<()>>::call_once::{shim:vtable#0}
[INFO] [stdout]   18:     0x5e61e5248e2f - <std[617be2ca0a6fd877]::sys::thread::unix::Thread>::new::thread_start
[INFO] [stdout]   19:     0x79f4109a0dfa - <unknown>
[INFO] [stdout]   20:     0x79f410a343d4 - clone
[INFO] [stdout]   21:                0x0 - <unknown>
[INFO] [stdout] 
[INFO] [stdout] ---- module_matcher_filters_out_unmatched_modules stdout ----
[INFO] [stdout] 
[INFO] [stdout] thread 'module_matcher_filters_out_unmatched_modules' (1047) panicked at tests/renderer.rs:146:47:
[INFO] [stdout] read fixture DAR: IoError(Os { code: 2, kind: NotFound, message: "No such file or directory" })
[INFO] [stdout] stack backtrace:
[INFO] [stdout]    0:     0x5e61e52495e1 - <<std[617be2ca0a6fd877]::sys::backtrace::BacktraceLock>::print::DisplayBacktrace as core[a373ad73a504971]::fmt::Display>::fmt
[INFO] [stdout]    1:     0x5e61e5260cca - core[a373ad73a504971]::fmt::write
[INFO] [stdout]    2:     0x5e61e524d95c - <alloc[2e1b2a31b91974c5]::vec::Vec<u8> as core[a373ad73a504971]::io::write::Write>::write_fmt
[INFO] [stdout]    3:     0x5e61e5225726 - std[617be2ca0a6fd877]::panicking::default_hook::{closure#0}
[INFO] [stdout]    4:     0x5e61e5241af9 - std[617be2ca0a6fd877]::panicking::default_hook
[INFO] [stdout]    5:     0x5e61e5057b30 - test[aada8e7e76ba119b]::test_main_inner::{closure#0}
[INFO] [stdout]    6:     0x5e61e5241e22 - std[617be2ca0a6fd877]::panicking::panic_with_hook
[INFO] [stdout]    7:     0x5e61e52257d2 - std[617be2ca0a6fd877]::panicking::panic_handler::{closure#0}
[INFO] [stdout]    8:     0x5e61e521e4e9 - std[617be2ca0a6fd877]::sys::backtrace::__rust_end_short_backtrace::<std[617be2ca0a6fd877]::panicking::panic_handler::{closure#0}, !>
[INFO] [stdout]    9:     0x5e61e52263dd - __rustc[ea4f61d10b84890b]::rust_begin_unwind
[INFO] [stdout]   10:     0x5e61e52614ac - core[a373ad73a504971]::panicking::panic_fmt
[INFO] [stdout]   11:     0x5e61e5261282 - core[a373ad73a504971]::result::unwrap_failed
[INFO] [stdout]   12:     0x5e61e50454d3 - <renderer[95fcb3403bc68957]::module_matcher_filters_out_unmatched_modules::{closure#0} as core[a373ad73a504971]::ops::function::FnOnce<()>>::call_once
[INFO] [stdout]   13:     0x5e61e504af7b - test[aada8e7e76ba119b]::__rust_begin_short_backtrace::<core[a373ad73a504971]::result::Result<(), alloc[2e1b2a31b91974c5]::string::String>, fn() -> core[a373ad73a504971]::result::Result<(), alloc[2e1b2a31b91974c5]::string::String>>
[INFO] [stdout]   14:     0x5e61e5058155 - test[aada8e7e76ba119b]::run_test::{closure#0}
[INFO] [stdout]   15:     0x5e61e5051a44 - std[617be2ca0a6fd877]::sys::backtrace::__rust_begin_short_backtrace::<test[aada8e7e76ba119b]::run_test::{closure#1}, ()>
[INFO] [stdout]   16:     0x5e61e505b1e2 - <std[617be2ca0a6fd877]::thread::lifecycle::spawn_unchecked<test[aada8e7e76ba119b]::run_test::{closure#1}, ()>::{closure#1} as core[a373ad73a504971]::ops::function::FnOnce<()>>::call_once::{shim:vtable#0}
[INFO] [stdout]   17:     0x5e61e5248e2f - <std[617be2ca0a6fd877]::sys::thread::unix::Thread>::new::thread_start
[INFO] [stdout]   18:     0x79f4109a0dfa - <unknown>
[INFO] [stdout]   19:     0x79f410a343d4 - clone
[INFO] [stdout]   20:                0x0 - <unknown>
[INFO] [stdout] 
[INFO] [stdout] 
[INFO] [stdout] failures:
[INFO] [stdout]     cross_package_paths_carry_package_name
[INFO] [stdout]     enum_constructors_round_trip_via_damlvalue
[INFO] [stdout]     interface_addressed_choice_methods_emitted
[INFO] [stdout]     interface_trait_and_impl_emitted
[INFO] [stdout]     module_matcher_filters_out_unmatched_modules
[INFO] [stdout]     rendered_archive_compiles_to_balanced_braces
[INFO] [stdout]     template_id_uses_package_name
[INFO] [stdout]     variant_record_payload_lives_in_synthetic_module
[INFO] [stdout] 
[INFO] [stdout] test result: FAILED. 0 passed; 8 failed; 0 ignored; 0 measured; 0 filtered out; finished in 0.01s
[INFO] [stdout] 
[INFO] running `Command { std: "docker" "inspect" "37d0f7b64e99883a35e81c41344c01fc04f04fc90b92365563dc2e173475bada", kill_on_drop: false }`
[INFO] running `Command { std: "docker" "rm" "-f" "37d0f7b64e99883a35e81c41344c01fc04f04fc90b92365563dc2e173475bada", kill_on_drop: false }`
[INFO] [stdout] 37d0f7b64e99883a35e81c41344c01fc04f04fc90b92365563dc2e173475bada
