[INFO] fetching crate dameng-protocol 0.1.0...
[INFO] testing dameng-protocol-0.1.0 against 1.100.0-beta.1+cargoflags=--release for beta-release-1.100-2
[INFO] extracting crate dameng-protocol 0.1.0 into /workspace/builds/worker-2-tc2/source
[INFO] started tweaking crates.io crate dameng-protocol 0.1.0
[INFO] finished tweaking crates.io crate dameng-protocol 0.1.0
[INFO] tweaked toml for crates.io crate dameng-protocol 0.1.0 written to /workspace/builds/worker-2-tc2/source/Cargo.toml
[INFO] validating manifest of crates.io crate dameng-protocol 0.1.0 on toolchain 1.100.0-beta.1
[INFO] running `Command { std: CARGO_HOME="/workspace/cargo-home" RUSTUP_HOME="/workspace/rustup-home" "/workspace/cargo-home/bin/cargo" "+1.100.0-beta.1" "metadata" "--manifest-path" "Cargo.toml" "--no-deps", kill_on_drop: false }`
[INFO] crate crates.io crate dameng-protocol 0.1.0 already has a lockfile, it will not be regenerated
[INFO] running `Command { std: CARGO_HOME="/workspace/cargo-home" RUSTUP_HOME="/workspace/rustup-home" "/workspace/cargo-home/bin/cargo" "+1.100.0-beta.1" "fetch" "--manifest-path" "Cargo.toml", kill_on_drop: false }`
[INFO] running `Command { std: "docker" "create" "-v" "/var/lib/crater-agent-workspace/builds/worker-2-tc2/source:/opt/rustwide/workdir:ro,Z" "-v" "/var/lib/crater-agent-workspace/builds/worker-2-tc2/target:/opt/rustwide/target:rw,Z" "-v" "/var/lib/crater-agent-workspace/cargo-home:/opt/rustwide/cargo-home:ro,Z" "-v" "/var/lib/crater-agent-workspace/rustup-home:/opt/rustwide/rustup-home:ro,Z" "-m" "1610612736" "--network" "none" "ghcr.io/rust-lang/crates-build-env/linux@sha256:77db811e55d90add9212f6832c23229e3de5f1c1f9905e8cb07319ea15df73ac" "sleep" "infinity", kill_on_drop: false }`
[INFO] [stdout] 2c48239315b9b0a83a7e7c05099722d290953d9e2e3c5327a194918b793c3211
[INFO] running `Command { std: "docker" "start" "2c48239315b9b0a83a7e7c05099722d290953d9e2e3c5327a194918b793c3211", kill_on_drop: false }`
[INFO] running `Command { std: "docker" "inspect" "2c48239315b9b0a83a7e7c05099722d290953d9e2e3c5327a194918b793c3211", kill_on_drop: false }`
[INFO] running `Command { std: "docker" "exec" "-e" "SOURCE_DIR=/opt/rustwide/workdir" "-e" "CARGO_HOME=/opt/rustwide/cargo-home" "-e" "RUSTUP_HOME=/opt/rustwide/rustup-home" "-e" "CARGO_TARGET_DIR=/opt/rustwide/target" "-w" "/opt/rustwide/workdir" "--user" "0:0" "2c48239315b9b0a83a7e7c05099722d290953d9e2e3c5327a194918b793c3211" "/opt/rustwide/cargo-home/bin/cargo" "+1.100.0-beta.1" "metadata" "--no-deps" "--format-version=1", kill_on_drop: false }`
[INFO] running `Command { std: "docker" "inspect" "2c48239315b9b0a83a7e7c05099722d290953d9e2e3c5327a194918b793c3211", kill_on_drop: false }`
[INFO] running `Command { std: "docker" "exec" "-e" "SOURCE_DIR=/opt/rustwide/workdir" "-e" "CARGO_HOME=/opt/rustwide/cargo-home" "-e" "RUSTUP_HOME=/opt/rustwide/rustup-home" "-e" "CARGO_TARGET_DIR=/opt/rustwide/target" "-e" "CARGO_INCREMENTAL=0" "-e" "RUST_BACKTRACE=full" "-e" "RUSTFLAGS=--cap-lints=warn" "-e" "RUSTDOCFLAGS=--cap-lints=warn" "-w" "/opt/rustwide/workdir" "--user" "0:0" "2c48239315b9b0a83a7e7c05099722d290953d9e2e3c5327a194918b793c3211" "/opt/rustwide/cargo-home/bin/cargo" "+1.100.0-beta.1" "build" "--frozen" "--message-format=json" "--release", kill_on_drop: false }`
[INFO] [stderr]    Compiling serde v1.0.228
[INFO] [stderr]    Compiling rust_decimal v1.41.0
[INFO] [stderr]    Compiling arrayvec v0.7.6
[INFO] [stderr]    Compiling chrono v0.4.44
[INFO] [stderr]    Compiling dameng-types v0.1.0
[INFO] [stderr]    Compiling dameng-protocol v0.1.0 (/opt/rustwide/workdir)
[INFO] [stderr]     Finished `release` profile [optimized] target(s) in 5.18s
[INFO] running `Command { std: "docker" "inspect" "2c48239315b9b0a83a7e7c05099722d290953d9e2e3c5327a194918b793c3211", kill_on_drop: false }`
[INFO] running `Command { std: "docker" "exec" "-e" "SOURCE_DIR=/opt/rustwide/workdir" "-e" "CARGO_HOME=/opt/rustwide/cargo-home" "-e" "RUSTUP_HOME=/opt/rustwide/rustup-home" "-e" "CARGO_TARGET_DIR=/opt/rustwide/target" "-e" "CARGO_INCREMENTAL=0" "-e" "RUST_BACKTRACE=full" "-e" "RUSTFLAGS=--cap-lints=warn" "-e" "RUSTDOCFLAGS=--cap-lints=warn" "-w" "/opt/rustwide/workdir" "--user" "0:0" "2c48239315b9b0a83a7e7c05099722d290953d9e2e3c5327a194918b793c3211" "/opt/rustwide/cargo-home/bin/cargo" "+1.100.0-beta.1" "test" "--frozen" "--no-run" "--message-format=json" "--release", kill_on_drop: false }`
[INFO] [stderr]    Compiling dameng-protocol v0.1.0 (/opt/rustwide/workdir)
[INFO] [stderr]     Finished `release` profile [optimized] target(s) in 2.08s
[INFO] running `Command { std: "docker" "inspect" "2c48239315b9b0a83a7e7c05099722d290953d9e2e3c5327a194918b793c3211", kill_on_drop: false }`
[INFO] running `Command { std: "docker" "exec" "-e" "SOURCE_DIR=/opt/rustwide/workdir" "-e" "CARGO_HOME=/opt/rustwide/cargo-home" "-e" "RUSTUP_HOME=/opt/rustwide/rustup-home" "-e" "CARGO_TARGET_DIR=/opt/rustwide/target" "-e" "CARGO_INCREMENTAL=0" "-e" "RUST_BACKTRACE=full" "-e" "RUSTFLAGS=--cap-lints=warn" "-e" "RUSTDOCFLAGS=--cap-lints=warn" "-w" "/opt/rustwide/workdir" "--user" "0:0" "2c48239315b9b0a83a7e7c05099722d290953d9e2e3c5327a194918b793c3211" "/opt/rustwide/cargo-home/bin/cargo" "+1.100.0-beta.1" "test" "--frozen" "--release", kill_on_drop: false }`
[INFO] [stderr]     Finished `release` profile [optimized] target(s) in 0.06s
[INFO] [stderr]      Running unittests src/lib.rs (/opt/rustwide/target/release/build/dameng-protocol/fde67f8b23dd632d/out/dameng_protocol-fde67f8b23dd632d)
[INFO] [stdout] 
[INFO] [stdout] running 129 tests
[INFO] [stdout] test frame::tests::test_frame_new_and_fields ... ok
[INFO] [stdout] test frame::tests::test_frame_parse_fields ... ok
[INFO] [stdout] test frame::tests::test_frame_roundtrip ... ok
[INFO] [stdout] test message::bind::tests::test_bind_param_fields ... ok
[INFO] [stdout] test message::bind::tests::test_bind_exec2_output_param ... ok
[INFO] [stdout] test message::bind::tests::test_bind_encode_with_param ... ok
[INFO] [stdout] test message::bind::tests::test_bind_new ... ok
[INFO] [stdout] test frame::tests::test_frame_encode_fields ... ok
[INFO] [stdout] test message::bind::tests::test_bind_encode_vchar_param ... ok
[INFO] [stdout] test message::bind::tests::test_statement_allocate_encode ... ok
[INFO] [stdout] test message::bind::tests::test_parameter_direction_values ... ok
[INFO] [stdout] test frame::tests::test_frame_parse_incomplete ... ok
[INFO] [stdout] test frame::tests::test_frame_encode_size ... ok
[INFO] [stdout] test message::bind::tests::test_bind_encode_no_fetch ... ok
[INFO] [stdout] test message::bind::tests::test_bind_exec2_encode_header ... ok
[INFO] [stdout] test message::bind::tests::test_bind_exec2_pagination ... ok
[INFO] [stdout] test message::bind::tests::test_statement_free_new ... ok
[INFO] [stdout] test message::bind::tests::test_statement_allocate_new ... ok
[INFO] [stdout] test message::close::tests::test_close_debug ... ok
[INFO] [stdout] test message::close::tests::test_close_encode_empty ... ok
[INFO] [stdout] test message::exec::tests::test_exec_encode_contains_sql ... ok
[INFO] [stdout] test message::bind::tests::test_statement_allocate_parse_response ... FAILED
[INFO] [stdout] test message::close::tests::test_close_clone ... ok
[INFO] [stdout] test message::bind::tests::test_statement_free_zero_id ... ok
[INFO] [stdout] test message::bind::tests::test_statement_allocate_parse_zero_id ... ok
[INFO] [stdout] test message::exec::tests::test_exec_new_prepared ... ok
[INFO] [stdout] test message::bind::tests::test_statement_allocate_parse_response_incomplete ... FAILED
[INFO] [stdout] test message::exec::tests::test_exec_encode_null_terminated ... ok
[INFO] [stdout] test message::bind::tests::test_statement_free_encode ... ok
[INFO] [stdout] test message::exec::tests::test_exec_new_direct ... ok
[INFO] [stdout] test message::exec::tests::test_exec_payload_size ... ok
[INFO] [stdout] test message::bind::tests::test_bind_exec2_null_param ... ok
[INFO] [stdout] test message::bind::tests::test_bind_exec2_encode_with_params ... ok
[INFO] [stdout] test message::exec::tests::test_exec_v2_encode_cjk_utf16 ... ok
[INFO] [stdout] test message::exec::tests::test_exec_v2_timeout ... ok
[INFO] [stdout] test message::fetch::tests::test_fetch_clone ... ok
[INFO] [stdout] test message::exec::tests::test_exec_v2_dml ... ok
[INFO] [stdout] test message::exec::tests::test_exec_v2_encode_minimal ... ok
[INFO] [stdout] test message::exec::tests::test_exec_v2_empty_sql ... ok
[INFO] [stdout] test message::exec::tests::test_exec_v2_no_auto_commit ... ok
[INFO] [stdout] test message::exec::tests::test_exec_v2_select ... ok
[INFO] [stdout] test message::exec::tests::test_exec_v2_encode_sql_utf16 ... ok
[INFO] [stdout] test message::fetch::tests::test_fetch_encode_decode ... ok
[INFO] [stdout] test message::exec::tests::test_exec_v2_max_rows ... ok
[INFO] [stdout] test message::exec::tests::test_exec_v2_new_select ... ok
[INFO] [stdout] test message::exec::tests::test_exec_prepare ... ok
[INFO] [stdout] test message::bind::tests::test_bind_exec2_new ... ok
[INFO] [stdout] test message::bind::tests::test_bind_multiple_params ... ok
[INFO] [stdout] test message::bind::tests::test_statement_allocate_encode_no_base_col ... ok
[INFO] [stdout] test message::isolation::tests::test_set_isolation_encode ... ok
[INFO] [stdout] test message::fetch::tests::test_fetch_response_empty_data ... ok
[INFO] [stdout] test message::fetch::tests::test_fetch_response_incomplete ... ok
[INFO] [stdout] test message::fetch::tests::test_fetch_new ... ok
[INFO] [stdout] test message::fetch::tests::test_fetch_payload_size ... ok
[INFO] [stdout] test message::fetch::tests::test_fetch_prefetch_clamp_min ... ok
[INFO] [stdout] test message::fetch::tests::test_has_more ... ok
[INFO] [stdout] test message::fetch::tests::test_fetch_from ... ok
[INFO] [stdout] test message::isolation::tests::test_isolation_level_from_protocol ... ok
[INFO] [stdout] test message::fetch::tests::test_fetch_prefetch_normal ... ok
[INFO] [stdout] test message::lob::tests::test_lob_read_encode_no_extended ... ok
[INFO] [stdout] test message::lob::tests::test_lob_read_response_parse ... ok
[INFO] [stdout] test message::lob::tests::test_lob_read_encode ... ok
[INFO] [stdout] test message::lob::tests::test_lob_read_response_eof ... ok
[INFO] [stdout] test message::lob::tests::test_lob_free_encode_no_extended ... ok
[INFO] [stdout] test message::fetch::tests::test_fetch_prefetch_clamp_max ... ok
[INFO] [stdout] test message::lob::tests::test_lob_getlen_response_parse ... ok
[INFO] [stdout] test message::isolation::tests::test_isolation_roundtrip ... ok
[INFO] [stdout] test message::lob::tests::test_lob_locator_parsing ... ok
[INFO] [stdout] test message::lob_bind::tests::test_encode_clob_value ... ok
[INFO] [stdout] test message::isolation::tests::test_isolation_level_protocol_values ... ok
[INFO] [stdout] test message::lob_bind::tests::test_is_off_row_blob_large ... ok
[INFO] [stdout] test message::lob_bind::tests::test_is_off_row_boundary ... ok
[INFO] [stdout] test message::isolation::tests::test_set_isolation_all_levels ... ok
[INFO] [stdout] test message::lob::tests::test_lob_read_response_with_char_len ... ok
[INFO] [stdout] test message::lob_bind::tests::test_is_off_row_blob_small ... ok
[INFO] [stdout] test message::lob_bind::tests::test_is_off_row_clob_small ... ok
[INFO] [stdout] test message::lob_bind::tests::test_is_off_row_non_lob ... ok
[INFO] [stdout] test message::lob_bind::tests::test_lob_data_message_encode_no_new_flag ... ok
[INFO] [stdout] test message::lob_bind::tests::test_constants ... ok
[INFO] [stdout] test message::lob_bind::tests::test_lob_data_message_encode_with_new_flag ... ok
[INFO] [stdout] test message::lob_bind::tests::test_encode_blob_from_hex ... ok
[INFO] [stdout] test message::lob_bind::tests::test_split_lob_data_empty ... ok
[INFO] [stdout] test message::lob_bind::tests::test_split_lob_data_multiple_chunks ... ok
[INFO] [stdout] test message::lob_bind::tests::test_split_lob_data_single_chunk ... ok
[INFO] [stdout] test message::lob_bind::tests::test_split_lob_data_small ... ok
[INFO] [stdout] test message::lob_bind::tests::test_is_off_row_clob_large ... ok
[INFO] [stdout] test message::lob::tests::test_lob_free_encode ... ok
[INFO] [stdout] test message::lob_bind::tests::test_encode_blob_from_hex_with_prefix ... ok
[INFO] [stdout] test message::lob::tests::test_lob_getlen_encode ... ok
[INFO] [stdout] test message::login::tests::test_login_encode_payload_no_challenge ... ok
[INFO] [stdout] test message::login::tests::test_login_new ... ok
[INFO] [stdout] test message::response::tests::test_exec_response_select1_ope ... ok
[INFO] [stdout] test message::response::tests::test_exec_response_minimal_empty ... FAILED
[INFO] [stdout] test message::response::tests::test_exec_response_select1_ope_no_null_term ... ok
[INFO] [stdout] test message::response::tests::test_exec_response_short_payload_dml ... ok
[INFO] [stdout] test message::lob::tests::test_lob_cursor_update ... ok
[INFO] [stdout] test message::login::tests::test_login_xor_encryption ... ok
[INFO] [stdout] test message::ready::tests::test_ack_from_bytes_incomplete ... ok
[INFO] [stdout] test message::ready::tests::test_ack_is_success ... ok
[INFO] [stdout] test message::ready::tests::test_ready_encode_size ... ok
[INFO] [stdout] test message::response::tests::test_exec_response_has_rows ... ok
[INFO] [stdout] test message::response::tests::test_row_get_i32 ... ok
[INFO] [stdout] test message::response::tests::test_row_get_i32_null ... ok
[INFO] [stdout] test message::response::tests::test_row_get_i32_single_byte ... ok
[INFO] [stdout] test message::response::tests::test_row_get_i64 ... ok
[INFO] [stdout] test message::response::tests::test_row_get_str ... ok
[INFO] [stdout] test message::response::tests::test_row_get_str_empty ... ok
[INFO] [stdout] test message::response::tests::test_row_is_null ... ok
[INFO] [stdout] test message::response::tests::test_row_len ... ok
[INFO] [stdout] test message::login::tests::test_login_response_from_bytes ... ok
[INFO] [stdout] test message::response::tests::test_exec_response_incomplete ... ok
[INFO] [stdout] test message::lob_bind::tests::test_encode_clob_value_unicode ... ok
[INFO] [stdout] test message::login::tests::test_login_response_incomplete ... ok
[INFO] [stdout] test message::ready::tests::test_ready_flags ... ok
[INFO] [stdout] test message::ready::tests::test_ack_from_bytes_success ... ok
[INFO] [stdout] test message::ready::tests::test_ready_new ... ok
[INFO] [stdout] test message::login::tests::test_login_payload_matches_capture ... ok
[INFO] [stdout] test message::transaction::tests::test_commit_clone ... ok
[INFO] [stdout] test message::transaction::tests::test_commit_debug ... ok
[INFO] [stdout] test message::transaction::tests::test_commit_encode_empty ... ok
[INFO] [stdout] test message::transaction::tests::test_rollback_encode_empty ... ok
[INFO] [stdout] test message::startup::tests::test_startup_encode_custom_version ... ok
[INFO] [stderr] error: test failed, to rerun pass `--lib`
[INFO] [stdout] test message::startup::tests::test_startup_encode_default_version ... ok
[INFO] [stdout] test message::startup::tests::test_startup_key_not_all_zeros ... ok
[INFO] [stdout] test message::startup::tests::test_startup_response_error ... ok
[INFO] [stdout] test message::startup::tests::test_startup_response_invalid_version ... ok
[INFO] [stdout] test message::startup::tests::test_startup_response_success ... ok
[INFO] [stdout] test message::transaction::tests::test_rollback_clone ... ok
[INFO] [stdout] test message::transaction::tests::test_rollback_debug ... ok
[INFO] [stdout] 
[INFO] [stdout] failures:
[INFO] [stdout] 
[INFO] [stdout] ---- message::bind::tests::test_statement_allocate_parse_response stdout ----
[INFO] [stdout] 
[INFO] [stdout] thread 'message::bind::tests::test_statement_allocate_parse_response' (323) panicked at src/message/bind.rs:505:9:
[INFO] [stdout] assertion `left == right` failed
[INFO] [stdout]   left: 0
[INFO] [stdout]  right: 305419896
[INFO] [stdout] stack backtrace:
[INFO] [stdout]    0:     0x6197d3fdc311 - <<std[617be2ca0a6fd877]::sys::backtrace::BacktraceLock>::print::DisplayBacktrace as core[a373ad73a504971]::fmt::Display>::fmt
[INFO] [stdout]    1:     0x6197d3ff0a8a - core[a373ad73a504971]::fmt::write
[INFO] [stdout]    2:     0x6197d3fe052c - <alloc[2e1b2a31b91974c5]::vec::Vec<u8> as core[a373ad73a504971]::io::write::Write>::write_fmt
[INFO] [stdout]    3:     0x6197d3fb8776 - std[617be2ca0a6fd877]::panicking::default_hook::{closure#0}
[INFO] [stdout]    4:     0x6197d3fd49a9 - std[617be2ca0a6fd877]::panicking::default_hook
[INFO] [stdout]    5:     0x6197d3f66540 - test[aada8e7e76ba119b]::test_main_inner::{closure#0}
[INFO] [stdout]    6:     0x6197d3fd4b62 - std[617be2ca0a6fd877]::panicking::panic_with_hook
[INFO] [stdout]    7:     0x6197d3fb8822 - std[617be2ca0a6fd877]::panicking::panic_handler::{closure#0}
[INFO] [stdout]    8:     0x6197d3fb1539 - std[617be2ca0a6fd877]::sys::backtrace::__rust_end_short_backtrace::<std[617be2ca0a6fd877]::panicking::panic_handler::{closure#0}, !>
[INFO] [stdout]    9:     0x6197d3fb942d - __rustc[ea4f61d10b84890b]::rust_begin_unwind
[INFO] [stdout]   10:     0x6197d3ff11bc - core[a373ad73a504971]::panicking::panic_fmt
[INFO] [stdout]   11:     0x6197d3ff10d3 - core[a373ad73a504971]::panicking::assert_failed_inner
[INFO] [stdout]   12:     0x6197d3fb110a - core[a373ad73a504971]::panicking::assert_failed::<u32, u32>
[INFO] [stdout]   13:     0x6197d3f58d7f - <dameng_protocol[4a37705319df0798]::message::bind::tests::test_statement_allocate_parse_response::{closure#0} as core[a373ad73a504971]::ops::function::FnOnce<()>>::call_once
[INFO] [stdout]   14:     0x6197d3f5998b - test[aada8e7e76ba119b]::__rust_begin_short_backtrace::<core[a373ad73a504971]::result::Result<(), alloc[2e1b2a31b91974c5]::string::String>, fn() -> core[a373ad73a504971]::result::Result<(), alloc[2e1b2a31b91974c5]::string::String>>
[INFO] [stdout]   15:     0x6197d3f66b65 - test[aada8e7e76ba119b]::run_test::{closure#0}
[INFO] [stdout]   16:     0x6197d3f60454 - std[617be2ca0a6fd877]::sys::backtrace::__rust_begin_short_backtrace::<test[aada8e7e76ba119b]::run_test::{closure#1}, ()>
[INFO] [stdout]   17:     0x6197d3f69bf2 - <std[617be2ca0a6fd877]::thread::lifecycle::spawn_unchecked<test[aada8e7e76ba119b]::run_test::{closure#1}, ()>::{closure#1} as core[a373ad73a504971]::ops::function::FnOnce<()>>::call_once::{shim:vtable#0}
[INFO] [stdout]   18:     0x6197d3fdbb6f - <std[617be2ca0a6fd877]::sys::thread::unix::Thread>::new::thread_start
[INFO] [stdout]   19:     0x72183a910dfa - <unknown>
[INFO] [stdout]   20:     0x72183a9a43d4 - clone
[INFO] [stdout]   21:                0x0 - <unknown>
[INFO] [stdout] 
[INFO] [stdout] ---- message::bind::tests::test_statement_allocate_parse_response_incomplete stdout ----
[INFO] [stdout] 
[INFO] [stdout] thread 'message::bind::tests::test_statement_allocate_parse_response_incomplete' (324) panicked at src/message/bind.rs:512:9:
[INFO] [stdout] assertion failed: matches!(result, Err(crate::error::Error::Incomplete))
[INFO] [stdout] stack backtrace:
[INFO] [stdout]    0:     0x6197d3fdc311 - <<std[617be2ca0a6fd877]::sys::backtrace::BacktraceLock>::print::DisplayBacktrace as core[a373ad73a504971]::fmt::Display>::fmt
[INFO] [stdout]    1:     0x6197d3ff0a8a - core[a373ad73a504971]::fmt::write
[INFO] [stdout]    2:     0x6197d3fe052c - <alloc[2e1b2a31b91974c5]::vec::Vec<u8> as core[a373ad73a504971]::io::write::Write>::write_fmt
[INFO] [stdout]    3:     0x6197d3fb8776 - std[617be2ca0a6fd877]::panicking::default_hook::{closure#0}
[INFO] [stdout]    4:     0x6197d3fd49a9 - std[617be2ca0a6fd877]::panicking::default_hook
[INFO] [stdout]    5:     0x6197d3f66540 - test[aada8e7e76ba119b]::test_main_inner::{closure#0}
[INFO] [stdout]    6:     0x6197d3fd4b62 - std[617be2ca0a6fd877]::panicking::panic_with_hook
[INFO] [stdout]    7:     0x6197d3fb8854 - std[617be2ca0a6fd877]::panicking::panic_handler::{closure#0}
[INFO] [stdout]    8:     0x6197d3fb1539 - std[617be2ca0a6fd877]::sys::backtrace::__rust_end_short_backtrace::<std[617be2ca0a6fd877]::panicking::panic_handler::{closure#0}, !>
[INFO] [stdout]    9:     0x6197d3fb942d - __rustc[ea4f61d10b84890b]::rust_begin_unwind
[INFO] [stdout]   10:     0x6197d3ff11bc - core[a373ad73a504971]::panicking::panic_fmt
[INFO] [stdout]   11:     0x6197d3ff1182 - core[a373ad73a504971]::panicking::panic
[INFO] [stdout]   12:     0x6197d3f57390 - dameng_protocol[4a37705319df0798]::message::bind::tests::test_statement_allocate_parse_response_incomplete
[INFO] [stdout]   13:     0x6197d3f58e5e - <dameng_protocol[4a37705319df0798]::message::bind::tests::test_statement_allocate_parse_response_incomplete::{closure#0} as core[a373ad73a504971]::ops::function::FnOnce<()>>::call_once
[INFO] [stdout]   14:     0x6197d3f5998b - test[aada8e7e76ba119b]::__rust_begin_short_backtrace::<core[a373ad73a504971]::result::Result<(), alloc[2e1b2a31b91974c5]::string::String>, fn() -> core[a373ad73a504971]::result::Result<(), alloc[2e1b2a31b91974c5]::string::String>>
[INFO] [stdout]   15:     0x6197d3f66b65 - test[aada8e7e76ba119b]::run_test::{closure#0}
[INFO] [stdout]   16:     0x6197d3f60454 - std[617be2ca0a6fd877]::sys::backtrace::__rust_begin_short_backtrace::<test[aada8e7e76ba119b]::run_test::{closure#1}, ()>
[INFO] [stdout]   17:     0x6197d3f69bf2 - <std[617be2ca0a6fd877]::thread::lifecycle::spawn_unchecked<test[aada8e7e76ba119b]::run_test::{closure#1}, ()>::{closure#1} as core[a373ad73a504971]::ops::function::FnOnce<()>>::call_once::{shim:vtable#0}
[INFO] [stdout]   18:     0x6197d3fdbb6f - <std[617be2ca0a6fd877]::sys::thread::unix::Thread>::new::thread_start
[INFO] [stdout]   19:     0x72183a910dfa - <unknown>
[INFO] [stdout]   20:     0x72183a9a43d4 - clone
[INFO] [stdout]   21:                0x0 - <unknown>
[INFO] [stdout] 
[INFO] [stdout] ---- message::response::tests::test_exec_response_minimal_empty stdout ----
[INFO] [stdout] 
[INFO] [stdout] thread 'message::response::tests::test_exec_response_minimal_empty' (406) panicked at src/message/response.rs:911:9:
[INFO] [stdout] assertion `left == right` failed
[INFO] [stdout]   left: 1
[INFO] [stdout]  right: 0
[INFO] [stdout] stack backtrace:
[INFO] [stdout]    0:     0x6197d3fdc311 - <<std[617be2ca0a6fd877]::sys::backtrace::BacktraceLock>::print::DisplayBacktrace as core[a373ad73a504971]::fmt::Display>::fmt
[INFO] [stdout]    1:     0x6197d3ff0a8a - core[a373ad73a504971]::fmt::write
[INFO] [stdout]    2:     0x6197d3fe052c - <alloc[2e1b2a31b91974c5]::vec::Vec<u8> as core[a373ad73a504971]::io::write::Write>::write_fmt
[INFO] [stdout]    3:     0x6197d3fb8776 - std[617be2ca0a6fd877]::panicking::default_hook::{closure#0}
[INFO] [stdout]    4:     0x6197d3fd49a9 - std[617be2ca0a6fd877]::panicking::default_hook
[INFO] [stdout]    5:     0x6197d3f66540 - test[aada8e7e76ba119b]::test_main_inner::{closure#0}
[INFO] [stdout]    6:     0x6197d3fd4b62 - std[617be2ca0a6fd877]::panicking::panic_with_hook
[INFO] [stdout]    7:     0x6197d3fb8822 - std[617be2ca0a6fd877]::panicking::panic_handler::{closure#0}
[INFO] [stdout]    8:     0x6197d3fb1539 - std[617be2ca0a6fd877]::sys::backtrace::__rust_end_short_backtrace::<std[617be2ca0a6fd877]::panicking::panic_handler::{closure#0}, !>
[INFO] [stdout]    9:     0x6197d3fb942d - __rustc[ea4f61d10b84890b]::rust_begin_unwind
[INFO] [stdout]   10:     0x6197d3ff11bc - core[a373ad73a504971]::panicking::panic_fmt
[INFO] [stdout]   11:     0x6197d3ff10d3 - core[a373ad73a504971]::panicking::assert_failed_inner
[INFO] [stdout]   12:     0x6197d3fed958 - core[a373ad73a504971]::panicking::assert_failed::<usize, usize>
[INFO] [stdout]   13:     0x6197d3f517c3 - <dameng_protocol[4a37705319df0798]::message::response::tests::test_exec_response_minimal_empty::{closure#0} as core[a373ad73a504971]::ops::function::FnOnce<()>>::call_once
[INFO] [stdout]   14:     0x6197d3f5998b - test[aada8e7e76ba119b]::__rust_begin_short_backtrace::<core[a373ad73a504971]::result::Result<(), alloc[2e1b2a31b91974c5]::string::String>, fn() -> core[a373ad73a504971]::result::Result<(), alloc[2e1b2a31b91974c5]::string::String>>
[INFO] [stdout]   15:     0x6197d3f66b65 - test[aada8e7e76ba119b]::run_test::{closure#0}
[INFO] [stdout]   16:     0x6197d3f60454 - std[617be2ca0a6fd877]::sys::backtrace::__rust_begin_short_backtrace::<test[aada8e7e76ba119b]::run_test::{closure#1}, ()>
[INFO] [stdout]   17:     0x6197d3f69bf2 - <std[617be2ca0a6fd877]::thread::lifecycle::spawn_unchecked<test[aada8e7e76ba119b]::run_test::{closure#1}, ()>::{closure#1} as core[a373ad73a504971]::ops::function::FnOnce<()>>::call_once::{shim:vtable#0}
[INFO] [stdout]   18:     0x6197d3fdbb6f - <std[617be2ca0a6fd877]::sys::thread::unix::Thread>::new::thread_start
[INFO] [stdout]   19:     0x72183a910dfa - <unknown>
[INFO] [stdout]   20:     0x72183a9a43d4 - clone
[INFO] [stdout]   21:                0x0 - <unknown>
[INFO] [stdout] 
[INFO] [stdout] 
[INFO] [stdout] failures:
[INFO] [stdout]     message::bind::tests::test_statement_allocate_parse_response
[INFO] [stdout]     message::bind::tests::test_statement_allocate_parse_response_incomplete
[INFO] [stdout]     message::response::tests::test_exec_response_minimal_empty
[INFO] [stdout] 
[INFO] [stdout] test result: FAILED. 126 passed; 3 failed; 0 ignored; 0 measured; 0 filtered out; finished in 0.03s
[INFO] [stdout] 
[INFO] running `Command { std: "docker" "inspect" "2c48239315b9b0a83a7e7c05099722d290953d9e2e3c5327a194918b793c3211", kill_on_drop: false }`
[INFO] running `Command { std: "docker" "rm" "-f" "2c48239315b9b0a83a7e7c05099722d290953d9e2e3c5327a194918b793c3211", kill_on_drop: false }`
[INFO] [stdout] 2c48239315b9b0a83a7e7c05099722d290953d9e2e3c5327a194918b793c3211
