[INFO] fetching crate damascus 0.0.11...
[INFO] testing damascus-0.0.11 against 1.100.0-beta.1+cargoflags=--release for beta-release-1.100-2
[INFO] extracting crate damascus 0.0.11 into /workspace/builds/worker-3-tc2/source
[INFO] started tweaking crates.io crate damascus 0.0.11
[INFO] removed 0 missing tests
[INFO] finished tweaking crates.io crate damascus 0.0.11
[INFO] tweaked toml for crates.io crate damascus 0.0.11 written to /workspace/builds/worker-3-tc2/source/Cargo.toml
[INFO] validating manifest of crates.io crate damascus 0.0.11 on toolchain 1.100.0-beta.1
[INFO] running `Command { std: CARGO_HOME="/workspace/cargo-home" RUSTUP_HOME="/workspace/rustup-home" "/workspace/cargo-home/bin/cargo" "+1.100.0-beta.1" "metadata" "--manifest-path" "Cargo.toml" "--no-deps", kill_on_drop: false }`
[INFO] crate crates.io crate damascus 0.0.11 already has a lockfile, it will not be regenerated
[INFO] running `Command { std: CARGO_HOME="/workspace/cargo-home" RUSTUP_HOME="/workspace/rustup-home" "/workspace/cargo-home/bin/cargo" "+1.100.0-beta.1" "fetch" "--manifest-path" "Cargo.toml", kill_on_drop: false }`
[INFO] running `Command { std: "docker" "create" "-v" "/var/lib/crater-agent-workspace/builds/worker-3-tc2/source:/opt/rustwide/workdir:ro,Z" "-v" "/var/lib/crater-agent-workspace/builds/worker-3-tc2/target:/opt/rustwide/target:rw,Z" "-v" "/var/lib/crater-agent-workspace/cargo-home:/opt/rustwide/cargo-home:ro,Z" "-v" "/var/lib/crater-agent-workspace/rustup-home:/opt/rustwide/rustup-home:ro,Z" "-m" "1610612736" "--network" "none" "ghcr.io/rust-lang/crates-build-env/linux@sha256:77db811e55d90add9212f6832c23229e3de5f1c1f9905e8cb07319ea15df73ac" "sleep" "infinity", kill_on_drop: false }`
[INFO] [stdout] a38d50950fb9eb837d2cd81993f3e808f9e7deaa802b10b642f84db15a2d4e10
[INFO] running `Command { std: "docker" "start" "a38d50950fb9eb837d2cd81993f3e808f9e7deaa802b10b642f84db15a2d4e10", kill_on_drop: false }`
[INFO] running `Command { std: "docker" "inspect" "a38d50950fb9eb837d2cd81993f3e808f9e7deaa802b10b642f84db15a2d4e10", kill_on_drop: false }`
[INFO] running `Command { std: "docker" "exec" "-e" "SOURCE_DIR=/opt/rustwide/workdir" "-e" "CARGO_HOME=/opt/rustwide/cargo-home" "-e" "RUSTUP_HOME=/opt/rustwide/rustup-home" "-e" "CARGO_TARGET_DIR=/opt/rustwide/target" "-w" "/opt/rustwide/workdir" "--user" "0:0" "a38d50950fb9eb837d2cd81993f3e808f9e7deaa802b10b642f84db15a2d4e10" "/opt/rustwide/cargo-home/bin/cargo" "+1.100.0-beta.1" "metadata" "--no-deps" "--format-version=1", kill_on_drop: false }`
[INFO] running `Command { std: "docker" "inspect" "a38d50950fb9eb837d2cd81993f3e808f9e7deaa802b10b642f84db15a2d4e10", kill_on_drop: false }`
[INFO] running `Command { std: "docker" "exec" "-e" "SOURCE_DIR=/opt/rustwide/workdir" "-e" "CARGO_HOME=/opt/rustwide/cargo-home" "-e" "RUSTUP_HOME=/opt/rustwide/rustup-home" "-e" "CARGO_TARGET_DIR=/opt/rustwide/target" "-e" "CARGO_INCREMENTAL=0" "-e" "RUST_BACKTRACE=full" "-e" "RUSTFLAGS=--cap-lints=warn" "-e" "RUSTDOCFLAGS=--cap-lints=warn" "-w" "/opt/rustwide/workdir" "--user" "0:0" "a38d50950fb9eb837d2cd81993f3e808f9e7deaa802b10b642f84db15a2d4e10" "/opt/rustwide/cargo-home/bin/cargo" "+1.100.0-beta.1" "build" "--frozen" "--message-format=json" "--release", kill_on_drop: false }`
[INFO] [stderr]    Compiling proc-macro2 v1.0.103
[INFO] [stderr]    Compiling unicode-ident v1.0.22
[INFO] [stderr]    Compiling quote v1.0.42
[INFO] [stderr]    Compiling serde_core v1.0.228
[INFO] [stderr]    Compiling serde v1.0.228
[INFO] [stderr]    Compiling serde_json v1.0.146
[INFO] [stderr]    Compiling itoa v1.0.16
[INFO] [stderr]    Compiling cfg_aliases v0.2.1
[INFO] [stderr]    Compiling ryu v1.0.21
[INFO] [stderr]    Compiling libc v0.2.178
[INFO] [stderr]    Compiling memchr v2.7.6
[INFO] [stderr]    Compiling once_cell v1.21.3
[INFO] [stderr]    Compiling md5 v0.8.0
[INFO] [stderr]    Compiling cfg-if v1.0.4
[INFO] [stderr]    Compiling bitflags v2.10.0
[INFO] [stderr]    Compiling pin-project-lite v0.2.16
[INFO] [stderr]    Compiling nix v0.30.1
[INFO] [stderr]    Compiling tracing-core v0.1.36
[INFO] [stderr]    Compiling syn v2.0.111
[INFO] [stderr]    Compiling serde_derive v1.0.228
[INFO] [stderr]    Compiling tracing-attributes v0.1.31
[INFO] [stderr]    Compiling tracing v0.1.44
[INFO] [stderr]    Compiling damascus v0.0.11 (/opt/rustwide/workdir)
[INFO] [stderr] warning: unused dependency `md5`
[INFO] [stderr]   --> Cargo.toml:13:21
[INFO] [stderr]    |
[INFO] [stderr] 13 | [build-dependencies.md5]
[INFO] [stderr]    |                     ^^^^
[INFO] [stderr]    |
[INFO] [stderr]    = note: `cargo::unused_dependencies` is set to `warn` by default
[INFO] [stderr] help: consider removing the dependency on `md5`
[INFO] [stderr] warning: unused dependency `serde`
[INFO] [stderr]   --> Cargo.toml:17:21
[INFO] [stderr]    |
[INFO] [stderr] 17 | [build-dependencies.serde]
[INFO] [stderr]    |                     ^^^^^^
[INFO] [stderr]    |
[INFO] [stderr] help: consider removing the dependency on `serde`
[INFO] [stderr] warning: unused dependency `serde_json`
[INFO] [stderr]   --> Cargo.toml:22:21
[INFO] [stderr]    |
[INFO] [stderr] 22 | [build-dependencies.serde_json]
[INFO] [stderr]    |                     ^^^^^^^^^^^
[INFO] [stderr]    |
[INFO] [stderr] help: consider removing the dependency on `serde_json`
[INFO] [stderr] warning: `damascus` (manifest) generated 3 warnings
[INFO] [stderr]     Finished `release` profile [optimized] target(s) in 15.11s
[INFO] [stderr] warning: the following packages contain code that will be rejected by a future version of Rust: nix v0.30.1
[INFO] [stderr] note: to see what the problems were, use the option `--future-incompat-report`, or run `cargo report future-incompatibilities --id 3`
[INFO] running `Command { std: "docker" "inspect" "a38d50950fb9eb837d2cd81993f3e808f9e7deaa802b10b642f84db15a2d4e10", kill_on_drop: false }`
[INFO] running `Command { std: "docker" "exec" "-e" "SOURCE_DIR=/opt/rustwide/workdir" "-e" "CARGO_HOME=/opt/rustwide/cargo-home" "-e" "RUSTUP_HOME=/opt/rustwide/rustup-home" "-e" "CARGO_TARGET_DIR=/opt/rustwide/target" "-e" "CARGO_INCREMENTAL=0" "-e" "RUST_BACKTRACE=full" "-e" "RUSTFLAGS=--cap-lints=warn" "-e" "RUSTDOCFLAGS=--cap-lints=warn" "-w" "/opt/rustwide/workdir" "--user" "0:0" "a38d50950fb9eb837d2cd81993f3e808f9e7deaa802b10b642f84db15a2d4e10" "/opt/rustwide/cargo-home/bin/cargo" "+1.100.0-beta.1" "test" "--frozen" "--no-run" "--message-format=json" "--release", kill_on_drop: false }`
[INFO] [stderr]    Compiling doc-comment v0.3.4
[INFO] [stderr]    Compiling colored v3.0.0
[INFO] [stderr]    Compiling temp_testdir v0.2.3
[INFO] [stderr]    Compiling damascus v0.0.11 (/opt/rustwide/workdir)
[INFO] [stderr] warning: unused dependency `md5`
[INFO] [stderr]   --> Cargo.toml:13:21
[INFO] [stderr]    |
[INFO] [stderr] 13 | [build-dependencies.md5]
[INFO] [stderr]    |                     ^^^^
[INFO] [stderr]    |
[INFO] [stderr]    = note: `cargo::unused_dependencies` is set to `warn` by default
[INFO] [stderr] help: consider removing the dependency on `md5`
[INFO] [stderr] warning: unused dependency `serde`
[INFO] [stderr]   --> Cargo.toml:17:21
[INFO] [stderr]    |
[INFO] [stderr] 17 | [build-dependencies.serde]
[INFO] [stderr]    |                     ^^^^^^
[INFO] [stderr]    |
[INFO] [stderr] help: consider removing the dependency on `serde`
[INFO] [stderr] warning: unused dependency `serde_json`
[INFO] [stderr]   --> Cargo.toml:22:21
[INFO] [stderr]    |
[INFO] [stderr] 22 | [build-dependencies.serde_json]
[INFO] [stderr]    |                     ^^^^^^^^^^^
[INFO] [stderr]    |
[INFO] [stderr] help: consider removing the dependency on `serde_json`
[INFO] [stderr] warning: `damascus` (manifest) generated 3 warnings
[INFO] [stderr]     Finished `release` profile [optimized] target(s) in 10.84s
[INFO] [stderr] warning: the following packages contain code that will be rejected by a future version of Rust: nix v0.30.1
[INFO] [stderr] note: to see what the problems were, use the option `--future-incompat-report`, or run `cargo report future-incompatibilities --id 3`
[INFO] running `Command { std: "docker" "inspect" "a38d50950fb9eb837d2cd81993f3e808f9e7deaa802b10b642f84db15a2d4e10", kill_on_drop: false }`
[INFO] running `Command { std: "docker" "exec" "-e" "SOURCE_DIR=/opt/rustwide/workdir" "-e" "CARGO_HOME=/opt/rustwide/cargo-home" "-e" "RUSTUP_HOME=/opt/rustwide/rustup-home" "-e" "CARGO_TARGET_DIR=/opt/rustwide/target" "-e" "CARGO_INCREMENTAL=0" "-e" "RUST_BACKTRACE=full" "-e" "RUSTFLAGS=--cap-lints=warn" "-e" "RUSTDOCFLAGS=--cap-lints=warn" "-w" "/opt/rustwide/workdir" "--user" "0:0" "a38d50950fb9eb837d2cd81993f3e808f9e7deaa802b10b642f84db15a2d4e10" "/opt/rustwide/cargo-home/bin/cargo" "+1.100.0-beta.1" "test" "--frozen" "--release", kill_on_drop: false }`
[INFO] [stderr] warning: unused dependency `md5`
[INFO] [stderr]   --> Cargo.toml:13:21
[INFO] [stderr]    |
[INFO] [stderr] 13 | [build-dependencies.md5]
[INFO] [stderr]    |                     ^^^^
[INFO] [stderr]    |
[INFO] [stderr]    = note: `cargo::unused_dependencies` is set to `warn` by default
[INFO] [stderr] help: consider removing the dependency on `md5`
[INFO] [stderr] warning: unused dependency `serde`
[INFO] [stderr]   --> Cargo.toml:17:21
[INFO] [stderr]    |
[INFO] [stderr] 17 | [build-dependencies.serde]
[INFO] [stderr]    |                     ^^^^^^
[INFO] [stderr]    |
[INFO] [stderr] help: consider removing the dependency on `serde`
[INFO] [stderr] warning: unused dependency `serde_json`
[INFO] [stderr]   --> Cargo.toml:22:21
[INFO] [stderr]    |
[INFO] [stderr] 22 | [build-dependencies.serde_json]
[INFO] [stderr]    |                     ^^^^^^^^^^^
[INFO] [stderr]    |
[INFO] [stderr] help: consider removing the dependency on `serde_json`
[INFO] [stderr] warning: `damascus` (manifest) generated 3 warnings
[INFO] [stderr]     Finished `release` profile [optimized] target(s) in 0.06s
[INFO] [stderr] warning: the following packages contain code that will be rejected by a future version of Rust: nix v0.30.1
[INFO] [stderr] note: to see what the problems were, use the option `--future-incompat-report`, or run `cargo report future-incompatibilities --id 3`
[INFO] [stderr]      Running unittests src/lib.rs (/opt/rustwide/target/release/build/damascus/c8a1a9f1e0253d50/out/damascus-c8a1a9f1e0253d50)
[INFO] [stdout] 
[INFO] [stdout] running 1 test
[INFO] [stdout] test common::utils::partition::tests::try_from ... ok
[INFO] [stdout] 
[INFO] [stdout] test result: ok. 1 passed; 0 failed; 0 ignored; 0 measured; 0 filtered out; finished in 0.00s
[INFO] [stdout] 
[INFO] [stderr]      Running tests/end2end.rs (/opt/rustwide/target/release/build/damascus/4e2cea194d0363e1/out/end2end-4e2cea194d0363e1)
[INFO] [stdout] running 10 tests
[INFO] [stdout] test end2end::fuse_overlayfs::mount_fuse_overlay_r ... filtered: OverlayFs is not availible 
[INFO] [stdout] test end2end::fuse_overlayfs::mount_fuse_overlay_rw ... filtered: OverlayFs is not availible 
[INFO] [stdout] test end2end::fuse_overlayfs::mount_fuse_overlay_rw_on_lower ... filtered: OverlayFs is not availible 
[INFO] [stdout] test end2end::fuse_overlayfs::recover_fuse_overlay_ro_handle ... filtered: FuseOverlayFs is not available 
[INFO] [stderr] [src/os/linux/overlay.rs:187:13] &self = OverlayFs {
[INFO] [stderr]     lower: [
[INFO] [stderr]         "/tmp/rstest/lower1",
[INFO] [stderr]         "/tmp/rstest/lower2",
[INFO] [stderr]     ],
[INFO] [stderr]     upper: None,
[INFO] [stderr]     work: None,
[INFO] [stderr]     target: "/tmp/rstest/mount",
[INFO] [stderr]     options: [],
[INFO] [stderr]     id: None,
[INFO] [stderr]     drop: true,
[INFO] [stderr] }
[INFO] [stderr] 
[INFO] [stderr] thread 'main' (714) panicked at tests/linux/overlayfs.rs:39:15:
[INFO] [stderr] called `Result::unwrap()` on an `Err` value: Os { code: 1, kind: PermissionDenied, message: "Operation not permitted" }
[INFO] [stderr] stack backtrace:
[INFO] [stderr]    0:     0x620715432797 - <unknown>
[INFO] [stderr]    1:     0x62071541eaa4 - <unknown>
[INFO] [stderr]    2:     0x620715431c7b - <unknown>
[INFO] [stderr]    3:     0x6207154319a3 - <unknown>
[INFO] [stderr]    4:     0x6207154568a1 - <unknown>
[INFO] [stderr]    5:     0x620715456859 - <unknown>
[INFO] [stderr]    6:     0x620715456d4c - <unknown>
[INFO] [stderr]    7:     0x62071541e93b - <unknown>
[INFO] [stderr]    8:     0x620715421801 - <unknown>
[INFO] [stderr]    9:     0x6207154128bb - <unknown>
[INFO] [stderr]   10:     0x62071540d06b - <unknown>
[INFO] [stderr]   11:     0x62071540a958 - <unknown>
[INFO] [stderr]   12:     0x62071541b318 - <unknown>
[INFO] [stderr]   13:     0x74d9f78e0601 - <unknown>
[INFO] [stderr]   14:     0x74d9f78e0718 - __libc_start_main
[INFO] [stderr]   15:     0x620715409805 - <unknown>
[INFO] [stderr]   16:                0x0 - <unknown>
[INFO] [stderr] [src/os/linux/overlay.rs:187:13] &self = OverlayFs {
[INFO] [stderr]     lower: [
[INFO] [stderr]         "/tmp/rstest.1/lower1",
[INFO] [stderr]         "/tmp/rstest.1/lower2",
[INFO] [stderr]     ],
[INFO] [stderr]     upper: Some(
[INFO] [stderr]         "/tmp/rstest.1/upper",
[INFO] [stderr]     ),
[INFO] [stderr]     work: Some(
[INFO] [stderr]         "/tmp/rstest.1/work",
[INFO] [stderr]     ),
[INFO] [stderr]     target: "/tmp/rstest.1/mount",
[INFO] [stderr]     options: [],
[INFO] [stderr]     id: None,
[INFO] [stderr]     drop: true,
[INFO] [stderr] }
[INFO] [stderr] 
[INFO] [stderr] thread 'main' (714) panicked at tests/linux/overlayfs.rs:67:15:
[INFO] [stderr] called `Result::unwrap()` on an `Err` value: Os { code: 1, kind: PermissionDenied, message: "Operation not permitted" }
[INFO] [stderr] stack backtrace:
[INFO] [stderr]    0:     0x620715432797 - <unknown>
[INFO] [stderr]    1:     0x62071541eaa4 - <unknown>
[INFO] [stderr]    2:     0x620715431c7b - <unknown>
[INFO] [stderr]    3:     0x6207154319a3 - <unknown>
[INFO] [stderr]    4:     0x6207154568a1 - <unknown>
[INFO] [stderr]    5:     0x620715456859 - <unknown>
[INFO] [stderr]    6:     0x620715456d4c - <unknown>
[INFO] [stderr]    7:     0x62071541e93b - <unknown>
[INFO] [stderr]    8:     0x620715421801 - <unknown>
[INFO] [stderr]    9:     0x620715413325 - <unknown>
[INFO] [stderr]   10:     0x62071540d06b - <unknown>
[INFO] [stderr]   11:     0x62071540a958 - <unknown>
[INFO] [stderr]   12:     0x62071541b318 - <unknown>
[INFO] [stderr]   13:     0x74d9f78e0601 - <unknown>
[INFO] [stderr]   14:     0x74d9f78e0718 - __libc_start_main
[INFO] [stderr]   15:     0x620715409805 - <unknown>
[INFO] [stderr]   16:                0x0 - <unknown>
[INFO] [stderr] [src/os/linux/overlay.rs:187:13] &self = OverlayFs {
[INFO] [stderr]     lower: [
[INFO] [stderr]         "/tmp/rstest.2/lower1",
[INFO] [stderr]         "/tmp/rstest.2/lower2",
[INFO] [stderr]     ],
[INFO] [stdout] test end2end::fuse_overlayfs::recover_fuse_overlay_rw_handle ... filtered: FuseOverlayFs is not available 
[INFO] [stdout] test end2end::overlayfs::mount_overlay_r ... panic
[INFO] [stdout] test end2end::overlayfs::mount_overlay_rw ... panic
[INFO] [stderr]     upper: Some(
[INFO] [stderr]         "/tmp/rstest.2/upper",
[INFO] [stderr]     ),
[INFO] [stderr]     work: Some(
[INFO] [stderr]         "/tmp/rstest.2/work",
[INFO] [stderr]     ),
[INFO] [stderr]     target: "/tmp/rstest.2/lower1",
[INFO] [stderr]     options: [],
[INFO] [stderr]     id: None,
[INFO] [stderr]     drop: true,
[INFO] [stderr] }
[INFO] [stderr] 
[INFO] [stderr] thread 'main' (714) panicked at tests/linux/overlayfs.rs:99:15:
[INFO] [stderr] called `Result::unwrap()` on an `Err` value: Os { code: 1, kind: PermissionDenied, message: "Operation not permitted" }
[INFO] [stderr] stack backtrace:
[INFO] [stderr]    0:     0x620715432797 - <unknown>
[INFO] [stdout] test end2end::overlayfs::mount_overlay_rw_on_lower ... panic
[INFO] [stdout] test end2end::overlayfs::recover_overlay_ro_handle ... panic
[INFO] [stderr]    1:     0x62071541eaa4 - <unknown>
[INFO] [stderr]    2:     0x620715431c7b - <unknown>
[INFO] [stderr]    3:     0x6207154319a3 - <unknown>
[INFO] [stderr]    4:     0x6207154568a1 - <unknown>
[INFO] [stderr]    5:     0x620715456859 - <unknown>
[INFO] [stderr]    6:     0x620715456d4c - <unknown>
[INFO] [stderr]    7:     0x62071541e93b - <unknown>
[INFO] [stderr]    8:     0x620715421801 - <unknown>
[INFO] [stderr]    9:     0x620715414016 - <unknown>
[INFO] [stderr]   10:     0x62071540d06b - <unknown>
[INFO] [stderr]   11:     0x62071540a958 - <unknown>
[INFO] [stderr]   12:     0x62071541b318 - <unknown>
[INFO] [stderr]   13:     0x74d9f78e0601 - <unknown>
[INFO] [stderr]   14:     0x74d9f78e0718 - __libc_start_main
[INFO] [stderr]   15:     0x620715409805 - <unknown>
[INFO] [stderr]   16:                0x0 - <unknown>
[INFO] [stderr] [src/os/linux/overlay.rs:187:13] &self = OverlayFs {
[INFO] [stderr]     lower: [
[INFO] [stderr]         "/tmp/rstest.3/lower1",
[INFO] [stderr]         "/tmp/rstest.3/lower2",
[INFO] [stderr]     ],
[INFO] [stderr]     upper: None,
[INFO] [stderr]     work: None,
[INFO] [stderr]     target: "/tmp/rstest.3/mount",
[INFO] [stderr]     options: [],
[INFO] [stderr]     id: None,
[INFO] [stderr]     drop: true,
[INFO] [stderr] }
[INFO] [stderr] 
[INFO] [stderr] thread 'main' (714) panicked at tests/linux/overlayfs.rs:137:15:
[INFO] [stderr] called `Result::unwrap()` on an `Err` value: Os { code: 1, kind: PermissionDenied, message: "Operation not permitted" }
[INFO] [stderr] stack backtrace:
[INFO] [stderr]    0:     0x620715432797 - <unknown>
[INFO] [stderr]    1:     0x62071541eaa4 - <unknown>
[INFO] [stderr]    2:     0x620715431c7b - <unknown>
[INFO] [stderr]    3:     0x6207154319a3 - <unknown>
[INFO] [stderr]    4:     0x6207154568a1 - <unknown>
[INFO] [stderr]    5:     0x620715456859 - <unknown>
[INFO] [stderr]    6:     0x620715456d4c - <unknown>
[INFO] [stderr]    7:     0x62071541e93b - <unknown>
[INFO] [stderr]    8:     0x620715421801 - <unknown>
[INFO] [stderr]    9:     0x620715415574 - <unknown>
[INFO] [stderr]   10:     0x62071540d06b - <unknown>
[INFO] [stderr]   11:     0x62071540a958 - <unknown>
[INFO] [stderr]   12:     0x62071541b318 - <unknown>
[INFO] [stderr]   13:     0x74d9f78e0601 - <unknown>
[INFO] [stderr]   14:     0x74d9f78e0718 - __libc_start_main
[INFO] [stderr]   15:     0x620715409805 - <unknown>
[INFO] [stderr]   16:                0x0 - <unknown>
[INFO] [stderr] [src/os/linux/overlay.rs:187:13] &self = OverlayFs {
[INFO] [stderr]     lower: [
[INFO] [stderr]         "/tmp/rstest.4/lower1",
[INFO] [stderr]         "/tmp/rstest.4/lower2",
[INFO] [stderr]     ],
[INFO] [stderr]     upper: Some(
[INFO] [stderr]         "/tmp/rstest.4/upper",
[INFO] [stderr]     ),
[INFO] [stderr]     work: Some(
[INFO] [stderr]         "/tmp/rstest.4/work",
[INFO] [stderr]     ),
[INFO] [stderr]     target: "/tmp/rstest.4/lower1",
[INFO] [stderr]     options: [],
[INFO] [stderr]     id: None,
[INFO] [stderr]     drop: true,
[INFO] [stderr] }
[INFO] [stderr] 
[INFO] [stderr] thread 'main' (714) panicked at tests/linux/overlayfs.rs:178:15:
[INFO] [stderr] called `Result::unwrap()` on an `Err` value: Os { code: 1, kind: PermissionDenied, message: "Operation not permitted" }
[INFO] [stderr] stack backtrace:
[INFO] [stderr]    0:     0x620715432797 - <unknown>
[INFO] [stderr]    1:     0x62071541eaa4 - <unknown>
[INFO] [stderr]    2:     0x620715431c7b - <unknown>
[INFO] [stderr]    3:     0x6207154319a3 - <unknown>
[INFO] [stderr]    4:     0x6207154568a1 - <unknown>
[INFO] [stderr]    5:     0x620715456859 - <unknown>
[INFO] [stderr]    6:     0x620715456d4c - <unknown>
[INFO] [stderr]    7:     0x62071541e93b - <unknown>
[INFO] [stderr]    8:     0x620715421801 - <unknown>
[INFO] [stderr]    9:     0x620715416cd2 - <unknown>
[INFO] [stderr]   10:     0x62071540d06b - <unknown>
[INFO] [stderr]   11:     0x62071540a958 - <unknown>
[INFO] [stderr]   12:     0x62071541b318 - <unknown>
[INFO] [stderr]   13:     0x74d9f78e0601 - <unknown>
[INFO] [stderr]   14:     0x74d9f78e0718 - __libc_start_main
[INFO] [stderr]   15:     0x620715409805 - <unknown>
[INFO] [stderr]   16:                0x0 - <unknown>
[INFO] [stdout] test end2end::overlayfs::recover_overlay_rw_handle ... panic
[INFO] [stdout] 
[INFO] [stdout] test result: FAILED. 0 passed; 5 failed; 5 filtered out; finished in 0.02s
[INFO] [stdout] 
[INFO] [stderr] error: test failed, to rerun pass `--test end2end`
[INFO] [stderr] 
[INFO] [stderr] Caused by:
[INFO] [stderr]   process didn't exit successfully: `/opt/rustwide/target/release/build/damascus/4e2cea194d0363e1/out/end2end-4e2cea194d0363e1` (exit status: 255)
[INFO] running `Command { std: "docker" "inspect" "a38d50950fb9eb837d2cd81993f3e808f9e7deaa802b10b642f84db15a2d4e10", kill_on_drop: false }`
[INFO] running `Command { std: "docker" "rm" "-f" "a38d50950fb9eb837d2cd81993f3e808f9e7deaa802b10b642f84db15a2d4e10", kill_on_drop: false }`
[INFO] [stdout] a38d50950fb9eb837d2cd81993f3e808f9e7deaa802b10b642f84db15a2d4e10
