[INFO] fetching crate dalfox-rs 0.5.5...
[INFO] testing dalfox-rs-0.5.5 against 1.100.0-beta.1+cargoflags=--release for beta-release-1.100-2
[INFO] extracting crate dalfox-rs 0.5.5 into /workspace/builds/worker-6-tc2/source
[INFO] started tweaking crates.io crate dalfox-rs 0.5.5
[INFO] removed 0 missing examples
[INFO] removed 0 missing tests
[INFO] finished tweaking crates.io crate dalfox-rs 0.5.5
[INFO] tweaked toml for crates.io crate dalfox-rs 0.5.5 written to /workspace/builds/worker-6-tc2/source/Cargo.toml
[INFO] validating manifest of crates.io crate dalfox-rs 0.5.5 on toolchain 1.100.0-beta.1
[INFO] running `Command { std: CARGO_HOME="/workspace/cargo-home" RUSTUP_HOME="/workspace/rustup-home" "/workspace/cargo-home/bin/cargo" "+1.100.0-beta.1" "metadata" "--manifest-path" "Cargo.toml" "--no-deps", kill_on_drop: false }`
[INFO] crate crates.io crate dalfox-rs 0.5.5 already has a lockfile, it will not be regenerated
[INFO] running `Command { std: CARGO_HOME="/workspace/cargo-home" RUSTUP_HOME="/workspace/rustup-home" "/workspace/cargo-home/bin/cargo" "+1.100.0-beta.1" "fetch" "--manifest-path" "Cargo.toml", kill_on_drop: false }`
[INFO] running `Command { std: "docker" "create" "-v" "/var/lib/crater-agent-workspace/builds/worker-6-tc2/source:/opt/rustwide/workdir:ro,Z" "-v" "/var/lib/crater-agent-workspace/builds/worker-6-tc2/target:/opt/rustwide/target:rw,Z" "-v" "/var/lib/crater-agent-workspace/cargo-home:/opt/rustwide/cargo-home:ro,Z" "-v" "/var/lib/crater-agent-workspace/rustup-home:/opt/rustwide/rustup-home:ro,Z" "-m" "1610612736" "--network" "none" "ghcr.io/rust-lang/crates-build-env/linux@sha256:77db811e55d90add9212f6832c23229e3de5f1c1f9905e8cb07319ea15df73ac" "sleep" "infinity", kill_on_drop: false }`
[INFO] [stdout] 4334f3dda71d2f47075fa1ec7e448ec7f223c85acb934f5089da9576d7d123b1
[INFO] running `Command { std: "docker" "start" "4334f3dda71d2f47075fa1ec7e448ec7f223c85acb934f5089da9576d7d123b1", kill_on_drop: false }`
[INFO] running `Command { std: "docker" "inspect" "4334f3dda71d2f47075fa1ec7e448ec7f223c85acb934f5089da9576d7d123b1", kill_on_drop: false }`
[INFO] running `Command { std: "docker" "exec" "-e" "SOURCE_DIR=/opt/rustwide/workdir" "-e" "CARGO_HOME=/opt/rustwide/cargo-home" "-e" "RUSTUP_HOME=/opt/rustwide/rustup-home" "-e" "CARGO_TARGET_DIR=/opt/rustwide/target" "-w" "/opt/rustwide/workdir" "--user" "0:0" "4334f3dda71d2f47075fa1ec7e448ec7f223c85acb934f5089da9576d7d123b1" "/opt/rustwide/cargo-home/bin/cargo" "+1.100.0-beta.1" "metadata" "--no-deps" "--format-version=1", kill_on_drop: false }`
[INFO] running `Command { std: "docker" "inspect" "4334f3dda71d2f47075fa1ec7e448ec7f223c85acb934f5089da9576d7d123b1", kill_on_drop: false }`
[INFO] running `Command { std: "docker" "exec" "-e" "SOURCE_DIR=/opt/rustwide/workdir" "-e" "CARGO_HOME=/opt/rustwide/cargo-home" "-e" "RUSTUP_HOME=/opt/rustwide/rustup-home" "-e" "CARGO_TARGET_DIR=/opt/rustwide/target" "-e" "CARGO_INCREMENTAL=0" "-e" "RUST_BACKTRACE=full" "-e" "RUSTFLAGS=--cap-lints=warn" "-e" "RUSTDOCFLAGS=--cap-lints=warn" "-w" "/opt/rustwide/workdir" "--user" "0:0" "4334f3dda71d2f47075fa1ec7e448ec7f223c85acb934f5089da9576d7d123b1" "/opt/rustwide/cargo-home/bin/cargo" "+1.100.0-beta.1" "build" "--frozen" "--message-format=json" "--release", kill_on_drop: false }`
[INFO] [stderr]    Compiling quote v1.0.46
[INFO] [stderr]    Compiling mio v1.2.2
[INFO] [stderr]    Compiling serde_json v1.0.150
[INFO] [stderr]    Compiling syn v2.0.119
[INFO] [stderr]    Compiling serde_derive v1.0.228
[INFO] [stderr]    Compiling thiserror-impl v1.0.69
[INFO] [stderr]    Compiling tracing-attributes v0.1.31
[INFO] [stderr]    Compiling tokio-macros v2.7.1
[INFO] [stderr]    Compiling tokio v1.53.0
[INFO] [stderr]    Compiling thiserror v1.0.69
[INFO] [stderr]    Compiling tracing v0.1.44
[INFO] [stderr]    Compiling serde v1.0.228
[INFO] [stderr]    Compiling dalfox-rs v0.5.5 (/opt/rustwide/workdir)
[INFO] [stderr]     Finished `release` profile [optimized] target(s) in 18.01s
[INFO] running `Command { std: "docker" "inspect" "4334f3dda71d2f47075fa1ec7e448ec7f223c85acb934f5089da9576d7d123b1", kill_on_drop: false }`
[INFO] running `Command { std: "docker" "exec" "-e" "SOURCE_DIR=/opt/rustwide/workdir" "-e" "CARGO_HOME=/opt/rustwide/cargo-home" "-e" "RUSTUP_HOME=/opt/rustwide/rustup-home" "-e" "CARGO_TARGET_DIR=/opt/rustwide/target" "-e" "CARGO_INCREMENTAL=0" "-e" "RUST_BACKTRACE=full" "-e" "RUSTFLAGS=--cap-lints=warn" "-e" "RUSTDOCFLAGS=--cap-lints=warn" "-w" "/opt/rustwide/workdir" "--user" "0:0" "4334f3dda71d2f47075fa1ec7e448ec7f223c85acb934f5089da9576d7d123b1" "/opt/rustwide/cargo-home/bin/cargo" "+1.100.0-beta.1" "test" "--frozen" "--no-run" "--message-format=json" "--release", kill_on_drop: false }`
[INFO] [stderr]    Compiling zerocopy v0.8.54
[INFO] [stderr]    Compiling getrandom v0.4.3
[INFO] [stderr]    Compiling bit-vec v0.8.0
[INFO] [stderr]    Compiling quick-error v1.2.3
[INFO] [stderr]    Compiling unarray v0.1.4
[INFO] [stderr]    Compiling rand v0.9.5
[INFO] [stderr]    Compiling rand_xorshift v0.4.0
[INFO] [stderr]    Compiling tempfile v3.27.0
[INFO] [stderr]    Compiling bit-set v0.8.0
[INFO] [stderr]    Compiling rusty-fork v0.3.1
[INFO] [stderr]    Compiling ppv-lite86 v0.2.21
[INFO] [stderr]    Compiling rand_chacha v0.9.0
[INFO] [stderr]    Compiling proptest v1.11.0
[INFO] [stderr]    Compiling dalfox-rs v0.5.5 (/opt/rustwide/workdir)
[INFO] [stderr]     Finished `release` profile [optimized] target(s) in 20.90s
[INFO] running `Command { std: "docker" "inspect" "4334f3dda71d2f47075fa1ec7e448ec7f223c85acb934f5089da9576d7d123b1", kill_on_drop: false }`
[INFO] running `Command { std: "docker" "exec" "-e" "SOURCE_DIR=/opt/rustwide/workdir" "-e" "CARGO_HOME=/opt/rustwide/cargo-home" "-e" "RUSTUP_HOME=/opt/rustwide/rustup-home" "-e" "CARGO_TARGET_DIR=/opt/rustwide/target" "-e" "CARGO_INCREMENTAL=0" "-e" "RUST_BACKTRACE=full" "-e" "RUSTFLAGS=--cap-lints=warn" "-e" "RUSTDOCFLAGS=--cap-lints=warn" "-w" "/opt/rustwide/workdir" "--user" "0:0" "4334f3dda71d2f47075fa1ec7e448ec7f223c85acb934f5089da9576d7d123b1" "/opt/rustwide/cargo-home/bin/cargo" "+1.100.0-beta.1" "test" "--frozen" "--release", kill_on_drop: false }`
[INFO] [stderr]     Finished `release` profile [optimized] target(s) in 0.09s
[INFO] [stderr]      Running unittests src/lib.rs (/opt/rustwide/target/release/build/dalfox-rs/0118f10ab595d064/out/dalfox_rs-0118f10ab595d064)
[INFO] [stdout] 
[INFO] [stdout] running 50 tests
[INFO] [stdout] test runner::tests::binary_path_defaults_to_dalfox ... ok
[INFO] [stdout] test runner::tests::builder_creates_runner ... ok
[INFO] [stdout] test runner::tests::builder_with_all_new_flags ... ok
[INFO] [stdout] test runner::tests::builder_with_headers_and_payloads ... ok
[INFO] [stdout] test runner::tests::check_scan_process_failure_pretty_error_on_exit_zero ... ok
[INFO] [stdout] test runner::tests::backward_compat_timeout_sets_both ... ok
[INFO] [stdout] test runner::tests::check_scan_process_failure_non_zero_exit_with_findings ... ok
[INFO] [stdout] test runner::tests::detect_structured_error_json_accepts_compact_true ... ok
[INFO] [stdout] test runner::tests::detect_structured_error_json_pretty_printed_fixture ... ok
[INFO] [stdout] test runner::tests::check_scan_process_failure_structured_error_on_exit_zero ... ok
[INFO] [stdout] test runner::tests::priority_flags_emit_expected_argv ... ok
[INFO] [stdout] test runner::tests::dalfox_major_version_parses_v3_output ... ok
[INFO] [stdout] test runner::tests::is_json_envelope_line_detects_meta_and_findings_keys ... ok
[INFO] [stdout] test runner::tests::is_json_envelope_line_does_not_skip_finding_with_meta_key ... ok
[INFO] [stdout] test runner::tests::is_json_envelope_line_non_array_findings_is_not_envelope ... ok
[INFO] [stdout] test runner::tests::process_failed_diagnostics_truncates_large_stdout ... ok
[INFO] [stdout] test runner::tests::result_filtering_helpers ... ok
[INFO] [stdout] test runner::tests::builder_with_custom_binary ... ok
[INFO] [stdout] test runner::tests::scan_pipe_argv_uses_pipe_subcommand_and_json_format ... ok
[INFO] [stdout] test runner::tests::scan_url_streaming_argv_uses_jsonl_format ... ok
[INFO] [stdout] test runner::tests::truncate_utf8_prefix_respects_char_boundary_at_cutoff ... ok
[INFO] [stdout] test types::tests::csv_escape_handles_commas_and_quotes ... ok
[INFO] [stdout] test types::tests::csv_escape_neutralizes_formula_injection ... ok
[INFO] [stdout] test runner::tests::scan_url_puts_subcommand_before_flags_and_target_last ... ok
[INFO] [stdout] test runner::tests::scan_sxss_argv_orders_flags_before_inject_url ... ok
[INFO] [stdout] test runner::tests::process_failed_diagnostics_prefers_stderr ... ok
[INFO] [stdout] test runner::tests::is_json_envelope_line_params_without_finding_shape_is_envelope ... ok
[INFO] [stdout] test types::tests::format_markdown_poc_url_with_paren_not_truncated ... ok
[INFO] [stdout] test types::tests::format_csv_header ... ok
[INFO] [stdout] test types::tests::format_csv_includes_v3_fields ... ok
[INFO] [stdout] test types::tests::format_plain_empty ... ok
[INFO] [stdout] test types::tests::json_envelope_deserialize_findings_and_meta ... ok
[INFO] [stdout] test types::tests::display_impls_are_readable ... ok
[INFO] [stdout] test types::tests::md_link_target_escapes_angle_brackets_in_parens_url ... ok
[INFO] [stdout] test types::tests::method_patch_variant ... ok
[INFO] [stdout] test runner::tests::param_splits_comma_list_into_repeated_flags ... ok
[INFO] [stdout] test runner::tests::process_failed_diagnostics_falls_back_to_truncated_stdout_when_stderr_empty ... ok
[INFO] [stdout] test types::tests::json_envelope_deserialize_with_meta ... ok
[INFO] [stdout] test types::tests::finding_deserialize ... ok
[INFO] [stdout] test types::tests::result_default_is_empty ... ok
[INFO] [stdout] test types::tests::json_envelope_deserialize_discovery_params ... ok
[INFO] [stdout] test types::tests::event_type_ast_variant ... ok
[INFO] [stdout] test types::tests::event_type_variants ... ok
[INFO] [stdout] test types::tests::format_markdown_empty ... ok
[INFO] [stdout] test runner::tests::version_against_live_dalfox_when_available ... ok
[INFO] [stdout] test runner::tests::version_rejects_unparseable_version_output ... ok
[INFO] [stdout] test runner::tests::detect_structured_error_json_from_fixture ... ok
[INFO] [stdout] test types::tests::finding_deserialize_v3_without_poc ... ok
[INFO] [stdout] test types::tests::severity_aliases ... ok
[INFO] [stdout] test runner::tests::is_available_rejects_unparseable_version_output ... ok
[INFO] [stdout] 
[INFO] [stdout] test result: ok. 50 passed; 0 failed; 0 ignored; 0 measured; 0 filtered out; finished in 0.02s
[INFO] [stdout] 
[INFO] [stderr]      Running tests/adversarial.rs (/opt/rustwide/target/release/build/dalfox-rs/c8967cac5c511669/out/adversarial-c8967cac5c511669)
[INFO] [stdout] 
[INFO] [stdout] running 14 tests
[INFO] [stdout] test adversarial_null_bytes_in_user_agent_and_cookie_accepted_by_builder ... ok
[INFO] [stdout] test adversarial_finding_poc_data_url_with_paren_preserved ... ok
[INFO] [stdout] test adversarial_structured_error_json_in_stderr_detected ... ok
[INFO] [stdout] test adversarial_structured_error_json_pretty_printed_is_process_failed_signal ... ok
[INFO] [stdout] test adversarial_structured_error_json_fixture_is_process_failed_signal ... ok
[INFO] [stdout] test adversarial_finding_missing_optional_fields_still_parses ... ok
[INFO] [stdout] test adversarial_empty_and_whitespace_json_lines_do_not_panic ... ok
[INFO] [stdout] test adversarial_jsonl_incomplete_finding_with_meta_not_envelope_skipped ... ok
[INFO] [stdout] test adversarial_jsonl_envelope_and_malformed_lines_do_not_panic ... ok
[INFO] [stdout] test adversarial_jsonl_invalid_type_parse_error_preserves_raw_line ... ok
[INFO] [stdout] test adversarial_csv_formula_payload_neutralized ... ok
[INFO] [stdout] test adversarial_format_as_never_panics_on_empty_findings ... ok
[INFO] [stdout] test adversarial_only_poc_invalid_letter_still_builds_argv ... ok
[INFO] [stderr]      Running tests/contract.rs (/opt/rustwide/target/release/build/dalfox-rs/6bee5fbe81752d31/out/contract-6bee5fbe81752d31)
[INFO] [stdout] test adversarial_huge_param_list_emits_many_param_flags_without_panic ... ok
[INFO] [stdout] 
[INFO] [stdout] test result: ok. 14 passed; 0 failed; 0 ignored; 0 measured; 0 filtered out; finished in 0.01s
[INFO] [stdout] 
[INFO] [stdout] 
[INFO] [stdout] running 19 tests
[INFO] [stdout] test contract_changelog_contains_cargo_version ... FAILED
[INFO] [stdout] test contract_discovery_params_fixture_deserializes ... ok
[INFO] [stdout] test contract_error_structured_fixture_has_error_true ... ok
[INFO] [stdout] test contract_error_structured_pretty_fixture_detected ... ok
[INFO] [stdout] test contract_parse_error_is_soft_only_documented ... ok
[INFO] [stdout] test contract_readme_documents_pipe_docker_stdin ... ok
[INFO] [stdout] test contract_readme_lists_not_yet_wired_section ... ok
[INFO] [stdout] test contract_scan_pipe_argv_uses_pipe_subcommand ... ok
[INFO] [stdout] test contract_priority_flags_emit_argv_when_set ... ok
[INFO] [stdout] test contract_scan_subcommand_before_format_flag ... ok
[INFO] [stdout] test contract_scan_sxss_argv_wires_sxss_flags ... ok
[INFO] [stdout] test contract_readme_crates_io_install_does_not_require_setup_sh ... ok
[INFO] [stdout] test contract_readme_version_pin_matches_cargo_toml ... FAILED
[INFO] [stdout] test contract_readme_file_mode_does_not_claim_raw_http ... ok
[INFO] [stdout] test contract_categories_include_api_bindings ... ok
[INFO] [stdout] test contract_repository_url_contains_santhreal_dalfox_rs ... ok
[INFO] [stdout] test contract_setup_sh_installs_dalfox_v3_and_uses_dash_v ... FAILED
[INFO] [stdout] test contract_streaming_scan_argv_uses_jsonl_format ... ok
[INFO] [stdout] test contract_v3_verified_fixture_deserializes ... ok
[INFO] [stdout] 
[INFO] [stdout] failures:
[INFO] [stdout] 
[INFO] [stdout] ---- contract_changelog_contains_cargo_version stdout ----
[INFO] [stdout] 
[INFO] [stdout] thread 'contract_changelog_contains_cargo_version' (996) panicked at tests/contract.rs:55:5:
[INFO] [stdout] CHANGELOG must contain a section for Cargo.toml version 1.0
[INFO] [stdout] stack backtrace:
[INFO] [stdout]    0:     0x5e0260ea0cb1 - <<std[617be2ca0a6fd877]::sys::backtrace::BacktraceLock>::print::DisplayBacktrace as core[a373ad73a504971]::fmt::Display>::fmt
[INFO] [stdout]    1:     0x5e0260eb63ba - core[a373ad73a504971]::fmt::write
[INFO] [stdout]    2:     0x5e0260ea4ecc - <alloc[2e1b2a31b91974c5]::vec::Vec<u8> as core[a373ad73a504971]::io::write::Write>::write_fmt
[INFO] [stdout]    3:     0x5e0260e7cc26 - std[617be2ca0a6fd877]::panicking::default_hook::{closure#0}
[INFO] [stdout]    4:     0x5e0260e98fe9 - std[617be2ca0a6fd877]::panicking::default_hook
[INFO] [stdout]    5:     0x5e0260e28770 - test[aada8e7e76ba119b]::test_main_inner::{closure#0}
[INFO] [stdout]    6:     0x5e0260e991a2 - std[617be2ca0a6fd877]::panicking::panic_with_hook
[INFO] [stdout]    7:     0x5e0260e7ccd2 - std[617be2ca0a6fd877]::panicking::panic_handler::{closure#0}
[INFO] [stdout]    8:     0x5e0260e75859 - std[617be2ca0a6fd877]::sys::backtrace::__rust_end_short_backtrace::<std[617be2ca0a6fd877]::panicking::panic_handler::{closure#0}, !>
[INFO] [stdout]    9:     0x5e0260e7d8dd - __rustc[ea4f61d10b84890b]::rust_begin_unwind
[INFO] [stdout]   10:     0x5e0260eb6aec - core[a373ad73a504971]::panicking::panic_fmt
[INFO] [stdout]   11:     0x5e0260e0bf59 - <contract[c015f095cf65d5a8]::contract_changelog_contains_cargo_version::{closure#0} as core[a373ad73a504971]::ops::function::FnOnce<()>>::call_once
[INFO] [stdout]   12:     0x5e0260e1bbbb - test[aada8e7e76ba119b]::__rust_begin_short_backtrace::<core[a373ad73a504971]::result::Result<(), alloc[2e1b2a31b91974c5]::string::String>, fn() -> core[a373ad73a504971]::result::Result<(), alloc[2e1b2a31b91974c5]::string::String>>
[INFO] [stdout]   13:     0x5e0260e28d95 - test[aada8e7e76ba119b]::run_test::{closure#0}
[INFO] [stdout]   14:     0x5e0260e22684 - std[617be2ca0a6fd877]::sys::backtrace::__rust_begin_short_backtrace::<test[aada8e7e76ba119b]::run_test::{closure#1}, ()>
[INFO] [stdout]   15:     0x5e0260e2be22 - <std[617be2ca0a6fd877]::thread::lifecycle::spawn_unchecked<test[aada8e7e76ba119b]::run_test::{closure#1}, ()>::{closure#1} as core[a373ad73a504971]::ops::function::FnOnce<()>>::call_once::{shim:vtable#0}
[INFO] [stdout]   16:     0x5e0260ea01af - <std[617be2ca0a6fd877]::sys::thread::unix::Thread>::new::thread_start
[INFO] [stdout]   17:     0x7e69a82a5dfa - <unknown>
[INFO] [stdout]   18:     0x7e69a83393d4 - clone
[INFO] [stdout]   19:                0x0 - <unknown>
[INFO] [stdout] 
[INFO] [stdout] ---- contract_readme_version_pin_matches_cargo_toml stdout ----
[INFO] [stdout] 
[INFO] [stdout] thread 'contract_readme_version_pin_matches_cargo_toml' (1006) panicked at tests/contract.rs:80:5:
[INFO] [stdout] assertion `left == right` failed: README install pin must match Cargo.toml version
[INFO] [stdout]   left: "0.5.5"
[INFO] [stdout]  right: "1.0"
[INFO] [stdout] stack backtrace:
[INFO] [stdout]    0:     0x5e0260ea0cb1 - <<std[617be2ca0a6fd877]::sys::backtrace::BacktraceLock>::print::DisplayBacktrace as core[a373ad73a504971]::fmt::Display>::fmt
[INFO] [stdout]    1:     0x5e0260eb63ba - core[a373ad73a504971]::fmt::write
[INFO] [stdout]    2:     0x5e0260ea4ecc - <alloc[2e1b2a31b91974c5]::vec::Vec<u8> as core[a373ad73a504971]::io::write::Write>::write_fmt
[INFO] [stdout]    3:     0x5e0260e7cc26 - std[617be2ca0a6fd877]::panicking::default_hook::{closure#0}
[INFO] [stdout]    4:     0x5e0260e98fe9 - std[617be2ca0a6fd877]::panicking::default_hook
[INFO] [stdout]    5:     0x5e0260e28770 - test[aada8e7e76ba119b]::test_main_inner::{closure#0}
[INFO] [stdout]    6:     0x5e0260e991a2 - std[617be2ca0a6fd877]::panicking::panic_with_hook
[INFO] [stdout]    7:     0x5e0260e7ccd2 - std[617be2ca0a6fd877]::panicking::panic_handler::{closure#0}
[INFO] [stdout]    8:     0x5e0260e75859 - std[617be2ca0a6fd877]::sys::backtrace::__rust_end_short_backtrace::<std[617be2ca0a6fd877]::panicking::panic_handler::{closure#0}, !>
[INFO] [stdout]    9:     0x5e0260e7d8dd - __rustc[ea4f61d10b84890b]::rust_begin_unwind
[INFO] [stdout]   10:     0x5e0260eb6aec - core[a373ad73a504971]::panicking::panic_fmt
[INFO] [stdout]   11:     0x5e0260eb6a63 - core[a373ad73a504971]::panicking::assert_failed_inner
[INFO] [stdout]   12:     0x5e0260e16f82 - core[a373ad73a504971]::panicking::assert_failed::<alloc[2e1b2a31b91974c5]::string::String, alloc[2e1b2a31b91974c5]::string::String>
[INFO] [stdout]   13:     0x5e0260e0dc48 - <contract[c015f095cf65d5a8]::contract_readme_version_pin_matches_cargo_toml::{closure#0} as core[a373ad73a504971]::ops::function::FnOnce<()>>::call_once
[INFO] [stdout]   14:     0x5e0260e1bbbb - test[aada8e7e76ba119b]::__rust_begin_short_backtrace::<core[a373ad73a504971]::result::Result<(), alloc[2e1b2a31b91974c5]::string::String>, fn() -> core[a373ad73a504971]::result::Result<(), alloc[2e1b2a31b91974c5]::string::String>>
[INFO] [stdout]   15:     0x5e0260e28d95 - test[aada8e7e76ba119b]::run_test::{closure#0}
[INFO] [stdout]   16:     0x5e0260e22684 - std[617be2ca0a6fd877]::sys::backtrace::__rust_begin_short_backtrace::<test[aada8e7e76ba119b]::run_test::{closure#1}, ()>
[INFO] [stdout]   17:     0x5e0260e2be22 - <std[617be2ca0a6fd877]::thread::lifecycle::spawn_unchecked<test[aada8e7e76ba119b]::run_test::{closure#1}, ()>::{closure#1} as core[a373ad73a504971]::ops::function::FnOnce<()>>::call_once::{shim:vtable#0}
[INFO] [stdout]   18:     0x5e0260ea01af - <std[617be2ca0a6fd877]::sys::thread::unix::Thread>::new::thread_start
[INFO] [stdout]   19:     0x7e69a82a5dfa - <unknown>
[INFO] [stdout]   20:     0x7e69a83393d4 - clone
[INFO] [stdout]   21:                0x0 - <unknown>
[INFO] [stdout] 
[INFO] [stdout] ---- contract_setup_sh_installs_dalfox_v3_and_uses_dash_v stdout ----
[INFO] [stdout] 
[INFO] [stdout] thread 'contract_setup_sh_installs_dalfox_v3_and_uses_dash_v' (1011) panicked at tests/contract.rs:131:69:
[INFO] [stdout] setup.sh readable: Os { code: 2, kind: NotFound, message: "No such file or directory" }
[INFO] [stdout] stack backtrace:
[INFO] [stdout]    0:     0x5e0260ea0cb1 - <<std[617be2ca0a6fd877]::sys::backtrace::BacktraceLock>::print::DisplayBacktrace as core[a373ad73a504971]::fmt::Display>::fmt
[INFO] [stdout]    1:     0x5e0260eb63ba - core[a373ad73a504971]::fmt::write
[INFO] [stdout]    2:     0x5e0260ea4ecc - <alloc[2e1b2a31b91974c5]::vec::Vec<u8> as core[a373ad73a504971]::io::write::Write>::write_fmt
[INFO] [stdout]    3:     0x5e0260e7cc26 - std[617be2ca0a6fd877]::panicking::default_hook::{closure#0}
[INFO] [stdout]    4:     0x5e0260e98fe9 - std[617be2ca0a6fd877]::panicking::default_hook
[INFO] [stdout]    5:     0x5e0260e28770 - test[aada8e7e76ba119b]::test_main_inner::{closure#0}
[INFO] [stdout]    6:     0x5e0260e991a2 - std[617be2ca0a6fd877]::panicking::panic_with_hook
[INFO] [stdout]    7:     0x5e0260e7ccd2 - std[617be2ca0a6fd877]::panicking::panic_handler::{closure#0}
[INFO] [stdout]    8:     0x5e0260e75859 - std[617be2ca0a6fd877]::sys::backtrace::__rust_end_short_backtrace::<std[617be2ca0a6fd877]::panicking::panic_handler::{closure#0}, !>
[INFO] [stdout]    9:     0x5e0260e7d8dd - __rustc[ea4f61d10b84890b]::rust_begin_unwind
[INFO] [stdout]   10:     0x5e0260eb6aec - core[a373ad73a504971]::panicking::panic_fmt
[INFO] [stdout]   11:     0x5e0260eb68c2 - core[a373ad73a504971]::result::unwrap_failed
[INFO] [stdout]   12:     0x5e0260e0eaf2 - <contract[c015f095cf65d5a8]::contract_setup_sh_installs_dalfox_v3_and_uses_dash_v::{closure#0} as core[a373ad73a504971]::ops::function::FnOnce<()>>::call_once
[INFO] [stdout]   13:     0x5e0260e1bbbb - test[aada8e7e76ba119b]::__rust_begin_short_backtrace::<core[a373ad73a504971]::result::Result<(), alloc[2e1b2a31b91974c5]::string::String>, fn() -> core[a373ad73a504971]::result::Result<(), alloc[2e1b2a31b91974c5]::string::String>>
[INFO] [stdout]   14:     0x5e0260e28d95 - test[aada8e7e76ba119b]::run_test::{closure#0}
[INFO] [stdout]   15:     0x5e0260e22684 - std[617be2ca0a6fd877]::sys::backtrace::__rust_begin_short_backtrace::<test[aada8e7e76ba119b]::run_test::{closure#1}, ()>
[INFO] [stdout]   16:     0x5e0260e2be22 - <std[617be2ca0a6fd877]::thread::lifecycle::spawn_unchecked<test[aada8e7e76ba119b]::run_test::{closure#1}, ()>::{closure#1} as core[a373ad73a504971]::ops::function::FnOnce<()>>::call_once::{shim:vtable#0}
[INFO] [stdout]   17:     0x5e0260ea01af - <std[617be2ca0a6fd877]::sys::thread::unix::Thread>::new::thread_start
[INFO] [stdout]   18:     0x7e69a82a5dfa - <unknown>
[INFO] [stdout]   19:     0x7e69a83393d4 - clone
[INFO] [stdout]   20:                0x0 - <unknown>
[INFO] [stdout] 
[INFO] [stdout] 
[INFO] [stdout] failures:
[INFO] [stdout]     contract_changelog_contains_cargo_version
[INFO] [stdout]     contract_readme_version_pin_matches_cargo_toml
[INFO] [stdout]     contract_setup_sh_installs_dalfox_v3_and_uses_dash_v
[INFO] [stdout] 
[INFO] [stdout] test result: FAILED. 16 passed; 3 failed; 0 ignored; 0 measured; 0 filtered out; finished in 0.01s
[INFO] [stdout] 
[INFO] [stderr] error: test failed, to rerun pass `--test contract`
[INFO] running `Command { std: "docker" "inspect" "4334f3dda71d2f47075fa1ec7e448ec7f223c85acb934f5089da9576d7d123b1", kill_on_drop: false }`
[INFO] running `Command { std: "docker" "rm" "-f" "4334f3dda71d2f47075fa1ec7e448ec7f223c85acb934f5089da9576d7d123b1", kill_on_drop: false }`
[INFO] [stdout] 4334f3dda71d2f47075fa1ec7e448ec7f223c85acb934f5089da9576d7d123b1
