[INFO] fetching crate daisy_rsx 0.1.59...
[INFO] testing daisy_rsx-0.1.59 against 1.100.0-beta.1+cargoflags=--release for beta-release-1.100-2
[INFO] extracting crate daisy_rsx 0.1.59 into /workspace/builds/worker-0-tc2/source
[INFO] started tweaking crates.io crate daisy_rsx 0.1.59
[INFO] finished tweaking crates.io crate daisy_rsx 0.1.59
[INFO] tweaked toml for crates.io crate daisy_rsx 0.1.59 written to /workspace/builds/worker-0-tc2/source/Cargo.toml
[INFO] validating manifest of crates.io crate daisy_rsx 0.1.59 on toolchain 1.100.0-beta.1
[INFO] running `Command { std: CARGO_HOME="/workspace/cargo-home" RUSTUP_HOME="/workspace/rustup-home" "/workspace/cargo-home/bin/cargo" "+1.100.0-beta.1" "metadata" "--manifest-path" "Cargo.toml" "--no-deps", kill_on_drop: false }`
[INFO] crate crates.io crate daisy_rsx 0.1.59 already has a lockfile, it will not be regenerated
[INFO] running `Command { std: CARGO_HOME="/workspace/cargo-home" RUSTUP_HOME="/workspace/rustup-home" "/workspace/cargo-home/bin/cargo" "+1.100.0-beta.1" "fetch" "--manifest-path" "Cargo.toml", kill_on_drop: false }`
[INFO] running `Command { std: "docker" "create" "-v" "/var/lib/crater-agent-workspace/builds/worker-0-tc2/source:/opt/rustwide/workdir:ro,Z" "-v" "/var/lib/crater-agent-workspace/builds/worker-0-tc2/target:/opt/rustwide/target:rw,Z" "-v" "/var/lib/crater-agent-workspace/cargo-home:/opt/rustwide/cargo-home:ro,Z" "-v" "/var/lib/crater-agent-workspace/rustup-home:/opt/rustwide/rustup-home:ro,Z" "-m" "1610612736" "--network" "none" "ghcr.io/rust-lang/crates-build-env/linux@sha256:77db811e55d90add9212f6832c23229e3de5f1c1f9905e8cb07319ea15df73ac" "sleep" "infinity", kill_on_drop: false }`
[INFO] [stdout] 3767a88006ce1654d3acc78e11988be9317093f61141d472e01f209c9bf1d880
[INFO] running `Command { std: "docker" "start" "3767a88006ce1654d3acc78e11988be9317093f61141d472e01f209c9bf1d880", kill_on_drop: false }`
[INFO] running `Command { std: "docker" "inspect" "3767a88006ce1654d3acc78e11988be9317093f61141d472e01f209c9bf1d880", kill_on_drop: false }`
[INFO] running `Command { std: "docker" "exec" "-e" "SOURCE_DIR=/opt/rustwide/workdir" "-e" "CARGO_HOME=/opt/rustwide/cargo-home" "-e" "RUSTUP_HOME=/opt/rustwide/rustup-home" "-e" "CARGO_TARGET_DIR=/opt/rustwide/target" "-w" "/opt/rustwide/workdir" "--user" "0:0" "3767a88006ce1654d3acc78e11988be9317093f61141d472e01f209c9bf1d880" "/opt/rustwide/cargo-home/bin/cargo" "+1.100.0-beta.1" "metadata" "--no-deps" "--format-version=1", kill_on_drop: false }`
[INFO] running `Command { std: "docker" "inspect" "3767a88006ce1654d3acc78e11988be9317093f61141d472e01f209c9bf1d880", kill_on_drop: false }`
[INFO] running `Command { std: "docker" "exec" "-e" "SOURCE_DIR=/opt/rustwide/workdir" "-e" "CARGO_HOME=/opt/rustwide/cargo-home" "-e" "RUSTUP_HOME=/opt/rustwide/rustup-home" "-e" "CARGO_TARGET_DIR=/opt/rustwide/target" "-e" "CARGO_INCREMENTAL=0" "-e" "RUST_BACKTRACE=full" "-e" "RUSTFLAGS=--cap-lints=warn" "-e" "RUSTDOCFLAGS=--cap-lints=warn" "-w" "/opt/rustwide/workdir" "--user" "0:0" "3767a88006ce1654d3acc78e11988be9317093f61141d472e01f209c9bf1d880" "/opt/rustwide/cargo-home/bin/cargo" "+1.100.0-beta.1" "build" "--frozen" "--message-format=json" "--release", kill_on_drop: false }`
[INFO] [stderr]    Compiling proc-macro2 v1.0.106
[INFO] [stderr]    Compiling libc v0.2.180
[INFO] [stderr]    Compiling smallvec v1.13.2
[INFO] [stderr]    Compiling futures-core v0.3.31
[INFO] [stderr]    Compiling anyhow v1.0.101
[INFO] [stderr]    Compiling tracing-core v0.1.36
[INFO] [stderr]    Compiling slotmap v1.0.7
[INFO] [stderr]    Compiling libloading v0.8.9
[INFO] [stderr]    Compiling longest-increasing-subsequence v0.1.0
[INFO] [stderr]    Compiling unicode-segmentation v1.11.0
[INFO] [stderr]    Compiling dioxus-core-types v0.7.3
[INFO] [stderr]    Compiling proc-macro2-diagnostics v0.10.1
[INFO] [stderr]    Compiling bitflags v2.5.0
[INFO] [stderr]    Compiling num-traits v0.2.19
[INFO] [stderr]    Compiling dioxus-config-macros v0.7.3
[INFO] [stderr]    Compiling askama_escape v0.13.0
[INFO] [stderr]    Compiling futures-channel v0.3.31
[INFO] [stderr]    Compiling futures-util v0.3.30
[INFO] [stderr]    Compiling keyboard-types v0.7.0
[INFO] [stderr]    Compiling convert_case v0.8.0
[INFO] [stderr]    Compiling quote v1.0.36
[INFO] [stderr]    Compiling syn v2.0.87
[INFO] [stderr]    Compiling euclid v0.22.13
[INFO] [stderr]    Compiling const_format_proc_macros v0.2.34
[INFO] [stderr]    Compiling parking_lot_core v0.9.12
[INFO] [stderr]    Compiling memmap2 v0.9.9
[INFO] [stderr]    Compiling parking_lot v0.12.5
[INFO] [stderr]    Compiling const_format v0.2.34
[INFO] [stderr]    Compiling darling_core v0.21.3
[INFO] [stderr]    Compiling dioxus-rsx v0.7.3
[INFO] [stderr]    Compiling serde_derive v1.0.228
[INFO] [stderr]    Compiling tracing-attributes v0.1.31
[INFO] [stderr]    Compiling thiserror-impl v2.0.18
[INFO] [stderr]    Compiling pin-project-internal v1.1.7
[INFO] [stderr]    Compiling warnings-macro v0.2.0
[INFO] [stderr]    Compiling async-trait v0.1.89
[INFO] [stderr]    Compiling dioxus-html-internal-macro v0.7.3
[INFO] [stderr]    Compiling dioxus-stores-macro v0.7.3
[INFO] [stderr]    Compiling dioxus-core-macro v0.7.3
[INFO] [stderr]    Compiling tracing v0.1.44
[INFO] [stderr]    Compiling thiserror v2.0.18
[INFO] [stderr]    Compiling pin-project v1.1.7
[INFO] [stderr]    Compiling generational-box v0.7.3
[INFO] [stderr]    Compiling warnings v0.2.1
[INFO] [stderr]    Compiling darling_macro v0.21.3
[INFO] [stderr]    Compiling darling v0.21.3
[INFO] [stderr]    Compiling enumset_derive v0.14.0
[INFO] [stderr]    Compiling serde v1.0.228
[INFO] [stderr]    Compiling enumset v1.1.10
[INFO] [stderr]    Compiling subsecond-types v0.7.3
[INFO] [stderr]    Compiling subsecond v0.7.3
[INFO] [stderr]    Compiling dioxus-core v0.7.3
[INFO] [stderr]    Compiling dioxus-signals v0.7.3
[INFO] [stderr]    Compiling dioxus-ssr v0.7.3
[INFO] [stderr]    Compiling dioxus-hooks v0.7.3
[INFO] [stderr]    Compiling dioxus-stores v0.7.3
[INFO] [stderr]    Compiling dioxus-html v0.7.3
[INFO] [stderr]    Compiling dioxus v0.7.3
[INFO] [stderr]    Compiling daisy_rsx v0.1.59 (/opt/rustwide/workdir)
[INFO] [stderr] warning: unused dependency `dioxus-ssr`
[INFO] [stderr]  --> Cargo.toml:6:15
[INFO] [stderr]   |
[INFO] [stderr] 6 | [dependencies.dioxus-ssr]
[INFO] [stderr]   |               ^^^^^^^^^^^
[INFO] [stderr]   |
[INFO] [stderr]   = note: `cargo::unused_dependencies` is set to `warn` by default
[INFO] [stderr] help: consider removing the dependency on `dioxus-ssr`
[INFO] [stderr] warning: `daisy_rsx` (manifest) generated 1 warning
[INFO] [stderr]     Finished `release` profile [optimized] target(s) in 39.99s
[INFO] running `Command { std: "docker" "inspect" "3767a88006ce1654d3acc78e11988be9317093f61141d472e01f209c9bf1d880", kill_on_drop: false }`
[INFO] running `Command { std: "docker" "exec" "-e" "SOURCE_DIR=/opt/rustwide/workdir" "-e" "CARGO_HOME=/opt/rustwide/cargo-home" "-e" "RUSTUP_HOME=/opt/rustwide/rustup-home" "-e" "CARGO_TARGET_DIR=/opt/rustwide/target" "-e" "CARGO_INCREMENTAL=0" "-e" "RUST_BACKTRACE=full" "-e" "RUSTFLAGS=--cap-lints=warn" "-e" "RUSTDOCFLAGS=--cap-lints=warn" "-w" "/opt/rustwide/workdir" "--user" "0:0" "3767a88006ce1654d3acc78e11988be9317093f61141d472e01f209c9bf1d880" "/opt/rustwide/cargo-home/bin/cargo" "+1.100.0-beta.1" "test" "--frozen" "--no-run" "--message-format=json" "--release", kill_on_drop: false }`
[INFO] [stderr]    Compiling daisy_rsx v0.1.59 (/opt/rustwide/workdir)
[INFO] [stderr] warning: unused dependency `dioxus-ssr`
[INFO] [stderr]  --> Cargo.toml:6:15
[INFO] [stderr]   |
[INFO] [stderr] 6 | [dependencies.dioxus-ssr]
[INFO] [stderr]   |               ^^^^^^^^^^^
[INFO] [stderr]   |
[INFO] [stderr]   = note: `cargo::unused_dependencies` is set to `warn` by default
[INFO] [stderr] help: consider removing the dependency on `dioxus-ssr`
[INFO] [stderr] help: to still use for development builds, move to `dev-dependencies`
[INFO] [stderr] warning: `daisy_rsx` (manifest) generated 1 warning
[INFO] [stderr]     Finished `release` profile [optimized] target(s) in 3.50s
[INFO] running `Command { std: "docker" "inspect" "3767a88006ce1654d3acc78e11988be9317093f61141d472e01f209c9bf1d880", kill_on_drop: false }`
[INFO] running `Command { std: "docker" "exec" "-e" "SOURCE_DIR=/opt/rustwide/workdir" "-e" "CARGO_HOME=/opt/rustwide/cargo-home" "-e" "RUSTUP_HOME=/opt/rustwide/rustup-home" "-e" "CARGO_TARGET_DIR=/opt/rustwide/target" "-e" "CARGO_INCREMENTAL=0" "-e" "RUST_BACKTRACE=full" "-e" "RUSTFLAGS=--cap-lints=warn" "-e" "RUSTDOCFLAGS=--cap-lints=warn" "-w" "/opt/rustwide/workdir" "--user" "0:0" "3767a88006ce1654d3acc78e11988be9317093f61141d472e01f209c9bf1d880" "/opt/rustwide/cargo-home/bin/cargo" "+1.100.0-beta.1" "test" "--frozen" "--release", kill_on_drop: false }`
[INFO] [stderr] warning: unused dependency `dioxus-ssr`
[INFO] [stderr]  --> Cargo.toml:6:15
[INFO] [stderr]   |
[INFO] [stderr] 6 | [dependencies.dioxus-ssr]
[INFO] [stderr]   |               ^^^^^^^^^^^
[INFO] [stderr]   |
[INFO] [stderr]   = note: `cargo::unused_dependencies` is set to `warn` by default
[INFO] [stderr] help: consider removing the dependency on `dioxus-ssr`
[INFO] [stderr] help: to still use for development builds, move to `dev-dependencies`
[INFO] [stderr] warning: `daisy_rsx` (manifest) generated 1 warning
[INFO] [stderr]     Finished `release` profile [optimized] target(s) in 0.17s
[INFO] [stderr]      Running unittests src/lib.rs (/opt/rustwide/target/release/build/daisy_rsx/cfb1fd05cb700722/out/daisy_rsx-cfb1fd05cb700722)
[INFO] [stdout] 
[INFO] [stdout] running 24 tests
[INFO] [stdout] test file_input::tests::test_file_input_default ... ok
[INFO] [stdout] test modal::test_modal ... ok
[INFO] [stdout] test breadcrumb::test_breadcrumb_only_links ... ok
[INFO] [stdout] test range::test_range ... ok
[INFO] [stdout] test button::test_all_button_schemes ... ok
[INFO] [stdout] test range::test_range_default ... ok
[INFO] [stdout] test button::test_button ... ok
[INFO] [stdout] test check_box::test_check_box_default ... ok
[INFO] [stdout] test button::test_button_with_images ... ok
[INFO] [stdout] test badge::tests::test_badge ... ok
[INFO] [stdout] test file_input::tests::test_file_input ... ok
[INFO] [stdout] test button::test_default_button_scheme ... ok
[INFO] [stdout] test check_box::test_check_box ... ok
[INFO] [stdout] test check_box::test_check_box_checked_false ... ok
[INFO] [stdout] test text_area::test_text_area ... ok
[INFO] [stdout] test select::test_select ... ok
[INFO] [stdout] test select::test_select_option ... ok
[INFO] [stdout] test breadcrumb::test_breadcrumb_basic ... ok
[INFO] [stdout] test nav_item::test_nav_item ... FAILED
[INFO] [stdout] test breadcrumb::test_breadcrumb_empty ... ok
[INFO] [stdout] test modal::test_modal_without_submit_action ... ok
[INFO] [stdout] test breadcrumb::test_breadcrumb_with_custom_class ... ok
[INFO] [stdout] test breadcrumb::test_breadcrumb_only_text ... ok
[INFO] [stdout] test relative_time::test_relative_time ... ok
[INFO] [stderr] error: test failed, to rerun pass `--lib`
[INFO] [stdout] 
[INFO] [stdout] failures:
[INFO] [stdout] 
[INFO] [stdout] ---- nav_item::test_nav_item stdout ----
[INFO] [stdout] 
[INFO] [stdout] thread 'nav_item::test_nav_item' (1297) panicked at src/nav_item.rs:95:5:
[INFO] [stdout] assertion `left == right` failed
[INFO] [stdout]   left: "<li role=\"listitem\"><a class=\"active\" href=\"test\" data-turbo-frame=\"main-content\"><img width=\"16\" height=\"16\" src=\"test\"/>test</a></li>"
[INFO] [stdout]  right: "<li role=\"listitem\"><a class=\"menu-active\" href=\"test\" data-turbo-frame=\"main-content\"><img width=\"16\" height=\"16\" src=\"test\"/>test</a></li>"
[INFO] [stdout] stack backtrace:
[INFO] [stdout]    0:     0x5d7bc2c43ec1 - <<std[617be2ca0a6fd877]::sys::backtrace::BacktraceLock>::print::DisplayBacktrace as core[a373ad73a504971]::fmt::Display>::fmt
[INFO] [stdout]    1:     0x5d7bc2c5986a - core[a373ad73a504971]::fmt::write
[INFO] [stdout]    2:     0x5d7bc2c485dc - <alloc[2e1b2a31b91974c5]::vec::Vec<u8> as core[a373ad73a504971]::io::write::Write>::write_fmt
[INFO] [stdout]    3:     0x5d7bc2c1fc16 - std[617be2ca0a6fd877]::panicking::default_hook::{closure#0}
[INFO] [stdout]    4:     0x5d7bc2c3c3a9 - std[617be2ca0a6fd877]::panicking::default_hook
[INFO] [stdout]    5:     0x5d7bc2bae1b0 - test[aada8e7e76ba119b]::test_main_inner::{closure#0}
[INFO] [stdout]    6:     0x5d7bc2c3c562 - std[617be2ca0a6fd877]::panicking::panic_with_hook
[INFO] [stdout]    7:     0x5d7bc2c1fcc2 - std[617be2ca0a6fd877]::panicking::panic_handler::{closure#0}
[INFO] [stdout]    8:     0x5d7bc2c18449 - std[617be2ca0a6fd877]::sys::backtrace::__rust_end_short_backtrace::<std[617be2ca0a6fd877]::panicking::panic_handler::{closure#0}, !>
[INFO] [stdout]    9:     0x5d7bc2c209dd - __rustc[ea4f61d10b84890b]::rust_begin_unwind
[INFO] [stdout]   10:     0x5d7bc2c59fcc - core[a373ad73a504971]::panicking::panic_fmt
[INFO] [stdout]   11:     0x5d7bc2c59ee3 - core[a373ad73a504971]::panicking::assert_failed_inner
[INFO] [stdout]   12:     0x5d7bc2b94e8d - core[a373ad73a504971]::panicking::assert_failed::<&str, alloc[2e1b2a31b91974c5]::string::String>
[INFO] [stdout]   13:     0x5d7bc2b9635b - <daisy_rsx[4282ea713180a238]::nav_item::test_nav_item::{closure#0} as core[a373ad73a504971]::ops::function::FnOnce<()>>::call_once
[INFO] [stdout]   14:     0x5d7bc2ba15fb - test[aada8e7e76ba119b]::__rust_begin_short_backtrace::<core[a373ad73a504971]::result::Result<(), alloc[2e1b2a31b91974c5]::string::String>, fn() -> core[a373ad73a504971]::result::Result<(), alloc[2e1b2a31b91974c5]::string::String>>
[INFO] [stdout]   15:     0x5d7bc2bae7d5 - test[aada8e7e76ba119b]::run_test::{closure#0}
[INFO] [stdout]   16:     0x5d7bc2ba80c4 - std[617be2ca0a6fd877]::sys::backtrace::__rust_begin_short_backtrace::<test[aada8e7e76ba119b]::run_test::{closure#1}, ()>
[INFO] [stdout]   17:     0x5d7bc2bb1862 - <std[617be2ca0a6fd877]::thread::lifecycle::spawn_unchecked<test[aada8e7e76ba119b]::run_test::{closure#1}, ()>::{closure#1} as core[a373ad73a504971]::ops::function::FnOnce<()>>::call_once::{shim:vtable#0}
[INFO] [stdout]   18:     0x5d7bc2c436ef - <std[617be2ca0a6fd877]::sys::thread::unix::Thread>::new::thread_start
[INFO] [stdout]   19:     0x7f600bf2bdfa - <unknown>
[INFO] [stdout]   20:     0x7f600bfbf3d4 - clone
[INFO] [stdout]   21:                0x0 - <unknown>
[INFO] [stdout] 
[INFO] [stdout] 
[INFO] [stdout] failures:
[INFO] [stdout]     nav_item::test_nav_item
[INFO] [stdout] 
[INFO] [stdout] test result: FAILED. 23 passed; 1 failed; 0 ignored; 0 measured; 0 filtered out; finished in 0.03s
[INFO] [stdout] 
[INFO] running `Command { std: "docker" "inspect" "3767a88006ce1654d3acc78e11988be9317093f61141d472e01f209c9bf1d880", kill_on_drop: false }`
[INFO] running `Command { std: "docker" "rm" "-f" "3767a88006ce1654d3acc78e11988be9317093f61141d472e01f209c9bf1d880", kill_on_drop: false }`
[INFO] [stdout] 3767a88006ce1654d3acc78e11988be9317093f61141d472e01f209c9bf1d880
