[INFO] fetching crate dailyco 0.7.0...
[INFO] testing dailyco-0.7.0 against 1.99.0-beta.8+cargoflags=--release for beta-release-1.100-2
[INFO] extracting crate dailyco 0.7.0 into /workspace/builds/worker-1-tc1/source
[INFO] started tweaking crates.io crate dailyco 0.7.0
[INFO] removed 0 missing examples
[INFO] finished tweaking crates.io crate dailyco 0.7.0
[INFO] tweaked toml for crates.io crate dailyco 0.7.0 written to /workspace/builds/worker-1-tc1/source/Cargo.toml
[INFO] validating manifest of crates.io crate dailyco 0.7.0 on toolchain 1.99.0-beta.8
[INFO] running `Command { std: CARGO_HOME="/workspace/cargo-home" RUSTUP_HOME="/workspace/rustup-home" "/workspace/cargo-home/bin/cargo" "+1.99.0-beta.8" "metadata" "--manifest-path" "Cargo.toml" "--no-deps", kill_on_drop: false }`
[INFO] crate crates.io crate dailyco 0.7.0 already has a lockfile, it will not be regenerated
[INFO] running `Command { std: CARGO_HOME="/workspace/cargo-home" RUSTUP_HOME="/workspace/rustup-home" "/workspace/cargo-home/bin/cargo" "+1.99.0-beta.8" "fetch" "--manifest-path" "Cargo.toml", kill_on_drop: false }`
[INFO] [stderr]  Downloading crates ...
[INFO] [stderr]   Downloaded uuid v1.4.0
[INFO] [stderr]   Downloaded serde v1.0.159
[INFO] [stderr]   Downloaded serde_derive v1.0.159
[INFO] [stderr]   Downloaded cc v1.1.8
[INFO] [stderr]   Downloaded wasm-bindgen-futures v0.4.34
[INFO] [stderr]   Downloaded syn v2.0.12
[INFO] [stderr]   Downloaded rustls-webpki v0.102.6
[INFO] [stderr]   Downloaded linux-raw-sys v0.3.1
[INFO] [stderr]   Downloaded serde_json v1.0.95
[INFO] [stderr]   Downloaded rustls-native-certs v0.7.1
[INFO] [stderr]   Downloaded quinn v0.11.3
[INFO] [stderr]   Downloaded rustc-hash v2.0.0
[INFO] [stderr]   Downloaded quinn-proto v0.11.6
[INFO] [stderr]   Downloaded chrono v0.4.24
[INFO] [stderr]   Downloaded iana-time-zone v0.1.54
[INFO] [stderr]   Downloaded anyhow v1.0.70
[INFO] [stderr]   Downloaded scratch v1.0.5
[INFO] [stderr]   Downloaded cxxbridge-macro v1.0.94
[INFO] [stderr]   Downloaded cxxbridge-flags v1.0.94
[INFO] [stderr]   Downloaded cxx v1.0.94
[INFO] [stderr]   Downloaded cxx-build v1.0.94
[INFO] running `Command { std: "docker" "create" "-v" "/var/lib/crater-agent-workspace/builds/worker-1-tc1/source:/opt/rustwide/workdir:ro,Z" "-v" "/var/lib/crater-agent-workspace/builds/worker-1-tc1/target:/opt/rustwide/target:rw,Z" "-v" "/var/lib/crater-agent-workspace/cargo-home:/opt/rustwide/cargo-home:ro,Z" "-v" "/var/lib/crater-agent-workspace/rustup-home:/opt/rustwide/rustup-home:ro,Z" "-m" "1610612736" "--network" "none" "ghcr.io/rust-lang/crates-build-env/linux@sha256:77db811e55d90add9212f6832c23229e3de5f1c1f9905e8cb07319ea15df73ac" "sleep" "infinity", kill_on_drop: false }`
[INFO] [stdout] 8064d2b0fbcdc753824de5d78167d1c8154fd97f798246a3c2a1e8b5d7db85c9
[INFO] running `Command { std: "docker" "start" "8064d2b0fbcdc753824de5d78167d1c8154fd97f798246a3c2a1e8b5d7db85c9", kill_on_drop: false }`
[INFO] running `Command { std: "docker" "inspect" "8064d2b0fbcdc753824de5d78167d1c8154fd97f798246a3c2a1e8b5d7db85c9", kill_on_drop: false }`
[INFO] running `Command { std: "docker" "exec" "-e" "SOURCE_DIR=/opt/rustwide/workdir" "-e" "CARGO_HOME=/opt/rustwide/cargo-home" "-e" "RUSTUP_HOME=/opt/rustwide/rustup-home" "-e" "CARGO_TARGET_DIR=/opt/rustwide/target" "-w" "/opt/rustwide/workdir" "--user" "0:0" "8064d2b0fbcdc753824de5d78167d1c8154fd97f798246a3c2a1e8b5d7db85c9" "/opt/rustwide/cargo-home/bin/cargo" "+1.99.0-beta.8" "metadata" "--no-deps" "--format-version=1", kill_on_drop: false }`
[INFO] running `Command { std: "docker" "inspect" "8064d2b0fbcdc753824de5d78167d1c8154fd97f798246a3c2a1e8b5d7db85c9", kill_on_drop: false }`
[INFO] running `Command { std: "docker" "exec" "-e" "SOURCE_DIR=/opt/rustwide/workdir" "-e" "CARGO_HOME=/opt/rustwide/cargo-home" "-e" "RUSTUP_HOME=/opt/rustwide/rustup-home" "-e" "CARGO_TARGET_DIR=/opt/rustwide/target" "-e" "CARGO_INCREMENTAL=0" "-e" "RUST_BACKTRACE=full" "-e" "RUSTFLAGS=--cap-lints=warn" "-e" "RUSTDOCFLAGS=--cap-lints=warn" "-w" "/opt/rustwide/workdir" "--user" "0:0" "8064d2b0fbcdc753824de5d78167d1c8154fd97f798246a3c2a1e8b5d7db85c9" "/opt/rustwide/cargo-home/bin/cargo" "+1.99.0-beta.8" "build" "--frozen" "--message-format=json" "--release", kill_on_drop: false }`
[INFO] [stderr]    Compiling proc-macro2 v1.0.86
[INFO] [stderr]    Compiling cc v1.1.8
[INFO] [stderr]    Compiling futures-core v0.3.28
[INFO] [stderr]    Compiling futures-task v0.3.28
[INFO] [stderr]    Compiling syn v1.0.109
[INFO] [stderr]    Compiling futures-util v0.3.28
[INFO] [stderr]    Compiling serde_derive v1.0.159
[INFO] [stderr]    Compiling http v1.1.0
[INFO] [stderr]    Compiling openssl v0.10.48
[INFO] [stderr]    Compiling futures-channel v0.3.28
[INFO] [stderr]    Compiling serde v1.0.159
[INFO] [stderr]    Compiling native-tls v0.2.11
[INFO] [stderr]    Compiling tokio v1.39.2
[INFO] [stderr]    Compiling want v0.3.0
[INFO] [stderr]    Compiling tracing-core v0.1.30
[INFO] [stderr]    Compiling unicode-normalization v0.1.22
[INFO] [stderr]    Compiling serde_json v1.0.95
[INFO] [stderr]    Compiling unicode-bidi v0.3.13
[INFO] [stderr]    Compiling rustls-pki-types v1.8.0
[INFO] [stderr]    Compiling getrandom v0.2.10
[INFO] [stderr]    Compiling ipnet v2.7.2
[INFO] [stderr]    Compiling quote v1.0.26
[INFO] [stderr]    Compiling tracing v0.1.37
[INFO] [stderr]    Compiling rustls-pemfile v2.1.3
[INFO] [stderr]    Compiling idna v0.5.0
[INFO] [stderr]    Compiling syn v2.0.12
[INFO] [stderr]    Compiling openssl-sys v0.9.83
[INFO] [stderr]    Compiling http-body v1.0.1
[INFO] [stderr]    Compiling url v2.5.2
[INFO] [stderr]    Compiling http-body-util v0.1.2
[INFO] [stderr]    Compiling openssl-macros v0.1.0
[INFO] [stderr]    Compiling pin-project-internal v1.1.5
[INFO] [stderr]    Compiling thiserror-impl v1.0.40
[INFO] [stderr]    Compiling hyper v1.4.1
[INFO] [stderr]    Compiling pin-project v1.1.5
[INFO] [stderr]    Compiling tower v0.4.13
[INFO] [stderr]    Compiling thiserror v1.0.40
[INFO] [stderr]    Compiling hyper-util v0.1.7
[INFO] [stderr]    Compiling tokio-native-tls v0.3.1
[INFO] [stderr]    Compiling hyper-tls v0.6.0
[INFO] [stderr]    Compiling serde_urlencoded v0.7.1
[INFO] [stderr]    Compiling uuid v1.4.0
[INFO] [stderr]    Compiling reqwest v0.12.5
[INFO] [stderr]    Compiling dailyco v0.7.0 (/opt/rustwide/workdir)
[INFO] [stderr]     Finished `release` profile [optimized] target(s) in 25.62s
[INFO] [stderr] warning: the following packages contain code that will be rejected by a future version of Rust: openssl v0.10.48
[INFO] [stderr] note: to see what the problems were, use the option `--future-incompat-report`, or run `cargo report future-incompatibilities --id 9`
[INFO] running `Command { std: "docker" "inspect" "8064d2b0fbcdc753824de5d78167d1c8154fd97f798246a3c2a1e8b5d7db85c9", kill_on_drop: false }`
[INFO] running `Command { std: "docker" "exec" "-e" "SOURCE_DIR=/opt/rustwide/workdir" "-e" "CARGO_HOME=/opt/rustwide/cargo-home" "-e" "RUSTUP_HOME=/opt/rustwide/rustup-home" "-e" "CARGO_TARGET_DIR=/opt/rustwide/target" "-e" "CARGO_INCREMENTAL=0" "-e" "RUST_BACKTRACE=full" "-e" "RUSTFLAGS=--cap-lints=warn" "-e" "RUSTDOCFLAGS=--cap-lints=warn" "-w" "/opt/rustwide/workdir" "--user" "0:0" "8064d2b0fbcdc753824de5d78167d1c8154fd97f798246a3c2a1e8b5d7db85c9" "/opt/rustwide/cargo-home/bin/cargo" "+1.99.0-beta.8" "test" "--frozen" "--no-run" "--message-format=json" "--release", kill_on_drop: false }`
[INFO] [stderr]    Compiling getrandom v0.2.10
[INFO] [stderr]    Compiling tokio-macros v2.4.0
[INFO] [stderr]    Compiling num-integer v0.1.45
[INFO] [stderr]    Compiling anyhow v1.0.70
[INFO] [stderr]    Compiling iana-time-zone v0.1.54
[INFO] [stderr]    Compiling rand_core v0.6.4
[INFO] [stderr]    Compiling uuid v1.4.0
[INFO] [stderr]    Compiling rand_chacha v0.3.1
[INFO] [stderr]    Compiling tokio v1.39.2
[INFO] [stderr]    Compiling chrono v0.4.24
[INFO] [stderr]    Compiling rand v0.8.5
[INFO] [stderr]    Compiling nanoid v0.4.0
[INFO] [stderr]    Compiling hyper v1.4.1
[INFO] [stderr]    Compiling tower v0.4.13
[INFO] [stderr]    Compiling tokio-native-tls v0.3.1
[INFO] [stderr]    Compiling hyper-util v0.1.7
[INFO] [stderr]    Compiling hyper-tls v0.6.0
[INFO] [stderr]    Compiling reqwest v0.12.5
[INFO] [stderr]    Compiling dailyco v0.7.0 (/opt/rustwide/workdir)
[INFO] [stdout] warning: hiding a lifetime that's elided elsewhere is confusing
[INFO] [stdout]   --> tests/it/tokens.rs:16:44
[INFO] [stdout]    |
[INFO] [stdout] 16 | fn get_meeting_token_test_cases(room_name: &str) -> Vec<CreateMeetingToken> {
[INFO] [stdout]    |                                            ^^^^         ^^^^^^^^^^^^^^^^^^ the same lifetime is hidden here
[INFO] [stdout]    |                                            |
[INFO] [stdout]    |                                            the lifetime is elided here
[INFO] [stdout]    |
[INFO] [stdout]    = help: the same lifetime is referred to in inconsistent ways, making the signature confusing
[INFO] [stdout]    = note: `#[warn(mismatched_lifetime_syntaxes)]` on by default
[INFO] [stdout] help: use `'_` for type paths
[INFO] [stdout]    |
[INFO] [stdout] 16 | fn get_meeting_token_test_cases(room_name: &str) -> Vec<CreateMeetingToken<'_>> {
[INFO] [stdout]    |                                                                           ++++
[INFO] [stdout] 
[INFO] [stdout] 
[INFO] [stderr]     Finished `release` profile [optimized] target(s) in 19.54s
[INFO] [stderr] warning: the following packages contain code that will be rejected by a future version of Rust: openssl v0.10.48
[INFO] [stderr] note: to see what the problems were, use the option `--future-incompat-report`, or run `cargo report future-incompatibilities --id 9`
[INFO] running `Command { std: "docker" "inspect" "8064d2b0fbcdc753824de5d78167d1c8154fd97f798246a3c2a1e8b5d7db85c9", kill_on_drop: false }`
[INFO] running `Command { std: "docker" "exec" "-e" "SOURCE_DIR=/opt/rustwide/workdir" "-e" "CARGO_HOME=/opt/rustwide/cargo-home" "-e" "RUSTUP_HOME=/opt/rustwide/rustup-home" "-e" "CARGO_TARGET_DIR=/opt/rustwide/target" "-e" "CARGO_INCREMENTAL=0" "-e" "RUST_BACKTRACE=full" "-e" "RUSTFLAGS=--cap-lints=warn" "-e" "RUSTDOCFLAGS=--cap-lints=warn" "-w" "/opt/rustwide/workdir" "--user" "0:0" "8064d2b0fbcdc753824de5d78167d1c8154fd97f798246a3c2a1e8b5d7db85c9" "/opt/rustwide/cargo-home/bin/cargo" "+1.99.0-beta.8" "test" "--frozen" "--release", kill_on_drop: false }`
[INFO] [stderr] warning: hiding a lifetime that's elided elsewhere is confusing
[INFO] [stderr]   --> tests/it/tokens.rs:16:44
[INFO] [stderr]    |
[INFO] [stderr] 16 | fn get_meeting_token_test_cases(room_name: &str) -> Vec<CreateMeetingToken> {
[INFO] [stderr]    |                                            ^^^^         ^^^^^^^^^^^^^^^^^^ the same lifetime is hidden here
[INFO] [stderr]    |                                            |
[INFO] [stderr]    |                                            the lifetime is elided here
[INFO] [stderr]    |
[INFO] [stderr]    = help: the same lifetime is referred to in inconsistent ways, making the signature confusing
[INFO] [stderr]    = note: `#[warn(mismatched_lifetime_syntaxes)]` on by default
[INFO] [stderr] help: use `'_` for type paths
[INFO] [stderr]    |
[INFO] [stderr] 16 | fn get_meeting_token_test_cases(room_name: &str) -> Vec<CreateMeetingToken<'_>> {
[INFO] [stderr]    |                                                                           ++++
[INFO] [stderr] 
[INFO] [stderr] warning: `dailyco` (test "it") generated 1 warning (run `cargo fix --test "it" -p dailyco` to apply 1 suggestion)
[INFO] [stderr]     Finished `release` profile [optimized] target(s) in 0.13s
[INFO] [stderr] warning: the following packages contain code that will be rejected by a future version of Rust: openssl v0.10.48
[INFO] [stderr] note: to see what the problems were, use the option `--future-incompat-report`, or run `cargo report future-incompatibilities --id 9`
[INFO] [stdout] 
[INFO] [stderr]      Running unittests src/lib.rs (/opt/rustwide/target/release/deps/dailyco-b2a0d3bd6c720258)
[INFO] [stdout] running 0 tests
[INFO] [stderr]      Running tests/it/main.rs (/opt/rustwide/target/release/deps/it-c05b72b4a1f5b86b)
[INFO] [stdout] 
[INFO] [stdout] test result: ok. 0 passed; 0 failed; 0 ignored; 0 measured; 0 filtered out; finished in 0.00s
[INFO] [stdout] 
[INFO] [stdout] 
[INFO] [stdout] running 12 tests
[INFO] [stdout] test recordings::delete_recording_not_found ... FAILED
[INFO] [stdout] test recordings::get_recording_not_found ... FAILED
[INFO] [stdout] test rooms::can_make_room ... FAILED
[INFO] [stdout] test rooms::delete_room ... FAILED
[INFO] [stdout] test recordings::get_recording_access_link_not_found ... FAILED
[INFO] [stdout] test rooms::get_rooms ... FAILED
[INFO] [stdout] test rooms::make_meeting_token ... FAILED
[INFO] [stdout] test recordings::list_recordings ... FAILED
[INFO] [stdout] test rooms::update_room ... FAILED
[INFO] [stdout] test tokens::meeting_tokens_create_roundtrip ... FAILED
[INFO] [stdout] test rooms::get_room_not_found ... FAILED
[INFO] [stdout] test rooms::get_room ... FAILED
[INFO] [stdout] 
[INFO] [stdout] failures:
[INFO] [stdout] 
[INFO] [stdout] ---- recordings::delete_recording_not_found stdout ----
[INFO] [stderr] error: test failed, to rerun pass `--test it`
[INFO] [stdout] 
[INFO] [stdout] thread 'recordings::delete_recording_not_found' (1630) panicked at tests/it/helpers.rs:7:22:
[INFO] [stdout] called `Result::unwrap()` on an `Err` value: Io(Custom { kind: NotFound, error: "path not found" })
[INFO] [stdout] stack backtrace:
[INFO] [stdout]    0:     0x5594062a6a41 - <<std[70759c8f55707aa4]::sys::backtrace::BacktraceLock>::print::DisplayBacktrace as core[df12db4294e9bfd3]::fmt::Display>::fmt
[INFO] [stdout]    1:     0x5594062bc9fa - core[df12db4294e9bfd3]::fmt::write
[INFO] [stdout]    2:     0x5594062ab48c - <alloc[2182bb758b4b3781]::vec::Vec<u8> as core[df12db4294e9bfd3]::io::write::Write>::write_fmt
[INFO] [stdout]    3:     0x559406281a56 - std[70759c8f55707aa4]::panicking::default_hook::{closure#0}
[INFO] [stdout]    4:     0x55940629e8f9 - std[70759c8f55707aa4]::panicking::default_hook
[INFO] [stdout]    5:     0x559406172de0 - test[9d35eded1c95d3be]::test_main_inner::<test[9d35eded1c95d3be]::test_main_static::{closure#0}>::{closure#0}
[INFO] [stdout]    6:     0x55940629ec22 - std[70759c8f55707aa4]::panicking::panic_with_hook
[INFO] [stdout]    7:     0x559406281b02 - std[70759c8f55707aa4]::panicking::panic_handler::{closure#0}
[INFO] [stdout]    8:     0x55940627a569 - std[70759c8f55707aa4]::sys::backtrace::__rust_end_short_backtrace::<std[70759c8f55707aa4]::panicking::panic_handler::{closure#0}, !>
[INFO] [stdout]    9:     0x55940628298d - __rustc[8fa7c3cbc660c2b3]::rust_begin_unwind
[INFO] [stdout]   10:     0x5594062bd15c - core[df12db4294e9bfd3]::panicking::panic_fmt
[INFO] [stdout]   11:     0x5594062bcf32 - core[df12db4294e9bfd3]::result::unwrap_failed
[INFO] [stdout]   12:     0x55940615c2ac - it[66189113faf7b43f]::helpers::get_daily_client
[INFO] [stdout]   13:     0x559406147c46 - it[66189113faf7b43f]::recordings::delete_recording_not_found::{closure#0}
[INFO] [stdout]   14:     0x559406156723 - <tokio[3ee18defc8e98be]::runtime::scheduler::current_thread::Context>::enter::<core[df12db4294e9bfd3]::task::poll::Poll<()>, <tokio[3ee18defc8e98be]::runtime::scheduler::current_thread::CoreGuard>::block_on<core[df12db4294e9bfd3]::pin::Pin<&mut core[df12db4294e9bfd3]::pin::Pin<&mut dyn core[df12db4294e9bfd3]::future::future::Future<Output = ()>>>>::{closure#0}::{closure#0}>
[INFO] [stdout]   15:     0x55940615d3ff - <std[70759c8f55707aa4]::thread::local::LocalKey<tokio[3ee18defc8e98be]::runtime::context::Context>>::with::<tokio[3ee18defc8e98be]::runtime::context::set_scheduler<(alloc[2182bb758b4b3781]::boxed::Box<tokio[3ee18defc8e98be]::runtime::scheduler::current_thread::Core>, core[df12db4294e9bfd3]::option::Option<()>), <tokio[3ee18defc8e98be]::runtime::scheduler::current_thread::CoreGuard>::enter<<tokio[3ee18defc8e98be]::runtime::scheduler::current_thread::CoreGuard>::block_on<core[df12db4294e9bfd3]::pin::Pin<&mut core[df12db4294e9bfd3]::pin::Pin<&mut dyn core[df12db4294e9bfd3]::future::future::Future<Output = ()>>>>::{closure#0}, core[df12db4294e9bfd3]::option::Option<()>>::{closure#0}>::{closure#0}, (alloc[2182bb758b4b3781]::boxed::Box<tokio[3ee18defc8e98be]::runtime::scheduler::current_thread::Core>, core[df12db4294e9bfd3]::option::Option<()>)>
[INFO] [stdout]   16:     0x559406156de7 - <tokio[3ee18defc8e98be]::runtime::scheduler::current_thread::CoreGuard>::block_on::<core[df12db4294e9bfd3]::pin::Pin<&mut core[df12db4294e9bfd3]::pin::Pin<&mut dyn core[df12db4294e9bfd3]::future::future::Future<Output = ()>>>>
[INFO] [stdout]   17:     0x55940615fe31 - tokio[3ee18defc8e98be]::runtime::context::runtime::enter_runtime::<<tokio[3ee18defc8e98be]::runtime::scheduler::current_thread::CurrentThread>::block_on<core[df12db4294e9bfd3]::pin::Pin<&mut dyn core[df12db4294e9bfd3]::future::future::Future<Output = ()>>>::{closure#0}, ()>
[INFO] [stdout]   18:     0x55940615e4ae - <tokio[3ee18defc8e98be]::runtime::runtime::Runtime>::block_on_inner::<core[df12db4294e9bfd3]::pin::Pin<&mut dyn core[df12db4294e9bfd3]::future::future::Future<Output = ()>>>
[INFO] [stdout]   19:     0x559406148f5b - it[66189113faf7b43f]::recordings::delete_recording_not_found
[INFO] [stdout]   20:     0x55940615ae09 - <it[66189113faf7b43f]::recordings::delete_recording_not_found::{closure#0} as core[df12db4294e9bfd3]::ops::function::FnOnce<()>>::call_once
[INFO] [stdout]   21:     0x5594061660cb - test[9d35eded1c95d3be]::__rust_begin_short_backtrace::<core[df12db4294e9bfd3]::result::Result<(), alloc[2182bb758b4b3781]::string::String>, fn() -> core[df12db4294e9bfd3]::result::Result<(), alloc[2182bb758b4b3781]::string::String>>
[INFO] [stdout]   22:     0x559406173735 - test[9d35eded1c95d3be]::run_test::{closure#0}
[INFO] [stdout]   23:     0x55940616cff4 - std[70759c8f55707aa4]::sys::backtrace::__rust_begin_short_backtrace::<test[9d35eded1c95d3be]::run_test::{closure#1}, ()>
[INFO] [stdout]   24:     0x559406176892 - <std[70759c8f55707aa4]::thread::lifecycle::spawn_unchecked<test[9d35eded1c95d3be]::run_test::{closure#1}, ()>::{closure#1} as core[df12db4294e9bfd3]::ops::function::FnOnce<()>>::call_once::{shim:vtable#0}
[INFO] [stdout]   25:     0x5594062a5f69 - <std[70759c8f55707aa4]::sys::thread::unix::Thread>::new::thread_start
[INFO] [stdout]   26:     0x7b6208a1adfa - <unknown>
[INFO] [stdout]   27:     0x7b6208aae3d4 - clone
[INFO] [stdout]   28:                0x0 - <unknown>
[INFO] [stdout] 
[INFO] [stdout] ---- recordings::get_recording_not_found stdout ----
[INFO] [stdout] 
[INFO] [stdout] thread 'recordings::get_recording_not_found' (1632) panicked at tests/it/helpers.rs:7:22:
[INFO] [stdout] called `Result::unwrap()` on an `Err` value: Io(Custom { kind: NotFound, error: "path not found" })
[INFO] [stdout] stack backtrace:
[INFO] [stdout]    0:     0x5594062a6a41 - <<std[70759c8f55707aa4]::sys::backtrace::BacktraceLock>::print::DisplayBacktrace as core[df12db4294e9bfd3]::fmt::Display>::fmt
[INFO] [stdout]    1:     0x5594062bc9fa - core[df12db4294e9bfd3]::fmt::write
[INFO] [stdout]    2:     0x5594062ab48c - <alloc[2182bb758b4b3781]::vec::Vec<u8> as core[df12db4294e9bfd3]::io::write::Write>::write_fmt
[INFO] [stdout]    3:     0x559406281a56 - std[70759c8f55707aa4]::panicking::default_hook::{closure#0}
[INFO] [stdout]    4:     0x55940629e8f9 - std[70759c8f55707aa4]::panicking::default_hook
[INFO] [stdout]    5:     0x559406172de0 - test[9d35eded1c95d3be]::test_main_inner::<test[9d35eded1c95d3be]::test_main_static::{closure#0}>::{closure#0}
[INFO] [stdout]    6:     0x55940629ec22 - std[70759c8f55707aa4]::panicking::panic_with_hook
[INFO] [stdout]    7:     0x559406281b02 - std[70759c8f55707aa4]::panicking::panic_handler::{closure#0}
[INFO] [stdout]    8:     0x55940627a569 - std[70759c8f55707aa4]::sys::backtrace::__rust_end_short_backtrace::<std[70759c8f55707aa4]::panicking::panic_handler::{closure#0}, !>
[INFO] [stdout]    9:     0x55940628298d - __rustc[8fa7c3cbc660c2b3]::rust_begin_unwind
[INFO] [stdout]   10:     0x5594062bd15c - core[df12db4294e9bfd3]::panicking::panic_fmt
[INFO] [stdout]   11:     0x5594062bcf32 - core[df12db4294e9bfd3]::result::unwrap_failed
[INFO] [stdout]   12:     0x55940615c2ac - it[66189113faf7b43f]::helpers::get_daily_client
[INFO] [stdout]   13:     0x559406147186 - it[66189113faf7b43f]::recordings::get_recording_not_found::{closure#0}
[INFO] [stdout]   14:     0x559406156723 - <tokio[3ee18defc8e98be]::runtime::scheduler::current_thread::Context>::enter::<core[df12db4294e9bfd3]::task::poll::Poll<()>, <tokio[3ee18defc8e98be]::runtime::scheduler::current_thread::CoreGuard>::block_on<core[df12db4294e9bfd3]::pin::Pin<&mut core[df12db4294e9bfd3]::pin::Pin<&mut dyn core[df12db4294e9bfd3]::future::future::Future<Output = ()>>>>::{closure#0}::{closure#0}>
[INFO] [stdout]   15:     0x55940615d3ff - <std[70759c8f55707aa4]::thread::local::LocalKey<tokio[3ee18defc8e98be]::runtime::context::Context>>::with::<tokio[3ee18defc8e98be]::runtime::context::set_scheduler<(alloc[2182bb758b4b3781]::boxed::Box<tokio[3ee18defc8e98be]::runtime::scheduler::current_thread::Core>, core[df12db4294e9bfd3]::option::Option<()>), <tokio[3ee18defc8e98be]::runtime::scheduler::current_thread::CoreGuard>::enter<<tokio[3ee18defc8e98be]::runtime::scheduler::current_thread::CoreGuard>::block_on<core[df12db4294e9bfd3]::pin::Pin<&mut core[df12db4294e9bfd3]::pin::Pin<&mut dyn core[df12db4294e9bfd3]::future::future::Future<Output = ()>>>>::{closure#0}, core[df12db4294e9bfd3]::option::Option<()>>::{closure#0}>::{closure#0}, (alloc[2182bb758b4b3781]::boxed::Box<tokio[3ee18defc8e98be]::runtime::scheduler::current_thread::Core>, core[df12db4294e9bfd3]::option::Option<()>)>
[INFO] [stdout]   16:     0x559406156de7 - <tokio[3ee18defc8e98be]::runtime::scheduler::current_thread::CoreGuard>::block_on::<core[df12db4294e9bfd3]::pin::Pin<&mut core[df12db4294e9bfd3]::pin::Pin<&mut dyn core[df12db4294e9bfd3]::future::future::Future<Output = ()>>>>
[INFO] [stdout]   17:     0x55940615fe31 - tokio[3ee18defc8e98be]::runtime::context::runtime::enter_runtime::<<tokio[3ee18defc8e98be]::runtime::scheduler::current_thread::CurrentThread>::block_on<core[df12db4294e9bfd3]::pin::Pin<&mut dyn core[df12db4294e9bfd3]::future::future::Future<Output = ()>>>::{closure#0}, ()>
[INFO] [stdout]   18:     0x55940615e4ae - <tokio[3ee18defc8e98be]::runtime::runtime::Runtime>::block_on_inner::<core[df12db4294e9bfd3]::pin::Pin<&mut dyn core[df12db4294e9bfd3]::future::future::Future<Output = ()>>>
[INFO] [stdout]   19:     0x559406148d5b - it[66189113faf7b43f]::recordings::get_recording_not_found
[INFO] [stdout]   20:     0x55940615ade9 - <it[66189113faf7b43f]::recordings::get_recording_not_found::{closure#0} as core[df12db4294e9bfd3]::ops::function::FnOnce<()>>::call_once
[INFO] [stdout]   21:     0x5594061660cb - test[9d35eded1c95d3be]::__rust_begin_short_backtrace::<core[df12db4294e9bfd3]::result::Result<(), alloc[2182bb758b4b3781]::string::String>, fn() -> core[df12db4294e9bfd3]::result::Result<(), alloc[2182bb758b4b3781]::string::String>>
[INFO] [stdout]   22:     0x559406173735 - test[9d35eded1c95d3be]::run_test::{closure#0}
[INFO] [stdout]   23:     0x55940616cff4 - std[70759c8f55707aa4]::sys::backtrace::__rust_begin_short_backtrace::<test[9d35eded1c95d3be]::run_test::{closure#1}, ()>
[INFO] [stdout]   24:     0x559406176892 - <std[70759c8f55707aa4]::thread::lifecycle::spawn_unchecked<test[9d35eded1c95d3be]::run_test::{closure#1}, ()>::{closure#1} as core[df12db4294e9bfd3]::ops::function::FnOnce<()>>::call_once::{shim:vtable#0}
[INFO] [stdout]   25:     0x5594062a5f69 - <std[70759c8f55707aa4]::sys::thread::unix::Thread>::new::thread_start
[INFO] [stdout]   26:     0x7b6208a1adfa - <unknown>
[INFO] [stdout]   27:     0x7b6208aae3d4 - clone
[INFO] [stdout]   28:                0x0 - <unknown>
[INFO] [stdout] 
[INFO] [stdout] ---- rooms::can_make_room stdout ----
[INFO] [stdout] 
[INFO] [stdout] thread 'rooms::can_make_room' (1634) panicked at tests/it/helpers.rs:7:22:
[INFO] [stdout] called `Result::unwrap()` on an `Err` value: Io(Custom { kind: NotFound, error: "path not found" })
[INFO] [stdout] stack backtrace:
[INFO] [stdout]    0:     0x5594062a6a41 - <<std[70759c8f55707aa4]::sys::backtrace::BacktraceLock>::print::DisplayBacktrace as core[df12db4294e9bfd3]::fmt::Display>::fmt
[INFO] [stdout]    1:     0x5594062bc9fa - core[df12db4294e9bfd3]::fmt::write
[INFO] [stdout]    2:     0x5594062ab48c - <alloc[2182bb758b4b3781]::vec::Vec<u8> as core[df12db4294e9bfd3]::io::write::Write>::write_fmt
[INFO] [stdout]    3:     0x559406281a56 - std[70759c8f55707aa4]::panicking::default_hook::{closure#0}
[INFO] [stdout]    4:     0x55940629e8f9 - std[70759c8f55707aa4]::panicking::default_hook
[INFO] [stdout]    5:     0x559406172de0 - test[9d35eded1c95d3be]::test_main_inner::<test[9d35eded1c95d3be]::test_main_static::{closure#0}>::{closure#0}
[INFO] [stdout]    6:     0x55940629ec22 - std[70759c8f55707aa4]::panicking::panic_with_hook
[INFO] [stdout]    7:     0x559406281b02 - std[70759c8f55707aa4]::panicking::panic_handler::{closure#0}
[INFO] [stdout]    8:     0x55940627a569 - std[70759c8f55707aa4]::sys::backtrace::__rust_end_short_backtrace::<std[70759c8f55707aa4]::panicking::panic_handler::{closure#0}, !>
[INFO] [stdout]    9:     0x55940628298d - __rustc[8fa7c3cbc660c2b3]::rust_begin_unwind
[INFO] [stdout]   10:     0x5594062bd15c - core[df12db4294e9bfd3]::panicking::panic_fmt
[INFO] [stdout]   11:     0x5594062bcf32 - core[df12db4294e9bfd3]::result::unwrap_failed
[INFO] [stdout]   12:     0x55940615c2ac - it[66189113faf7b43f]::helpers::get_daily_client
[INFO] [stdout]   13:     0x559406141564 - it[66189113faf7b43f]::rooms::can_make_room::{closure#0}
[INFO] [stdout]   14:     0x559406156723 - <tokio[3ee18defc8e98be]::runtime::scheduler::current_thread::Context>::enter::<core[df12db4294e9bfd3]::task::poll::Poll<()>, <tokio[3ee18defc8e98be]::runtime::scheduler::current_thread::CoreGuard>::block_on<core[df12db4294e9bfd3]::pin::Pin<&mut core[df12db4294e9bfd3]::pin::Pin<&mut dyn core[df12db4294e9bfd3]::future::future::Future<Output = ()>>>>::{closure#0}::{closure#0}>
[INFO] [stdout]   15:     0x55940615d3ff - <std[70759c8f55707aa4]::thread::local::LocalKey<tokio[3ee18defc8e98be]::runtime::context::Context>>::with::<tokio[3ee18defc8e98be]::runtime::context::set_scheduler<(alloc[2182bb758b4b3781]::boxed::Box<tokio[3ee18defc8e98be]::runtime::scheduler::current_thread::Core>, core[df12db4294e9bfd3]::option::Option<()>), <tokio[3ee18defc8e98be]::runtime::scheduler::current_thread::CoreGuard>::enter<<tokio[3ee18defc8e98be]::runtime::scheduler::current_thread::CoreGuard>::block_on<core[df12db4294e9bfd3]::pin::Pin<&mut core[df12db4294e9bfd3]::pin::Pin<&mut dyn core[df12db4294e9bfd3]::future::future::Future<Output = ()>>>>::{closure#0}, core[df12db4294e9bfd3]::option::Option<()>>::{closure#0}>::{closure#0}, (alloc[2182bb758b4b3781]::boxed::Box<tokio[3ee18defc8e98be]::runtime::scheduler::current_thread::Core>, core[df12db4294e9bfd3]::option::Option<()>)>
[INFO] [stdout]   16:     0x559406156de7 - <tokio[3ee18defc8e98be]::runtime::scheduler::current_thread::CoreGuard>::block_on::<core[df12db4294e9bfd3]::pin::Pin<&mut core[df12db4294e9bfd3]::pin::Pin<&mut dyn core[df12db4294e9bfd3]::future::future::Future<Output = ()>>>>
[INFO] [stdout]   17:     0x55940615fe31 - tokio[3ee18defc8e98be]::runtime::context::runtime::enter_runtime::<<tokio[3ee18defc8e98be]::runtime::scheduler::current_thread::CurrentThread>::block_on<core[df12db4294e9bfd3]::pin::Pin<&mut dyn core[df12db4294e9bfd3]::future::future::Future<Output = ()>>>::{closure#0}, ()>
[INFO] [stdout]   18:     0x55940615e4ae - <tokio[3ee18defc8e98be]::runtime::runtime::Runtime>::block_on_inner::<core[df12db4294e9bfd3]::pin::Pin<&mut dyn core[df12db4294e9bfd3]::future::future::Future<Output = ()>>>
[INFO] [stdout]   19:     0x55940614436b - it[66189113faf7b43f]::rooms::can_make_room
[INFO] [stdout]   20:     0x55940615ae89 - <it[66189113faf7b43f]::rooms::can_make_room::{closure#0} as core[df12db4294e9bfd3]::ops::function::FnOnce<()>>::call_once
[INFO] [stdout]   21:     0x5594061660cb - test[9d35eded1c95d3be]::__rust_begin_short_backtrace::<core[df12db4294e9bfd3]::result::Result<(), alloc[2182bb758b4b3781]::string::String>, fn() -> core[df12db4294e9bfd3]::result::Result<(), alloc[2182bb758b4b3781]::string::String>>
[INFO] [stdout]   22:     0x559406173735 - test[9d35eded1c95d3be]::run_test::{closure#0}
[INFO] [stdout]   23:     0x55940616cff4 - std[70759c8f55707aa4]::sys::backtrace::__rust_begin_short_backtrace::<test[9d35eded1c95d3be]::run_test::{closure#1}, ()>
[INFO] [stdout]   24:     0x559406176892 - <std[70759c8f55707aa4]::thread::lifecycle::spawn_unchecked<test[9d35eded1c95d3be]::run_test::{closure#1}, ()>::{closure#1} as core[df12db4294e9bfd3]::ops::function::FnOnce<()>>::call_once::{shim:vtable#0}
[INFO] [stdout]   25:     0x5594062a5f69 - <std[70759c8f55707aa4]::sys::thread::unix::Thread>::new::thread_start
[INFO] [stdout]   26:     0x7b6208a1adfa - <unknown>
[INFO] [stdout]   27:     0x7b6208aae3d4 - clone
[INFO] [stdout]   28:                0x0 - <unknown>
[INFO] [stdout] 
[INFO] [stdout] ---- rooms::delete_room stdout ----
[INFO] [stdout] 
[INFO] [stdout] thread 'rooms::delete_room' (1635) panicked at tests/it/helpers.rs:7:22:
[INFO] [stdout] called `Result::unwrap()` on an `Err` value: Io(Custom { kind: NotFound, error: "path not found" })
[INFO] [stdout] stack backtrace:
[INFO] [stdout]    0:     0x5594062a6a41 - <<std[70759c8f55707aa4]::sys::backtrace::BacktraceLock>::print::DisplayBacktrace as core[df12db4294e9bfd3]::fmt::Display>::fmt
[INFO] [stdout]    1:     0x5594062bc9fa - core[df12db4294e9bfd3]::fmt::write
[INFO] [stdout]    2:     0x5594062ab48c - <alloc[2182bb758b4b3781]::vec::Vec<u8> as core[df12db4294e9bfd3]::io::write::Write>::write_fmt
[INFO] [stdout]    3:     0x559406281a56 - std[70759c8f55707aa4]::panicking::default_hook::{closure#0}
[INFO] [stdout]    4:     0x55940629e8f9 - std[70759c8f55707aa4]::panicking::default_hook
[INFO] [stdout]    5:     0x559406172de0 - test[9d35eded1c95d3be]::test_main_inner::<test[9d35eded1c95d3be]::test_main_static::{closure#0}>::{closure#0}
[INFO] [stdout]    6:     0x55940629ec22 - std[70759c8f55707aa4]::panicking::panic_with_hook
[INFO] [stdout]    7:     0x559406281b02 - std[70759c8f55707aa4]::panicking::panic_handler::{closure#0}
[INFO] [stdout]    8:     0x55940627a569 - std[70759c8f55707aa4]::sys::backtrace::__rust_end_short_backtrace::<std[70759c8f55707aa4]::panicking::panic_handler::{closure#0}, !>
[INFO] [stdout]    9:     0x55940628298d - __rustc[8fa7c3cbc660c2b3]::rust_begin_unwind
[INFO] [stdout]   10:     0x5594062bd15c - core[df12db4294e9bfd3]::panicking::panic_fmt
[INFO] [stdout]   11:     0x5594062bcf32 - core[df12db4294e9bfd3]::result::unwrap_failed
[INFO] [stdout]   12:     0x55940615c2ac - it[66189113faf7b43f]::helpers::get_daily_client
[INFO] [stdout]   13:     0x559406140561 - it[66189113faf7b43f]::rooms::delete_room::{closure#0}
[INFO] [stdout]   14:     0x559406156723 - <tokio[3ee18defc8e98be]::runtime::scheduler::current_thread::Context>::enter::<core[df12db4294e9bfd3]::task::poll::Poll<()>, <tokio[3ee18defc8e98be]::runtime::scheduler::current_thread::CoreGuard>::block_on<core[df12db4294e9bfd3]::pin::Pin<&mut core[df12db4294e9bfd3]::pin::Pin<&mut dyn core[df12db4294e9bfd3]::future::future::Future<Output = ()>>>>::{closure#0}::{closure#0}>
[INFO] [stdout]   15:     0x55940615d3ff - <std[70759c8f55707aa4]::thread::local::LocalKey<tokio[3ee18defc8e98be]::runtime::context::Context>>::with::<tokio[3ee18defc8e98be]::runtime::context::set_scheduler<(alloc[2182bb758b4b3781]::boxed::Box<tokio[3ee18defc8e98be]::runtime::scheduler::current_thread::Core>, core[df12db4294e9bfd3]::option::Option<()>), <tokio[3ee18defc8e98be]::runtime::scheduler::current_thread::CoreGuard>::enter<<tokio[3ee18defc8e98be]::runtime::scheduler::current_thread::CoreGuard>::block_on<core[df12db4294e9bfd3]::pin::Pin<&mut core[df12db4294e9bfd3]::pin::Pin<&mut dyn core[df12db4294e9bfd3]::future::future::Future<Output = ()>>>>::{closure#0}, core[df12db4294e9bfd3]::option::Option<()>>::{closure#0}>::{closure#0}, (alloc[2182bb758b4b3781]::boxed::Box<tokio[3ee18defc8e98be]::runtime::scheduler::current_thread::Core>, core[df12db4294e9bfd3]::option::Option<()>)>
[INFO] [stdout]   16:     0x559406156de7 - <tokio[3ee18defc8e98be]::runtime::scheduler::current_thread::CoreGuard>::block_on::<core[df12db4294e9bfd3]::pin::Pin<&mut core[df12db4294e9bfd3]::pin::Pin<&mut dyn core[df12db4294e9bfd3]::future::future::Future<Output = ()>>>>
[INFO] [stdout]   17:     0x55940615fe31 - tokio[3ee18defc8e98be]::runtime::context::runtime::enter_runtime::<<tokio[3ee18defc8e98be]::runtime::scheduler::current_thread::CurrentThread>::block_on<core[df12db4294e9bfd3]::pin::Pin<&mut dyn core[df12db4294e9bfd3]::future::future::Future<Output = ()>>>::{closure#0}, ()>
[INFO] [stdout]   18:     0x55940615e4ae - <tokio[3ee18defc8e98be]::runtime::runtime::Runtime>::block_on_inner::<core[df12db4294e9bfd3]::pin::Pin<&mut dyn core[df12db4294e9bfd3]::future::future::Future<Output = ()>>>
[INFO] [stdout]   19:     0x5594061440cb - it[66189113faf7b43f]::rooms::delete_room
[INFO] [stdout]   20:     0x55940615ae49 - <it[66189113faf7b43f]::rooms::delete_room::{closure#0} as core[df12db4294e9bfd3]::ops::function::FnOnce<()>>::call_once
[INFO] [stdout]   21:     0x5594061660cb - test[9d35eded1c95d3be]::__rust_begin_short_backtrace::<core[df12db4294e9bfd3]::result::Result<(), alloc[2182bb758b4b3781]::string::String>, fn() -> core[df12db4294e9bfd3]::result::Result<(), alloc[2182bb758b4b3781]::string::String>>
[INFO] [stdout]   22:     0x559406173735 - test[9d35eded1c95d3be]::run_test::{closure#0}
[INFO] [stdout]   23:     0x55940616cff4 - std[70759c8f55707aa4]::sys::backtrace::__rust_begin_short_backtrace::<test[9d35eded1c95d3be]::run_test::{closure#1}, ()>
[INFO] [stdout]   24:     0x559406176892 - <std[70759c8f55707aa4]::thread::lifecycle::spawn_unchecked<test[9d35eded1c95d3be]::run_test::{closure#1}, ()>::{closure#1} as core[df12db4294e9bfd3]::ops::function::FnOnce<()>>::call_once::{shim:vtable#0}
[INFO] [stdout]   25:     0x5594062a5f69 - <std[70759c8f55707aa4]::sys::thread::unix::Thread>::new::thread_start
[INFO] [stdout]   26:     0x7b6208a1adfa - <unknown>
[INFO] [stdout]   27:     0x7b6208aae3d4 - clone
[INFO] [stdout]   28:                0x0 - <unknown>
[INFO] [stdout] 
[INFO] [stdout] ---- recordings::get_recording_access_link_not_found stdout ----
[INFO] [stdout] 
[INFO] [stdout] thread 'recordings::get_recording_access_link_not_found' (1631) panicked at tests/it/helpers.rs:7:22:
[INFO] [stdout] called `Result::unwrap()` on an `Err` value: Io(Custom { kind: NotFound, error: "path not found" })
[INFO] [stdout] stack backtrace:
[INFO] [stdout]    0:     0x5594062a6a41 - <<std[70759c8f55707aa4]::sys::backtrace::BacktraceLock>::print::DisplayBacktrace as core[df12db4294e9bfd3]::fmt::Display>::fmt
[INFO] [stdout]    1:     0x5594062bc9fa - core[df12db4294e9bfd3]::fmt::write
[INFO] [stdout]    2:     0x5594062ab48c - <alloc[2182bb758b4b3781]::vec::Vec<u8> as core[df12db4294e9bfd3]::io::write::Write>::write_fmt
[INFO] [stdout]    3:     0x559406281a56 - std[70759c8f55707aa4]::panicking::default_hook::{closure#0}
[INFO] [stdout]    4:     0x55940629e8f9 - std[70759c8f55707aa4]::panicking::default_hook
[INFO] [stdout]    5:     0x559406172de0 - test[9d35eded1c95d3be]::test_main_inner::<test[9d35eded1c95d3be]::test_main_static::{closure#0}>::{closure#0}
[INFO] [stdout]    6:     0x55940629ec22 - std[70759c8f55707aa4]::panicking::panic_with_hook
[INFO] [stdout]    7:     0x559406281b02 - std[70759c8f55707aa4]::panicking::panic_handler::{closure#0}
[INFO] [stdout]    8:     0x55940627a569 - std[70759c8f55707aa4]::sys::backtrace::__rust_end_short_backtrace::<std[70759c8f55707aa4]::panicking::panic_handler::{closure#0}, !>
[INFO] [stdout]    9:     0x55940628298d - __rustc[8fa7c3cbc660c2b3]::rust_begin_unwind
[INFO] [stdout]   10:     0x5594062bd15c - core[df12db4294e9bfd3]::panicking::panic_fmt
[INFO] [stdout]   11:     0x5594062bcf32 - core[df12db4294e9bfd3]::result::unwrap_failed
[INFO] [stdout]   12:     0x55940615c2ac - it[66189113faf7b43f]::helpers::get_daily_client
[INFO] [stdout]   13:     0x5594061481e6 - it[66189113faf7b43f]::recordings::get_recording_access_link_not_found::{closure#0}
[INFO] [stdout]   14:     0x559406156723 - <tokio[3ee18defc8e98be]::runtime::scheduler::current_thread::Context>::enter::<core[df12db4294e9bfd3]::task::poll::Poll<()>, <tokio[3ee18defc8e98be]::runtime::scheduler::current_thread::CoreGuard>::block_on<core[df12db4294e9bfd3]::pin::Pin<&mut core[df12db4294e9bfd3]::pin::Pin<&mut dyn core[df12db4294e9bfd3]::future::future::Future<Output = ()>>>>::{closure#0}::{closure#0}>
[INFO] [stdout]   15:     0x55940615d3ff - <std[70759c8f55707aa4]::thread::local::LocalKey<tokio[3ee18defc8e98be]::runtime::context::Context>>::with::<tokio[3ee18defc8e98be]::runtime::context::set_scheduler<(alloc[2182bb758b4b3781]::boxed::Box<tokio[3ee18defc8e98be]::runtime::scheduler::current_thread::Core>, core[df12db4294e9bfd3]::option::Option<()>), <tokio[3ee18defc8e98be]::runtime::scheduler::current_thread::CoreGuard>::enter<<tokio[3ee18defc8e98be]::runtime::scheduler::current_thread::CoreGuard>::block_on<core[df12db4294e9bfd3]::pin::Pin<&mut core[df12db4294e9bfd3]::pin::Pin<&mut dyn core[df12db4294e9bfd3]::future::future::Future<Output = ()>>>>::{closure#0}, core[df12db4294e9bfd3]::option::Option<()>>::{closure#0}>::{closure#0}, (alloc[2182bb758b4b3781]::boxed::Box<tokio[3ee18defc8e98be]::runtime::scheduler::current_thread::Core>, core[df12db4294e9bfd3]::option::Option<()>)>
[INFO] [stdout]   16:     0x559406156de7 - <tokio[3ee18defc8e98be]::runtime::scheduler::current_thread::CoreGuard>::block_on::<core[df12db4294e9bfd3]::pin::Pin<&mut core[df12db4294e9bfd3]::pin::Pin<&mut dyn core[df12db4294e9bfd3]::future::future::Future<Output = ()>>>>
[INFO] [stdout]   17:     0x55940615fe31 - tokio[3ee18defc8e98be]::runtime::context::runtime::enter_runtime::<<tokio[3ee18defc8e98be]::runtime::scheduler::current_thread::CurrentThread>::block_on<core[df12db4294e9bfd3]::pin::Pin<&mut dyn core[df12db4294e9bfd3]::future::future::Future<Output = ()>>>::{closure#0}, ()>
[INFO] [stdout]   18:     0x55940615e4ae - <tokio[3ee18defc8e98be]::runtime::runtime::Runtime>::block_on_inner::<core[df12db4294e9bfd3]::pin::Pin<&mut dyn core[df12db4294e9bfd3]::future::future::Future<Output = ()>>>
[INFO] [stdout]   19:     0x5594061490ab - it[66189113faf7b43f]::recordings::get_recording_access_link_not_found
[INFO] [stdout]   20:     0x55940615ae29 - <it[66189113faf7b43f]::recordings::get_recording_access_link_not_found::{closure#0} as core[df12db4294e9bfd3]::ops::function::FnOnce<()>>::call_once
[INFO] [stdout]   21:     0x5594061660cb - test[9d35eded1c95d3be]::__rust_begin_short_backtrace::<core[df12db4294e9bfd3]::result::Result<(), alloc[2182bb758b4b3781]::string::String>, fn() -> core[df12db4294e9bfd3]::result::Result<(), alloc[2182bb758b4b3781]::string::String>>
[INFO] [stdout]   22:     0x559406173735 - test[9d35eded1c95d3be]::run_test::{closure#0}
[INFO] [stdout]   23:     0x55940616cff4 - std[70759c8f55707aa4]::sys::backtrace::__rust_begin_short_backtrace::<test[9d35eded1c95d3be]::run_test::{closure#1}, ()>
[INFO] [stdout]   24:     0x559406176892 - <std[70759c8f55707aa4]::thread::lifecycle::spawn_unchecked<test[9d35eded1c95d3be]::run_test::{closure#1}, ()>::{closure#1} as core[df12db4294e9bfd3]::ops::function::FnOnce<()>>::call_once::{shim:vtable#0}
[INFO] [stdout]   25:     0x5594062a5f69 - <std[70759c8f55707aa4]::sys::thread::unix::Thread>::new::thread_start
[INFO] [stdout]   26:     0x7b6208a1adfa - <unknown>
[INFO] [stdout]   27:     0x7b6208aae3d4 - clone
[INFO] [stdout]   28:                0x0 - <unknown>
[INFO] [stdout] 
[INFO] [stdout] ---- rooms::get_rooms stdout ----
[INFO] [stdout] 
[INFO] [stdout] thread 'rooms::get_rooms' (1638) panicked at tests/it/helpers.rs:7:22:
[INFO] [stdout] called `Result::unwrap()` on an `Err` value: Io(Custom { kind: NotFound, error: "path not found" })
[INFO] [stdout] stack backtrace:
[INFO] [stdout]    0:     0x5594062a6a41 - <<std[70759c8f55707aa4]::sys::backtrace::BacktraceLock>::print::DisplayBacktrace as core[df12db4294e9bfd3]::fmt::Display>::fmt
[INFO] [stdout]    1:     0x5594062bc9fa - core[df12db4294e9bfd3]::fmt::write
[INFO] [stdout]    2:     0x5594062ab48c - <alloc[2182bb758b4b3781]::vec::Vec<u8> as core[df12db4294e9bfd3]::io::write::Write>::write_fmt
[INFO] [stdout]    3:     0x559406281a56 - std[70759c8f55707aa4]::panicking::default_hook::{closure#0}
[INFO] [stdout]    4:     0x55940629e8f9 - std[70759c8f55707aa4]::panicking::default_hook
[INFO] [stdout]    5:     0x559406172de0 - test[9d35eded1c95d3be]::test_main_inner::<test[9d35eded1c95d3be]::test_main_static::{closure#0}>::{closure#0}
[INFO] [stdout]    6:     0x55940629ec22 - std[70759c8f55707aa4]::panicking::panic_with_hook
[INFO] [stdout]    7:     0x559406281b02 - std[70759c8f55707aa4]::panicking::panic_handler::{closure#0}
[INFO] [stdout]    8:     0x55940627a569 - std[70759c8f55707aa4]::sys::backtrace::__rust_end_short_backtrace::<std[70759c8f55707aa4]::panicking::panic_handler::{closure#0}, !>
[INFO] [stdout]    9:     0x55940628298d - __rustc[8fa7c3cbc660c2b3]::rust_begin_unwind
[INFO] [stdout]   10:     0x5594062bd15c - core[df12db4294e9bfd3]::panicking::panic_fmt
[INFO] [stdout]   11:     0x5594062bcf32 - core[df12db4294e9bfd3]::result::unwrap_failed
[INFO] [stdout]   12:     0x55940615c2ac - it[66189113faf7b43f]::helpers::get_daily_client
[INFO] [stdout]   13:     0x559406142e66 - it[66189113faf7b43f]::rooms::get_rooms::{closure#0}
[INFO] [stdout]   14:     0x559406156723 - <tokio[3ee18defc8e98be]::runtime::scheduler::current_thread::Context>::enter::<core[df12db4294e9bfd3]::task::poll::Poll<()>, <tokio[3ee18defc8e98be]::runtime::scheduler::current_thread::CoreGuard>::block_on<core[df12db4294e9bfd3]::pin::Pin<&mut core[df12db4294e9bfd3]::pin::Pin<&mut dyn core[df12db4294e9bfd3]::future::future::Future<Output = ()>>>>::{closure#0}::{closure#0}>
[INFO] [stdout]   15:     0x55940615d3ff - <std[70759c8f55707aa4]::thread::local::LocalKey<tokio[3ee18defc8e98be]::runtime::context::Context>>::with::<tokio[3ee18defc8e98be]::runtime::context::set_scheduler<(alloc[2182bb758b4b3781]::boxed::Box<tokio[3ee18defc8e98be]::runtime::scheduler::current_thread::Core>, core[df12db4294e9bfd3]::option::Option<()>), <tokio[3ee18defc8e98be]::runtime::scheduler::current_thread::CoreGuard>::enter<<tokio[3ee18defc8e98be]::runtime::scheduler::current_thread::CoreGuard>::block_on<core[df12db4294e9bfd3]::pin::Pin<&mut core[df12db4294e9bfd3]::pin::Pin<&mut dyn core[df12db4294e9bfd3]::future::future::Future<Output = ()>>>>::{closure#0}, core[df12db4294e9bfd3]::option::Option<()>>::{closure#0}>::{closure#0}, (alloc[2182bb758b4b3781]::boxed::Box<tokio[3ee18defc8e98be]::runtime::scheduler::current_thread::Core>, core[df12db4294e9bfd3]::option::Option<()>)>
[INFO] [stdout]   16:     0x559406156de7 - <tokio[3ee18defc8e98be]::runtime::scheduler::current_thread::CoreGuard>::block_on::<core[df12db4294e9bfd3]::pin::Pin<&mut core[df12db4294e9bfd3]::pin::Pin<&mut dyn core[df12db4294e9bfd3]::future::future::Future<Output = ()>>>>
[INFO] [stdout]   17:     0x55940615fe31 - tokio[3ee18defc8e98be]::runtime::context::runtime::enter_runtime::<<tokio[3ee18defc8e98be]::runtime::scheduler::current_thread::CurrentThread>::block_on<core[df12db4294e9bfd3]::pin::Pin<&mut dyn core[df12db4294e9bfd3]::future::future::Future<Output = ()>>>::{closure#0}, ()>
[INFO] [stdout]   18:     0x55940615e4ae - <tokio[3ee18defc8e98be]::runtime::runtime::Runtime>::block_on_inner::<core[df12db4294e9bfd3]::pin::Pin<&mut dyn core[df12db4294e9bfd3]::future::future::Future<Output = ()>>>
[INFO] [stdout]   19:     0x55940614494b - it[66189113faf7b43f]::rooms::get_rooms
[INFO] [stdout]   20:     0x55940615af09 - <it[66189113faf7b43f]::rooms::get_rooms::{closure#0} as core[df12db4294e9bfd3]::ops::function::FnOnce<()>>::call_once
[INFO] [stdout]   21:     0x5594061660cb - test[9d35eded1c95d3be]::__rust_begin_short_backtrace::<core[df12db4294e9bfd3]::result::Result<(), alloc[2182bb758b4b3781]::string::String>, fn() -> core[df12db4294e9bfd3]::result::Result<(), alloc[2182bb758b4b3781]::string::String>>
[INFO] [stdout]   22:     0x559406173735 - test[9d35eded1c95d3be]::run_test::{closure#0}
[INFO] [stdout]   23:     0x55940616cff4 - std[70759c8f55707aa4]::sys::backtrace::__rust_begin_short_backtrace::<test[9d35eded1c95d3be]::run_test::{closure#1}, ()>
[INFO] [stdout]   24:     0x559406176892 - <std[70759c8f55707aa4]::thread::lifecycle::spawn_unchecked<test[9d35eded1c95d3be]::run_test::{closure#1}, ()>::{closure#1} as core[df12db4294e9bfd3]::ops::function::FnOnce<()>>::call_once::{shim:vtable#0}
[INFO] [stdout]   25:     0x5594062a5f69 - <std[70759c8f55707aa4]::sys::thread::unix::Thread>::new::thread_start
[INFO] [stdout]   26:     0x7b6208a1adfa - <unknown>
[INFO] [stdout]   27:     0x7b6208aae3d4 - clone
[INFO] [stdout]   28:                0x0 - <unknown>
[INFO] [stdout] 
[INFO] [stdout] ---- rooms::make_meeting_token stdout ----
[INFO] [stdout] 
[INFO] [stdout] thread 'rooms::make_meeting_token' (1639) panicked at tests/it/helpers.rs:7:22:
[INFO] [stdout] called `Result::unwrap()` on an `Err` value: Io(Custom { kind: NotFound, error: "path not found" })
[INFO] [stdout] stack backtrace:
[INFO] [stdout]    0:     0x5594062a6a41 - <<std[70759c8f55707aa4]::sys::backtrace::BacktraceLock>::print::DisplayBacktrace as core[df12db4294e9bfd3]::fmt::Display>::fmt
[INFO] [stdout]    1:     0x5594062bc9fa - core[df12db4294e9bfd3]::fmt::write
[INFO] [stdout]    2:     0x5594062ab48c - <alloc[2182bb758b4b3781]::vec::Vec<u8> as core[df12db4294e9bfd3]::io::write::Write>::write_fmt
[INFO] [stdout]    3:     0x559406281a56 - std[70759c8f55707aa4]::panicking::default_hook::{closure#0}
[INFO] [stdout]    4:     0x55940629e8f9 - std[70759c8f55707aa4]::panicking::default_hook
[INFO] [stdout]    5:     0x559406172de0 - test[9d35eded1c95d3be]::test_main_inner::<test[9d35eded1c95d3be]::test_main_static::{closure#0}>::{closure#0}
[INFO] [stdout]    6:     0x55940629ec22 - std[70759c8f55707aa4]::panicking::panic_with_hook
[INFO] [stdout]    7:     0x559406281b02 - std[70759c8f55707aa4]::panicking::panic_handler::{closure#0}
[INFO] [stdout]    8:     0x55940627a569 - std[70759c8f55707aa4]::sys::backtrace::__rust_end_short_backtrace::<std[70759c8f55707aa4]::panicking::panic_handler::{closure#0}, !>
[INFO] [stdout]    9:     0x55940628298d - __rustc[8fa7c3cbc660c2b3]::rust_begin_unwind
[INFO] [stdout]   10:     0x5594062bd15c - core[df12db4294e9bfd3]::panicking::panic_fmt
[INFO] [stdout]   11:     0x5594062bcf32 - core[df12db4294e9bfd3]::result::unwrap_failed
[INFO] [stdout]   12:     0x55940615c2ac - it[66189113faf7b43f]::helpers::get_daily_client
[INFO] [stdout]   13:     0x559406141be6 - it[66189113faf7b43f]::rooms::make_meeting_token::{closure#0}
[INFO] [stdout]   14:     0x559406156723 - <tokio[3ee18defc8e98be]::runtime::scheduler::current_thread::Context>::enter::<core[df12db4294e9bfd3]::task::poll::Poll<()>, <tokio[3ee18defc8e98be]::runtime::scheduler::current_thread::CoreGuard>::block_on<core[df12db4294e9bfd3]::pin::Pin<&mut core[df12db4294e9bfd3]::pin::Pin<&mut dyn core[df12db4294e9bfd3]::future::future::Future<Output = ()>>>>::{closure#0}::{closure#0}>
[INFO] [stdout]   15:     0x55940615d3ff - <std[70759c8f55707aa4]::thread::local::LocalKey<tokio[3ee18defc8e98be]::runtime::context::Context>>::with::<tokio[3ee18defc8e98be]::runtime::context::set_scheduler<(alloc[2182bb758b4b3781]::boxed::Box<tokio[3ee18defc8e98be]::runtime::scheduler::current_thread::Core>, core[df12db4294e9bfd3]::option::Option<()>), <tokio[3ee18defc8e98be]::runtime::scheduler::current_thread::CoreGuard>::enter<<tokio[3ee18defc8e98be]::runtime::scheduler::current_thread::CoreGuard>::block_on<core[df12db4294e9bfd3]::pin::Pin<&mut core[df12db4294e9bfd3]::pin::Pin<&mut dyn core[df12db4294e9bfd3]::future::future::Future<Output = ()>>>>::{closure#0}, core[df12db4294e9bfd3]::option::Option<()>>::{closure#0}>::{closure#0}, (alloc[2182bb758b4b3781]::boxed::Box<tokio[3ee18defc8e98be]::runtime::scheduler::current_thread::Core>, core[df12db4294e9bfd3]::option::Option<()>)>
[INFO] [stdout]   16:     0x559406156de7 - <tokio[3ee18defc8e98be]::runtime::scheduler::current_thread::CoreGuard>::block_on::<core[df12db4294e9bfd3]::pin::Pin<&mut core[df12db4294e9bfd3]::pin::Pin<&mut dyn core[df12db4294e9bfd3]::future::future::Future<Output = ()>>>>
[INFO] [stdout]   17:     0x55940615fe31 - tokio[3ee18defc8e98be]::runtime::context::runtime::enter_runtime::<<tokio[3ee18defc8e98be]::runtime::scheduler::current_thread::CurrentThread>::block_on<core[df12db4294e9bfd3]::pin::Pin<&mut dyn core[df12db4294e9bfd3]::future::future::Future<Output = ()>>>::{closure#0}, ()>
[INFO] [stdout]   18:     0x55940615e4ae - <tokio[3ee18defc8e98be]::runtime::runtime::Runtime>::block_on_inner::<core[df12db4294e9bfd3]::pin::Pin<&mut dyn core[df12db4294e9bfd3]::future::future::Future<Output = ()>>>
[INFO] [stdout]   19:     0x5594061446ab - it[66189113faf7b43f]::rooms::make_meeting_token
[INFO] [stdout]   20:     0x55940615aec9 - <it[66189113faf7b43f]::rooms::make_meeting_token::{closure#0} as core[df12db4294e9bfd3]::ops::function::FnOnce<()>>::call_once
[INFO] [stdout]   21:     0x5594061660cb - test[9d35eded1c95d3be]::__rust_begin_short_backtrace::<core[df12db4294e9bfd3]::result::Result<(), alloc[2182bb758b4b3781]::string::String>, fn() -> core[df12db4294e9bfd3]::result::Result<(), alloc[2182bb758b4b3781]::string::String>>
[INFO] [stdout]   22:     0x559406173735 - test[9d35eded1c95d3be]::run_test::{closure#0}
[INFO] [stdout]   23:     0x55940616cff4 - std[70759c8f55707aa4]::sys::backtrace::__rust_begin_short_backtrace::<test[9d35eded1c95d3be]::run_test::{closure#1}, ()>
[INFO] [stdout]   24:     0x559406176892 - <std[70759c8f55707aa4]::thread::lifecycle::spawn_unchecked<test[9d35eded1c95d3be]::run_test::{closure#1}, ()>::{closure#1} as core[df12db4294e9bfd3]::ops::function::FnOnce<()>>::call_once::{shim:vtable#0}
[INFO] [stdout]   25:     0x5594062a5f69 - <std[70759c8f55707aa4]::sys::thread::unix::Thread>::new::thread_start
[INFO] [stdout]   26:     0x7b6208a1adfa - <unknown>
[INFO] [stdout]   27:     0x7b6208aae3d4 - clone
[INFO] [stdout]   28:                0x0 - <unknown>
[INFO] [stdout] 
[INFO] [stdout] ---- recordings::list_recordings stdout ----
[INFO] [stdout] 
[INFO] [stdout] thread 'recordings::list_recordings' (1633) panicked at tests/it/helpers.rs:7:22:
[INFO] [stdout] called `Result::unwrap()` on an `Err` value: Io(Custom { kind: NotFound, error: "path not found" })
[INFO] [stdout] stack backtrace:
[INFO] [stdout]    0:     0x5594062a6a41 - <<std[70759c8f55707aa4]::sys::backtrace::BacktraceLock>::print::DisplayBacktrace as core[df12db4294e9bfd3]::fmt::Display>::fmt
[INFO] [stdout]    1:     0x5594062bc9fa - core[df12db4294e9bfd3]::fmt::write
[INFO] [stdout]    2:     0x5594062ab48c - <alloc[2182bb758b4b3781]::vec::Vec<u8> as core[df12db4294e9bfd3]::io::write::Write>::write_fmt
[INFO] [stdout]    3:     0x559406281a56 - std[70759c8f55707aa4]::panicking::default_hook::{closure#0}
[INFO] [stdout]    4:     0x55940629e8f9 - std[70759c8f55707aa4]::panicking::default_hook
[INFO] [stdout]    5:     0x559406172de0 - test[9d35eded1c95d3be]::test_main_inner::<test[9d35eded1c95d3be]::test_main_static::{closure#0}>::{closure#0}
[INFO] [stdout]    6:     0x55940629ec22 - std[70759c8f55707aa4]::panicking::panic_with_hook
[INFO] [stdout]    7:     0x559406281b02 - std[70759c8f55707aa4]::panicking::panic_handler::{closure#0}
[INFO] [stdout]    8:     0x55940627a569 - std[70759c8f55707aa4]::sys::backtrace::__rust_end_short_backtrace::<std[70759c8f55707aa4]::panicking::panic_handler::{closure#0}, !>
[INFO] [stdout]    9:     0x55940628298d - __rustc[8fa7c3cbc660c2b3]::rust_begin_unwind
[INFO] [stdout]   10:     0x5594062bd15c - core[df12db4294e9bfd3]::panicking::panic_fmt
[INFO] [stdout]   11:     0x5594062bcf32 - core[df12db4294e9bfd3]::result::unwrap_failed
[INFO] [stdout]   12:     0x55940615c2ac - it[66189113faf7b43f]::helpers::get_daily_client
[INFO] [stdout]   13:     0x5594061467b9 - it[66189113faf7b43f]::recordings::list_recordings::{closure#0}
[INFO] [stdout]   14:     0x55940615655d - <tokio[3ee18defc8e98be]::runtime::scheduler::current_thread::Context>::enter::<core[df12db4294e9bfd3]::task::poll::Poll<core[df12db4294e9bfd3]::result::Result<(), dailyco[f450de7e8959a1da]::error::Error>>, <tokio[3ee18defc8e98be]::runtime::scheduler::current_thread::CoreGuard>::block_on<core[df12db4294e9bfd3]::pin::Pin<&mut core[df12db4294e9bfd3]::pin::Pin<&mut dyn core[df12db4294e9bfd3]::future::future::Future<Output = core[df12db4294e9bfd3]::result::Result<(), dailyco[f450de7e8959a1da]::error::Error>>>>>::{closure#0}::{closure#0}>
[INFO] [stdout]   15:     0x55940615d1b8 - <std[70759c8f55707aa4]::thread::local::LocalKey<tokio[3ee18defc8e98be]::runtime::context::Context>>::with::<tokio[3ee18defc8e98be]::runtime::context::set_scheduler<(alloc[2182bb758b4b3781]::boxed::Box<tokio[3ee18defc8e98be]::runtime::scheduler::current_thread::Core>, core[df12db4294e9bfd3]::option::Option<core[df12db4294e9bfd3]::result::Result<(), dailyco[f450de7e8959a1da]::error::Error>>), <tokio[3ee18defc8e98be]::runtime::scheduler::current_thread::CoreGuard>::enter<<tokio[3ee18defc8e98be]::runtime::scheduler::current_thread::CoreGuard>::block_on<core[df12db4294e9bfd3]::pin::Pin<&mut core[df12db4294e9bfd3]::pin::Pin<&mut dyn core[df12db4294e9bfd3]::future::future::Future<Output = core[df12db4294e9bfd3]::result::Result<(), dailyco[f450de7e8959a1da]::error::Error>>>>>::{closure#0}, core[df12db4294e9bfd3]::option::Option<core[df12db4294e9bfd3]::result::Result<(), dailyco[f450de7e8959a1da]::error::Error>>>::{closure#0}>::{closure#0}, (alloc[2182bb758b4b3781]::boxed::Box<tokio[3ee18defc8e98be]::runtime::scheduler::current_thread::Core>, core[df12db4294e9bfd3]::option::Option<core[df12db4294e9bfd3]::result::Result<(), dailyco[f450de7e8959a1da]::error::Error>>)>
[INFO] [stdout]   16:     0x559406156c17 - <tokio[3ee18defc8e98be]::runtime::scheduler::current_thread::CoreGuard>::block_on::<core[df12db4294e9bfd3]::pin::Pin<&mut core[df12db4294e9bfd3]::pin::Pin<&mut dyn core[df12db4294e9bfd3]::future::future::Future<Output = core[df12db4294e9bfd3]::result::Result<(), dailyco[f450de7e8959a1da]::error::Error>>>>>
[INFO] [stdout]   17:     0x55940615f8c9 - tokio[3ee18defc8e98be]::runtime::context::runtime::enter_runtime::<<tokio[3ee18defc8e98be]::runtime::scheduler::current_thread::CurrentThread>::block_on<core[df12db4294e9bfd3]::pin::Pin<&mut dyn core[df12db4294e9bfd3]::future::future::Future<Output = core[df12db4294e9bfd3]::result::Result<(), dailyco[f450de7e8959a1da]::error::Error>>>>::{closure#0}, core[df12db4294e9bfd3]::result::Result<(), dailyco[f450de7e8959a1da]::error::Error>>
[INFO] [stdout]   18:     0x55940615e0d2 - <tokio[3ee18defc8e98be]::runtime::runtime::Runtime>::block_on_inner::<core[df12db4294e9bfd3]::pin::Pin<&mut dyn core[df12db4294e9bfd3]::future::future::Future<Output = core[df12db4294e9bfd3]::result::Result<(), dailyco[f450de7e8959a1da]::error::Error>>>>
[INFO] [stdout]   19:     0x559406148b61 - it[66189113faf7b43f]::recordings::list_recordings
[INFO] [stdout]   20:     0x55940615ad87 - <it[66189113faf7b43f]::recordings::list_recordings::{closure#0} as core[df12db4294e9bfd3]::ops::function::FnOnce<()>>::call_once
[INFO] [stdout]   21:     0x5594061660cb - test[9d35eded1c95d3be]::__rust_begin_short_backtrace::<core[df12db4294e9bfd3]::result::Result<(), alloc[2182bb758b4b3781]::string::String>, fn() -> core[df12db4294e9bfd3]::result::Result<(), alloc[2182bb758b4b3781]::string::String>>
[INFO] [stdout]   22:     0x559406173735 - test[9d35eded1c95d3be]::run_test::{closure#0}
[INFO] [stdout]   23:     0x55940616cff4 - std[70759c8f55707aa4]::sys::backtrace::__rust_begin_short_backtrace::<test[9d35eded1c95d3be]::run_test::{closure#1}, ()>
[INFO] [stdout]   24:     0x559406176892 - <std[70759c8f55707aa4]::thread::lifecycle::spawn_unchecked<test[9d35eded1c95d3be]::run_test::{closure#1}, ()>::{closure#1} as core[df12db4294e9bfd3]::ops::function::FnOnce<()>>::call_once::{shim:vtable#0}
[INFO] [stdout]   25:     0x5594062a5f69 - <std[70759c8f55707aa4]::sys::thread::unix::Thread>::new::thread_start
[INFO] [stdout]   26:     0x7b6208a1adfa - <unknown>
[INFO] [stdout]   27:     0x7b6208aae3d4 - clone
[INFO] [stdout]   28:                0x0 - <unknown>
[INFO] [stdout] 
[INFO] [stdout] ---- rooms::update_room stdout ----
[INFO] [stdout] 
[INFO] [stdout] thread 'rooms::update_room' (1640) panicked at tests/it/helpers.rs:7:22:
[INFO] [stdout] called `Result::unwrap()` on an `Err` value: Io(Custom { kind: NotFound, error: "path not found" })
[INFO] [stdout] stack backtrace:
[INFO] [stdout]    0:     0x5594062a6a41 - <<std[70759c8f55707aa4]::sys::backtrace::BacktraceLock>::print::DisplayBacktrace as core[df12db4294e9bfd3]::fmt::Display>::fmt
[INFO] [stdout]    1:     0x5594062bc9fa - core[df12db4294e9bfd3]::fmt::write
[INFO] [stdout]    2:     0x5594062ab48c - <alloc[2182bb758b4b3781]::vec::Vec<u8> as core[df12db4294e9bfd3]::io::write::Write>::write_fmt
[INFO] [stdout]    3:     0x559406281a56 - std[70759c8f55707aa4]::panicking::default_hook::{closure#0}
[INFO] [stdout]    4:     0x55940629e8f9 - std[70759c8f55707aa4]::panicking::default_hook
[INFO] [stdout]    5:     0x559406172de0 - test[9d35eded1c95d3be]::test_main_inner::<test[9d35eded1c95d3be]::test_main_static::{closure#0}>::{closure#0}
[INFO] [stdout]    6:     0x55940629ec22 - std[70759c8f55707aa4]::panicking::panic_with_hook
[INFO] [stdout]    7:     0x559406281b02 - std[70759c8f55707aa4]::panicking::panic_handler::{closure#0}
[INFO] [stdout]    8:     0x55940627a569 - std[70759c8f55707aa4]::sys::backtrace::__rust_end_short_backtrace::<std[70759c8f55707aa4]::panicking::panic_handler::{closure#0}, !>
[INFO] [stdout]    9:     0x55940628298d - __rustc[8fa7c3cbc660c2b3]::rust_begin_unwind
[INFO] [stdout]   10:     0x5594062bd15c - core[df12db4294e9bfd3]::panicking::panic_fmt
[INFO] [stdout]   11:     0x5594062bcf32 - core[df12db4294e9bfd3]::result::unwrap_failed
[INFO] [stdout]   12:     0x55940615c2ac - it[66189113faf7b43f]::helpers::get_daily_client
[INFO] [stdout]   13:     0x559406140916 - it[66189113faf7b43f]::rooms::update_room::{closure#0}
[INFO] [stdout]   14:     0x559406156723 - <tokio[3ee18defc8e98be]::runtime::scheduler::current_thread::Context>::enter::<core[df12db4294e9bfd3]::task::poll::Poll<()>, <tokio[3ee18defc8e98be]::runtime::scheduler::current_thread::CoreGuard>::block_on<core[df12db4294e9bfd3]::pin::Pin<&mut core[df12db4294e9bfd3]::pin::Pin<&mut dyn core[df12db4294e9bfd3]::future::future::Future<Output = ()>>>>::{closure#0}::{closure#0}>
[INFO] [stdout]   15:     0x55940615d3ff - <std[70759c8f55707aa4]::thread::local::LocalKey<tokio[3ee18defc8e98be]::runtime::context::Context>>::with::<tokio[3ee18defc8e98be]::runtime::context::set_scheduler<(alloc[2182bb758b4b3781]::boxed::Box<tokio[3ee18defc8e98be]::runtime::scheduler::current_thread::Core>, core[df12db4294e9bfd3]::option::Option<()>), <tokio[3ee18defc8e98be]::runtime::scheduler::current_thread::CoreGuard>::enter<<tokio[3ee18defc8e98be]::runtime::scheduler::current_thread::CoreGuard>::block_on<core[df12db4294e9bfd3]::pin::Pin<&mut core[df12db4294e9bfd3]::pin::Pin<&mut dyn core[df12db4294e9bfd3]::future::future::Future<Output = ()>>>>::{closure#0}, core[df12db4294e9bfd3]::option::Option<()>>::{closure#0}>::{closure#0}, (alloc[2182bb758b4b3781]::boxed::Box<tokio[3ee18defc8e98be]::runtime::scheduler::current_thread::Core>, core[df12db4294e9bfd3]::option::Option<()>)>
[INFO] [stdout]   16:     0x559406156de7 - <tokio[3ee18defc8e98be]::runtime::scheduler::current_thread::CoreGuard>::block_on::<core[df12db4294e9bfd3]::pin::Pin<&mut core[df12db4294e9bfd3]::pin::Pin<&mut dyn core[df12db4294e9bfd3]::future::future::Future<Output = ()>>>>
[INFO] [stdout]   17:     0x55940615fe31 - tokio[3ee18defc8e98be]::runtime::context::runtime::enter_runtime::<<tokio[3ee18defc8e98be]::runtime::scheduler::current_thread::CurrentThread>::block_on<core[df12db4294e9bfd3]::pin::Pin<&mut dyn core[df12db4294e9bfd3]::future::future::Future<Output = ()>>>::{closure#0}, ()>
[INFO] [stdout]   18:     0x55940615e4ae - <tokio[3ee18defc8e98be]::runtime::runtime::Runtime>::block_on_inner::<core[df12db4294e9bfd3]::pin::Pin<&mut dyn core[df12db4294e9bfd3]::future::future::Future<Output = ()>>>
[INFO] [stdout]   19:     0x55940614421b - it[66189113faf7b43f]::rooms::update_room
[INFO] [stdout]   20:     0x55940615ae69 - <it[66189113faf7b43f]::rooms::update_room::{closure#0} as core[df12db4294e9bfd3]::ops::function::FnOnce<()>>::call_once
[INFO] [stdout]   21:     0x5594061660cb - test[9d35eded1c95d3be]::__rust_begin_short_backtrace::<core[df12db4294e9bfd3]::result::Result<(), alloc[2182bb758b4b3781]::string::String>, fn() -> core[df12db4294e9bfd3]::result::Result<(), alloc[2182bb758b4b3781]::string::String>>
[INFO] [stdout]   22:     0x559406173735 - test[9d35eded1c95d3be]::run_test::{closure#0}
[INFO] [stdout]   23:     0x55940616cff4 - std[70759c8f55707aa4]::sys::backtrace::__rust_begin_short_backtrace::<test[9d35eded1c95d3be]::run_test::{closure#1}, ()>
[INFO] [stdout]   24:     0x559406176892 - <std[70759c8f55707aa4]::thread::lifecycle::spawn_unchecked<test[9d35eded1c95d3be]::run_test::{closure#1}, ()>::{closure#1} as core[df12db4294e9bfd3]::ops::function::FnOnce<()>>::call_once::{shim:vtable#0}
[INFO] [stdout]   25:     0x5594062a5f69 - <std[70759c8f55707aa4]::sys::thread::unix::Thread>::new::thread_start
[INFO] [stdout]   26:     0x7b6208a1adfa - <unknown>
[INFO] [stdout]   27:     0x7b6208aae3d4 - clone
[INFO] [stdout]   28:                0x0 - <unknown>
[INFO] [stdout] 
[INFO] [stdout] ---- tokens::meeting_tokens_create_roundtrip stdout ----
[INFO] [stdout] 
[INFO] [stdout] thread 'tokens::meeting_tokens_create_roundtrip' (1641) panicked at tests/it/helpers.rs:7:22:
[INFO] [stdout] called `Result::unwrap()` on an `Err` value: Io(Custom { kind: NotFound, error: "path not found" })
[INFO] [stdout] stack backtrace:
[INFO] [stdout]    0:     0x5594062a6a41 - <<std[70759c8f55707aa4]::sys::backtrace::BacktraceLock>::print::DisplayBacktrace as core[df12db4294e9bfd3]::fmt::Display>::fmt
[INFO] [stdout]    1:     0x5594062bc9fa - core[df12db4294e9bfd3]::fmt::write
[INFO] [stdout]    2:     0x5594062ab48c - <alloc[2182bb758b4b3781]::vec::Vec<u8> as core[df12db4294e9bfd3]::io::write::Write>::write_fmt
[INFO] [stdout]    3:     0x559406281a56 - std[70759c8f55707aa4]::panicking::default_hook::{closure#0}
[INFO] [stdout]    4:     0x55940629e8f9 - std[70759c8f55707aa4]::panicking::default_hook
[INFO] [stdout]    5:     0x559406172de0 - test[9d35eded1c95d3be]::test_main_inner::<test[9d35eded1c95d3be]::test_main_static::{closure#0}>::{closure#0}
[INFO] [stdout]    6:     0x55940629ec22 - std[70759c8f55707aa4]::panicking::panic_with_hook
[INFO] [stdout]    7:     0x559406281b02 - std[70759c8f55707aa4]::panicking::panic_handler::{closure#0}
[INFO] [stdout]    8:     0x55940627a569 - std[70759c8f55707aa4]::sys::backtrace::__rust_end_short_backtrace::<std[70759c8f55707aa4]::panicking::panic_handler::{closure#0}, !>
[INFO] [stdout]    9:     0x55940628298d - __rustc[8fa7c3cbc660c2b3]::rust_begin_unwind
[INFO] [stdout]   10:     0x5594062bd15c - core[df12db4294e9bfd3]::panicking::panic_fmt
[INFO] [stdout]   11:     0x5594062bcf32 - core[df12db4294e9bfd3]::result::unwrap_failed
[INFO] [stdout]   12:     0x55940615c2ac - it[66189113faf7b43f]::helpers::get_daily_client
[INFO] [stdout]   13:     0x55940614af36 - it[66189113faf7b43f]::tokens::meeting_tokens_create_roundtrip::{closure#0}
[INFO] [stdout]   14:     0x559406156378 - <tokio[3ee18defc8e98be]::runtime::scheduler::current_thread::Context>::enter::<core[df12db4294e9bfd3]::task::poll::Poll<core[df12db4294e9bfd3]::result::Result<(), anyhow[2c1e66b651177bae]::Error>>, <tokio[3ee18defc8e98be]::runtime::scheduler::current_thread::CoreGuard>::block_on<core[df12db4294e9bfd3]::pin::Pin<&mut core[df12db4294e9bfd3]::pin::Pin<&mut dyn core[df12db4294e9bfd3]::future::future::Future<Output = core[df12db4294e9bfd3]::result::Result<(), anyhow[2c1e66b651177bae]::Error>>>>>::{closure#0}::{closure#0}>
[INFO] [stdout]   15:     0x55940615cfcf - <std[70759c8f55707aa4]::thread::local::LocalKey<tokio[3ee18defc8e98be]::runtime::context::Context>>::with::<tokio[3ee18defc8e98be]::runtime::context::set_scheduler<(alloc[2182bb758b4b3781]::boxed::Box<tokio[3ee18defc8e98be]::runtime::scheduler::current_thread::Core>, core[df12db4294e9bfd3]::option::Option<core[df12db4294e9bfd3]::result::Result<(), anyhow[2c1e66b651177bae]::Error>>), <tokio[3ee18defc8e98be]::runtime::scheduler::current_thread::CoreGuard>::enter<<tokio[3ee18defc8e98be]::runtime::scheduler::current_thread::CoreGuard>::block_on<core[df12db4294e9bfd3]::pin::Pin<&mut core[df12db4294e9bfd3]::pin::Pin<&mut dyn core[df12db4294e9bfd3]::future::future::Future<Output = core[df12db4294e9bfd3]::result::Result<(), anyhow[2c1e66b651177bae]::Error>>>>>::{closure#0}, core[df12db4294e9bfd3]::option::Option<core[df12db4294e9bfd3]::result::Result<(), anyhow[2c1e66b651177bae]::Error>>>::{closure#0}>::{closure#0}, (alloc[2182bb758b4b3781]::boxed::Box<tokio[3ee18defc8e98be]::runtime::scheduler::current_thread::Core>, core[df12db4294e9bfd3]::option::Option<core[df12db4294e9bfd3]::result::Result<(), anyhow[2c1e66b651177bae]::Error>>)>
[INFO] [stdout]   16:     0x559406156a5e - <tokio[3ee18defc8e98be]::runtime::scheduler::current_thread::CoreGuard>::block_on::<core[df12db4294e9bfd3]::pin::Pin<&mut core[df12db4294e9bfd3]::pin::Pin<&mut dyn core[df12db4294e9bfd3]::future::future::Future<Output = core[df12db4294e9bfd3]::result::Result<(), anyhow[2c1e66b651177bae]::Error>>>>>
[INFO] [stdout]   17:     0x55940615f311 - tokio[3ee18defc8e98be]::runtime::context::runtime::enter_runtime::<<tokio[3ee18defc8e98be]::runtime::scheduler::current_thread::CurrentThread>::block_on<core[df12db4294e9bfd3]::pin::Pin<&mut dyn core[df12db4294e9bfd3]::future::future::Future<Output = core[df12db4294e9bfd3]::result::Result<(), anyhow[2c1e66b651177bae]::Error>>>>::{closure#0}, core[df12db4294e9bfd3]::result::Result<(), anyhow[2c1e66b651177bae]::Error>>
[INFO] [stdout]   18:     0x55940615dd1e - <tokio[3ee18defc8e98be]::runtime::runtime::Runtime>::block_on_inner::<core[df12db4294e9bfd3]::pin::Pin<&mut dyn core[df12db4294e9bfd3]::future::future::Future<Output = core[df12db4294e9bfd3]::result::Result<(), anyhow[2c1e66b651177bae]::Error>>>>
[INFO] [stdout]   19:     0x55940614d07b - it[66189113faf7b43f]::tokens::meeting_tokens_create_roundtrip
[INFO] [stdout]   20:     0x55940615af2f - <it[66189113faf7b43f]::tokens::meeting_tokens_create_roundtrip::{closure#0} as core[df12db4294e9bfd3]::ops::function::FnOnce<()>>::call_once
[INFO] [stdout]   21:     0x5594061660cb - test[9d35eded1c95d3be]::__rust_begin_short_backtrace::<core[df12db4294e9bfd3]::result::Result<(), alloc[2182bb758b4b3781]::string::String>, fn() -> core[df12db4294e9bfd3]::result::Result<(), alloc[2182bb758b4b3781]::string::String>>
[INFO] [stdout]   22:     0x559406173735 - test[9d35eded1c95d3be]::run_test::{closure#0}
[INFO] [stdout]   23:     0x55940616cff4 - std[70759c8f55707aa4]::sys::backtrace::__rust_begin_short_backtrace::<test[9d35eded1c95d3be]::run_test::{closure#1}, ()>
[INFO] [stdout]   24:     0x559406176892 - <std[70759c8f55707aa4]::thread::lifecycle::spawn_unchecked<test[9d35eded1c95d3be]::run_test::{closure#1}, ()>::{closure#1} as core[df12db4294e9bfd3]::ops::function::FnOnce<()>>::call_once::{shim:vtable#0}
[INFO] [stdout]   25:     0x5594062a5f69 - <std[70759c8f55707aa4]::sys::thread::unix::Thread>::new::thread_start
[INFO] [stdout]   26:     0x7b6208a1adfa - <unknown>
[INFO] [stdout]   27:     0x7b6208aae3d4 - clone
[INFO] [stdout]   28:                0x0 - <unknown>
[INFO] [stdout] 
[INFO] [stdout] ---- rooms::get_room_not_found stdout ----
[INFO] [stdout] 
[INFO] [stdout] thread 'rooms::get_room_not_found' (1637) panicked at tests/it/helpers.rs:7:22:
[INFO] [stdout] called `Result::unwrap()` on an `Err` value: Io(Custom { kind: NotFound, error: "path not found" })
[INFO] [stdout] stack backtrace:
[INFO] [stdout]    0:     0x5594062a6a41 - <<std[70759c8f55707aa4]::sys::backtrace::BacktraceLock>::print::DisplayBacktrace as core[df12db4294e9bfd3]::fmt::Display>::fmt
[INFO] [stdout]    1:     0x5594062bc9fa - core[df12db4294e9bfd3]::fmt::write
[INFO] [stdout]    2:     0x5594062ab48c - <alloc[2182bb758b4b3781]::vec::Vec<u8> as core[df12db4294e9bfd3]::io::write::Write>::write_fmt
[INFO] [stdout]    3:     0x559406281a56 - std[70759c8f55707aa4]::panicking::default_hook::{closure#0}
[INFO] [stdout]    4:     0x55940629e8f9 - std[70759c8f55707aa4]::panicking::default_hook
[INFO] [stdout]    5:     0x559406172de0 - test[9d35eded1c95d3be]::test_main_inner::<test[9d35eded1c95d3be]::test_main_static::{closure#0}>::{closure#0}
[INFO] [stdout]    6:     0x55940629ec22 - std[70759c8f55707aa4]::panicking::panic_with_hook
[INFO] [stdout]    7:     0x559406281b02 - std[70759c8f55707aa4]::panicking::panic_handler::{closure#0}
[INFO] [stdout]    8:     0x55940627a569 - std[70759c8f55707aa4]::sys::backtrace::__rust_end_short_backtrace::<std[70759c8f55707aa4]::panicking::panic_handler::{closure#0}, !>
[INFO] [stdout]    9:     0x55940628298d - __rustc[8fa7c3cbc660c2b3]::rust_begin_unwind
[INFO] [stdout]   10:     0x5594062bd15c - core[df12db4294e9bfd3]::panicking::panic_fmt
[INFO] [stdout]   11:     0x5594062bcf32 - core[df12db4294e9bfd3]::result::unwrap_failed
[INFO] [stdout]   12:     0x55940615c2ac - it[66189113faf7b43f]::helpers::get_daily_client
[INFO] [stdout]   13:     0x559406141a52 - it[66189113faf7b43f]::rooms::get_room_not_found::{closure#0}
[INFO] [stdout]   14:     0x559406156723 - <tokio[3ee18defc8e98be]::runtime::scheduler::current_thread::Context>::enter::<core[df12db4294e9bfd3]::task::poll::Poll<()>, <tokio[3ee18defc8e98be]::runtime::scheduler::current_thread::CoreGuard>::block_on<core[df12db4294e9bfd3]::pin::Pin<&mut core[df12db4294e9bfd3]::pin::Pin<&mut dyn core[df12db4294e9bfd3]::future::future::Future<Output = ()>>>>::{closure#0}::{closure#0}>
[INFO] [stdout]   15:     0x55940615d3ff - <std[70759c8f55707aa4]::thread::local::LocalKey<tokio[3ee18defc8e98be]::runtime::context::Context>>::with::<tokio[3ee18defc8e98be]::runtime::context::set_scheduler<(alloc[2182bb758b4b3781]::boxed::Box<tokio[3ee18defc8e98be]::runtime::scheduler::current_thread::Core>, core[df12db4294e9bfd3]::option::Option<()>), <tokio[3ee18defc8e98be]::runtime::scheduler::current_thread::CoreGuard>::enter<<tokio[3ee18defc8e98be]::runtime::scheduler::current_thread::CoreGuard>::block_on<core[df12db4294e9bfd3]::pin::Pin<&mut core[df12db4294e9bfd3]::pin::Pin<&mut dyn core[df12db4294e9bfd3]::future::future::Future<Output = ()>>>>::{closure#0}, core[df12db4294e9bfd3]::option::Option<()>>::{closure#0}>::{closure#0}, (alloc[2182bb758b4b3781]::boxed::Box<tokio[3ee18defc8e98be]::runtime::scheduler::current_thread::Core>, core[df12db4294e9bfd3]::option::Option<()>)>
[INFO] [stdout]   16:     0x559406156de7 - <tokio[3ee18defc8e98be]::runtime::scheduler::current_thread::CoreGuard>::block_on::<core[df12db4294e9bfd3]::pin::Pin<&mut core[df12db4294e9bfd3]::pin::Pin<&mut dyn core[df12db4294e9bfd3]::future::future::Future<Output = ()>>>>
[INFO] [stdout]   17:     0x55940615fe31 - tokio[3ee18defc8e98be]::runtime::context::runtime::enter_runtime::<<tokio[3ee18defc8e98be]::runtime::scheduler::current_thread::CurrentThread>::block_on<core[df12db4294e9bfd3]::pin::Pin<&mut dyn core[df12db4294e9bfd3]::future::future::Future<Output = ()>>>::{closure#0}, ()>
[INFO] [stdout]   18:     0x55940615e4ae - <tokio[3ee18defc8e98be]::runtime::runtime::Runtime>::block_on_inner::<core[df12db4294e9bfd3]::pin::Pin<&mut dyn core[df12db4294e9bfd3]::future::future::Future<Output = ()>>>
[INFO] [stdout]   19:     0x5594061444bb - it[66189113faf7b43f]::rooms::get_room_not_found
[INFO] [stdout]   20:     0x55940615aea9 - <it[66189113faf7b43f]::rooms::get_room_not_found::{closure#0} as core[df12db4294e9bfd3]::ops::function::FnOnce<()>>::call_once
[INFO] [stdout]   21:     0x5594061660cb - test[9d35eded1c95d3be]::__rust_begin_short_backtrace::<core[df12db4294e9bfd3]::result::Result<(), alloc[2182bb758b4b3781]::string::String>, fn() -> core[df12db4294e9bfd3]::result::Result<(), alloc[2182bb758b4b3781]::string::String>>
[INFO] [stdout]   22:     0x559406173735 - test[9d35eded1c95d3be]::run_test::{closure#0}
[INFO] [stdout]   23:     0x55940616cff4 - std[70759c8f55707aa4]::sys::backtrace::__rust_begin_short_backtrace::<test[9d35eded1c95d3be]::run_test::{closure#1}, ()>
[INFO] [stdout]   24:     0x559406176892 - <std[70759c8f55707aa4]::thread::lifecycle::spawn_unchecked<test[9d35eded1c95d3be]::run_test::{closure#1}, ()>::{closure#1} as core[df12db4294e9bfd3]::ops::function::FnOnce<()>>::call_once::{shim:vtable#0}
[INFO] [stdout]   25:     0x5594062a5f69 - <std[70759c8f55707aa4]::sys::thread::unix::Thread>::new::thread_start
[INFO] [stdout]   26:     0x7b6208a1adfa - <unknown>
[INFO] [stdout]   27:     0x7b6208aae3d4 - clone
[INFO] [stdout]   28:                0x0 - <unknown>
[INFO] [stdout] 
[INFO] [stdout] ---- rooms::get_room stdout ----
[INFO] [stdout] 
[INFO] [stdout] thread 'rooms::get_room' (1636) panicked at tests/it/helpers.rs:7:22:
[INFO] [stdout] called `Result::unwrap()` on an `Err` value: Io(Custom { kind: NotFound, error: "path not found" })
[INFO] [stdout] stack backtrace:
[INFO] [stdout]    0:     0x5594062a6a41 - <<std[70759c8f55707aa4]::sys::backtrace::BacktraceLock>::print::DisplayBacktrace as core[df12db4294e9bfd3]::fmt::Display>::fmt
[INFO] [stdout]    1:     0x5594062bc9fa - core[df12db4294e9bfd3]::fmt::write
[INFO] [stdout]    2:     0x5594062ab48c - <alloc[2182bb758b4b3781]::vec::Vec<u8> as core[df12db4294e9bfd3]::io::write::Write>::write_fmt
[INFO] [stdout]    3:     0x559406281a56 - std[70759c8f55707aa4]::panicking::default_hook::{closure#0}
[INFO] [stdout]    4:     0x55940629e8f9 - std[70759c8f55707aa4]::panicking::default_hook
[INFO] [stdout]    5:     0x559406172de0 - test[9d35eded1c95d3be]::test_main_inner::<test[9d35eded1c95d3be]::test_main_static::{closure#0}>::{closure#0}
[INFO] [stdout]    6:     0x55940629ec22 - std[70759c8f55707aa4]::panicking::panic_with_hook
[INFO] [stdout]    7:     0x559406281b02 - std[70759c8f55707aa4]::panicking::panic_handler::{closure#0}
[INFO] [stdout]    8:     0x55940627a569 - std[70759c8f55707aa4]::sys::backtrace::__rust_end_short_backtrace::<std[70759c8f55707aa4]::panicking::panic_handler::{closure#0}, !>
[INFO] [stdout]    9:     0x55940628298d - __rustc[8fa7c3cbc660c2b3]::rust_begin_unwind
[INFO] [stdout]   10:     0x5594062bd15c - core[df12db4294e9bfd3]::panicking::panic_fmt
[INFO] [stdout]   11:     0x5594062bcf32 - core[df12db4294e9bfd3]::result::unwrap_failed
[INFO] [stdout]   12:     0x55940615c2ac - it[66189113faf7b43f]::helpers::get_daily_client
[INFO] [stdout]   13:     0x559406142761 - it[66189113faf7b43f]::rooms::get_room::{closure#0}
[INFO] [stdout]   14:     0x559406156723 - <tokio[3ee18defc8e98be]::runtime::scheduler::current_thread::Context>::enter::<core[df12db4294e9bfd3]::task::poll::Poll<()>, <tokio[3ee18defc8e98be]::runtime::scheduler::current_thread::CoreGuard>::block_on<core[df12db4294e9bfd3]::pin::Pin<&mut core[df12db4294e9bfd3]::pin::Pin<&mut dyn core[df12db4294e9bfd3]::future::future::Future<Output = ()>>>>::{closure#0}::{closure#0}>
[INFO] [stdout]   15:     0x55940615d3ff - <std[70759c8f55707aa4]::thread::local::LocalKey<tokio[3ee18defc8e98be]::runtime::context::Context>>::with::<tokio[3ee18defc8e98be]::runtime::context::set_scheduler<(alloc[2182bb758b4b3781]::boxed::Box<tokio[3ee18defc8e98be]::runtime::scheduler::current_thread::Core>, core[df12db4294e9bfd3]::option::Option<()>), <tokio[3ee18defc8e98be]::runtime::scheduler::current_thread::CoreGuard>::enter<<tokio[3ee18defc8e98be]::runtime::scheduler::current_thread::CoreGuard>::block_on<core[df12db4294e9bfd3]::pin::Pin<&mut core[df12db4294e9bfd3]::pin::Pin<&mut dyn core[df12db4294e9bfd3]::future::future::Future<Output = ()>>>>::{closure#0}, core[df12db4294e9bfd3]::option::Option<()>>::{closure#0}>::{closure#0}, (alloc[2182bb758b4b3781]::boxed::Box<tokio[3ee18defc8e98be]::runtime::scheduler::current_thread::Core>, core[df12db4294e9bfd3]::option::Option<()>)>
[INFO] [stdout]   16:     0x559406156de7 - <tokio[3ee18defc8e98be]::runtime::scheduler::current_thread::CoreGuard>::block_on::<core[df12db4294e9bfd3]::pin::Pin<&mut core[df12db4294e9bfd3]::pin::Pin<&mut dyn core[df12db4294e9bfd3]::future::future::Future<Output = ()>>>>
[INFO] [stdout]   17:     0x55940615fe31 - tokio[3ee18defc8e98be]::runtime::context::runtime::enter_runtime::<<tokio[3ee18defc8e98be]::runtime::scheduler::current_thread::CurrentThread>::block_on<core[df12db4294e9bfd3]::pin::Pin<&mut dyn core[df12db4294e9bfd3]::future::future::Future<Output = ()>>>::{closure#0}, ()>
[INFO] [stdout]   18:     0x55940615e4ae - <tokio[3ee18defc8e98be]::runtime::runtime::Runtime>::block_on_inner::<core[df12db4294e9bfd3]::pin::Pin<&mut dyn core[df12db4294e9bfd3]::future::future::Future<Output = ()>>>
[INFO] [stdout]   19:     0x5594061447fb - it[66189113faf7b43f]::rooms::get_room
[INFO] [stdout]   20:     0x55940615aee9 - <it[66189113faf7b43f]::rooms::get_room::{closure#0} as core[df12db4294e9bfd3]::ops::function::FnOnce<()>>::call_once
[INFO] [stdout]   21:     0x5594061660cb - test[9d35eded1c95d3be]::__rust_begin_short_backtrace::<core[df12db4294e9bfd3]::result::Result<(), alloc[2182bb758b4b3781]::string::String>, fn() -> core[df12db4294e9bfd3]::result::Result<(), alloc[2182bb758b4b3781]::string::String>>
[INFO] [stdout]   22:     0x559406173735 - test[9d35eded1c95d3be]::run_test::{closure#0}
[INFO] [stdout]   23:     0x55940616cff4 - std[70759c8f55707aa4]::sys::backtrace::__rust_begin_short_backtrace::<test[9d35eded1c95d3be]::run_test::{closure#1}, ()>
[INFO] [stdout]   24:     0x559406176892 - <std[70759c8f55707aa4]::thread::lifecycle::spawn_unchecked<test[9d35eded1c95d3be]::run_test::{closure#1}, ()>::{closure#1} as core[df12db4294e9bfd3]::ops::function::FnOnce<()>>::call_once::{shim:vtable#0}
[INFO] [stdout]   25:     0x5594062a5f69 - <std[70759c8f55707aa4]::sys::thread::unix::Thread>::new::thread_start
[INFO] [stdout]   26:     0x7b6208a1adfa - <unknown>
[INFO] [stdout]   27:     0x7b6208aae3d4 - clone
[INFO] [stdout]   28:                0x0 - <unknown>
[INFO] [stdout] 
[INFO] [stdout] 
[INFO] [stdout] failures:
[INFO] [stdout]     recordings::delete_recording_not_found
[INFO] [stdout]     recordings::get_recording_access_link_not_found
[INFO] [stdout]     recordings::get_recording_not_found
[INFO] [stdout]     recordings::list_recordings
[INFO] [stdout]     rooms::can_make_room
[INFO] [stdout]     rooms::delete_room
[INFO] [stdout]     rooms::get_room
[INFO] [stdout]     rooms::get_room_not_found
[INFO] [stdout]     rooms::get_rooms
[INFO] [stdout]     rooms::make_meeting_token
[INFO] [stdout]     rooms::update_room
[INFO] [stdout]     tokens::meeting_tokens_create_roundtrip
[INFO] [stdout] 
[INFO] [stdout] test result: FAILED. 0 passed; 12 failed; 0 ignored; 0 measured; 0 filtered out; finished in 0.17s
[INFO] [stdout] 
[INFO] running `Command { std: "docker" "inspect" "8064d2b0fbcdc753824de5d78167d1c8154fd97f798246a3c2a1e8b5d7db85c9", kill_on_drop: false }`
[INFO] running `Command { std: "docker" "rm" "-f" "8064d2b0fbcdc753824de5d78167d1c8154fd97f798246a3c2a1e8b5d7db85c9", kill_on_drop: false }`
[INFO] [stdout] 8064d2b0fbcdc753824de5d78167d1c8154fd97f798246a3c2a1e8b5d7db85c9
