[INFO] fetching crate dagq 0.3.0...
[INFO] testing dagq-0.3.0 against 1.99.0-beta.8+cargoflags=--release for beta-release-1.100-2
[INFO] extracting crate dagq 0.3.0 into /workspace/builds/worker-3-tc1/source
[INFO] started tweaking crates.io crate dagq 0.3.0
[INFO] finished tweaking crates.io crate dagq 0.3.0
[INFO] tweaked toml for crates.io crate dagq 0.3.0 written to /workspace/builds/worker-3-tc1/source/Cargo.toml
[INFO] validating manifest of crates.io crate dagq 0.3.0 on toolchain 1.99.0-beta.8
[INFO] running `Command { std: CARGO_HOME="/workspace/cargo-home" RUSTUP_HOME="/workspace/rustup-home" "/workspace/cargo-home/bin/cargo" "+1.99.0-beta.8" "metadata" "--manifest-path" "Cargo.toml" "--no-deps", kill_on_drop: false }`
[INFO] crate crates.io crate dagq 0.3.0 already has a lockfile, it will not be regenerated
[INFO] running `Command { std: CARGO_HOME="/workspace/cargo-home" RUSTUP_HOME="/workspace/rustup-home" "/workspace/cargo-home/bin/cargo" "+1.99.0-beta.8" "fetch" "--manifest-path" "Cargo.toml", kill_on_drop: false }`
[INFO] running `Command { std: "docker" "create" "-v" "/var/lib/crater-agent-workspace/builds/worker-3-tc1/source:/opt/rustwide/workdir:ro,Z" "-v" "/var/lib/crater-agent-workspace/builds/worker-3-tc1/target:/opt/rustwide/target:rw,Z" "-v" "/var/lib/crater-agent-workspace/cargo-home:/opt/rustwide/cargo-home:ro,Z" "-v" "/var/lib/crater-agent-workspace/rustup-home:/opt/rustwide/rustup-home:ro,Z" "-m" "1610612736" "--network" "none" "ghcr.io/rust-lang/crates-build-env/linux@sha256:77db811e55d90add9212f6832c23229e3de5f1c1f9905e8cb07319ea15df73ac" "sleep" "infinity", kill_on_drop: false }`
[INFO] [stdout] c6711ca7878f0c794ce745c79e9e33736277e69dcb4488c539ac1443a73dd877
[INFO] running `Command { std: "docker" "start" "c6711ca7878f0c794ce745c79e9e33736277e69dcb4488c539ac1443a73dd877", kill_on_drop: false }`
[INFO] running `Command { std: "docker" "inspect" "c6711ca7878f0c794ce745c79e9e33736277e69dcb4488c539ac1443a73dd877", kill_on_drop: false }`
[INFO] running `Command { std: "docker" "exec" "-e" "SOURCE_DIR=/opt/rustwide/workdir" "-e" "CARGO_HOME=/opt/rustwide/cargo-home" "-e" "RUSTUP_HOME=/opt/rustwide/rustup-home" "-e" "CARGO_TARGET_DIR=/opt/rustwide/target" "-w" "/opt/rustwide/workdir" "--user" "0:0" "c6711ca7878f0c794ce745c79e9e33736277e69dcb4488c539ac1443a73dd877" "/opt/rustwide/cargo-home/bin/cargo" "+1.99.0-beta.8" "metadata" "--no-deps" "--format-version=1", kill_on_drop: false }`
[INFO] running `Command { std: "docker" "inspect" "c6711ca7878f0c794ce745c79e9e33736277e69dcb4488c539ac1443a73dd877", kill_on_drop: false }`
[INFO] running `Command { std: "docker" "exec" "-e" "SOURCE_DIR=/opt/rustwide/workdir" "-e" "CARGO_HOME=/opt/rustwide/cargo-home" "-e" "RUSTUP_HOME=/opt/rustwide/rustup-home" "-e" "CARGO_TARGET_DIR=/opt/rustwide/target" "-e" "CARGO_INCREMENTAL=0" "-e" "RUST_BACKTRACE=full" "-e" "RUSTFLAGS=--cap-lints=warn" "-e" "RUSTDOCFLAGS=--cap-lints=warn" "-w" "/opt/rustwide/workdir" "--user" "0:0" "c6711ca7878f0c794ce745c79e9e33736277e69dcb4488c539ac1443a73dd877" "/opt/rustwide/cargo-home/bin/cargo" "+1.99.0-beta.8" "build" "--frozen" "--message-format=json" "--release", kill_on_drop: false }`
[INFO] [stderr]    Compiling cc v1.4.7
[INFO] [stderr]    Compiling hashbrown v0.17.1
[INFO] [stderr]    Compiling clap_lex v1.1.1
[INFO] [stderr]    Compiling syn v3.0.6
[INFO] [stderr]    Compiling getrandom v0.4.3
[INFO] [stderr]    Compiling memchr v2.8.3
[INFO] [stderr]    Compiling digest v0.10.7
[INFO] [stderr]    Compiling uuid v1.26.1
[INFO] [stderr]    Compiling clap_builder v4.6.7
[INFO] [stderr]    Compiling sha2 v0.10.9
[INFO] [stderr]    Compiling hashlink v0.12.2
[INFO] [stderr]    Compiling serde_json v1.0.151
[INFO] [stderr]    Compiling libsqlite3-sys v0.38.2
[INFO] [stderr]    Compiling serde_derive v1.0.229
[INFO] [stderr]    Compiling clap_derive v4.6.7
[INFO] [stderr]    Compiling clap v4.6.7
[INFO] [stderr]    Compiling serde v1.0.229
[INFO] [stderr]    Compiling rusqlite v0.40.2
[INFO] [stderr]    Compiling dagq v0.3.0 (/opt/rustwide/workdir)
[INFO] [stderr]     Finished `release` profile [optimized] target(s) in 2m 07s
[INFO] running `Command { std: "docker" "inspect" "c6711ca7878f0c794ce745c79e9e33736277e69dcb4488c539ac1443a73dd877", kill_on_drop: false }`
[INFO] running `Command { std: "docker" "exec" "-e" "SOURCE_DIR=/opt/rustwide/workdir" "-e" "CARGO_HOME=/opt/rustwide/cargo-home" "-e" "RUSTUP_HOME=/opt/rustwide/rustup-home" "-e" "CARGO_TARGET_DIR=/opt/rustwide/target" "-e" "CARGO_INCREMENTAL=0" "-e" "RUST_BACKTRACE=full" "-e" "RUSTFLAGS=--cap-lints=warn" "-e" "RUSTDOCFLAGS=--cap-lints=warn" "-w" "/opt/rustwide/workdir" "--user" "0:0" "c6711ca7878f0c794ce745c79e9e33736277e69dcb4488c539ac1443a73dd877" "/opt/rustwide/cargo-home/bin/cargo" "+1.99.0-beta.8" "test" "--frozen" "--no-run" "--message-format=json" "--release", kill_on_drop: false }`
[INFO] [stderr]    Compiling rustix v1.1.5
[INFO] [stderr]    Compiling once_cell v1.21.4
[INFO] [stderr]    Compiling rusqlite v0.40.2
[INFO] [stderr]    Compiling dagq v0.3.0 (/opt/rustwide/workdir)
[INFO] [stderr]    Compiling tempfile v3.27.0
[INFO] [stderr]     Finished `release` profile [optimized] target(s) in 41.96s
[INFO] running `Command { std: "docker" "inspect" "c6711ca7878f0c794ce745c79e9e33736277e69dcb4488c539ac1443a73dd877", kill_on_drop: false }`
[INFO] running `Command { std: "docker" "exec" "-e" "SOURCE_DIR=/opt/rustwide/workdir" "-e" "CARGO_HOME=/opt/rustwide/cargo-home" "-e" "RUSTUP_HOME=/opt/rustwide/rustup-home" "-e" "CARGO_TARGET_DIR=/opt/rustwide/target" "-e" "CARGO_INCREMENTAL=0" "-e" "RUST_BACKTRACE=full" "-e" "RUSTFLAGS=--cap-lints=warn" "-e" "RUSTDOCFLAGS=--cap-lints=warn" "-w" "/opt/rustwide/workdir" "--user" "0:0" "c6711ca7878f0c794ce745c79e9e33736277e69dcb4488c539ac1443a73dd877" "/opt/rustwide/cargo-home/bin/cargo" "+1.99.0-beta.8" "test" "--frozen" "--release", kill_on_drop: false }`
[INFO] [stderr]     Finished `release` profile [optimized] target(s) in 0.09s
[INFO] [stderr]      Running unittests src/lib.rs (/opt/rustwide/target/release/deps/dagq-a6da9468078f3cb6)
[INFO] [stdout] 
[INFO] [stdout] running 86 tests
[INFO] [stdout] test domain::attention_tests::new_ask_rejects_blank_texts_and_bad_ids ... ok
[INFO] [stdout] test application::clock_tests::a_clock_gives_unix_seconds_and_the_timestamp_column_form ... ok
[INFO] [stdout] test domain::attention_tests::run_attention_asks_to_recover_an_unfinished_run_without_a_lease ... ok
[INFO] [stdout] test application::integrate::tests::check_receipt_rejects_what_git_does_not_back ... ok
[INFO] [stdout] test domain::attention_tests::event_attention_covers_every_kind_by_its_status ... ok
[INFO] [stdout] test domain::attention_tests::review_verdict_is_read_from_the_whole_stdout_or_its_outermost_object ... ok
[INFO] [stdout] test domain::goal::tests::a_closed_goal_takes_no_tasks ... ok
[INFO] [stdout] test domain::attention_tests::triage_verdict_is_read_from_the_output_and_instruction_defaults_to_empty ... ok
[INFO] [stdout] test application::tests::no_blocking_task_leaves_the_critical_chain_empty ... ok
[INFO] [stdout] test domain::goal::tests::an_edit_replaces_the_given_fields ... ok
[INFO] [stdout] test domain::goal::tests::only_an_unclosed_draft_goal_becomes_ready ... ok
[INFO] [stdout] test domain::goal::tests::restore_checks_the_id_title_and_close ... ok
[INFO] [stdout] test domain::ids::tests::a_commit_is_a_full_hexadecimal_object_id ... ok
[INFO] [stdout] test domain::attention_tests::run_attention_follows_the_resting_status ... ok
[INFO] [stdout] test domain::ids::tests::a_run_id_is_never_blank ... ok
[INFO] [stdout] test domain::goal::tests::a_goal_closes_once_and_only_when_its_tasks_allow_the_verdict ... ok
[INFO] [stdout] test application::tests::graph_counts_transitive_releases_and_follows_the_critical_chain ... ok
[INFO] [stdout] test domain::ids::tests::task_and_goal_ids_order_by_value ... ok
[INFO] [stdout] test domain::run::tests::idle_marker_and_relocation ... ok
[INFO] [stdout] test domain::run::tests::new_starts_a_claimed_run_of_a_claimed_task ... ok
[INFO] [stdout] test application::integrate::tests::a_sound_receipt_is_accepted_through_the_repository_port ... ok
[INFO] [stdout] test domain::run::tests::a_run_goes_from_claim_to_integration ... ok
[INFO] [stdout] test domain::run::tests::restore_checks_the_stored_invariants ... ok
[INFO] [stdout] test domain::run::tests::transitions_refuse_other_statuses ... ok
[INFO] [stdout] test domain::run::tests::triage_and_workspace_close ... ok
[INFO] [stdout] test application::integrate::tests::tail_keeps_the_last_bytes_on_a_character_boundary ... ok
[INFO] [stdout] test application::tests::goal_narrows_tasks_candidates_and_the_critical_start ... ok
[INFO] [stdout] test domain::attention_tests::triage_state_follows_the_latest_triage_or_resume ... ok
[INFO] [stdout] test domain::attention_tests::asks_wait_for_the_inbox_until_closed ... ok
[INFO] [stdout] test domain::scope::tests::a_question_mark_is_one_character_and_the_rest_is_literal ... ok
[INFO] [stdout] test domain::run::tests::recovery_integration_and_resume ... ok
[INFO] [stdout] test domain::ids::tests::ids_print_and_serialize_as_the_bare_value ... ok
[INFO] [stdout] test domain::scope::tests::globs_must_be_relative_and_plain ... ok
[INFO] [stdout] test domain::task::tests::only_a_draft_or_ready_task_changes_its_goal_paths_or_dependencies ... ok
[INFO] [stdout] test domain::task::tests::restore_keeps_the_stored_state_and_checks_its_invariants ... ok
[INFO] [stdout] test domain::task::tests::a_dependency_is_neither_on_itself_nor_a_cycle ... ok
[INFO] [stdout] test domain::run::tests::session_and_validation_outcomes ... ok
[INFO] [stdout] test domain::task::tests::transition_follows_the_status_rules ... ok
[INFO] [stdout] test domain::tests::missing_evidence_is_a_required_check_not_passed_with_evidence ... ok
[INFO] [stdout] test domain::task::tests::claim_takes_only_a_ready_task ... ok
[INFO] [stdout] test domain::scope::tests::a_double_star_segment_spans_any_depth ... ok
[INFO] [stdout] test domain::tests::a_note_needs_text_and_a_slug_kind ... ok
[INFO] [stdout] test domain::scope::tests::a_star_stays_inside_one_segment ... ok
[INFO] [stdout] test domain::scope::tests::out_of_scope_lists_what_no_glob_matches_and_nothing_without_globs ... ok
[INFO] [stdout] test domain::goal::tests::a_new_goal_is_open_or_a_draft_and_not_closed ... ok
[INFO] [stdout] test domain::task::tests::a_new_task_is_a_draft_with_each_check_and_glob_once ... ok
[INFO] [stdout] test domain::attention_tests::supervisor_attention_reports_stale_registrations_or_a_stopped_queue ... ok
[INFO] [stdout] test domain::tests::rejections_carry_their_facts_and_keep_the_cli_messages ... ok
[INFO] [stdout] test infrastructure::adapters::tests::created_group_id_reads_the_group_uuid ... ok
[INFO] [stdout] test infrastructure::adapters::tests::workspace_descriptions_are_one_machine_readable_line ... ok
[INFO] [stdout] test infrastructure::adapters::tests::workspace_names_carry_the_repository_and_the_task ... ok
[INFO] [stdout] test infrastructure::launchd::tests::plist_lists_every_key_launchd_needs ... ok
[INFO] [stdout] test infrastructure::adapters::tests::a_default_push_report_is_skipped_for_origin ... ok
[INFO] [stdout] test infrastructure::adapters::tests::claude_headless_command_prints_with_only_the_allowed_tools ... ok
[INFO] [stdout] test infrastructure::adapters::tests::workspace_listed_matches_the_id_only ... ok
[INFO] [stdout] test infrastructure::location::tests::data_home_ignores_relative_or_empty_xdg_and_falls_back_to_home ... ok
[INFO] [stdout] test infrastructure::adapters::tests::claude_global_config_prefers_the_config_dir_over_home ... ok
[INFO] [stdout] test infrastructure::launchd::tests::print_pid_reads_the_pid_line ... ok
[INFO] [stdout] test infrastructure::location::tests::hash_is_stable_and_short ... ok
[INFO] [stdout] test infrastructure::location::tests::explicit_db_keeps_runs_next_to_it ... ok
[INFO] [stdout] test infrastructure::location::tests::prepare_creates_the_directory_and_repository_pointer ... ok
[INFO] [stdout] test infrastructure::location::tests::repository_queue_lives_under_the_data_home ... ok
[INFO] [stdout] test infrastructure::run_env::tests::empty_text_and_empty_table_are_no_env ... ok
[INFO] [stdout] test infrastructure::run_env::tests::expands_only_the_queue_and_run_directories ... ok
[INFO] [stdout] test infrastructure::run_env::tests::parses_the_run_env_table_in_file_order ... ok
[INFO] [stdout] test runtime::prompt_tests::detect_prompt_finds_the_three_dialogs ... ok
[INFO] [stdout] test infrastructure::location::tests::queue_hash_is_the_repository_hash_however_the_queue_is_reached ... ok
[INFO] [stdout] test infrastructure::sql_ids::tests::ids_round_trip_through_sqlite_and_are_checked_on_the_way_back ... ok
[INFO] [stdout] test view::tests::task_detail_keeps_the_latest_run_and_events_without_paths ... ok
[INFO] [stdout] test runtime::prompt_tests::screen_tail_keeps_the_last_non_empty_lines ... ok
[INFO] [stdout] test runtime::prompt_tests::detect_prompt_ignores_a_working_session ... ok
[INFO] [stdout] test infrastructure::run_env::tests::errors_name_the_line ... ok
[INFO] [stdout] test view::tests::goal_detail_truncates_texts_and_keeps_kinds_of_latest_events ... ok
[INFO] [stdout] test view::tests::task_detail_without_runs_is_empty ... ok
[INFO] [stdout] test infrastructure::run_env::tests::rejects_what_the_subset_does_not_support ... ok
[INFO] [stdout] test infrastructure::launchd::tests::uninstall_tolerates_a_missing_plist_but_not_a_relative_install_path ... FAILED
[INFO] [stdout] test view::tests::truncate_counts_characters_and_marks_the_cut ... ok
[INFO] [stdout] test view::tests::views_list_the_latest_notes_with_their_text ... ok
[INFO] [stdout] test infrastructure::run_env::tests::loads_and_expands_the_file_in_the_root ... ok
[INFO] [stdout] test infrastructure::run_env::tests::unreadable_file_is_an_error ... ok
[INFO] [stdout] test infrastructure::adapters::tests::system_processes_signal_a_child_and_see_it_gone ... ok
[INFO] [stdout] test runtime::idle_tests::idle_marker_is_idle_unless_background_work_runs ... ok
[INFO] [stdout] test infrastructure::adapters::tests::review_output_to_streams_raw_bytes_into_the_file ... ok
[INFO] [stdout] test infrastructure::adapters::tests::create_names_the_run_workspace_and_tags_it ... ok
[INFO] [stdout] test infrastructure::adapters::tests::review_output_reads_non_utf8_lossily_where_output_refuses_it ... ok
[INFO] [stdout] test infrastructure::adapters::tests::ensure_group_and_exists_call_cmux ... ok
[INFO] [stdout] 
[INFO] [stdout] failures:
[INFO] [stderr] error: test failed, to rerun pass `--lib`
[INFO] [stdout] 
[INFO] [stdout] ---- infrastructure::launchd::tests::uninstall_tolerates_a_missing_plist_but_not_a_relative_install_path stdout ----
[INFO] [stdout] 
[INFO] [stdout] thread 'infrastructure::launchd::tests::uninstall_tolerates_a_missing_plist_but_not_a_relative_install_path' (829) panicked at src/infrastructure/launchd.rs:319:63:
[INFO] [stdout] called `Result::unwrap()` on an `Err` value: start "launchctl"
[INFO] [stdout] 
[INFO] [stdout] Caused by:
[INFO] [stdout]     No such file or directory (os error 2)
[INFO] [stdout] 
[INFO] [stdout] Stack backtrace:
[INFO] [stdout]    0: <core::io::error::Error as anyhow::context::ext::StdError>::ext_context::<alloc::string::String>
[INFO] [stdout]    1: dagq::infrastructure::adapters::capture_bytes
[INFO] [stdout]    2: dagq::infrastructure::adapters::capture
[INFO] [stdout]    3: <dagq::infrastructure::launchd::Launchctl>::state
[INFO] [stdout]    4: <dagq::infrastructure::launchd::Launchctl as dagq::application::ports::LaunchAgent>::uninstall
[INFO] [stdout]    5: dagq::infrastructure::launchd::tests::uninstall_tolerates_a_missing_plist_but_not_a_relative_install_path
[INFO] [stdout]    6: <dagq::infrastructure::launchd::tests::uninstall_tolerates_a_missing_plist_but_not_a_relative_install_path::{closure#0} as core::ops::function::FnOnce<()>>::call_once
[INFO] [stdout]    7: test::__rust_begin_short_backtrace::<core::result::Result<(), alloc::string::String>, fn() -> core::result::Result<(), alloc::string::String>>
[INFO] [stdout]    8: test::run_test::{closure#0}
[INFO] [stdout]    9: std::sys::backtrace::__rust_begin_short_backtrace::<test::run_test::{closure#1}, ()>
[INFO] [stdout]   10: <std::thread::lifecycle::spawn_unchecked<test::run_test::{closure#1}, ()>::{closure#1} as core::ops::function::FnOnce<()>>::call_once::{shim:vtable#0}
[INFO] [stdout]   11: <std::sys::thread::unix::Thread>::new::thread_start
[INFO] [stdout]   12: <unknown>
[INFO] [stdout]   13: clone
[INFO] [stdout] stack backtrace:
[INFO] [stdout]    0:     0x644ae40fcd71 - <<std[70759c8f55707aa4]::sys::backtrace::BacktraceLock>::print::DisplayBacktrace as core[df12db4294e9bfd3]::fmt::Display>::fmt
[INFO] [stdout]    1:     0x644ae4112dca - core[df12db4294e9bfd3]::fmt::write
[INFO] [stdout]    2:     0x644ae4101c7c - <alloc[2182bb758b4b3781]::vec::Vec<u8> as core[df12db4294e9bfd3]::io::write::Write>::write_fmt
[INFO] [stdout]    3:     0x644ae40d5fb6 - std[70759c8f55707aa4]::panicking::default_hook::{closure#0}
[INFO] [stdout]    4:     0x644ae40f3f99 - std[70759c8f55707aa4]::panicking::default_hook
[INFO] [stdout]    5:     0x644ae3ed8c80 - test[9d35eded1c95d3be]::test_main_inner::<test[9d35eded1c95d3be]::test_main_static::{closure#0}>::{closure#0}
[INFO] [stdout]    6:     0x644ae40f4152 - std[70759c8f55707aa4]::panicking::panic_with_hook
[INFO] [stdout]    7:     0x644ae40d6062 - std[70759c8f55707aa4]::panicking::panic_handler::{closure#0}
[INFO] [stdout]    8:     0x644ae40ce549 - std[70759c8f55707aa4]::sys::backtrace::__rust_end_short_backtrace::<std[70759c8f55707aa4]::panicking::panic_handler::{closure#0}, !>
[INFO] [stdout]    9:     0x644ae40d6f1d - __rustc[8fa7c3cbc660c2b3]::rust_begin_unwind
[INFO] [stdout]   10:     0x644ae411352c - core[df12db4294e9bfd3]::panicking::panic_fmt
[INFO] [stdout]   11:     0x644ae4113302 - core[df12db4294e9bfd3]::result::unwrap_failed
[INFO] [stdout]   12:     0x644ae3e7664d - dagq[c549f966de562e9b]::infrastructure::launchd::tests::uninstall_tolerates_a_missing_plist_but_not_a_relative_install_path
[INFO] [stdout]   13:     0x644ae3e86809 - <dagq[c549f966de562e9b]::infrastructure::launchd::tests::uninstall_tolerates_a_missing_plist_but_not_a_relative_install_path::{closure#0} as core[df12db4294e9bfd3]::ops::function::FnOnce<()>>::call_once
[INFO] [stdout]   14:     0x644ae3ecbf6b - test[9d35eded1c95d3be]::__rust_begin_short_backtrace::<core[df12db4294e9bfd3]::result::Result<(), alloc[2182bb758b4b3781]::string::String>, fn() -> core[df12db4294e9bfd3]::result::Result<(), alloc[2182bb758b4b3781]::string::String>>
[INFO] [stdout]   15:     0x644ae3ed95d5 - test[9d35eded1c95d3be]::run_test::{closure#0}
[INFO] [stdout]   16:     0x644ae3ed2e94 - std[70759c8f55707aa4]::sys::backtrace::__rust_begin_short_backtrace::<test[9d35eded1c95d3be]::run_test::{closure#1}, ()>
[INFO] [stdout]   17:     0x644ae3edc732 - <std[70759c8f55707aa4]::thread::lifecycle::spawn_unchecked<test[9d35eded1c95d3be]::run_test::{closure#1}, ()>::{closure#1} as core[df12db4294e9bfd3]::ops::function::FnOnce<()>>::call_once::{shim:vtable#0}
[INFO] [stdout]   18:     0x644ae40fbdc9 - <std[70759c8f55707aa4]::sys::thread::unix::Thread>::new::thread_start
[INFO] [stdout]   19:     0x7277645e5dfa - <unknown>
[INFO] [stdout]   20:     0x7277646793d4 - clone
[INFO] [stdout]   21:                0x0 - <unknown>
[INFO] [stdout] 
[INFO] [stdout] 
[INFO] [stdout] failures:
[INFO] [stdout]     infrastructure::launchd::tests::uninstall_tolerates_a_missing_plist_but_not_a_relative_install_path
[INFO] [stdout] 
[INFO] [stdout] test result: FAILED. 85 passed; 1 failed; 0 ignored; 0 measured; 0 filtered out; finished in 0.08s
[INFO] [stdout] 
[INFO] running `Command { std: "docker" "inspect" "c6711ca7878f0c794ce745c79e9e33736277e69dcb4488c539ac1443a73dd877", kill_on_drop: false }`
[INFO] running `Command { std: "docker" "rm" "-f" "c6711ca7878f0c794ce745c79e9e33736277e69dcb4488c539ac1443a73dd877", kill_on_drop: false }`
[INFO] [stdout] c6711ca7878f0c794ce745c79e9e33736277e69dcb4488c539ac1443a73dd877
