[INFO] fetching crate dagger-sdk 1.0.0-beta.17...
[INFO] testing dagger-sdk-1.0.0-beta.17 against 1.100.0-beta.1+cargoflags=--release for beta-release-1.100-2
[INFO] extracting crate dagger-sdk 1.0.0-beta.17 into /workspace/builds/worker-7-tc2/source
[INFO] started tweaking crates.io crate dagger-sdk 1.0.0-beta.17
[INFO] finished tweaking crates.io crate dagger-sdk 1.0.0-beta.17
[INFO] tweaked toml for crates.io crate dagger-sdk 1.0.0-beta.17 written to /workspace/builds/worker-7-tc2/source/Cargo.toml
[INFO] validating manifest of crates.io crate dagger-sdk 1.0.0-beta.17 on toolchain 1.100.0-beta.1
[INFO] running `Command { std: CARGO_HOME="/workspace/cargo-home" RUSTUP_HOME="/workspace/rustup-home" "/workspace/cargo-home/bin/cargo" "+1.100.0-beta.1" "metadata" "--manifest-path" "Cargo.toml" "--no-deps", kill_on_drop: false }`
[INFO] crate crates.io crate dagger-sdk 1.0.0-beta.17 already has a lockfile, it will not be regenerated
[INFO] running `Command { std: CARGO_HOME="/workspace/cargo-home" RUSTUP_HOME="/workspace/rustup-home" "/workspace/cargo-home/bin/cargo" "+1.100.0-beta.1" "fetch" "--manifest-path" "Cargo.toml", kill_on_drop: false }`
[INFO] running `Command { std: "docker" "create" "-v" "/var/lib/crater-agent-workspace/builds/worker-7-tc2/source:/opt/rustwide/workdir:ro,Z" "-v" "/var/lib/crater-agent-workspace/builds/worker-7-tc2/target:/opt/rustwide/target:rw,Z" "-v" "/var/lib/crater-agent-workspace/cargo-home:/opt/rustwide/cargo-home:ro,Z" "-v" "/var/lib/crater-agent-workspace/rustup-home:/opt/rustwide/rustup-home:ro,Z" "-m" "1610612736" "--network" "none" "ghcr.io/rust-lang/crates-build-env/linux@sha256:77db811e55d90add9212f6832c23229e3de5f1c1f9905e8cb07319ea15df73ac" "sleep" "infinity", kill_on_drop: false }`
[INFO] [stdout] ade7f0fceb7ee49810f75a6cf04d34ba12a4155acbe334cbd0050916d60427c5
[INFO] running `Command { std: "docker" "start" "ade7f0fceb7ee49810f75a6cf04d34ba12a4155acbe334cbd0050916d60427c5", kill_on_drop: false }`
[INFO] running `Command { std: "docker" "inspect" "ade7f0fceb7ee49810f75a6cf04d34ba12a4155acbe334cbd0050916d60427c5", kill_on_drop: false }`
[INFO] running `Command { std: "docker" "exec" "-e" "SOURCE_DIR=/opt/rustwide/workdir" "-e" "CARGO_HOME=/opt/rustwide/cargo-home" "-e" "RUSTUP_HOME=/opt/rustwide/rustup-home" "-e" "CARGO_TARGET_DIR=/opt/rustwide/target" "-w" "/opt/rustwide/workdir" "--user" "0:0" "ade7f0fceb7ee49810f75a6cf04d34ba12a4155acbe334cbd0050916d60427c5" "/opt/rustwide/cargo-home/bin/cargo" "+1.100.0-beta.1" "metadata" "--no-deps" "--format-version=1", kill_on_drop: false }`
[INFO] running `Command { std: "docker" "inspect" "ade7f0fceb7ee49810f75a6cf04d34ba12a4155acbe334cbd0050916d60427c5", kill_on_drop: false }`
[INFO] running `Command { std: "docker" "exec" "-e" "SOURCE_DIR=/opt/rustwide/workdir" "-e" "CARGO_HOME=/opt/rustwide/cargo-home" "-e" "RUSTUP_HOME=/opt/rustwide/rustup-home" "-e" "CARGO_TARGET_DIR=/opt/rustwide/target" "-e" "CARGO_INCREMENTAL=0" "-e" "RUST_BACKTRACE=full" "-e" "RUSTFLAGS=--cap-lints=warn" "-e" "RUSTDOCFLAGS=--cap-lints=warn" "-w" "/opt/rustwide/workdir" "--user" "0:0" "ade7f0fceb7ee49810f75a6cf04d34ba12a4155acbe334cbd0050916d60427c5" "/opt/rustwide/cargo-home/bin/cargo" "+1.100.0-beta.1" "build" "--frozen" "--message-format=json" "--release", kill_on_drop: false }`
[INFO] [stderr]    Compiling autocfg v1.3.0
[INFO] [stderr]    Compiling pin-project-lite v0.2.14
[INFO] [stderr]    Compiling futures-core v0.3.30
[INFO] [stderr]    Compiling proc-macro2 v1.0.106
[INFO] [stderr]    Compiling smallvec v1.13.2
[INFO] [stderr]    Compiling parking_lot_core v0.9.10
[INFO] [stderr]    Compiling once_cell v1.19.0
[INFO] [stderr]    Compiling serde v1.0.203
[INFO] [stderr]    Compiling itoa v1.0.11
[INFO] [stderr]    Compiling futures-sink v0.3.30
[INFO] [stderr]    Compiling memchr v2.7.4
[INFO] [stderr]    Compiling futures-io v0.3.30
[INFO] [stderr]    Compiling cc v1.0.100
[INFO] [stderr]    Compiling futures-task v0.3.30
[INFO] [stderr]    Compiling socket2 v0.5.7
[INFO] [stderr]    Compiling num_cpus v1.16.0
[INFO] [stderr]    Compiling signal-hook-registry v1.4.2
[INFO] [stderr]    Compiling mio v0.8.11
[INFO] [stderr]    Compiling futures-channel v0.3.30
[INFO] [stderr]    Compiling http v1.4.2
[INFO] [stderr]    Compiling tracing-core v0.1.32
[INFO] [stderr]    Compiling rustls-pki-types v1.14.1
[INFO] [stderr]    Compiling serde_json v1.0.117
[INFO] [stderr]    Compiling thiserror v1.0.61
[INFO] [stderr]    Compiling log v0.4.21
[INFO] [stderr]    Compiling percent-encoding v2.3.1
[INFO] [stderr]    Compiling getrandom v0.2.15
[INFO] [stderr]    Compiling lock_api v0.4.12
[INFO] [stderr]    Compiling slab v0.4.9
[INFO] [stderr]    Compiling tinyvec_macros v0.1.1
[INFO] [stderr]    Compiling version_check v0.9.4
[INFO] [stderr]    Compiling httparse v1.9.4
[INFO] [stderr]    Compiling typenum v1.17.0
[INFO] [stderr]    Compiling quote v1.0.36
[INFO] [stderr]    Compiling spin v0.9.8
[INFO] [stderr]    Compiling tinyvec v1.6.0
[INFO] [stderr]    Compiling rustls v0.23.40
[INFO] [stderr]    Compiling rustix v0.38.34
[INFO] [stderr]    Compiling void v1.0.2
[INFO] [stderr]    Compiling unreachable v1.0.0
[INFO] [stderr]    Compiling form_urlencoded v1.2.1
[INFO] [stderr]    Compiling generic-array v0.14.7
[INFO] [stderr]    Compiling parking_lot v0.12.3
[INFO] [stderr]    Compiling either v1.12.0
[INFO] [stderr]    Compiling syn v2.0.118
[INFO] [stderr]    Compiling syn v1.0.109
[INFO] [stderr]    Compiling http-body v1.0.1
[INFO] [stderr]    Compiling linux-raw-sys v0.4.14
[INFO] [stderr]    Compiling byteorder v1.5.0
[INFO] [stderr]    Compiling unicode-bidi v0.3.15
[INFO] [stderr]    Compiling ascii v0.9.3
[INFO] [stderr]    Compiling webpki-roots v1.0.8
[INFO] [stderr]    Compiling sync_wrapper v1.0.2
[INFO] [stderr]    Compiling socket2 v0.6.4
[INFO] [stderr]    Compiling ipnet v2.9.0
[INFO] [stderr]    Compiling ryu v1.0.18
[INFO] [stderr]    Compiling webpki-roots v0.26.11
[INFO] [stderr]    Compiling combine v3.8.1
[INFO] [stderr]    Compiling anyhow v1.0.86
[INFO] [stderr]    Compiling heck v0.4.1
[INFO] [stderr]    Compiling http-body-util v0.1.3
[INFO] [stderr]    Compiling overload v0.1.1
[INFO] [stderr]    Compiling adler v1.0.2
[INFO] [stderr]    Compiling eyre v0.6.12
[INFO] [stderr]    Compiling ring v0.17.8
[INFO] [stderr]    Compiling miniz_oxide v0.7.4
[INFO] [stderr]    Compiling dirs-sys v0.4.1
[INFO] [stderr]    Compiling unicode-normalization v0.1.23
[INFO] [stderr]    Compiling nu-ansi-term v0.46.0
[INFO] [stderr]    Compiling tracing-log v0.2.0
[INFO] [stderr]    Compiling crypto-common v0.1.6
[INFO] [stderr]    Compiling block-buffer v0.10.4
[INFO] [stderr]    Compiling thread_local v1.1.8
[INFO] [stderr]    Compiling filetime v0.2.23
[INFO] [stderr]    Compiling fastrand v2.1.0
[INFO] [stderr]    Compiling indenter v0.3.3
[INFO] [stderr]    Compiling digest v0.10.7
[INFO] [stderr]    Compiling cpufeatures v0.2.12
[INFO] [stderr]    Compiling flate2 v1.0.30
[INFO] [stderr]    Compiling idna v0.5.0
[INFO] [stderr]    Compiling sha2 v0.10.8
[INFO] [stderr]    Compiling dirs v5.0.1
[INFO] [stderr]    Compiling platform-info v2.0.3
[INFO] [stderr]    Compiling base64 v0.21.7
[INFO] [stderr]    Compiling hex-literal v0.4.1
[INFO] [stderr]    Compiling url v2.5.2
[INFO] [stderr]    Compiling xattr v1.3.1
[INFO] [stderr]    Compiling which v6.0.3
[INFO] [stderr]    Compiling tempfile v3.10.1
[INFO] [stderr]    Compiling tar v0.4.41
[INFO] [stderr]    Compiling darling_core v0.14.4
[INFO] [stderr]    Compiling serde_derive v1.0.203
[INFO] [stderr]    Compiling tokio-macros v2.3.0
[INFO] [stderr]    Compiling futures-macro v0.3.30
[INFO] [stderr]    Compiling tracing-attributes v0.1.27
[INFO] [stderr]    Compiling thiserror-impl v1.0.61
[INFO] [stderr]    Compiling async-trait v0.1.80
[INFO] [stderr]    Compiling tokio v1.38.0
[INFO] [stderr]    Compiling futures-util v0.3.30
[INFO] [stderr]    Compiling graphql-parser v0.4.0
[INFO] [stderr]    Compiling tracing v0.1.40
[INFO] [stderr]    Compiling tracing-subscriber v0.3.18
[INFO] [stderr]    Compiling darling_macro v0.14.4
[INFO] [stderr]    Compiling darling v0.14.4
[INFO] [stderr]    Compiling derive_builder_core v0.12.0
[INFO] [stderr]    Compiling derive_builder_macro v0.12.0
[INFO] [stderr]    Compiling derive_builder v0.12.0
[INFO] [stderr]    Compiling futures-executor v0.3.30
[INFO] [stderr]    Compiling futures v0.3.30
[INFO] [stderr]    Compiling graphql-introspection-query v0.3.0
[INFO] [stderr]    Compiling serde_urlencoded v0.7.1
[INFO] [stderr]    Compiling graphql_client_codegen v0.16.0
[INFO] [stderr]    Compiling hyper v1.6.0
[INFO] [stderr]    Compiling tower v0.5.3
[INFO] [stderr]    Compiling tokio-util v0.7.11
[INFO] [stderr]    Compiling serde_graphql_input v0.1.1
[INFO] [stderr]    Compiling tower-http v0.6.11
[INFO] [stderr]    Compiling hyper-util v0.1.17
[INFO] [stderr]    Compiling rustls-webpki v0.103.13
[INFO] [stderr]    Compiling graphql_query_derive v0.16.0
[INFO] [stderr]    Compiling tokio-rustls v0.26.4
[INFO] [stderr]    Compiling hyper-rustls v0.27.3
[INFO] [stderr]    Compiling reqwest v0.12.28
[INFO] [stderr]    Compiling graphql_client v0.16.0
[INFO] [stderr]    Compiling dagger-sdk v1.0.0-beta.17 (/opt/rustwide/workdir)
[INFO] [stdout] warning: trailing semicolon in macro used in expression position
[INFO] [stdout]    --> src/core/downloader.rs:158:13
[INFO] [stdout]     |
[INFO] [stdout] 158 | ...   eyre::bail!("downloaded CLI binary checksum: {actual_hash} doesn't match checksum from checksums.txt: {expected_checksum}")
[INFO] [stdout]     |       ^^^^^^^^^^^^^^^^^^^^^^^^^^^^^^^^^^^^^^^^^^^^^^^^^^^^^^^^^^^^^^^^^^^^^^^^^^^^^^^^^^^^^^^^^^^^^^^^^^^^^^^^^^^^^^^^^^^^^^^^^^^
[INFO] [stdout]     |
[INFO] [stdout]     = note: macro invocations at the end of a block are treated as expressions
[INFO] [stdout]     = note: to ignore the value produced by the macro, add a semicolon after the invocation of `bail`
[INFO] [stdout]     = warning: this was previously accepted by the compiler but is being phased out; it will become a hard error in a future release!
[INFO] [stdout]     = note: for more information, see issue #79813 <https://github.com/rust-lang/rust/issues/79813>
[INFO] [stdout]     = note: `#[warn(semicolon_in_expressions_from_non_local_macros)]` (part of `#[warn(future_incompatible)]`) on by default
[INFO] [stdout]     = note: this warning originates in the macro `eyre::bail` (in Nightly builds, run with -Z macro-backtrace for more info)
[INFO] [stdout] 
[INFO] [stdout] 
[INFO] [stdout] warning: trailing semicolon in macro used in expression position
[INFO] [stdout]    --> src/core/downloader.rs:202:9
[INFO] [stdout]     |
[INFO] [stdout] 202 |         eyre::bail!("could not find a matching version or binary in checksums.txt")
[INFO] [stdout]     |         ^^^^^^^^^^^^^^^^^^^^^^^^^^^^^^^^^^^^^^^^^^^^^^^^^^^^^^^^^^^^^^^^^^^^^^^^^^^
[INFO] [stdout]     |
[INFO] [stdout]     = note: macro invocations at the end of a block are treated as expressions
[INFO] [stdout]     = note: to ignore the value produced by the macro, add a semicolon after the invocation of `bail`
[INFO] [stdout]     = warning: this was previously accepted by the compiler but is being phased out; it will become a hard error in a future release!
[INFO] [stdout]     = note: for more information, see issue #79813 <https://github.com/rust-lang/rust/issues/79813>
[INFO] [stdout]     = note: this warning originates in the macro `eyre::bail` (in Nightly builds, run with -Z macro-backtrace for more info)
[INFO] [stdout] 
[INFO] [stdout] 
[INFO] [stdout] warning: trailing semicolon in macro used in expression position
[INFO] [stdout]    --> src/core/downloader.rs:239:9
[INFO] [stdout]     |
[INFO] [stdout] 239 |         eyre::bail!("could not find a matching file")
[INFO] [stdout]     |         ^^^^^^^^^^^^^^^^^^^^^^^^^^^^^^^^^^^^^^^^^^^^^
[INFO] [stdout]     |
[INFO] [stdout]     = note: macro invocations at the end of a block are treated as expressions
[INFO] [stdout]     = note: to ignore the value produced by the macro, add a semicolon after the invocation of `bail`
[INFO] [stdout]     = warning: this was previously accepted by the compiler but is being phased out; it will become a hard error in a future release!
[INFO] [stdout]     = note: for more information, see issue #79813 <https://github.com/rust-lang/rust/issues/79813>
[INFO] [stdout]     = note: this warning originates in the macro `eyre::bail` (in Nightly builds, run with -Z macro-backtrace for more info)
[INFO] [stdout] 
[INFO] [stdout] 
[INFO] [stdout] warning: struct `IntrospectionQuery` is never constructed
[INFO] [stdout]   --> src/core/session.rs:18:8
[INFO] [stdout]    |
[INFO] [stdout] 18 | struct IntrospectionQuery;
[INFO] [stdout]    |        ^^^^^^^^^^^^^^^^^^
[INFO] [stdout]    |
[INFO] [stdout]    = note: `#[warn(dead_code)]` (part of `#[warn(unused)]`) on by default
[INFO] [stdout] 
[INFO] [stdout] 
[INFO] [stderr] warning: unused dependency `hex-literal`
[INFO] [stderr]   --> Cargo.toml:31:15
[INFO] [stderr]    |
[INFO] [stderr] 31 | [dependencies.hex-literal]
[INFO] [stderr]    |               ^^^^^^^^^^^^
[INFO] [stderr]    |
[INFO] [stderr]    = note: `cargo::unused_dependencies` is set to `warn` by default
[INFO] [stderr] help: consider removing the dependency on `hex-literal`
[INFO] [stderr] warning: `dagger-sdk` (manifest) generated 1 warning
[INFO] [stderr]     Finished `release` profile [optimized] target(s) in 2m 00s
[INFO] [stderr] warning: the following packages contain code that will be rejected by a future version of Rust: dagger-sdk v1.0.0-beta.17 (/opt/rustwide/workdir)
[INFO] [stderr] note: to see what the problems were, use the option `--future-incompat-report`, or run `cargo report future-incompatibilities --id 1`
[INFO] running `Command { std: "docker" "inspect" "ade7f0fceb7ee49810f75a6cf04d34ba12a4155acbe334cbd0050916d60427c5", kill_on_drop: false }`
[INFO] running `Command { std: "docker" "exec" "-e" "SOURCE_DIR=/opt/rustwide/workdir" "-e" "CARGO_HOME=/opt/rustwide/cargo-home" "-e" "RUSTUP_HOME=/opt/rustwide/rustup-home" "-e" "CARGO_TARGET_DIR=/opt/rustwide/target" "-e" "CARGO_INCREMENTAL=0" "-e" "RUST_BACKTRACE=full" "-e" "RUSTFLAGS=--cap-lints=warn" "-e" "RUSTDOCFLAGS=--cap-lints=warn" "-w" "/opt/rustwide/workdir" "--user" "0:0" "ade7f0fceb7ee49810f75a6cf04d34ba12a4155acbe334cbd0050916d60427c5" "/opt/rustwide/cargo-home/bin/cargo" "+1.100.0-beta.1" "test" "--frozen" "--no-run" "--message-format=json" "--release", kill_on_drop: false }`
[INFO] [stderr]    Compiling getrandom v0.2.15
[INFO] [stderr]    Compiling regex-syntax v0.6.29
[INFO] [stderr]    Compiling regex-syntax v0.8.4
[INFO] [stderr]    Compiling ppv-lite86 v0.2.17
[INFO] [stderr]    Compiling tracing-test-macro v0.2.5
[INFO] [stderr]    Compiling yansi v0.5.1
[INFO] [stderr]    Compiling diff v0.1.13
[INFO] [stderr]    Compiling pretty_assertions v1.4.0
[INFO] [stderr]    Compiling ring v0.17.8
[INFO] [stderr]    Compiling rand_core v0.6.4
[INFO] [stderr]    Compiling rand_chacha v0.3.1
[INFO] [stderr]    Compiling rand v0.8.5
[INFO] [stderr]    Compiling rustls-webpki v0.103.13
[INFO] [stderr]    Compiling regex-automata v0.4.7
[INFO] [stderr]    Compiling regex-automata v0.1.10
[INFO] [stderr]    Compiling rustls v0.23.40
[INFO] [stderr]    Compiling matchers v0.1.0
[INFO] [stderr]    Compiling regex v1.10.5
[INFO] [stderr]    Compiling tracing-subscriber v0.3.18
[INFO] [stderr]    Compiling tracing-test v0.2.5
[INFO] [stderr]    Compiling tokio-rustls v0.26.4
[INFO] [stderr]    Compiling hyper-rustls v0.27.3
[INFO] [stderr]    Compiling reqwest v0.12.28
[INFO] [stderr]    Compiling graphql_client v0.16.0
[INFO] [stderr]    Compiling dagger-sdk v1.0.0-beta.17 (/opt/rustwide/workdir)
[INFO] [stdout] warning: trailing semicolon in macro used in expression position
[INFO] [stdout]    --> src/core/downloader.rs:158:13
[INFO] [stdout]     |
[INFO] [stdout] 158 | ...   eyre::bail!("downloaded CLI binary checksum: {actual_hash} doesn't match checksum from checksums.txt: {expected_checksum}")
[INFO] [stdout]     |       ^^^^^^^^^^^^^^^^^^^^^^^^^^^^^^^^^^^^^^^^^^^^^^^^^^^^^^^^^^^^^^^^^^^^^^^^^^^^^^^^^^^^^^^^^^^^^^^^^^^^^^^^^^^^^^^^^^^^^^^^^^^
[INFO] [stdout]     |
[INFO] [stdout]     = note: macro invocations at the end of a block are treated as expressions
[INFO] [stdout]     = note: to ignore the value produced by the macro, add a semicolon after the invocation of `bail`
[INFO] [stdout]     = warning: this was previously accepted by the compiler but is being phased out; it will become a hard error in a future release!
[INFO] [stdout]     = note: for more information, see issue #79813 <https://github.com/rust-lang/rust/issues/79813>
[INFO] [stdout]     = note: `#[warn(semicolon_in_expressions_from_non_local_macros)]` (part of `#[warn(future_incompatible)]`) on by default
[INFO] [stdout]     = note: this warning originates in the macro `eyre::bail` (in Nightly builds, run with -Z macro-backtrace for more info)
[INFO] [stdout] 
[INFO] [stdout] 
[INFO] [stdout] warning: trailing semicolon in macro used in expression position
[INFO] [stdout]    --> src/core/downloader.rs:202:9
[INFO] [stdout]     |
[INFO] [stdout] 202 |         eyre::bail!("could not find a matching version or binary in checksums.txt")
[INFO] [stdout]     |         ^^^^^^^^^^^^^^^^^^^^^^^^^^^^^^^^^^^^^^^^^^^^^^^^^^^^^^^^^^^^^^^^^^^^^^^^^^^
[INFO] [stdout]     |
[INFO] [stdout]     = note: macro invocations at the end of a block are treated as expressions
[INFO] [stdout]     = note: to ignore the value produced by the macro, add a semicolon after the invocation of `bail`
[INFO] [stdout]     = warning: this was previously accepted by the compiler but is being phased out; it will become a hard error in a future release!
[INFO] [stdout]     = note: for more information, see issue #79813 <https://github.com/rust-lang/rust/issues/79813>
[INFO] [stdout]     = note: this warning originates in the macro `eyre::bail` (in Nightly builds, run with -Z macro-backtrace for more info)
[INFO] [stdout] 
[INFO] [stdout] 
[INFO] [stdout] warning: trailing semicolon in macro used in expression position
[INFO] [stdout]    --> src/core/downloader.rs:239:9
[INFO] [stdout]     |
[INFO] [stdout] 239 |         eyre::bail!("could not find a matching file")
[INFO] [stdout]     |         ^^^^^^^^^^^^^^^^^^^^^^^^^^^^^^^^^^^^^^^^^^^^^
[INFO] [stdout]     |
[INFO] [stdout]     = note: macro invocations at the end of a block are treated as expressions
[INFO] [stdout]     = note: to ignore the value produced by the macro, add a semicolon after the invocation of `bail`
[INFO] [stdout]     = warning: this was previously accepted by the compiler but is being phased out; it will become a hard error in a future release!
[INFO] [stdout]     = note: for more information, see issue #79813 <https://github.com/rust-lang/rust/issues/79813>
[INFO] [stdout]     = note: this warning originates in the macro `eyre::bail` (in Nightly builds, run with -Z macro-backtrace for more info)
[INFO] [stdout] 
[INFO] [stdout] 
[INFO] [stdout] warning: trailing semicolon in macro used in expression position
[INFO] [stdout]    --> src/core/downloader.rs:158:13
[INFO] [stdout]     |
[INFO] [stdout] 158 | ...   eyre::bail!("downloaded CLI binary checksum: {actual_hash} doesn't match checksum from checksums.txt: {expected_checksum}")
[INFO] [stdout]     |       ^^^^^^^^^^^^^^^^^^^^^^^^^^^^^^^^^^^^^^^^^^^^^^^^^^^^^^^^^^^^^^^^^^^^^^^^^^^^^^^^^^^^^^^^^^^^^^^^^^^^^^^^^^^^^^^^^^^^^^^^^^^
[INFO] [stdout]     |
[INFO] [stdout]     = note: macro invocations at the end of a block are treated as expressions
[INFO] [stdout]     = note: to ignore the value produced by the macro, add a semicolon after the invocation of `bail`
[INFO] [stdout]     = warning: this was previously accepted by the compiler but is being phased out; it will become a hard error in a future release!
[INFO] [stdout]     = note: for more information, see issue #79813 <https://github.com/rust-lang/rust/issues/79813>
[INFO] [stdout]     = note: `#[warn(semicolon_in_expressions_from_non_local_macros)]` (part of `#[warn(future_incompatible)]`) on by default
[INFO] [stdout]     = note: this warning originates in the macro `eyre::bail` (in Nightly builds, run with -Z macro-backtrace for more info)
[INFO] [stdout] 
[INFO] [stdout] 
[INFO] [stdout] warning: trailing semicolon in macro used in expression position
[INFO] [stdout]    --> src/core/downloader.rs:202:9
[INFO] [stdout]     |
[INFO] [stdout] 202 |         eyre::bail!("could not find a matching version or binary in checksums.txt")
[INFO] [stdout]     |         ^^^^^^^^^^^^^^^^^^^^^^^^^^^^^^^^^^^^^^^^^^^^^^^^^^^^^^^^^^^^^^^^^^^^^^^^^^^
[INFO] [stdout]     |
[INFO] [stdout]     = note: macro invocations at the end of a block are treated as expressions
[INFO] [stdout]     = note: to ignore the value produced by the macro, add a semicolon after the invocation of `bail`
[INFO] [stdout]     = warning: this was previously accepted by the compiler but is being phased out; it will become a hard error in a future release!
[INFO] [stdout]     = note: for more information, see issue #79813 <https://github.com/rust-lang/rust/issues/79813>
[INFO] [stdout]     = note: this warning originates in the macro `eyre::bail` (in Nightly builds, run with -Z macro-backtrace for more info)
[INFO] [stdout] 
[INFO] [stdout] 
[INFO] [stdout] warning: trailing semicolon in macro used in expression position
[INFO] [stdout]    --> src/core/downloader.rs:239:9
[INFO] [stdout]     |
[INFO] [stdout] 239 |         eyre::bail!("could not find a matching file")
[INFO] [stdout]     |         ^^^^^^^^^^^^^^^^^^^^^^^^^^^^^^^^^^^^^^^^^^^^^
[INFO] [stdout]     |
[INFO] [stdout]     = note: macro invocations at the end of a block are treated as expressions
[INFO] [stdout]     = note: to ignore the value produced by the macro, add a semicolon after the invocation of `bail`
[INFO] [stdout]     = warning: this was previously accepted by the compiler but is being phased out; it will become a hard error in a future release!
[INFO] [stdout]     = note: for more information, see issue #79813 <https://github.com/rust-lang/rust/issues/79813>
[INFO] [stdout]     = note: this warning originates in the macro `eyre::bail` (in Nightly builds, run with -Z macro-backtrace for more info)
[INFO] [stdout] 
[INFO] [stdout] 
[INFO] [stdout] warning: struct `IntrospectionQuery` is never constructed
[INFO] [stdout]   --> src/core/session.rs:18:8
[INFO] [stdout]    |
[INFO] [stdout] 18 | struct IntrospectionQuery;
[INFO] [stdout]    |        ^^^^^^^^^^^^^^^^^^
[INFO] [stdout]    |
[INFO] [stdout]    = note: `#[warn(dead_code)]` (part of `#[warn(unused)]`) on by default
[INFO] [stdout] 
[INFO] [stdout] 
[INFO] [stdout] warning: struct `IntrospectionQuery` is never constructed
[INFO] [stdout]   --> src/core/session.rs:18:8
[INFO] [stdout]    |
[INFO] [stdout] 18 | struct IntrospectionQuery;
[INFO] [stdout]    |        ^^^^^^^^^^^^^^^^^^
[INFO] [stdout]    |
[INFO] [stdout]    = note: `#[warn(dead_code)]` (part of `#[warn(unused)]`) on by default
[INFO] [stdout] 
[INFO] [stdout] 
[INFO] [stderr] warning: unused dependency `hex-literal`
[INFO] [stderr]   --> Cargo.toml:31:15
[INFO] [stderr]    |
[INFO] [stderr] 31 | [dependencies.hex-literal]
[INFO] [stderr]    |               ^^^^^^^^^^^^
[INFO] [stderr]    |
[INFO] [stderr]    = note: `cargo::unused_dependencies` is set to `warn` by default
[INFO] [stderr] help: consider removing the dependency on `hex-literal`
[INFO] [stderr] warning: `dagger-sdk` (manifest) generated 1 warning
[INFO] [stderr]     Finished `release` profile [optimized] target(s) in 1m 55s
[INFO] [stderr] warning: the following packages contain code that will be rejected by a future version of Rust: dagger-sdk v1.0.0-beta.17 (/opt/rustwide/workdir)
[INFO] [stderr] note: to see what the problems were, use the option `--future-incompat-report`, or run `cargo report future-incompatibilities --id 2`
[INFO] running `Command { std: "docker" "inspect" "ade7f0fceb7ee49810f75a6cf04d34ba12a4155acbe334cbd0050916d60427c5", kill_on_drop: false }`
[INFO] running `Command { std: "docker" "exec" "-e" "SOURCE_DIR=/opt/rustwide/workdir" "-e" "CARGO_HOME=/opt/rustwide/cargo-home" "-e" "RUSTUP_HOME=/opt/rustwide/rustup-home" "-e" "CARGO_TARGET_DIR=/opt/rustwide/target" "-e" "CARGO_INCREMENTAL=0" "-e" "RUST_BACKTRACE=full" "-e" "RUSTFLAGS=--cap-lints=warn" "-e" "RUSTDOCFLAGS=--cap-lints=warn" "-w" "/opt/rustwide/workdir" "--user" "0:0" "ade7f0fceb7ee49810f75a6cf04d34ba12a4155acbe334cbd0050916d60427c5" "/opt/rustwide/cargo-home/bin/cargo" "+1.100.0-beta.1" "test" "--frozen" "--release", kill_on_drop: false }`
[INFO] [stderr] warning: trailing semicolon in macro used in expression position
[INFO] [stderr]    --> src/core/downloader.rs:158:13
[INFO] [stderr]     |
[INFO] [stderr] 158 | ...   eyre::bail!("downloaded CLI binary checksum: {actual_hash} doesn't match checksum from checksums.txt: {expected_checksum}")
[INFO] [stderr]     |       ^^^^^^^^^^^^^^^^^^^^^^^^^^^^^^^^^^^^^^^^^^^^^^^^^^^^^^^^^^^^^^^^^^^^^^^^^^^^^^^^^^^^^^^^^^^^^^^^^^^^^^^^^^^^^^^^^^^^^^^^^^^
[INFO] [stderr]     |
[INFO] [stderr]     = note: macro invocations at the end of a block are treated as expressions
[INFO] [stderr]     = note: to ignore the value produced by the macro, add a semicolon after the invocation of `bail`
[INFO] [stderr]     = warning: this was previously accepted by the compiler but is being phased out; it will become a hard error in a future release!
[INFO] [stderr]     = note: for more information, see issue #79813 <https://github.com/rust-lang/rust/issues/79813>
[INFO] [stderr]     = note: `#[warn(semicolon_in_expressions_from_non_local_macros)]` (part of `#[warn(future_incompatible)]`) on by default
[INFO] [stderr]     = note: this warning originates in the macro `eyre::bail` (in Nightly builds, run with -Z macro-backtrace for more info)
[INFO] [stderr] 
[INFO] [stderr] warning: trailing semicolon in macro used in expression position
[INFO] [stderr]    --> src/core/downloader.rs:202:9
[INFO] [stderr]     |
[INFO] [stderr] 202 |         eyre::bail!("could not find a matching version or binary in checksums.txt")
[INFO] [stderr]     |         ^^^^^^^^^^^^^^^^^^^^^^^^^^^^^^^^^^^^^^^^^^^^^^^^^^^^^^^^^^^^^^^^^^^^^^^^^^^
[INFO] [stderr]     |
[INFO] [stderr]     = note: macro invocations at the end of a block are treated as expressions
[INFO] [stderr]     = note: to ignore the value produced by the macro, add a semicolon after the invocation of `bail`
[INFO] [stderr]     = warning: this was previously accepted by the compiler but is being phased out; it will become a hard error in a future release!
[INFO] [stderr]     = note: for more information, see issue #79813 <https://github.com/rust-lang/rust/issues/79813>
[INFO] [stderr]     = note: this warning originates in the macro `eyre::bail` (in Nightly builds, run with -Z macro-backtrace for more info)
[INFO] [stderr] 
[INFO] [stderr] warning: trailing semicolon in macro used in expression position
[INFO] [stderr]    --> src/core/downloader.rs:239:9
[INFO] [stderr]     |
[INFO] [stderr] 239 |         eyre::bail!("could not find a matching file")
[INFO] [stderr]     |         ^^^^^^^^^^^^^^^^^^^^^^^^^^^^^^^^^^^^^^^^^^^^^
[INFO] [stderr]     |
[INFO] [stderr]     = note: macro invocations at the end of a block are treated as expressions
[INFO] [stderr]     = note: to ignore the value produced by the macro, add a semicolon after the invocation of `bail`
[INFO] [stderr]     = warning: this was previously accepted by the compiler but is being phased out; it will become a hard error in a future release!
[INFO] [stderr]     = note: for more information, see issue #79813 <https://github.com/rust-lang/rust/issues/79813>
[INFO] [stderr]     = note: this warning originates in the macro `eyre::bail` (in Nightly builds, run with -Z macro-backtrace for more info)
[INFO] [stderr] 
[INFO] [stderr] warning: struct `IntrospectionQuery` is never constructed
[INFO] [stderr]   --> src/core/session.rs:18:8
[INFO] [stderr]    |
[INFO] [stderr] 18 | struct IntrospectionQuery;
[INFO] [stderr]    |        ^^^^^^^^^^^^^^^^^^
[INFO] [stderr]    |
[INFO] [stderr]    = note: `#[warn(dead_code)]` (part of `#[warn(unused)]`) on by default
[INFO] [stderr] 
[INFO] [stderr] warning: `dagger-sdk` (lib) generated 4 warnings
[INFO] [stderr] warning: `dagger-sdk` (lib test) generated 4 warnings (4 duplicates)
[INFO] [stderr] warning: unused dependency `hex-literal`
[INFO] [stderr]   --> Cargo.toml:31:15
[INFO] [stderr]    |
[INFO] [stderr] 31 | [dependencies.hex-literal]
[INFO] [stderr]    |               ^^^^^^^^^^^^
[INFO] [stderr]    |
[INFO] [stderr]    = note: `cargo::unused_dependencies` is set to `warn` by default
[INFO] [stderr] help: consider removing the dependency on `hex-literal`
[INFO] [stderr] warning: `dagger-sdk` (manifest) generated 1 warning
[INFO] [stderr]     Finished `release` profile [optimized] target(s) in 0.31s
[INFO] [stderr] warning: the following packages contain code that will be rejected by a future version of Rust: dagger-sdk v1.0.0-beta.17 (/opt/rustwide/workdir)
[INFO] [stderr] note: to see what the problems were, use the option `--future-incompat-report`, or run `cargo report future-incompatibilities --id 2`
[INFO] [stderr]      Running unittests src/lib.rs (/opt/rustwide/target/release/build/dagger-sdk/5be1580001e8ddb3/out/dagger_sdk-5be1580001e8ddb3)
[INFO] [stdout] 
[INFO] [stdout] running 25 tests
[INFO] [stdout] test core::downloader::tests::detects_release_unavailable_through_download_context ... ok
[INFO] [stdout] test querybuilder::tests::test_inline_fragment_immutability ... ok
[INFO] [stdout] test querybuilder::tests::test_inline_fragment_unpack ... ok
[INFO] [stdout] test querybuilder::tests::test_inline_fragment_nested_fields ... ok
[INFO] [stdout] test querybuilder::tests::test_inline_fragment_unpack_nested ... ok
[INFO] [stdout] test core::engine::tests::no_fallback_to_local_cli_for_other_errors ... ok
[INFO] [stdout] test querybuilder::tests::test_arg_custom_type ... ok
[INFO] [stdout] test core::config::tests::default_timeout_is_10s ... ok
[INFO] [stdout] test querybuilder::tests::test_ref_slice_arg ... ok
[INFO] [stdout] test querybuilder::tests::test_stringb_arg ... ok
[INFO] [stdout] test querybuilder::tests::test_vec_arg ... ok
[INFO] [stdout] test querybuilder::tests::test_query ... ok
[INFO] [stdout] test querybuilder::tests::test_query_alias ... ok
[INFO] [stdout] test core::engine::tests::fallback_preserves_download_and_path_errors ... ok
[INFO] [stdout] test querybuilder::tests::test_inline_fragment_build ... ok
[INFO] [stdout] test tests::registry_protocol_options_use_owned_enum_values ... ok
[INFO] [stdout] test core::downloader::tests::checksum_marks_release_unavailable ... ok
[INFO] [stdout] test querybuilder::tests::test_field_immutability ... ok
[INFO] [stdout] test querybuilder::tests::test_arg_collision ... ok
[INFO] [stdout] test core::engine::tests::fallback_session_error_preserves_download_error ... ok
[INFO] [stdout] test core::engine::tests::fallback_to_local_cli_uses_dagger_in_path ... ok
[INFO] [stderr] error: test failed, to rerun pass `--lib`
[INFO] [stdout] test core::downloader::tests::missing_archive_does_not_mark_release_unavailable ... ok
[INFO] [stdout] test core::engine::tests::fallback_session_exiting_without_params_errors_instead_of_hanging ... ok
[INFO] [stdout] test client::test::test_connect ... FAILED
[INFO] [stdout] test core::downloader::tests::download ... FAILED
[INFO] [stdout] 
[INFO] [stdout] failures:
[INFO] [stdout] 
[INFO] [stdout] ---- client::test::test_connect stdout ----
[INFO] [stdout] Error: failed to connect to dagger engine
[INFO] [stdout] 
[INFO] [stdout] Caused by:
[INFO] [stdout]    0: failed to download client
[INFO] [stdout]    1: failed to download CLI from archive
[INFO] [stdout]    2: error sending request for url (https://dl.dagger.io/dagger/releases/1.0.0-beta.17/checksums.txt)
[INFO] [stdout]    3: client error (Connect)
[INFO] [stdout]    4: dns error
[INFO] [stdout]    5: failed to lookup address information: Temporary failure in name resolution
[INFO] [stdout] 
[INFO] [stdout] Location:
[INFO] [stdout]     src/client.rs:129:9
[INFO] [stdout] 
[INFO] [stdout] ---- core::downloader::tests::download stdout ----
[INFO] [stdout] 
[INFO] [stdout] thread 'core::downloader::tests::download' (3490) panicked at src/core/downloader.rs:280:73:
[INFO] [stdout] called `Result::unwrap()` on an `Err` value: DownloadClient(failed to download CLI from archive
[INFO] [stdout] 
[INFO] [stdout] Caused by:
[INFO] [stdout]    0: error sending request for url (https://dl.dagger.io/dagger/releases/0.3.10/checksums.txt)
[INFO] [stdout]    1: client error (Connect)
[INFO] [stdout]    2: dns error
[INFO] [stdout]    3: failed to lookup address information: Temporary failure in name resolution
[INFO] [stdout] 
[INFO] [stdout] Location:
[INFO] [stdout]     src/core/downloader.rs:178:20)
[INFO] [stdout] stack backtrace:
[INFO] [stdout]    0:     0x5b3db031d181 - <<std[617be2ca0a6fd877]::sys::backtrace::BacktraceLock>::print::DisplayBacktrace as core[a373ad73a504971]::fmt::Display>::fmt
[INFO] [stdout]    1:     0x5b3db03356ea - core[a373ad73a504971]::fmt::write
[INFO] [stdout]    2:     0x5b3db03220ac - <alloc[2e1b2a31b91974c5]::vec::Vec<u8> as core[a373ad73a504971]::io::write::Write>::write_fmt
[INFO] [stdout]    3:     0x5b3db02f6556 - std[617be2ca0a6fd877]::panicking::default_hook::{closure#0}
[INFO] [stdout]    4:     0x5b3db03147e9 - std[617be2ca0a6fd877]::panicking::default_hook
[INFO] [stdout]    5:     0x5b3db00b20c0 - test[aada8e7e76ba119b]::test_main_inner::{closure#0}
[INFO] [stdout]    6:     0x5b3db0314b12 - std[617be2ca0a6fd877]::panicking::panic_with_hook
[INFO] [stdout]    7:     0x5b3db02f6602 - std[617be2ca0a6fd877]::panicking::panic_handler::{closure#0}
[INFO] [stdout]    8:     0x5b3db02eef89 - std[617be2ca0a6fd877]::sys::backtrace::__rust_end_short_backtrace::<std[617be2ca0a6fd877]::panicking::panic_handler::{closure#0}, !>
[INFO] [stdout]    9:     0x5b3db02f761d - __rustc[ea4f61d10b84890b]::rust_begin_unwind
[INFO] [stdout]   10:     0x5b3db0335ecc - core[a373ad73a504971]::panicking::panic_fmt
[INFO] [stdout]   11:     0x5b3db0335ca2 - core[a373ad73a504971]::result::unwrap_failed
[INFO] [stdout]   12:     0x5b3daffaa9c4 - dagger_sdk[df3c054fa364fdb]::core::downloader::tests::download::{closure#0}
[INFO] [stdout]   13:     0x5b3daffac0c3 - <tokio[d162a283faa68887]::runtime::scheduler::current_thread::Context>::enter::<core[a373ad73a504971]::task::poll::Poll<()>, <tokio[d162a283faa68887]::runtime::scheduler::current_thread::CoreGuard>::block_on<core[a373ad73a504971]::pin::Pin<&mut core[a373ad73a504971]::pin::Pin<&mut dyn core[a373ad73a504971]::future::future::Future<Output = ()>>>>::{closure#0}::{closure#0}>
[INFO] [stdout]   14:     0x5b3daffd2202 - <tokio[d162a283faa68887]::runtime::context::scoped::Scoped<tokio[d162a283faa68887]::runtime::scheduler::Context>>::set::<<tokio[d162a283faa68887]::runtime::scheduler::current_thread::CoreGuard>::enter<<tokio[d162a283faa68887]::runtime::scheduler::current_thread::CoreGuard>::block_on<core[a373ad73a504971]::pin::Pin<&mut core[a373ad73a504971]::pin::Pin<&mut dyn core[a373ad73a504971]::future::future::Future<Output = ()>>>>::{closure#0}, core[a373ad73a504971]::option::Option<()>>::{closure#0}, (alloc[2e1b2a31b91974c5]::boxed::Box<tokio[d162a283faa68887]::runtime::scheduler::current_thread::Core>, core[a373ad73a504971]::option::Option<()>)>
[INFO] [stdout]   15:     0x5b3daffaca67 - <tokio[d162a283faa68887]::runtime::scheduler::current_thread::CoreGuard>::block_on::<core[a373ad73a504971]::pin::Pin<&mut core[a373ad73a504971]::pin::Pin<&mut dyn core[a373ad73a504971]::future::future::Future<Output = ()>>>>
[INFO] [stdout]   16:     0x5b3daffb86b3 - tokio[d162a283faa68887]::runtime::context::runtime::enter_runtime::<<tokio[d162a283faa68887]::runtime::scheduler::current_thread::CurrentThread>::block_on<core[a373ad73a504971]::pin::Pin<&mut dyn core[a373ad73a504971]::future::future::Future<Output = ()>>>::{closure#0}, ()>
[INFO] [stdout]   17:     0x5b3daffb491a - <tokio[d162a283faa68887]::runtime::runtime::Runtime>::block_on::<core[a373ad73a504971]::pin::Pin<&mut dyn core[a373ad73a504971]::future::future::Future<Output = ()>>>
[INFO] [stdout]   18:     0x5b3daffab87e - <dagger_sdk[df3c054fa364fdb]::core::downloader::tests::download::{closure#0} as core[a373ad73a504971]::ops::function::FnOnce<()>>::call_once
[INFO] [stdout]   19:     0x5b3db00a550b - test[aada8e7e76ba119b]::__rust_begin_short_backtrace::<core[a373ad73a504971]::result::Result<(), alloc[2e1b2a31b91974c5]::string::String>, fn() -> core[a373ad73a504971]::result::Result<(), alloc[2e1b2a31b91974c5]::string::String>>
[INFO] [stdout]   20:     0x5b3db00b26e5 - test[aada8e7e76ba119b]::run_test::{closure#0}
[INFO] [stdout]   21:     0x5b3db00abfd4 - std[617be2ca0a6fd877]::sys::backtrace::__rust_begin_short_backtrace::<test[aada8e7e76ba119b]::run_test::{closure#1}, ()>
[INFO] [stdout]   22:     0x5b3db00b5772 - <std[617be2ca0a6fd877]::thread::lifecycle::spawn_unchecked<test[aada8e7e76ba119b]::run_test::{closure#1}, ()>::{closure#1} as core[a373ad73a504971]::ops::function::FnOnce<()>>::call_once::{shim:vtable#0}
[INFO] [stdout]   23:     0x5b3db031c62f - <std[617be2ca0a6fd877]::sys::thread::unix::Thread>::new::thread_start
[INFO] [stdout]   24:     0x7858b635bdfa - <unknown>
[INFO] [stdout]   25:     0x7858b63ef3d4 - clone
[INFO] [stdout]   26:                0x0 - <unknown>
[INFO] [stdout] 
[INFO] [stdout] 
[INFO] [stdout] failures:
[INFO] [stdout]     client::test::test_connect
[INFO] [stdout]     core::downloader::tests::download
[INFO] [stdout] 
[INFO] [stdout] test result: FAILED. 23 passed; 2 failed; 0 ignored; 0 measured; 0 filtered out; finished in 0.02s
[INFO] [stdout] 
[INFO] running `Command { std: "docker" "inspect" "ade7f0fceb7ee49810f75a6cf04d34ba12a4155acbe334cbd0050916d60427c5", kill_on_drop: false }`
[INFO] running `Command { std: "docker" "rm" "-f" "ade7f0fceb7ee49810f75a6cf04d34ba12a4155acbe334cbd0050916d60427c5", kill_on_drop: false }`
[INFO] [stdout] ade7f0fceb7ee49810f75a6cf04d34ba12a4155acbe334cbd0050916d60427c5
