[INFO] fetching crate daemon8-parse 0.3.3...
[INFO] testing daemon8-parse-0.3.3 against 1.100.0-beta.1+cargoflags=--release for beta-release-1.100-2
[INFO] extracting crate daemon8-parse 0.3.3 into /workspace/builds/worker-4-tc2/source
[INFO] started tweaking crates.io crate daemon8-parse 0.3.3
[INFO] finished tweaking crates.io crate daemon8-parse 0.3.3
[INFO] tweaked toml for crates.io crate daemon8-parse 0.3.3 written to /workspace/builds/worker-4-tc2/source/Cargo.toml
[INFO] validating manifest of crates.io crate daemon8-parse 0.3.3 on toolchain 1.100.0-beta.1
[INFO] running `Command { std: CARGO_HOME="/workspace/cargo-home" RUSTUP_HOME="/workspace/rustup-home" "/workspace/cargo-home/bin/cargo" "+1.100.0-beta.1" "metadata" "--manifest-path" "Cargo.toml" "--no-deps", kill_on_drop: false }`
[INFO] crate crates.io crate daemon8-parse 0.3.3 already has a lockfile, it will not be regenerated
[INFO] running `Command { std: CARGO_HOME="/workspace/cargo-home" RUSTUP_HOME="/workspace/rustup-home" "/workspace/cargo-home/bin/cargo" "+1.100.0-beta.1" "fetch" "--manifest-path" "Cargo.toml", kill_on_drop: false }`
[INFO] running `Command { std: "docker" "create" "-v" "/var/lib/crater-agent-workspace/builds/worker-4-tc2/source:/opt/rustwide/workdir:ro,Z" "-v" "/var/lib/crater-agent-workspace/builds/worker-4-tc2/target:/opt/rustwide/target:rw,Z" "-v" "/var/lib/crater-agent-workspace/cargo-home:/opt/rustwide/cargo-home:ro,Z" "-v" "/var/lib/crater-agent-workspace/rustup-home:/opt/rustwide/rustup-home:ro,Z" "-m" "1610612736" "--network" "none" "ghcr.io/rust-lang/crates-build-env/linux@sha256:77db811e55d90add9212f6832c23229e3de5f1c1f9905e8cb07319ea15df73ac" "sleep" "infinity", kill_on_drop: false }`
[INFO] [stdout] 8c60165ee5fcea71efb96183a4b5a2c08b7682c6eebc6ec5934191d1d14e2e11
[INFO] running `Command { std: "docker" "start" "8c60165ee5fcea71efb96183a4b5a2c08b7682c6eebc6ec5934191d1d14e2e11", kill_on_drop: false }`
[INFO] running `Command { std: "docker" "inspect" "8c60165ee5fcea71efb96183a4b5a2c08b7682c6eebc6ec5934191d1d14e2e11", kill_on_drop: false }`
[INFO] running `Command { std: "docker" "exec" "-e" "SOURCE_DIR=/opt/rustwide/workdir" "-e" "CARGO_HOME=/opt/rustwide/cargo-home" "-e" "RUSTUP_HOME=/opt/rustwide/rustup-home" "-e" "CARGO_TARGET_DIR=/opt/rustwide/target" "-w" "/opt/rustwide/workdir" "--user" "0:0" "8c60165ee5fcea71efb96183a4b5a2c08b7682c6eebc6ec5934191d1d14e2e11" "/opt/rustwide/cargo-home/bin/cargo" "+1.100.0-beta.1" "metadata" "--no-deps" "--format-version=1", kill_on_drop: false }`
[INFO] running `Command { std: "docker" "inspect" "8c60165ee5fcea71efb96183a4b5a2c08b7682c6eebc6ec5934191d1d14e2e11", kill_on_drop: false }`
[INFO] running `Command { std: "docker" "exec" "-e" "SOURCE_DIR=/opt/rustwide/workdir" "-e" "CARGO_HOME=/opt/rustwide/cargo-home" "-e" "RUSTUP_HOME=/opt/rustwide/rustup-home" "-e" "CARGO_TARGET_DIR=/opt/rustwide/target" "-e" "CARGO_INCREMENTAL=0" "-e" "RUST_BACKTRACE=full" "-e" "RUSTFLAGS=--cap-lints=warn" "-e" "RUSTDOCFLAGS=--cap-lints=warn" "-w" "/opt/rustwide/workdir" "--user" "0:0" "8c60165ee5fcea71efb96183a4b5a2c08b7682c6eebc6ec5934191d1d14e2e11" "/opt/rustwide/cargo-home/bin/cargo" "+1.100.0-beta.1" "build" "--frozen" "--message-format=json" "--release", kill_on_drop: false }`
[INFO] [stderr]    Compiling serde_core v1.0.228
[INFO] [stderr]    Compiling serde v1.0.228
[INFO] [stderr]    Compiling rand_core v0.10.0
[INFO] [stderr]    Compiling zmij v1.0.21
[INFO] [stderr]    Compiling http v1.4.0
[INFO] [stderr]    Compiling serde_json v1.0.149
[INFO] [stderr]    Compiling ref-cast v1.0.25
[INFO] [stderr]    Compiling pkg-config v0.3.32
[INFO] [stderr]    Compiling syn v2.0.117
[INFO] [stderr]    Compiling cc v1.2.57
[INFO] [stderr]    Compiling memchr v2.8.0
[INFO] [stderr]    Compiling aho-corasick v1.1.4
[INFO] [stderr]    Compiling rmcp v1.3.0
[INFO] [stderr]    Compiling dyn-clone v1.0.20
[INFO] [stderr]    Compiling glob v0.3.3
[INFO] [stderr]    Compiling winnow v0.7.15
[INFO] [stderr]    Compiling getrandom v0.4.2
[INFO] [stderr]    Compiling chacha20 v0.10.0
[INFO] [stderr]    Compiling pastey v0.2.1
[INFO] [stderr]    Compiling bitflags v2.11.0
[INFO] [stderr]    Compiling toml_write v0.1.2
[INFO] [stderr]    Compiling uuid v1.22.0
[INFO] [stderr]    Compiling dirs-sys v0.5.0
[INFO] [stderr]    Compiling nom v8.0.0
[INFO] [stderr]    Compiling rand v0.10.0
[INFO] [stderr]    Compiling grok v2.4.1
[INFO] [stderr]    Compiling dirs v6.0.0
[INFO] [stderr]    Compiling http-body v1.0.1
[INFO] [stderr]    Compiling http-body-util v0.1.3
[INFO] [stderr]    Compiling regex-automata v0.4.14
[INFO] [stderr]    Compiling onig_sys v69.9.3
[INFO] [stderr]    Compiling darling_core v0.23.0
[INFO] [stderr]    Compiling serde_derive_internals v0.29.1
[INFO] [stderr]    Compiling serde_derive v1.0.228
[INFO] [stderr]    Compiling futures-macro v0.3.32
[INFO] [stderr]    Compiling tokio-macros v2.6.1
[INFO] [stderr]    Compiling ref-cast-impl v1.0.25
[INFO] [stderr]    Compiling tracing-attributes v0.1.31
[INFO] [stderr]    Compiling thiserror-impl v2.0.18
[INFO] [stderr]    Compiling async-trait v0.1.89
[INFO] [stderr]    Compiling regex v1.12.3
[INFO] [stderr]    Compiling schemars_derive v1.2.1
[INFO] [stderr]    Compiling tokio v1.50.0
[INFO] [stderr]    Compiling tracing v0.1.44
[INFO] [stderr]    Compiling futures-util v0.3.32
[INFO] [stderr]    Compiling thiserror v2.0.18
[INFO] [stderr]    Compiling darling_macro v0.23.0
[INFO] [stderr]    Compiling darling v0.23.0
[INFO] [stderr]    Compiling rmcp-macros v1.3.0
[INFO] [stderr]    Compiling futures-executor v0.3.32
[INFO] [stderr]    Compiling sse-stream v0.2.1
[INFO] [stderr]    Compiling chrono v0.4.44
[INFO] [stderr]    Compiling serde_spanned v0.6.9
[INFO] [stderr]    Compiling toml_datetime v0.6.11
[INFO] [stderr]    Compiling toml_edit v0.22.27
[INFO] [stderr]    Compiling futures v0.3.32
[INFO] [stderr]    Compiling tokio-util v0.7.18
[INFO] [stderr]    Compiling tokio-stream v0.1.18
[INFO] [stderr]    Compiling schemars v1.2.1
[INFO] [stderr]    Compiling syslog_loose v0.23.0
[INFO] [stderr]    Compiling dateparser v0.3.1
[INFO] [stderr]    Compiling toml v0.8.23
[INFO] [stderr]    Compiling onig v6.5.3
[INFO] [stderr]    Compiling daemon8-types v0.3.3
[INFO] [stderr]    Compiling daemon8-parse v0.3.3 (/opt/rustwide/workdir)
[INFO] [stderr]     Finished `release` profile [optimized] target(s) in 1m 26s
[INFO] running `Command { std: "docker" "inspect" "8c60165ee5fcea71efb96183a4b5a2c08b7682c6eebc6ec5934191d1d14e2e11", kill_on_drop: false }`
[INFO] running `Command { std: "docker" "exec" "-e" "SOURCE_DIR=/opt/rustwide/workdir" "-e" "CARGO_HOME=/opt/rustwide/cargo-home" "-e" "RUSTUP_HOME=/opt/rustwide/rustup-home" "-e" "CARGO_TARGET_DIR=/opt/rustwide/target" "-e" "CARGO_INCREMENTAL=0" "-e" "RUST_BACKTRACE=full" "-e" "RUSTFLAGS=--cap-lints=warn" "-e" "RUSTDOCFLAGS=--cap-lints=warn" "-w" "/opt/rustwide/workdir" "--user" "0:0" "8c60165ee5fcea71efb96183a4b5a2c08b7682c6eebc6ec5934191d1d14e2e11" "/opt/rustwide/cargo-home/bin/cargo" "+1.100.0-beta.1" "test" "--frozen" "--no-run" "--message-format=json" "--release", kill_on_drop: false }`
[INFO] [stderr]    Compiling onig v6.5.3
[INFO] [stderr]    Compiling tempfile v3.27.0
[INFO] [stderr]    Compiling grok v2.4.1
[INFO] [stderr]    Compiling daemon8-parse v0.3.3 (/opt/rustwide/workdir)
[INFO] [stderr]     Finished `release` profile [optimized] target(s) in 10.46s
[INFO] running `Command { std: "docker" "inspect" "8c60165ee5fcea71efb96183a4b5a2c08b7682c6eebc6ec5934191d1d14e2e11", kill_on_drop: false }`
[INFO] running `Command { std: "docker" "exec" "-e" "SOURCE_DIR=/opt/rustwide/workdir" "-e" "CARGO_HOME=/opt/rustwide/cargo-home" "-e" "RUSTUP_HOME=/opt/rustwide/rustup-home" "-e" "CARGO_TARGET_DIR=/opt/rustwide/target" "-e" "CARGO_INCREMENTAL=0" "-e" "RUST_BACKTRACE=full" "-e" "RUSTFLAGS=--cap-lints=warn" "-e" "RUSTDOCFLAGS=--cap-lints=warn" "-w" "/opt/rustwide/workdir" "--user" "0:0" "8c60165ee5fcea71efb96183a4b5a2c08b7682c6eebc6ec5934191d1d14e2e11" "/opt/rustwide/cargo-home/bin/cargo" "+1.100.0-beta.1" "test" "--frozen" "--release", kill_on_drop: false }`
[INFO] [stderr]     Finished `release` profile [optimized] target(s) in 0.12s
[INFO] [stderr]      Running unittests src/lib.rs (/opt/rustwide/target/release/build/daemon8-parse/744a9d7d422fefb8/out/daemon8_parse-744a9d7d422fefb8)
[INFO] [stdout] 
[INFO] [stdout] running 67 tests
[INFO] [stdout] test builtin::auto::tests::fallback_to_line ... ok
[INFO] [stdout] test builtin::auto::tests::fallback_with_severity_sniffing ... ok
[INFO] [stdout] test builtin::grok_parser::tests::parse_custom_fields ... ok
[INFO] [stdout] test builtin::clf::tests::status_severity_mapping ... ok
[INFO] [stdout] test builtin::auto::tests::detect_logfmt ... ok
[INFO] [stdout] test builtin::clf::tests::parse_combined_fixtures ... FAILED
[INFO] [stdout] test builtin::clf::tests::parse_common_fixtures ... FAILED
[INFO] [stdout] test builtin::auto::tests::detect_monolog ... ok
[INFO] [stdout] test builtin::grok_parser::tests::invalid_pattern_errors ... ok
[INFO] [stdout] test builtin::auto::tests::detect_json ... ok
[INFO] [stdout] test builtin::grok_parser::tests::parse_with_timestamp ... ok
[INFO] [stdout] test builtin::line::tests::no_extra_fields ... ok
[INFO] [stdout] test builtin::json::tests::parse_structured_log ... ok
[INFO] [stdout] test builtin::json::tests::parse_various_formats ... FAILED
[INFO] [stdout] test builtin::grok_parser::tests::no_match_returns_none ... ok
[INFO] [stdout] test builtin::grok_parser::tests::parse_with_loglevel ... ok
[INFO] [stdout] test builtin::line::tests::always_returns_some ... ok
[INFO] [stdout] test builtin::auto::tests::detect_syslog ... ok
[INFO] [stdout] test builtin::line::tests::parse_fixtures ... FAILED
[INFO] [stdout] test builtin::line::tests::preserves_full_line ... ok
[INFO] [stdout] test builtin::json::tests::parse_alternative_field_names ... ok
[INFO] [stdout] test builtin::line::tests::severity_sniffed_from_text ... ok
[INFO] [stdout] test builtin::json::tests::remaining_fields_preserved ... ok
[INFO] [stdout] test builtin::json::tests::non_json_returns_none ... ok
[INFO] [stdout] test builtin::clf::tests::parse_common_log_format ... ok
[INFO] [stdout] test builtin::auto::tests::detect_clf ... ok
[INFO] [stdout] test builtin::clf::tests::reject_non_clf ... ok
[INFO] [stdout] test builtin::logfmt::tests::parse_basic_logfmt ... ok
[INFO] [stdout] test builtin::logfmt::tests::parse_unquoted_values ... ok
[INFO] [stdout] test builtin::clf::tests::parse_combined_log_format ... ok
[INFO] [stdout] test builtin::monolog::tests::parse_all_severity_levels ... ok
[INFO] [stdout] test builtin::line::tests::severity_defaults_to_info ... ok
[INFO] [stdout] test builtin::monolog::tests::parse_fixtures ... FAILED
[INFO] [stdout] test builtin::logfmt::tests::parse_escaped_quotes ... ok
[INFO] [stdout] test builtin::monolog::tests::reject_non_monolog_lines ... ok
[INFO] [stdout] test builtin::syslog::tests::priority_decoding ... ok
[INFO] [stdout] test builtin::syslog::tests::parse_rfc3164 ... ok
[INFO] [stdout] test builtin::logfmt::tests::parse_fixtures ... FAILED
[INFO] [stdout] test builtin::monolog::tests::parse_basic_error ... ok
[INFO] [stdout] test builtin::logfmt::tests::parse_quoted_values_with_spaces ... ok
[INFO] [stdout] test builtin::syslog::tests::reject_non_syslog ... ok
[INFO] [stdout] test builtin::monolog::tests::parse_context_fixtures ... FAILED
[INFO] [stdout] test builtin::syslog::tests::parse_rfc5424_fixtures ... FAILED
[INFO] [stdout] test builtin::syslog::tests::parse_rfc3164_fixtures ... FAILED
[INFO] [stdout] test builtin::logfmt::tests::empty_line_returns_none ... ok
[INFO] [stdout] test severity::tests::no_match ... ok
[INFO] [stdout] test tests::resolve_builtin_parsers ... ok
[INFO] [stdout] test tests::resolve_unknown_parser_errors ... ok
[INFO] [stdout] test severity::tests::sniff_common_levels ... ok
[INFO] [stdout] test custom::tests::extra_named_groups_become_fields ... ok
[INFO] [stdout] test severity::tests::case_insensitive ... ok
[INFO] [stdout] test severity::tests::first_match_wins ... ok
[INFO] [stdout] test custom::tests::invalid_regex_returns_error ... ok
[INFO] [stdout] test severity::tests::word_boundary_prevents_partial ... ok
[INFO] [stdout] test custom::tests::missing_message_field_returns_error ... ok
[INFO] [stdout] test custom::tests::load_and_parse_custom ... ok
[INFO] [stdout] test timestamp::tests::iso8601 ... ok
[INFO] [stdout] test timestamp::tests::rfc2822 ... ok
[INFO] [stdout] test timestamp::tests::datetime_no_tz ... ok
[INFO] [stdout] test custom::tests::custom_parser_fatal_maps_to_error ... ok
[INFO] [stdout] test timestamp::tests::date_only ... ok
[INFO] [stdout] test timestamp::tests::garbage_returns_none ... ok
[INFO] [stdout] test timestamp::tests::clf_timestamp ... ok
[INFO] [stdout] test timestamp::tests::unix_epoch_seconds ... ok
[INFO] [stdout] test timestamp::tests::syslog_bsd_timestamp ... ok
[INFO] [stdout] test builtin::syslog::tests::parse_rfc5424 ... ok
[INFO] [stdout] test builtin::json::tests::parse_fixtures ... FAILED
[INFO] [stdout] 
[INFO] [stdout] failures:
[INFO] [stdout] 
[INFO] [stdout] ---- builtin::clf::tests::parse_combined_fixtures stdout ----
[INFO] [stdout] 
[INFO] [stdout] thread 'builtin::clf::tests::parse_combined_fixtures' (1850) panicked at src/builtin/clf.rs:196:33:
[INFO] [stdout] read fixture /opt/rustwide/workdir/fixtures/clf/combined.log: No such file or directory (os error 2)
[INFO] [stdout] stack backtrace:
[INFO] [stdout]    0:     0x5673b41588c1 - <<std[617be2ca0a6fd877]::sys::backtrace::BacktraceLock>::print::DisplayBacktrace as core[a373ad73a504971]::fmt::Display>::fmt
[INFO] [stdout]    1:     0x5673b416fc2a - core[a373ad73a504971]::fmt::write
[INFO] [stdout]    2:     0x5673b415d25c - <alloc[2e1b2a31b91974c5]::vec::Vec<u8> as core[a373ad73a504971]::io::write::Write>::write_fmt
[INFO] [stdout]    3:     0x5673b4132a66 - std[617be2ca0a6fd877]::panicking::default_hook::{closure#0}
[INFO] [stdout]    4:     0x5673b414fe39 - std[617be2ca0a6fd877]::panicking::default_hook
[INFO] [stdout]    5:     0x5673b3fc1970 - test[aada8e7e76ba119b]::test_main_inner::{closure#0}
[INFO] [stdout]    6:     0x5673b414fff2 - std[617be2ca0a6fd877]::panicking::panic_with_hook
[INFO] [stdout]    7:     0x5673b4132b12 - std[617be2ca0a6fd877]::panicking::panic_handler::{closure#0}
[INFO] [stdout]    8:     0x5673b412afe9 - std[617be2ca0a6fd877]::sys::backtrace::__rust_end_short_backtrace::<std[617be2ca0a6fd877]::panicking::panic_handler::{closure#0}, !>
[INFO] [stdout]    9:     0x5673b413382d - __rustc[ea4f61d10b84890b]::rust_begin_unwind
[INFO] [stdout]   10:     0x5673b417040c - core[a373ad73a504971]::panicking::panic_fmt
[INFO] [stdout]   11:     0x5673b3f6c4a9 - daemon8_parse[6aa2e2d16d97e0a3]::builtin::clf::tests::parse_combined_fixtures::{closure#0}
[INFO] [stdout]   12:     0x5673b3f6e8ed - <daemon8_parse[6aa2e2d16d97e0a3]::builtin::clf::tests::parse_combined_fixtures::{closure#0} as core[a373ad73a504971]::ops::function::FnOnce<()>>::call_once
[INFO] [stdout]   13:     0x5673b3fb4dbb - test[aada8e7e76ba119b]::__rust_begin_short_backtrace::<core[a373ad73a504971]::result::Result<(), alloc[2e1b2a31b91974c5]::string::String>, fn() -> core[a373ad73a504971]::result::Result<(), alloc[2e1b2a31b91974c5]::string::String>>
[INFO] [stdout]   14:     0x5673b3fc1f95 - test[aada8e7e76ba119b]::run_test::{closure#0}
[INFO] [stdout]   15:     0x5673b3fbb884 - std[617be2ca0a6fd877]::sys::backtrace::__rust_begin_short_backtrace::<test[aada8e7e76ba119b]::run_test::{closure#1}, ()>
[INFO] [stdout]   16:     0x5673b3fc5022 - <std[617be2ca0a6fd877]::thread::lifecycle::spawn_unchecked<test[aada8e7e76ba119b]::run_test::{closure#1}, ()>::{closure#1} as core[a373ad73a504971]::ops::function::FnOnce<()>>::call_once::{shim:vtable#0}
[INFO] [stdout]   17:     0x5673b4157a7f - <std[617be2ca0a6fd877]::sys::thread::unix::Thread>::new::thread_start
[INFO] [stdout]   18:     0x75c00ab0adfa - <unknown>
[INFO] [stdout]   19:     0x75c00ab9e3d4 - clone
[INFO] [stdout]   20:                0x0 - <unknown>
[INFO] [stdout] 
[INFO] [stdout] ---- builtin::clf::tests::parse_common_fixtures stdout ----
[INFO] [stdout] 
[INFO] [stdout] thread 'builtin::clf::tests::parse_common_fixtures' (1852) panicked at src/builtin/clf.rs:176:33:
[INFO] [stdout] read fixture /opt/rustwide/workdir/fixtures/clf/common.log: No such file or directory (os error 2)
[INFO] [stdout] stack backtrace:
[INFO] [stdout]    0:     0x5673b41588c1 - <<std[617be2ca0a6fd877]::sys::backtrace::BacktraceLock>::print::DisplayBacktrace as core[a373ad73a504971]::fmt::Display>::fmt
[INFO] [stdout]    1:     0x5673b416fc2a - core[a373ad73a504971]::fmt::write
[INFO] [stdout]    2:     0x5673b415d25c - <alloc[2e1b2a31b91974c5]::vec::Vec<u8> as core[a373ad73a504971]::io::write::Write>::write_fmt
[INFO] [stdout]    3:     0x5673b4132a66 - std[617be2ca0a6fd877]::panicking::default_hook::{closure#0}
[INFO] [stdout]    4:     0x5673b414fe39 - std[617be2ca0a6fd877]::panicking::default_hook
[INFO] [stdout]    5:     0x5673b3fc1970 - test[aada8e7e76ba119b]::test_main_inner::{closure#0}
[INFO] [stdout]    6:     0x5673b414fff2 - std[617be2ca0a6fd877]::panicking::panic_with_hook
[INFO] [stdout]    7:     0x5673b4132b12 - std[617be2ca0a6fd877]::panicking::panic_handler::{closure#0}
[INFO] [stdout]    8:     0x5673b412afe9 - std[617be2ca0a6fd877]::sys::backtrace::__rust_end_short_backtrace::<std[617be2ca0a6fd877]::panicking::panic_handler::{closure#0}, !>
[INFO] [stdout]    9:     0x5673b413382d - __rustc[ea4f61d10b84890b]::rust_begin_unwind
[INFO] [stdout]   10:     0x5673b417040c - core[a373ad73a504971]::panicking::panic_fmt
[INFO] [stdout]   11:     0x5673b3f6c409 - daemon8_parse[6aa2e2d16d97e0a3]::builtin::clf::tests::parse_common_fixtures::{closure#0}
[INFO] [stdout]   12:     0x5673b3f6e351 - <daemon8_parse[6aa2e2d16d97e0a3]::builtin::clf::tests::parse_common_fixtures::{closure#0} as core[a373ad73a504971]::ops::function::FnOnce<()>>::call_once
[INFO] [stdout]   13:     0x5673b3fb4dbb - test[aada8e7e76ba119b]::__rust_begin_short_backtrace::<core[a373ad73a504971]::result::Result<(), alloc[2e1b2a31b91974c5]::string::String>, fn() -> core[a373ad73a504971]::result::Result<(), alloc[2e1b2a31b91974c5]::string::String>>
[INFO] [stdout]   14:     0x5673b3fc1f95 - test[aada8e7e76ba119b]::run_test::{closure#0}
[INFO] [stdout]   15:     0x5673b3fbb884 - std[617be2ca0a6fd877]::sys::backtrace::__rust_begin_short_backtrace::<test[aada8e7e76ba119b]::run_test::{closure#1}, ()>
[INFO] [stdout]   16:     0x5673b3fc5022 - <std[617be2ca0a6fd877]::thread::lifecycle::spawn_unchecked<test[aada8e7e76ba119b]::run_test::{closure#1}, ()>::{closure#1} as core[a373ad73a504971]::ops::function::FnOnce<()>>::call_once::{shim:vtable#0}
[INFO] [stdout]   17:     0x5673b4157a7f - <std[617be2ca0a6fd877]::sys::thread::unix::Thread>::new::thread_start
[INFO] [stdout]   18:     0x75c00ab0adfa - <unknown>
[INFO] [stdout]   19:     0x75c00ab9e3d4 - clone
[INFO] [stdout]   20:                0x0 - <unknown>
[INFO] [stdout] 
[INFO] [stdout] ---- builtin::json::tests::parse_various_formats stdout ----
[INFO] [stdout] 
[INFO] [stdout] thread 'builtin::json::tests::parse_various_formats' (1865) panicked at src/builtin/json.rs:167:33:
[INFO] [stdout] read fixture /opt/rustwide/workdir/fixtures/json/various_formats.log: No such file or directory (os error 2)
[INFO] [stdout] stack backtrace:
[INFO] [stdout]    0:     0x5673b41588c1 - <<std[617be2ca0a6fd877]::sys::backtrace::BacktraceLock>::print::DisplayBacktrace as core[a373ad73a504971]::fmt::Display>::fmt
[INFO] [stdout]    1:     0x5673b416fc2a - core[a373ad73a504971]::fmt::write
[INFO] [stdout]    2:     0x5673b415d25c - <alloc[2e1b2a31b91974c5]::vec::Vec<u8> as core[a373ad73a504971]::io::write::Write>::write_fmt
[INFO] [stdout]    3:     0x5673b4132a66 - std[617be2ca0a6fd877]::panicking::default_hook::{closure#0}
[INFO] [stdout]    4:     0x5673b414fe39 - std[617be2ca0a6fd877]::panicking::default_hook
[INFO] [stdout]    5:     0x5673b3fc1970 - test[aada8e7e76ba119b]::test_main_inner::{closure#0}
[INFO] [stdout]    6:     0x5673b414fff2 - std[617be2ca0a6fd877]::panicking::panic_with_hook
[INFO] [stdout]    7:     0x5673b4132b12 - std[617be2ca0a6fd877]::panicking::panic_handler::{closure#0}
[INFO] [stdout]    8:     0x5673b412afe9 - std[617be2ca0a6fd877]::sys::backtrace::__rust_end_short_backtrace::<std[617be2ca0a6fd877]::panicking::panic_handler::{closure#0}, !>
[INFO] [stdout]    9:     0x5673b413382d - __rustc[ea4f61d10b84890b]::rust_begin_unwind
[INFO] [stdout]   10:     0x5673b417040c - core[a373ad73a504971]::panicking::panic_fmt
[INFO] [stdout]   11:     0x5673b3f6c5e9 - daemon8_parse[6aa2e2d16d97e0a3]::builtin::json::tests::parse_various_formats::{closure#0}
[INFO] [stdout]   12:     0x5673b3f705c8 - <daemon8_parse[6aa2e2d16d97e0a3]::builtin::json::tests::parse_various_formats::{closure#0} as core[a373ad73a504971]::ops::function::FnOnce<()>>::call_once
[INFO] [stdout]   13:     0x5673b3fb4dbb - test[aada8e7e76ba119b]::__rust_begin_short_backtrace::<core[a373ad73a504971]::result::Result<(), alloc[2e1b2a31b91974c5]::string::String>, fn() -> core[a373ad73a504971]::result::Result<(), alloc[2e1b2a31b91974c5]::string::String>>
[INFO] [stdout]   14:     0x5673b3fc1f95 - test[aada8e7e76ba119b]::run_test::{closure#0}
[INFO] [stdout]   15:     0x5673b3fbb884 - std[617be2ca0a6fd877]::sys::backtrace::__rust_begin_short_backtrace::<test[aada8e7e76ba119b]::run_test::{closure#1}, ()>
[INFO] [stdout]   16:     0x5673b3fc5022 - <std[617be2ca0a6fd877]::thread::lifecycle::spawn_unchecked<test[aada8e7e76ba119b]::run_test::{closure#1}, ()>::{closure#1} as core[a373ad73a504971]::ops::function::FnOnce<()>>::call_once::{shim:vtable#0}
[INFO] [stdout]   17:     0x5673b4157a7f - <std[617be2ca0a6fd877]::sys::thread::unix::Thread>::new::thread_start
[INFO] [stdout]   18:     0x75c00ab0adfa - <unknown>
[INFO] [stdout]   19:     0x75c00ab9e3d4 - clone
[INFO] [stdout]   20:                0x0 - <unknown>
[INFO] [stdout] 
[INFO] [stdout] ---- builtin::line::tests::parse_fixtures stdout ----
[INFO] [stdout] 
[INFO] [stdout] thread 'builtin::line::tests::parse_fixtures' (1869) panicked at src/builtin/line.rs:100:33:
[INFO] [stdout] read fixture /opt/rustwide/workdir/fixtures/line/mixed.log: No such file or directory (os error 2)
[INFO] [stdout] stack backtrace:
[INFO] [stdout]    0:     0x5673b41588c1 - <<std[617be2ca0a6fd877]::sys::backtrace::BacktraceLock>::print::DisplayBacktrace as core[a373ad73a504971]::fmt::Display>::fmt
[INFO] [stdout]    1:     0x5673b416fc2a - core[a373ad73a504971]::fmt::write
[INFO] [stdout]    2:     0x5673b415d25c - <alloc[2e1b2a31b91974c5]::vec::Vec<u8> as core[a373ad73a504971]::io::write::Write>::write_fmt
[INFO] [stdout]    3:     0x5673b4132a66 - std[617be2ca0a6fd877]::panicking::default_hook::{closure#0}
[INFO] [stdout]    4:     0x5673b414fe39 - std[617be2ca0a6fd877]::panicking::default_hook
[INFO] [stdout]    5:     0x5673b3fc1970 - test[aada8e7e76ba119b]::test_main_inner::{closure#0}
[INFO] [stdout]    6:     0x5673b414fff2 - std[617be2ca0a6fd877]::panicking::panic_with_hook
[INFO] [stdout]    7:     0x5673b4132b12 - std[617be2ca0a6fd877]::panicking::panic_handler::{closure#0}
[INFO] [stdout]    8:     0x5673b412afe9 - std[617be2ca0a6fd877]::sys::backtrace::__rust_end_short_backtrace::<std[617be2ca0a6fd877]::panicking::panic_handler::{closure#0}, !>
[INFO] [stdout]    9:     0x5673b413382d - __rustc[ea4f61d10b84890b]::rust_begin_unwind
[INFO] [stdout]   10:     0x5673b417040c - core[a373ad73a504971]::panicking::panic_fmt
[INFO] [stdout]   11:     0x5673b3f62a29 - daemon8_parse[6aa2e2d16d97e0a3]::builtin::line::tests::parse_fixtures::{closure#0}
[INFO] [stdout]   12:     0x5673b3f6503a - <daemon8_parse[6aa2e2d16d97e0a3]::builtin::line::tests::parse_fixtures::{closure#0} as core[a373ad73a504971]::ops::function::FnOnce<()>>::call_once
[INFO] [stdout]   13:     0x5673b3fb4dbb - test[aada8e7e76ba119b]::__rust_begin_short_backtrace::<core[a373ad73a504971]::result::Result<(), alloc[2e1b2a31b91974c5]::string::String>, fn() -> core[a373ad73a504971]::result::Result<(), alloc[2e1b2a31b91974c5]::string::String>>
[INFO] [stdout]   14:     0x5673b3fc1f95 - test[aada8e7e76ba119b]::run_test::{closure#0}
[INFO] [stdout]   15:     0x5673b3fbb884 - std[617be2ca0a6fd877]::sys::backtrace::__rust_begin_short_backtrace::<test[aada8e7e76ba119b]::run_test::{closure#1}, ()>
[INFO] [stdout]   16:     0x5673b3fc5022 - <std[617be2ca0a6fd877]::thread::lifecycle::spawn_unchecked<test[aada8e7e76ba119b]::run_test::{closure#1}, ()>::{closure#1} as core[a373ad73a504971]::ops::function::FnOnce<()>>::call_once::{shim:vtable#0}
[INFO] [stdout]   17:     0x5673b4157a7f - <std[617be2ca0a6fd877]::sys::thread::unix::Thread>::new::thread_start
[INFO] [stdout]   18:     0x75c00ab0adfa - <unknown>
[INFO] [stdout]   19:     0x75c00ab9e3d4 - clone
[INFO] [stdout]   20:                0x0 - <unknown>
[INFO] [stdout] 
[INFO] [stdout] ---- builtin::monolog::tests::parse_fixtures stdout ----
[INFO] [stdout] 
[INFO] [stdout] thread 'builtin::monolog::tests::parse_fixtures' (1882) panicked at src/builtin/monolog.rs:135:33:
[INFO] [stdout] read fixture /opt/rustwide/workdir/fixtures/monolog/basic.log: No such file or directory (os error 2)
[INFO] [stdout] stack backtrace:
[INFO] [stdout]    0:     0x5673b41588c1 - <<std[617be2ca0a6fd877]::sys::backtrace::BacktraceLock>::print::DisplayBacktrace as core[a373ad73a504971]::fmt::Display>::fmt
[INFO] [stdout]    1:     0x5673b416fc2a - core[a373ad73a504971]::fmt::write
[INFO] [stdout]    2:     0x5673b415d25c - <alloc[2e1b2a31b91974c5]::vec::Vec<u8> as core[a373ad73a504971]::io::write::Write>::write_fmt
[INFO] [stdout]    3:     0x5673b4132a66 - std[617be2ca0a6fd877]::panicking::default_hook::{closure#0}
[INFO] [stdout]    4:     0x5673b414fe39 - std[617be2ca0a6fd877]::panicking::default_hook
[INFO] [stdout]    5:     0x5673b3fc1970 - test[aada8e7e76ba119b]::test_main_inner::{closure#0}
[INFO] [stdout]    6:     0x5673b414fff2 - std[617be2ca0a6fd877]::panicking::panic_with_hook
[INFO] [stdout]    7:     0x5673b4132b12 - std[617be2ca0a6fd877]::panicking::panic_handler::{closure#0}
[INFO] [stdout]    8:     0x5673b412afe9 - std[617be2ca0a6fd877]::sys::backtrace::__rust_end_short_backtrace::<std[617be2ca0a6fd877]::panicking::panic_handler::{closure#0}, !>
[INFO] [stdout]    9:     0x5673b413382d - __rustc[ea4f61d10b84890b]::rust_begin_unwind
[INFO] [stdout]   10:     0x5673b417040c - core[a373ad73a504971]::panicking::panic_fmt
[INFO] [stdout]   11:     0x5673b3f62ac9 - daemon8_parse[6aa2e2d16d97e0a3]::builtin::monolog::tests::parse_fixtures::{closure#0}
[INFO] [stdout]   12:     0x5673b3f65d35 - <daemon8_parse[6aa2e2d16d97e0a3]::builtin::monolog::tests::parse_fixtures::{closure#0} as core[a373ad73a504971]::ops::function::FnOnce<()>>::call_once
[INFO] [stdout]   13:     0x5673b3fb4dbb - test[aada8e7e76ba119b]::__rust_begin_short_backtrace::<core[a373ad73a504971]::result::Result<(), alloc[2e1b2a31b91974c5]::string::String>, fn() -> core[a373ad73a504971]::result::Result<(), alloc[2e1b2a31b91974c5]::string::String>>
[INFO] [stdout]   14:     0x5673b3fc1f95 - test[aada8e7e76ba119b]::run_test::{closure#0}
[INFO] [stdout]   15:     0x5673b3fbb884 - std[617be2ca0a6fd877]::sys::backtrace::__rust_begin_short_backtrace::<test[aada8e7e76ba119b]::run_test::{closure#1}, ()>
[INFO] [stdout]   16:     0x5673b3fc5022 - <std[617be2ca0a6fd877]::thread::lifecycle::spawn_unchecked<test[aada8e7e76ba119b]::run_test::{closure#1}, ()>::{closure#1} as core[a373ad73a504971]::ops::function::FnOnce<()>>::call_once::{shim:vtable#0}
[INFO] [stdout]   17:     0x5673b4157a7f - <std[617be2ca0a6fd877]::sys::thread::unix::Thread>::new::thread_start
[INFO] [stdout]   18:     0x75c00ab0adfa - <unknown>
[INFO] [stdout]   19:     0x75c00ab9e3d4 - clone
[INFO] [stdout]   20:                0x0 - <unknown>
[INFO] [stdout] 
[INFO] [stdout] ---- builtin::logfmt::tests::parse_fixtures stdout ----
[INFO] [stdout] 
[INFO] [stdout] thread 'builtin::logfmt::tests::parse_fixtures' (1876) panicked at src/builtin/logfmt.rs:185:33:
[INFO] [stdout] read fixture /opt/rustwide/workdir/fixtures/logfmt/basic.log: No such file or directory (os error 2)
[INFO] [stdout] stack backtrace:
[INFO] [stdout]    0:     0x5673b41588c1 - <<std[617be2ca0a6fd877]::sys::backtrace::BacktraceLock>::print::DisplayBacktrace as core[a373ad73a504971]::fmt::Display>::fmt
[INFO] [stdout]    1:     0x5673b416fc2a - core[a373ad73a504971]::fmt::write
[INFO] [stdout]    2:     0x5673b415d25c - <alloc[2e1b2a31b91974c5]::vec::Vec<u8> as core[a373ad73a504971]::io::write::Write>::write_fmt
[INFO] [stdout]    3:     0x5673b4132a66 - std[617be2ca0a6fd877]::panicking::default_hook::{closure#0}
[INFO] [stdout]    4:     0x5673b414fe39 - std[617be2ca0a6fd877]::panicking::default_hook
[INFO] [stdout]    5:     0x5673b3fc1970 - test[aada8e7e76ba119b]::test_main_inner::{closure#0}
[INFO] [stdout]    6:     0x5673b414fff2 - std[617be2ca0a6fd877]::panicking::panic_with_hook
[INFO] [stdout]    7:     0x5673b4132b12 - std[617be2ca0a6fd877]::panicking::panic_handler::{closure#0}
[INFO] [stdout]    8:     0x5673b412afe9 - std[617be2ca0a6fd877]::sys::backtrace::__rust_end_short_backtrace::<std[617be2ca0a6fd877]::panicking::panic_handler::{closure#0}, !>
[INFO] [stdout]    9:     0x5673b413382d - __rustc[ea4f61d10b84890b]::rust_begin_unwind
[INFO] [stdout]   10:     0x5673b417040c - core[a373ad73a504971]::panicking::panic_fmt
[INFO] [stdout]   11:     0x5673b3f711e9 - daemon8_parse[6aa2e2d16d97e0a3]::builtin::logfmt::tests::parse_fixtures::{closure#0}
[INFO] [stdout]   12:     0x5673b3f723c8 - <daemon8_parse[6aa2e2d16d97e0a3]::builtin::logfmt::tests::parse_fixtures::{closure#0} as core[a373ad73a504971]::ops::function::FnOnce<()>>::call_once
[INFO] [stdout]   13:     0x5673b3fb4dbb - test[aada8e7e76ba119b]::__rust_begin_short_backtrace::<core[a373ad73a504971]::result::Result<(), alloc[2e1b2a31b91974c5]::string::String>, fn() -> core[a373ad73a504971]::result::Result<(), alloc[2e1b2a31b91974c5]::string::String>>
[INFO] [stdout]   14:     0x5673b3fc1f95 - test[aada8e7e76ba119b]::run_test::{closure#0}
[INFO] [stdout]   15:     0x5673b3fbb884 - std[617be2ca0a6fd877]::sys::backtrace::__rust_begin_short_backtrace::<test[aada8e7e76ba119b]::run_test::{closure#1}, ()>
[INFO] [stdout]   16:     0x5673b3fc5022 - <std[617be2ca0a6fd877]::thread::lifecycle::spawn_unchecked<test[aada8e7e76ba119b]::run_test::{closure#1}, ()>::{closure#1} as core[a373ad73a504971]::ops::function::FnOnce<()>>::call_once::{shim:vtable#0}
[INFO] [stdout]   17:     0x5673b4157a7f - <std[617be2ca0a6fd877]::sys::thread::unix::Thread>::new::thread_start
[INFO] [stdout]   18:     0x75c00ab0adfa - <unknown>
[INFO] [stdout]   19:     0x75c00ab9e3d4 - clone
[INFO] [stdout]   20:                0x0 - <unknown>
[INFO] [stdout] 
[INFO] [stdout] ---- builtin::monolog::tests::parse_context_fixtures stdout ----
[INFO] [stdout] 
[INFO] [stdout] thread 'builtin::monolog::tests::parse_context_fixtures' (1881) panicked at src/builtin/monolog.rs:159:33:
[INFO] [stdout] read fixture /opt/rustwide/workdir/fixtures/monolog/with_context.log: No such file or directory (os error 2)
[INFO] [stdout] stack backtrace:
[INFO] [stdout]    0:     0x5673b41588c1 - <<std[617be2ca0a6fd877]::sys::backtrace::BacktraceLock>::print::DisplayBacktrace as core[a373ad73a504971]::fmt::Display>::fmt
[INFO] [stdout]    1:     0x5673b416fc2a - core[a373ad73a504971]::fmt::write
[INFO] [stdout]    2:     0x5673b415d25c - <alloc[2e1b2a31b91974c5]::vec::Vec<u8> as core[a373ad73a504971]::io::write::Write>::write_fmt
[INFO] [stdout]    3:     0x5673b4132a66 - std[617be2ca0a6fd877]::panicking::default_hook::{closure#0}
[INFO] [stdout]    4:     0x5673b414fe39 - std[617be2ca0a6fd877]::panicking::default_hook
[INFO] [stdout]    5:     0x5673b3fc1970 - test[aada8e7e76ba119b]::test_main_inner::{closure#0}
[INFO] [stdout]    6:     0x5673b414fff2 - std[617be2ca0a6fd877]::panicking::panic_with_hook
[INFO] [stdout]    7:     0x5673b4132b12 - std[617be2ca0a6fd877]::panicking::panic_handler::{closure#0}
[INFO] [stdout]    8:     0x5673b412afe9 - std[617be2ca0a6fd877]::sys::backtrace::__rust_end_short_backtrace::<std[617be2ca0a6fd877]::panicking::panic_handler::{closure#0}, !>
[INFO] [stdout]    9:     0x5673b413382d - __rustc[ea4f61d10b84890b]::rust_begin_unwind
[INFO] [stdout]   10:     0x5673b417040c - core[a373ad73a504971]::panicking::panic_fmt
[INFO] [stdout]   11:     0x5673b3f62b69 - daemon8_parse[6aa2e2d16d97e0a3]::builtin::monolog::tests::parse_context_fixtures::{closure#0}
[INFO] [stdout]   12:     0x5673b3f6675b - <daemon8_parse[6aa2e2d16d97e0a3]::builtin::monolog::tests::parse_context_fixtures::{closure#0} as core[a373ad73a504971]::ops::function::FnOnce<()>>::call_once
[INFO] [stdout]   13:     0x5673b3fb4dbb - test[aada8e7e76ba119b]::__rust_begin_short_backtrace::<core[a373ad73a504971]::result::Result<(), alloc[2e1b2a31b91974c5]::string::String>, fn() -> core[a373ad73a504971]::result::Result<(), alloc[2e1b2a31b91974c5]::string::String>>
[INFO] [stdout]   14:     0x5673b3fc1f95 - test[aada8e7e76ba119b]::run_test::{closure#0}
[INFO] [stdout]   15:     0x5673b3fbb884 - std[617be2ca0a6fd877]::sys::backtrace::__rust_begin_short_backtrace::<test[aada8e7e76ba119b]::run_test::{closure#1}, ()>
[INFO] [stdout]   16:     0x5673b3fc5022 - <std[617be2ca0a6fd877]::thread::lifecycle::spawn_unchecked<test[aada8e7e76ba119b]::run_test::{closure#1}, ()>::{closure#1} as core[a373ad73a504971]::ops::function::FnOnce<()>>::call_once::{shim:vtable#0}
[INFO] [stdout]   17:     0x5673b4157a7f - <std[617be2ca0a6fd877]::sys::thread::unix::Thread>::new::thread_start
[INFO] [stdout]   18:     0x75c00ab0adfa - <unknown>
[INFO] [stdout]   19:     0x75c00ab9e3d4 - clone
[INFO] [stdout]   20:                0x0 - <unknown>
[INFO] [stdout] 
[INFO] [stdout] ---- builtin::syslog::tests::parse_rfc5424_fixtures stdout ----
[INFO] [stdout] 
[INFO] [stdout] thread 'builtin::syslog::tests::parse_rfc5424_fixtures' (1887) panicked at src/builtin/syslog.rs:170:33:
[INFO] [stdout] read fixture /opt/rustwide/workdir/fixtures/syslog/rfc5424.log: No such file or directory (os error 2)
[INFO] [stdout] stack backtrace:
[INFO] [stdout]    0:     0x5673b41588c1 - <<std[617be2ca0a6fd877]::sys::backtrace::BacktraceLock>::print::DisplayBacktrace as core[a373ad73a504971]::fmt::Display>::fmt
[INFO] [stdout]    1:     0x5673b416fc2a - core[a373ad73a504971]::fmt::write
[INFO] [stdout]    2:     0x5673b415d25c - <alloc[2e1b2a31b91974c5]::vec::Vec<u8> as core[a373ad73a504971]::io::write::Write>::write_fmt
[INFO] [stdout]    3:     0x5673b4132a66 - std[617be2ca0a6fd877]::panicking::default_hook::{closure#0}
[INFO] [stdout]    4:     0x5673b414fe39 - std[617be2ca0a6fd877]::panicking::default_hook
[INFO] [stdout]    5:     0x5673b3fc1970 - test[aada8e7e76ba119b]::test_main_inner::{closure#0}
[INFO] [stdout]    6:     0x5673b414fff2 - std[617be2ca0a6fd877]::panicking::panic_with_hook
[INFO] [stdout]    7:     0x5673b4132b12 - std[617be2ca0a6fd877]::panicking::panic_handler::{closure#0}
[INFO] [stdout]    8:     0x5673b412afe9 - std[617be2ca0a6fd877]::sys::backtrace::__rust_end_short_backtrace::<std[617be2ca0a6fd877]::panicking::panic_handler::{closure#0}, !>
[INFO] [stdout]    9:     0x5673b413382d - __rustc[ea4f61d10b84890b]::rust_begin_unwind
[INFO] [stdout]   10:     0x5673b417040c - core[a373ad73a504971]::panicking::panic_fmt
[INFO] [stdout]   11:     0x5673b3f67769 - daemon8_parse[6aa2e2d16d97e0a3]::builtin::syslog::tests::parse_rfc5424_fixtures::{closure#0}
[INFO] [stdout]   12:     0x5673b3f6935d - <daemon8_parse[6aa2e2d16d97e0a3]::builtin::syslog::tests::parse_rfc5424_fixtures::{closure#0} as core[a373ad73a504971]::ops::function::FnOnce<()>>::call_once
[INFO] [stdout]   13:     0x5673b3fb4dbb - test[aada8e7e76ba119b]::__rust_begin_short_backtrace::<core[a373ad73a504971]::result::Result<(), alloc[2e1b2a31b91974c5]::string::String>, fn() -> core[a373ad73a504971]::result::Result<(), alloc[2e1b2a31b91974c5]::string::String>>
[INFO] [stdout]   14:     0x5673b3fc1f95 - test[aada8e7e76ba119b]::run_test::{closure#0}
[INFO] [stdout]   15:     0x5673b3fbb884 - std[617be2ca0a6fd877]::sys::backtrace::__rust_begin_short_backtrace::<test[aada8e7e76ba119b]::run_test::{closure#1}, ()>
[INFO] [stdout]   16:     0x5673b3fc5022 - <std[617be2ca0a6fd877]::thread::lifecycle::spawn_unchecked<test[aada8e7e76ba119b]::run_test::{closure#1}, ()>::{closure#1} as core[a373ad73a504971]::ops::function::FnOnce<()>>::call_once::{shim:vtable#0}
[INFO] [stdout]   17:     0x5673b4157a7f - <std[617be2ca0a6fd877]::sys::thread::unix::Thread>::new::thread_start
[INFO] [stdout]   18:     0x75c00ab0adfa - <unknown>
[INFO] [stdout]   19:     0x75c00ab9e3d4 - clone
[INFO] [stdout]   20:                0x0 - <unknown>
[INFO] [stdout] 
[INFO] [stdout] ---- builtin::syslog::tests::parse_rfc3164_fixtures stdout ----
[INFO] [stdout] 
[INFO] [stdout] thread 'builtin::syslog::tests::parse_rfc3164_fixtures' (1885) panicked at src/builtin/syslog.rs:150:33:
[INFO] [stdout] read fixture /opt/rustwide/workdir/fixtures/syslog/rfc3164.log: No such file or directory (os error 2)
[INFO] [stdout] stack backtrace:
[INFO] [stdout]    0:     0x5673b41588c1 - <<std[617be2ca0a6fd877]::sys::backtrace::BacktraceLock>::print::DisplayBacktrace as core[a373ad73a504971]::fmt::Display>::fmt
[INFO] [stdout]    1:     0x5673b416fc2a - core[a373ad73a504971]::fmt::write
[INFO] [stdout]    2:     0x5673b415d25c - <alloc[2e1b2a31b91974c5]::vec::Vec<u8> as core[a373ad73a504971]::io::write::Write>::write_fmt
[INFO] [stdout]    3:     0x5673b4132a66 - std[617be2ca0a6fd877]::panicking::default_hook::{closure#0}
[INFO] [stdout]    4:     0x5673b414fe39 - std[617be2ca0a6fd877]::panicking::default_hook
[INFO] [stdout]    5:     0x5673b3fc1970 - test[aada8e7e76ba119b]::test_main_inner::{closure#0}
[INFO] [stdout]    6:     0x5673b414fff2 - std[617be2ca0a6fd877]::panicking::panic_with_hook
[INFO] [stdout]    7:     0x5673b4132b12 - std[617be2ca0a6fd877]::panicking::panic_handler::{closure#0}
[INFO] [stdout]    8:     0x5673b412afe9 - std[617be2ca0a6fd877]::sys::backtrace::__rust_end_short_backtrace::<std[617be2ca0a6fd877]::panicking::panic_handler::{closure#0}, !>
[INFO] [stdout]    9:     0x5673b413382d - __rustc[ea4f61d10b84890b]::rust_begin_unwind
[INFO] [stdout]   10:     0x5673b417040c - core[a373ad73a504971]::panicking::panic_fmt
[INFO] [stdout]   11:     0x5673b3f676c9 - daemon8_parse[6aa2e2d16d97e0a3]::builtin::syslog::tests::parse_rfc3164_fixtures::{closure#0}
[INFO] [stdout]   12:     0x5673b3f68f01 - <daemon8_parse[6aa2e2d16d97e0a3]::builtin::syslog::tests::parse_rfc3164_fixtures::{closure#0} as core[a373ad73a504971]::ops::function::FnOnce<()>>::call_once
[INFO] [stdout]   13:     0x5673b3fb4dbb - test[aada8e7e76ba119b]::__rust_begin_short_backtrace::<core[a373ad73a504971]::result::Result<(), alloc[2e1b2a31b91974c5]::string::String>, fn() -> core[a373ad73a504971]::result::Result<(), alloc[2e1b2a31b91974c5]::string::String>>
[INFO] [stdout]   14:     0x5673b3fc1f95 - test[aada8e7e76ba119b]::run_test::{closure#0}
[INFO] [stdout]   15:     0x5673b3fbb884 - std[617be2ca0a6fd877]::sys::backtrace::__rust_begin_short_backtrace::<test[aada8e7e76ba119b]::run_test::{closure#1}, ()>
[INFO] [stdout]   16:     0x5673b3fc5022 - <std[617be2ca0a6fd877]::thread::lifecycle::spawn_unchecked<test[aada8e7e76ba119b]::run_test::{closure#1}, ()>::{closure#1} as core[a373ad73a504971]::ops::function::FnOnce<()>>::call_once::{shim:vtable#0}
[INFO] [stdout]   17:     0x5673b4157a7f - <std[617be2ca0a6fd877]::sys::thread::unix::Thread>::new::thread_start
[INFO] [stdout]   18:     0x75c00ab0adfa - <unknown>
[INFO] [stdout]   19:     0x75c00ab9e3d4 - clone
[INFO] [stdout]   20:                0x0 - <unknown>
[INFO] [stdout] 
[INFO] [stdout] ---- builtin::json::tests::parse_fixtures stdout ----
[INFO] [stdout] 
[INFO] [stdout] thread 'builtin::json::tests::parse_fixtures' (1863) panicked at src/builtin/json.rs:145:33:
[INFO] [stdout] read fixture /opt/rustwide/workdir/fixtures/json/structured.log: No such file or directory (os error 2)
[INFO] [stdout] stack backtrace:
[INFO] [stdout]    0:     0x5673b41588c1 - <<std[617be2ca0a6fd877]::sys::backtrace::BacktraceLock>::print::DisplayBacktrace as core[a373ad73a504971]::fmt::Display>::fmt
[INFO] [stdout]    1:     0x5673b416fc2a - core[a373ad73a504971]::fmt::write
[INFO] [stdout]    2:     0x5673b415d25c - <alloc[2e1b2a31b91974c5]::vec::Vec<u8> as core[a373ad73a504971]::io::write::Write>::write_fmt
[INFO] [stdout]    3:     0x5673b4132a66 - std[617be2ca0a6fd877]::panicking::default_hook::{closure#0}
[INFO] [stdout]    4:     0x5673b414fe39 - std[617be2ca0a6fd877]::panicking::default_hook
[INFO] [stdout]    5:     0x5673b3fc1970 - test[aada8e7e76ba119b]::test_main_inner::{closure#0}
[INFO] [stdout]    6:     0x5673b414fff2 - std[617be2ca0a6fd877]::panicking::panic_with_hook
[INFO] [stdout]    7:     0x5673b4132b12 - std[617be2ca0a6fd877]::panicking::panic_handler::{closure#0}
[INFO] [stdout]    8:     0x5673b412afe9 - std[617be2ca0a6fd877]::sys::backtrace::__rust_end_short_backtrace::<std[617be2ca0a6fd877]::panicking::panic_handler::{closure#0}, !>
[INFO] [stdout]    9:     0x5673b413382d - __rustc[ea4f61d10b84890b]::rust_begin_unwind
[INFO] [stdout]   10:     0x5673b417040c - core[a373ad73a504971]::panicking::panic_fmt
[INFO] [stdout]   11:     0x5673b3f6c549 - daemon8_parse[6aa2e2d16d97e0a3]::builtin::json::tests::parse_fixtures::{closure#0}
[INFO] [stdout]   12:     0x5673b3f6fade - <daemon8_parse[6aa2e2d16d97e0a3]::builtin::json::tests::parse_fixtures::{closure#0} as core[a373ad73a504971]::ops::function::FnOnce<()>>::call_once
[INFO] [stdout]   13:     0x5673b3fb4dbb - test[aada8e7e76ba119b]::__rust_begin_short_backtrace::<core[a373ad73a504971]::result::Result<(), alloc[2e1b2a31b91974c5]::string::String>, fn() -> core[a373ad73a504971]::result::Result<(), alloc[2e1b2a31b91974c5]::string::String>>
[INFO] [stdout]   14:     0x5673b3fc1f95 - test[aada8e7e76ba119b]::run_test::{closure#0}
[INFO] [stdout]   15:     0x5673b3fbb884 - std[617be2ca0a6fd877]::sys::backtrace::__rust_begin_short_backtrace::<test[aada8e7e76ba119b]::run_test::{closure#1}, ()>
[INFO] [stdout]   16:     0x5673b3fc5022 - <std[617be2ca0a6fd877]::thread::lifecycle::spawn_unchecked<test[aada8e7e76ba119b]::run_test::{closure#1}, ()>::{closure#1} as core[a373ad73a504971]::ops::function::FnOnce<()>>::call_once::{shim:vtable#0}
[INFO] [stdout]   17:     0x5673b4157a7f - <std[617be2ca0a6fd877]::sys::thread::unix::Thread>::new::thread_start
[INFO] [stdout]   18:     0x75c00ab0adfa - <unknown>
[INFO] [stdout]   19:     0x75c00ab9e3d4 - clone
[INFO] [stdout]   20:                0x0 - <unknown>
[INFO] [stdout] 
[INFO] [stdout] 
[INFO] [stdout] failures:
[INFO] [stdout]     builtin::clf::tests::parse_combined_fixtures
[INFO] [stdout]     builtin::clf::tests::parse_common_fixtures
[INFO] [stdout]     builtin::json::tests::parse_fixtures
[INFO] [stdout]     builtin::json::tests::parse_various_formats
[INFO] [stdout]     builtin::line::tests::parse_fixtures
[INFO] [stdout]     builtin::logfmt::tests::parse_fixtures
[INFO] [stdout]     builtin::monolog::tests::parse_context_fixtures
[INFO] [stdout]     builtin::monolog::tests::parse_fixtures
[INFO] [stdout]     builtin::syslog::tests::parse_rfc3164_fixtures
[INFO] [stdout]     builtin::syslog::tests::parse_rfc5424_fixtures
[INFO] [stdout] 
[INFO] [stdout] test result: FAILED. 57 passed; 10 failed; 0 ignored; 0 measured; 0 filtered out; finished in 0.03s
[INFO] [stdout] 
[INFO] [stderr] error: test failed, to rerun pass `--lib`
[INFO] running `Command { std: "docker" "inspect" "8c60165ee5fcea71efb96183a4b5a2c08b7682c6eebc6ec5934191d1d14e2e11", kill_on_drop: false }`
[INFO] running `Command { std: "docker" "rm" "-f" "8c60165ee5fcea71efb96183a4b5a2c08b7682c6eebc6ec5934191d1d14e2e11", kill_on_drop: false }`
[INFO] [stdout] 8c60165ee5fcea71efb96183a4b5a2c08b7682c6eebc6ec5934191d1d14e2e11
