[INFO] fetching crate daemon8-chrome 0.3.3...
[INFO] testing daemon8-chrome-0.3.3 against 1.99.0-beta.8+cargoflags=--release for beta-release-1.100-2
[INFO] extracting crate daemon8-chrome 0.3.3 into /workspace/builds/worker-7-tc1/source
[INFO] started tweaking crates.io crate daemon8-chrome 0.3.3
[INFO] finished tweaking crates.io crate daemon8-chrome 0.3.3
[INFO] tweaked toml for crates.io crate daemon8-chrome 0.3.3 written to /workspace/builds/worker-7-tc1/source/Cargo.toml
[INFO] validating manifest of crates.io crate daemon8-chrome 0.3.3 on toolchain 1.99.0-beta.8
[INFO] running `Command { std: CARGO_HOME="/workspace/cargo-home" RUSTUP_HOME="/workspace/rustup-home" "/workspace/cargo-home/bin/cargo" "+1.99.0-beta.8" "metadata" "--manifest-path" "Cargo.toml" "--no-deps", kill_on_drop: false }`
[INFO] crate crates.io crate daemon8-chrome 0.3.3 already has a lockfile, it will not be regenerated
[INFO] running `Command { std: CARGO_HOME="/workspace/cargo-home" RUSTUP_HOME="/workspace/rustup-home" "/workspace/cargo-home/bin/cargo" "+1.99.0-beta.8" "fetch" "--manifest-path" "Cargo.toml", kill_on_drop: false }`
[INFO] [stderr]     Updating crates.io index
[INFO] [stderr]  Downloading crates ...
[INFO] [stderr]   Downloaded daemon8-types v0.3.3
[INFO] [stderr]   Downloaded sse-stream v0.2.1
[INFO] [stderr]   Downloaded rustls-webpki v0.103.12
[INFO] [stderr]   Downloaded rmcp-macros v1.3.0
[INFO] [stderr]   Downloaded rmcp v1.3.0
[INFO] running `Command { std: "docker" "create" "-v" "/var/lib/crater-agent-workspace/builds/worker-7-tc1/source:/opt/rustwide/workdir:ro,Z" "-v" "/var/lib/crater-agent-workspace/builds/worker-7-tc1/target:/opt/rustwide/target:rw,Z" "-v" "/var/lib/crater-agent-workspace/cargo-home:/opt/rustwide/cargo-home:ro,Z" "-v" "/var/lib/crater-agent-workspace/rustup-home:/opt/rustwide/rustup-home:ro,Z" "-m" "1610612736" "--network" "none" "ghcr.io/rust-lang/crates-build-env/linux@sha256:77db811e55d90add9212f6832c23229e3de5f1c1f9905e8cb07319ea15df73ac" "sleep" "infinity", kill_on_drop: false }`
[INFO] [stdout] f514272d99c8fa8c9d66518eaba7ddf6eb71f54592c3167a0c7c7c5932632df5
[INFO] running `Command { std: "docker" "start" "f514272d99c8fa8c9d66518eaba7ddf6eb71f54592c3167a0c7c7c5932632df5", kill_on_drop: false }`
[INFO] running `Command { std: "docker" "inspect" "f514272d99c8fa8c9d66518eaba7ddf6eb71f54592c3167a0c7c7c5932632df5", kill_on_drop: false }`
[INFO] running `Command { std: "docker" "exec" "-e" "SOURCE_DIR=/opt/rustwide/workdir" "-e" "CARGO_HOME=/opt/rustwide/cargo-home" "-e" "RUSTUP_HOME=/opt/rustwide/rustup-home" "-e" "CARGO_TARGET_DIR=/opt/rustwide/target" "-w" "/opt/rustwide/workdir" "--user" "0:0" "f514272d99c8fa8c9d66518eaba7ddf6eb71f54592c3167a0c7c7c5932632df5" "/opt/rustwide/cargo-home/bin/cargo" "+1.99.0-beta.8" "metadata" "--no-deps" "--format-version=1", kill_on_drop: false }`
[INFO] running `Command { std: "docker" "inspect" "f514272d99c8fa8c9d66518eaba7ddf6eb71f54592c3167a0c7c7c5932632df5", kill_on_drop: false }`
[INFO] running `Command { std: "docker" "exec" "-e" "SOURCE_DIR=/opt/rustwide/workdir" "-e" "CARGO_HOME=/opt/rustwide/cargo-home" "-e" "RUSTUP_HOME=/opt/rustwide/rustup-home" "-e" "CARGO_TARGET_DIR=/opt/rustwide/target" "-e" "CARGO_INCREMENTAL=0" "-e" "RUST_BACKTRACE=full" "-e" "RUSTFLAGS=--cap-lints=warn" "-e" "RUSTDOCFLAGS=--cap-lints=warn" "-w" "/opt/rustwide/workdir" "--user" "0:0" "f514272d99c8fa8c9d66518eaba7ddf6eb71f54592c3167a0c7c7c5932632df5" "/opt/rustwide/cargo-home/bin/cargo" "+1.99.0-beta.8" "build" "--frozen" "--message-format=json" "--release", kill_on_drop: false }`
[INFO] [stderr]    Compiling libc v0.2.183
[INFO] [stderr]    Compiling aws-lc-rs v1.16.2
[INFO] [stderr]    Compiling serde_core v1.0.228
[INFO] [stderr]    Compiling tracing v0.1.44
[INFO] [stderr]    Compiling tokio-util v0.7.18
[INFO] [stderr]    Compiling rustls v0.23.37
[INFO] [stderr]    Compiling rand_core v0.10.0
[INFO] [stderr]    Compiling serde_json v1.0.149
[INFO] [stderr]    Compiling getrandom v0.3.4
[INFO] [stderr]    Compiling ref-cast-impl v1.0.25
[INFO] [stderr]    Compiling serde_derive_internals v0.29.1
[INFO] [stderr]    Compiling rmcp v1.3.0
[INFO] [stderr]    Compiling sse-stream v0.2.1
[INFO] [stderr]    Compiling tokio-stream v0.1.18
[INFO] [stderr]    Compiling iri-string v0.7.11
[INFO] [stderr]    Compiling getrandom v0.4.2
[INFO] [stderr]    Compiling rand_core v0.9.5
[INFO] [stderr]    Compiling chacha20 v0.10.0
[INFO] [stderr]    Compiling pastey v0.2.1
[INFO] [stderr]    Compiling uuid v1.22.0
[INFO] [stderr]    Compiling url v2.5.8
[INFO] [stderr]    Compiling rand v0.10.0
[INFO] [stderr]    Compiling rand_chacha v0.9.0
[INFO] [stderr]    Compiling ref-cast v1.0.25
[INFO] [stderr]    Compiling rand v0.9.2
[INFO] [stderr]    Compiling schemars_derive v1.2.1
[INFO] [stderr]    Compiling tungstenite v0.29.0
[INFO] [stderr]    Compiling jobserver v0.1.34
[INFO] [stderr]    Compiling h2 v0.4.13
[INFO] [stderr]    Compiling cc v1.2.57
[INFO] [stderr]    Compiling cmake v0.1.57
[INFO] [stderr]    Compiling tokio-tungstenite v0.29.0
[INFO] [stderr]    Compiling tower-http v0.6.8
[INFO] [stderr]    Compiling aws-lc-sys v0.39.0
[INFO] [stderr]    Compiling serde v1.0.228
[INFO] [stderr]    Compiling rmcp-macros v1.3.0
[INFO] [stderr]    Compiling chrono v0.4.44
[INFO] [stderr]    Compiling hyper v1.8.1
[INFO] [stderr]    Compiling schemars v1.2.1
[INFO] [stderr]    Compiling hyper-util v0.1.20
[INFO] [stderr]    Compiling daemon8-types v0.3.3
[INFO] [stderr]    Compiling rustls-webpki v0.103.12
[INFO] [stderr]    Compiling tokio-rustls v0.26.4
[INFO] [stderr]    Compiling rustls-platform-verifier v0.6.2
[INFO] [stderr]    Compiling hyper-rustls v0.27.7
[INFO] [stderr]    Compiling reqwest v0.13.2
[INFO] [stderr]    Compiling daemon8-chrome v0.3.3 (/opt/rustwide/workdir)
[INFO] [stderr]     Finished `release` profile [optimized] target(s) in 1m 50s
[INFO] running `Command { std: "docker" "inspect" "f514272d99c8fa8c9d66518eaba7ddf6eb71f54592c3167a0c7c7c5932632df5", kill_on_drop: false }`
[INFO] running `Command { std: "docker" "exec" "-e" "SOURCE_DIR=/opt/rustwide/workdir" "-e" "CARGO_HOME=/opt/rustwide/cargo-home" "-e" "RUSTUP_HOME=/opt/rustwide/rustup-home" "-e" "CARGO_TARGET_DIR=/opt/rustwide/target" "-e" "CARGO_INCREMENTAL=0" "-e" "RUST_BACKTRACE=full" "-e" "RUSTFLAGS=--cap-lints=warn" "-e" "RUSTDOCFLAGS=--cap-lints=warn" "-w" "/opt/rustwide/workdir" "--user" "0:0" "f514272d99c8fa8c9d66518eaba7ddf6eb71f54592c3167a0c7c7c5932632df5" "/opt/rustwide/cargo-home/bin/cargo" "+1.99.0-beta.8" "test" "--frozen" "--no-run" "--message-format=json" "--release", kill_on_drop: false }`
[INFO] [stderr]    Compiling daemon8-chrome v0.3.3 (/opt/rustwide/workdir)
[INFO] [stderr]     Finished `release` profile [optimized] target(s) in 10.18s
[INFO] running `Command { std: "docker" "inspect" "f514272d99c8fa8c9d66518eaba7ddf6eb71f54592c3167a0c7c7c5932632df5", kill_on_drop: false }`
[INFO] running `Command { std: "docker" "exec" "-e" "SOURCE_DIR=/opt/rustwide/workdir" "-e" "CARGO_HOME=/opt/rustwide/cargo-home" "-e" "RUSTUP_HOME=/opt/rustwide/rustup-home" "-e" "CARGO_TARGET_DIR=/opt/rustwide/target" "-e" "CARGO_INCREMENTAL=0" "-e" "RUST_BACKTRACE=full" "-e" "RUSTFLAGS=--cap-lints=warn" "-e" "RUSTDOCFLAGS=--cap-lints=warn" "-w" "/opt/rustwide/workdir" "--user" "0:0" "f514272d99c8fa8c9d66518eaba7ddf6eb71f54592c3167a0c7c7c5932632df5" "/opt/rustwide/cargo-home/bin/cargo" "+1.99.0-beta.8" "test" "--frozen" "--release", kill_on_drop: false }`
[INFO] [stderr]     Finished `release` profile [optimized] target(s) in 0.23s
[INFO] [stderr]      Running unittests src/lib.rs (/opt/rustwide/target/release/deps/daemon8_chrome-5098bc2a2bfc4fb0)
[INFO] [stdout] 
[INFO] [stdout] running 46 tests
[INFO] [stdout] test actions::tests::integration_element_at_point ... ok
[INFO] [stdout] test actions::tests::integration_navigate ... ok
[INFO] [stdout] test actions::tests::css_escaping ... ok
[INFO] [stdout] test connection::tests::test_initial_state_disconnected ... ok
[INFO] [stdout] test connection::tests::test_transition_updates_all_receivers ... ok
[INFO] [stdout] test actions::tests::integration_network_conditions ... ok
[INFO] [stdout] test actions::tests::selector_escaping ... ok
[INFO] [stdout] test actions::tests::integration_storage_roundtrip ... ok
[INFO] [stdout] test events::tests::console_missing_type_returns_none ... ok
[INFO] [stdout] test events::tests::console_empty_function_name_excluded ... ok
[INFO] [stdout] test events::tests::console_unknown_type_defaults_to_debug ... ok
[INFO] [stdout] test events::tests::console_assert_is_error ... ok
[INFO] [stdout] test events::tests::console_warning ... ok
[INFO] [stdout] test connection::tests::test_rapid_transitions_receiver_sees_latest ... ok
[INFO] [stdout] test events::tests::exception_missing_details_returns_none ... ok
[INFO] [stdout] test events::tests::console_error_with_stack ... ok
[INFO] [stdout] test events::tests::exception_with_stack ... ok
[INFO] [stdout] test events::tests::console_with_numeric_value ... ok
[INFO] [stdout] test events::tests::exception_without_stack ... ok
[INFO] [stdout] test cdp_client::tests::cdp_error_response_becomes_err ... ok
[INFO] [stdout] test events::tests::lifecycle_dom_content_loaded ... ok
[INFO] [stdout] test events::tests::lifecycle_missing_name_returns_none ... ok
[INFO] [stdout] test events::tests::loading_failed_canceled ... ok
[INFO] [stdout] test events::tests::request_basic ... ok
[INFO] [stdout] test events::tests::response_404 ... ok
[INFO] [stdout] test events::tests::response_basic ... ok
[INFO] [stdout] test events::tests::timestamp_clamps_negative ... ok
[INFO] [stdout] test events::tests::timestamp_handles_missing ... ok
[INFO] [stdout] test events::tests::timestamp_out_of_epoch_range_uses_wall_clock ... ok
[INFO] [stdout] test monitor_disconnect_tests::external_endpoint_marks_reconnecting_and_retries ... ok
[INFO] [stdout] test monitor_disconnect_tests::managed_browser_marks_disconnected_and_waits_for_next_request ... ok
[INFO] [stdout] test events::tests::lifecycle_load ... ok
[INFO] [stdout] test events::tests::loading_failed_basic ... ok
[INFO] [stdout] test pid_alive_tests::current_process_is_alive ... ok
[INFO] [stdout] test pid_alive_tests::very_high_pid_is_dead ... ok
[INFO] [stdout] test cdp_client::tests::send_command_produces_correct_json_rpc ... ok
[INFO] [stdout] test actions::tests::integration_set_and_clear_viewport ... ok
[INFO] [stdout] test events::tests::console_info ... ok
[INFO] [stdout] test events::tests::console_log_basic ... ok
[INFO] [stdout] test events::tests::console_with_object_args ... ok
[INFO] [stdout] test events::tests::request_missing_id_returns_none ... ok
[INFO] [stdout] test pid_alive_tests::impossible_pid_is_dead ... FAILED
[INFO] [stdout] test cdp_client::tests::pump_drains_pending_on_close ... ok
[INFO] [stdout] test cdp_client::tests::events_route_to_channel ... ok
[INFO] [stdout] test cdp_client::tests::event_without_session_id ... ok
[INFO] [stdout] test cdp_client::tests::command_response_correlation ... ok
[INFO] [stdout] 
[INFO] [stdout] failures:
[INFO] [stdout] 
[INFO] [stdout] ---- pid_alive_tests::impossible_pid_is_dead stdout ----
[INFO] [stdout] 
[INFO] [stdout] thread 'pid_alive_tests::impossible_pid_is_dead' (2361) panicked at src/lib.rs:2098:9:
[INFO] [stdout] assertion failed: !pid_alive(0)
[INFO] [stdout] stack backtrace:
[INFO] [stdout]    0:     0x60c372f43ce1 - <<std[70759c8f55707aa4]::sys::backtrace::BacktraceLock>::print::DisplayBacktrace as core[df12db4294e9bfd3]::fmt::Display>::fmt
[INFO] [stdout]    1:     0x60c372f5b24a - core[df12db4294e9bfd3]::fmt::write
[INFO] [stdout]    2:     0x60c372f48f6c - <alloc[2182bb758b4b3781]::vec::Vec<u8> as core[df12db4294e9bfd3]::io::write::Write>::write_fmt
[INFO] [stdout]    3:     0x60c372f1eb16 - std[70759c8f55707aa4]::panicking::default_hook::{closure#0}
[INFO] [stdout]    4:     0x60c372f3b9f9 - std[70759c8f55707aa4]::panicking::default_hook
[INFO] [stdout]    5:     0x60c372e7aff0 - test[9d35eded1c95d3be]::test_main_inner::<test[9d35eded1c95d3be]::test_main_static::{closure#0}>::{closure#0}
[INFO] [stdout]    6:     0x60c372f3bd22 - std[70759c8f55707aa4]::panicking::panic_with_hook
[INFO] [stdout]    7:     0x60c372f1ebf4 - std[70759c8f55707aa4]::panicking::panic_handler::{closure#0}
[INFO] [stdout]    8:     0x60c372f177c9 - std[70759c8f55707aa4]::sys::backtrace::__rust_end_short_backtrace::<std[70759c8f55707aa4]::panicking::panic_handler::{closure#0}, !>
[INFO] [stdout]    9:     0x60c372f1f9ad - __rustc[8fa7c3cbc660c2b3]::rust_begin_unwind
[INFO] [stdout]   10:     0x60c372f5b9ac - core[df12db4294e9bfd3]::panicking::panic_fmt
[INFO] [stdout]   11:     0x60c372f5b972 - core[df12db4294e9bfd3]::panicking::panic
[INFO] [stdout]   12:     0x60c372a95667 - <daemon8_chrome[a29748b788c8dc10]::pid_alive_tests::impossible_pid_is_dead::{closure#0} as core[df12db4294e9bfd3]::ops::function::FnOnce<()>>::call_once
[INFO] [stdout]   13:     0x60c372e6e2db - test[9d35eded1c95d3be]::__rust_begin_short_backtrace::<core[df12db4294e9bfd3]::result::Result<(), alloc[2182bb758b4b3781]::string::String>, fn() -> core[df12db4294e9bfd3]::result::Result<(), alloc[2182bb758b4b3781]::string::String>>
[INFO] [stdout]   14:     0x60c372e7b945 - test[9d35eded1c95d3be]::run_test::{closure#0}
[INFO] [stdout]   15:     0x60c372e75204 - std[70759c8f55707aa4]::sys::backtrace::__rust_begin_short_backtrace::<test[9d35eded1c95d3be]::run_test::{closure#1}, ()>
[INFO] [stdout]   16:     0x60c372e7eaa2 - <std[70759c8f55707aa4]::thread::lifecycle::spawn_unchecked<test[9d35eded1c95d3be]::run_test::{closure#1}, ()>::{closure#1} as core[df12db4294e9bfd3]::ops::function::FnOnce<()>>::call_once::{shim:vtable#0}
[INFO] [stdout]   17:     0x60c372f43209 - <std[70759c8f55707aa4]::sys::thread::unix::Thread>::new::thread_start
[INFO] [stdout]   18:     0x76efe1023dfa - <unknown>
[INFO] [stdout]   19:     0x76efe10b73d4 - clone
[INFO] [stdout]   20:                0x0 - <unknown>
[INFO] [stdout] 
[INFO] [stdout] 
[INFO] [stdout] failures:
[INFO] [stdout]     pid_alive_tests::impossible_pid_is_dead
[INFO] [stdout] 
[INFO] [stdout] test result: FAILED. 45 passed; 1 failed; 0 ignored; 0 measured; 0 filtered out; finished in 0.09s
[INFO] [stdout] 
[INFO] [stderr] error: test failed, to rerun pass `--lib`
[INFO] running `Command { std: "docker" "inspect" "f514272d99c8fa8c9d66518eaba7ddf6eb71f54592c3167a0c7c7c5932632df5", kill_on_drop: false }`
[INFO] running `Command { std: "docker" "rm" "-f" "f514272d99c8fa8c9d66518eaba7ddf6eb71f54592c3167a0c7c7c5932632df5", kill_on_drop: false }`
[INFO] [stdout] f514272d99c8fa8c9d66518eaba7ddf6eb71f54592c3167a0c7c7c5932632df5
