[INFO] fetching crate daedalus-planner 0.1.1...
[INFO] testing daedalus-planner-0.1.1 against 1.100.0-beta.1+cargoflags=--release for beta-release-1.100-2
[INFO] extracting crate daedalus-planner 0.1.1 into /workspace/builds/worker-4-tc2/source
[INFO] started tweaking crates.io crate daedalus-planner 0.1.1
[INFO] removed 0 missing tests
[INFO] finished tweaking crates.io crate daedalus-planner 0.1.1
[INFO] tweaked toml for crates.io crate daedalus-planner 0.1.1 written to /workspace/builds/worker-4-tc2/source/Cargo.toml
[INFO] validating manifest of crates.io crate daedalus-planner 0.1.1 on toolchain 1.100.0-beta.1
[INFO] running `Command { std: CARGO_HOME="/workspace/cargo-home" RUSTUP_HOME="/workspace/rustup-home" "/workspace/cargo-home/bin/cargo" "+1.100.0-beta.1" "metadata" "--manifest-path" "Cargo.toml" "--no-deps", kill_on_drop: false }`
[INFO] crate crates.io crate daedalus-planner 0.1.1 already has a lockfile, it will not be regenerated
[INFO] running `Command { std: CARGO_HOME="/workspace/cargo-home" RUSTUP_HOME="/workspace/rustup-home" "/workspace/cargo-home/bin/cargo" "+1.100.0-beta.1" "fetch" "--manifest-path" "Cargo.toml", kill_on_drop: false }`
[INFO] [stderr] warning: `package.homepage` is redundant with `package.repository`
[INFO] [stderr]   --> Cargo.toml:52:12
[INFO] [stderr]    |
[INFO] [stderr] 52 | homepage = "https://github.com/Prometheus-Dynamics/Daedalus"
[INFO] [stderr]    |            ^^^^^^^^^^^^^^^^^^^^^^^^^^^^^^^^^^^^^^^^^^^^^^^^^
[INFO] [stderr] ...
[INFO] [stderr] 57 | repository = "https://github.com/Prometheus-Dynamics/Daedalus"
[INFO] [stderr]    |              -------------------------------------------------
[INFO] [stderr]    |
[INFO] [stderr]    = note: `cargo::redundant_homepage` is set to `warn` by default
[INFO] [stderr] help: consider removing `package.homepage`
[INFO] [stderr] warning: `daedalus-planner` (manifest) generated 1 warning
[INFO] running `Command { std: "docker" "create" "-v" "/var/lib/crater-agent-workspace/builds/worker-4-tc2/source:/opt/rustwide/workdir:ro,Z" "-v" "/var/lib/crater-agent-workspace/builds/worker-4-tc2/target:/opt/rustwide/target:rw,Z" "-v" "/var/lib/crater-agent-workspace/cargo-home:/opt/rustwide/cargo-home:ro,Z" "-v" "/var/lib/crater-agent-workspace/rustup-home:/opt/rustwide/rustup-home:ro,Z" "-m" "1610612736" "--network" "none" "ghcr.io/rust-lang/crates-build-env/linux@sha256:77db811e55d90add9212f6832c23229e3de5f1c1f9905e8cb07319ea15df73ac" "sleep" "infinity", kill_on_drop: false }`
[INFO] [stdout] 281fabd90ccacabb12848ea5e383a3f6da42ad21d7551ecb4003babd96d512a8
[INFO] running `Command { std: "docker" "start" "281fabd90ccacabb12848ea5e383a3f6da42ad21d7551ecb4003babd96d512a8", kill_on_drop: false }`
[INFO] running `Command { std: "docker" "inspect" "281fabd90ccacabb12848ea5e383a3f6da42ad21d7551ecb4003babd96d512a8", kill_on_drop: false }`
[INFO] running `Command { std: "docker" "exec" "-e" "SOURCE_DIR=/opt/rustwide/workdir" "-e" "CARGO_HOME=/opt/rustwide/cargo-home" "-e" "RUSTUP_HOME=/opt/rustwide/rustup-home" "-e" "CARGO_TARGET_DIR=/opt/rustwide/target" "-w" "/opt/rustwide/workdir" "--user" "0:0" "281fabd90ccacabb12848ea5e383a3f6da42ad21d7551ecb4003babd96d512a8" "/opt/rustwide/cargo-home/bin/cargo" "+1.100.0-beta.1" "metadata" "--no-deps" "--format-version=1", kill_on_drop: false }`
[INFO] running `Command { std: "docker" "inspect" "281fabd90ccacabb12848ea5e383a3f6da42ad21d7551ecb4003babd96d512a8", kill_on_drop: false }`
[INFO] running `Command { std: "docker" "exec" "-e" "SOURCE_DIR=/opt/rustwide/workdir" "-e" "CARGO_HOME=/opt/rustwide/cargo-home" "-e" "RUSTUP_HOME=/opt/rustwide/rustup-home" "-e" "CARGO_TARGET_DIR=/opt/rustwide/target" "-e" "CARGO_INCREMENTAL=0" "-e" "RUST_BACKTRACE=full" "-e" "RUSTFLAGS=--cap-lints=warn" "-e" "RUSTDOCFLAGS=--cap-lints=warn" "-w" "/opt/rustwide/workdir" "--user" "0:0" "281fabd90ccacabb12848ea5e383a3f6da42ad21d7551ecb4003babd96d512a8" "/opt/rustwide/cargo-home/bin/cargo" "+1.100.0-beta.1" "build" "--frozen" "--message-format=json" "--release", kill_on_drop: false }`
[INFO] [stderr] warning: `package.homepage` is redundant with `package.repository`
[INFO] [stderr]   --> Cargo.toml:52:12
[INFO] [stderr]    |
[INFO] [stderr] 52 | homepage = "https://github.com/Prometheus-Dynamics/Daedalus"
[INFO] [stderr]    |            ^^^^^^^^^^^^^^^^^^^^^^^^^^^^^^^^^^^^^^^^^^^^^^^^^
[INFO] [stderr] ...
[INFO] [stderr] 57 | repository = "https://github.com/Prometheus-Dynamics/Daedalus"
[INFO] [stderr]    |              -------------------------------------------------
[INFO] [stderr]    |
[INFO] [stderr]    = note: `cargo::redundant_homepage` is set to `warn` by default
[INFO] [stderr] help: consider removing `package.homepage`
[INFO] [stderr] warning: `daedalus-planner` (manifest) generated 1 warning
[INFO] [stderr]    Compiling syn v2.0.111
[INFO] [stderr]    Compiling serde_json v1.0.145
[INFO] [stderr]    Compiling crossbeam-queue v0.3.12
[INFO] [stderr]    Compiling thiserror-impl v2.0.17
[INFO] [stderr]    Compiling serde_derive v1.0.228
[INFO] [stderr]    Compiling thiserror v2.0.17
[INFO] [stderr]    Compiling serde v1.0.228
[INFO] [stderr]    Compiling daedalus-data v0.1.1
[INFO] [stderr]    Compiling daedalus-core v0.1.1
[INFO] [stderr]    Compiling daedalus-registry v0.1.1
[INFO] [stderr]    Compiling daedalus-planner v0.1.1 (/opt/rustwide/workdir)
[INFO] [stderr]     Finished `release` profile [optimized] target(s) in 18.80s
[INFO] running `Command { std: "docker" "inspect" "281fabd90ccacabb12848ea5e383a3f6da42ad21d7551ecb4003babd96d512a8", kill_on_drop: false }`
[INFO] running `Command { std: "docker" "exec" "-e" "SOURCE_DIR=/opt/rustwide/workdir" "-e" "CARGO_HOME=/opt/rustwide/cargo-home" "-e" "RUSTUP_HOME=/opt/rustwide/rustup-home" "-e" "CARGO_TARGET_DIR=/opt/rustwide/target" "-e" "CARGO_INCREMENTAL=0" "-e" "RUST_BACKTRACE=full" "-e" "RUSTFLAGS=--cap-lints=warn" "-e" "RUSTDOCFLAGS=--cap-lints=warn" "-w" "/opt/rustwide/workdir" "--user" "0:0" "281fabd90ccacabb12848ea5e383a3f6da42ad21d7551ecb4003babd96d512a8" "/opt/rustwide/cargo-home/bin/cargo" "+1.100.0-beta.1" "test" "--frozen" "--no-run" "--message-format=json" "--release", kill_on_drop: false }`
[INFO] [stderr] warning: `package.homepage` is redundant with `package.repository`
[INFO] [stderr]   --> Cargo.toml:52:12
[INFO] [stderr]    |
[INFO] [stderr] 52 | homepage = "https://github.com/Prometheus-Dynamics/Daedalus"
[INFO] [stderr]    |            ^^^^^^^^^^^^^^^^^^^^^^^^^^^^^^^^^^^^^^^^^^^^^^^^^
[INFO] [stderr] ...
[INFO] [stderr] 57 | repository = "https://github.com/Prometheus-Dynamics/Daedalus"
[INFO] [stderr]    |              -------------------------------------------------
[INFO] [stderr]    |
[INFO] [stderr]    = note: `cargo::redundant_homepage` is set to `warn` by default
[INFO] [stderr] help: consider removing `package.homepage`
[INFO] [stderr] warning: `daedalus-planner` (manifest) generated 1 warning
[INFO] [stderr]    Compiling daedalus-planner v0.1.1 (/opt/rustwide/workdir)
[INFO] [stderr]     Finished `release` profile [optimized] target(s) in 3.68s
[INFO] running `Command { std: "docker" "inspect" "281fabd90ccacabb12848ea5e383a3f6da42ad21d7551ecb4003babd96d512a8", kill_on_drop: false }`
[INFO] running `Command { std: "docker" "exec" "-e" "SOURCE_DIR=/opt/rustwide/workdir" "-e" "CARGO_HOME=/opt/rustwide/cargo-home" "-e" "RUSTUP_HOME=/opt/rustwide/rustup-home" "-e" "CARGO_TARGET_DIR=/opt/rustwide/target" "-e" "CARGO_INCREMENTAL=0" "-e" "RUST_BACKTRACE=full" "-e" "RUSTFLAGS=--cap-lints=warn" "-e" "RUSTDOCFLAGS=--cap-lints=warn" "-w" "/opt/rustwide/workdir" "--user" "0:0" "281fabd90ccacabb12848ea5e383a3f6da42ad21d7551ecb4003babd96d512a8" "/opt/rustwide/cargo-home/bin/cargo" "+1.100.0-beta.1" "test" "--frozen" "--release", kill_on_drop: false }`
[INFO] [stderr] warning: `package.homepage` is redundant with `package.repository`
[INFO] [stderr]   --> Cargo.toml:52:12
[INFO] [stderr]    |
[INFO] [stderr] 52 | homepage = "https://github.com/Prometheus-Dynamics/Daedalus"
[INFO] [stderr]    |            ^^^^^^^^^^^^^^^^^^^^^^^^^^^^^^^^^^^^^^^^^^^^^^^^^
[INFO] [stderr] ...
[INFO] [stderr] 57 | repository = "https://github.com/Prometheus-Dynamics/Daedalus"
[INFO] [stderr]    |              -------------------------------------------------
[INFO] [stderr]    |
[INFO] [stderr]    = note: `cargo::redundant_homepage` is set to `warn` by default
[INFO] [stderr] help: consider removing `package.homepage`
[INFO] [stderr] warning: `daedalus-planner` (manifest) generated 1 warning
[INFO] [stderr]     Finished `release` profile [optimized] target(s) in 0.06s
[INFO] [stderr]      Running unittests src/lib.rs (/opt/rustwide/target/release/build/daedalus-planner/5679b6ab17549475/out/daedalus_planner-5679b6ab17549475)
[INFO] [stdout] 
[INFO] [stdout] running 4 tests
[INFO] [stdout] test tests::detects_cycle_in_align ... ok
[INFO] [stdout] test tests::gpu_required_without_flag_reports ... ok
[INFO] [stdout] test tests::reports_missing_node_and_ports_and_converter_gap ... ok
[INFO] [stdout] test tests::stable_hash_changes_with_edges ... ok
[INFO] [stdout] 
[INFO] [stdout] test result: ok. 4 passed; 0 failed; 0 ignored; 0 measured; 0 filtered out; finished in 0.00s
[INFO] [stdout] 
[INFO] [stderr]      Running unittests src/bin/plan_dump.rs (/opt/rustwide/target/release/build/daedalus-planner/16b710ad12a6c4b4/out/plan_dump-16b710ad12a6c4b4)
[INFO] [stdout] 
[INFO] [stdout] running 0 tests
[INFO] [stdout] 
[INFO] [stdout] test result: ok. 0 passed; 0 failed; 0 ignored; 0 measured; 0 filtered out; finished in 0.00s
[INFO] [stdout] 
[INFO] [stderr]      Running tests/fanin_ports.rs (/opt/rustwide/target/release/build/daedalus-planner/d43c1b01e953055d/out/fanin_ports-d43c1b01e953055d)
[INFO] [stdout] 
[INFO] [stdout] running 1 test
[INFO] [stdout] test fanin_inputs_accept_indexed_ports ... ok
[INFO] [stdout] 
[INFO] [stdout] test result: ok. 1 passed; 0 failed; 0 ignored; 0 measured; 0 filtered out; finished in 0.00s
[INFO] [stdout] 
[INFO] [stderr]      Running tests/host_bridge_generic_infer.rs (/opt/rustwide/target/release/build/daedalus-planner/bea20098232cf372/out/host_bridge_generic_infer-bea20098232cf372)
[INFO] [stdout] 
[INFO] [stdout] running 2 tests
[INFO] [stdout] test infers_host_bridge_output_type_from_connection ... ok
[INFO] [stdout] test rejects_conflicting_inference_for_single_generic_port ... ok
[INFO] [stdout] 
[INFO] [stdout] test result: ok. 2 passed; 0 failed; 0 ignored; 0 measured; 0 filtered out; finished in 0.00s
[INFO] [stdout] 
[INFO] [stderr]      Running tests/order_property.rs (/opt/rustwide/target/release/build/daedalus-planner/eb2aab69994b17e7/out/order_property-eb2aab69994b17e7)
[INFO] [stdout] 
[INFO] [stdout] running 1 test
[INFO] [stdout] test schedule_order_respects_topology ... ok
[INFO] [stdout] 
[INFO] [stdout] test result: ok. 1 passed; 0 failed; 0 ignored; 0 measured; 0 filtered out; finished in 0.00s
[INFO] [stdout] 
[INFO] [stderr]      Running tests/plan_golden.rs (/opt/rustwide/target/release/build/daedalus-planner/166bd9e0601e3c79/out/plan_golden-166bd9e0601e3c79)
[INFO] [stdout] 
[INFO] [stdout] running 8 tests
[INFO] [stdout] test converter_gap_golden ... ok
[INFO] [stdout] test converter_success_golden ... ok
[INFO] [stdout] test gpu_required_without_flag_golden ... ok
[INFO] [stdout] test missing_port_golden ... ok
[INFO] [stdout] test cycle_golden ... ok
[INFO] [stdout] test missing_node_golden ... FAILED
[INFO] [stdout] test lint_warnings_golden ... FAILED
[INFO] [stdout] test execution_plan_matches_cpu_golden ... ok
[INFO] [stdout] 
[INFO] [stdout] failures:
[INFO] [stdout] 
[INFO] [stdout] ---- missing_node_golden stdout ----
[INFO] [stdout] 
[INFO] [stdout] thread 'missing_node_golden' (677) panicked at tests/plan_golden.rs:26:5:
[INFO] [stdout] assertion `left == right` failed
[INFO] [stdout]   left: Object {"diagnostics": Array [Object {"code": String("NodeMissing"), "message": String("node c not found in registry"), "span": Object {"node": String("c"), "pass": String("hydrate_registry"), "port": Null}}], "graph": Object {"edges": Array [], "metadata": Object {"schedule_order": String("c,a"), "schedule_priority": String("a:2,c:2"), "topo_order": String("c,a")}, "nodes": Array [Object {"bundle": Null, "compute": String("CpuOnly"), "const_inputs": Array [], "id": String("a"), "inputs": Array [], "label": Null, "outputs": Array []}, Object {"bundle": Null, "compute": String("CpuOnly"), "const_inputs": Array [], "id": String("c"), "inputs": Array [], "label": Null, "outputs": Array []}]}, "hash": Number(1412614712956646749), "version": String("0.1")}
[INFO] [stdout]  right: Object {"diagnostics": Array [Object {"code": String("NodeMissing"), "message": String("node c not found in registry"), "span": Object {"node": String("c"), "pass": String("hydrate_registry"), "port": Null}}], "graph": Object {"edges": Array [], "metadata": Object {"schedule_order": String("a,c"), "schedule_priority": String("a:2,c:2"), "topo_order": String("a,c")}, "nodes": Array [Object {"bundle": Null, "compute": String("CpuOnly"), "const_inputs": Array [], "id": String("a"), "inputs": Array [], "label": Null, "outputs": Array []}, Object {"bundle": Null, "compute": String("CpuOnly"), "const_inputs": Array [], "id": String("c"), "inputs": Array [], "label": Null, "outputs": Array []}]}, "hash": Number(1412614712956646749), "version": String("0.1")}
[INFO] [stdout] stack backtrace:
[INFO] [stdout]    0:     0x5b60723ecd61 - <<std[617be2ca0a6fd877]::sys::backtrace::BacktraceLock>::print::DisplayBacktrace as core[a373ad73a504971]::fmt::Display>::fmt
[INFO] [stdout]    1:     0x5b60724018ca - core[a373ad73a504971]::fmt::write
[INFO] [stdout]    2:     0x5b60723f0f9c - <alloc[2e1b2a31b91974c5]::vec::Vec<u8> as core[a373ad73a504971]::io::write::Write>::write_fmt
[INFO] [stdout]    3:     0x5b60723c8af6 - std[617be2ca0a6fd877]::panicking::default_hook::{closure#0}
[INFO] [stdout]    4:     0x5b60723e4d29 - std[617be2ca0a6fd877]::panicking::default_hook
[INFO] [stdout]    5:     0x5b60722f5c00 - test[aada8e7e76ba119b]::test_main_inner::{closure#0}
[INFO] [stdout]    6:     0x5b60723e4ee2 - std[617be2ca0a6fd877]::panicking::panic_with_hook
[INFO] [stdout]    7:     0x5b60723c8ba2 - std[617be2ca0a6fd877]::panicking::panic_handler::{closure#0}
[INFO] [stdout]    8:     0x5b60723c1729 - std[617be2ca0a6fd877]::sys::backtrace::__rust_end_short_backtrace::<std[617be2ca0a6fd877]::panicking::panic_handler::{closure#0}, !>
[INFO] [stdout]    9:     0x5b60723c97ad - __rustc[ea4f61d10b84890b]::rust_begin_unwind
[INFO] [stdout]   10:     0x5b6072401ffc - core[a373ad73a504971]::panicking::panic_fmt
[INFO] [stdout]   11:     0x5b6072401f13 - core[a373ad73a504971]::panicking::assert_failed_inner
[INFO] [stdout]   12:     0x5b60722e887d - core[a373ad73a504971]::panicking::assert_failed::<serde_json[51f597f584b06344]::value::Value, serde_json[51f597f584b06344]::value::Value>
[INFO] [stdout]   13:     0x5b60722db251 - plan_golden[6dc521655c00b258]::assert_plan_matches_golden
[INFO] [stdout]   14:     0x5b60722dc694 - <plan_golden[6dc521655c00b258]::missing_node_golden::{closure#0} as core[a373ad73a504971]::ops::function::FnOnce<()>>::call_once
[INFO] [stdout]   15:     0x5b60722e904b - test[aada8e7e76ba119b]::__rust_begin_short_backtrace::<core[a373ad73a504971]::result::Result<(), alloc[2e1b2a31b91974c5]::string::String>, fn() -> core[a373ad73a504971]::result::Result<(), alloc[2e1b2a31b91974c5]::string::String>>
[INFO] [stdout]   16:     0x5b60722f6225 - test[aada8e7e76ba119b]::run_test::{closure#0}
[INFO] [stdout]   17:     0x5b60722efb14 - std[617be2ca0a6fd877]::sys::backtrace::__rust_begin_short_backtrace::<test[aada8e7e76ba119b]::run_test::{closure#1}, ()>
[INFO] [stdout]   18:     0x5b60722f92b2 - <std[617be2ca0a6fd877]::thread::lifecycle::spawn_unchecked<test[aada8e7e76ba119b]::run_test::{closure#1}, ()>::{closure#1} as core[a373ad73a504971]::ops::function::FnOnce<()>>::call_once::{shim:vtable#0}
[INFO] [stdout]   19:     0x5b60723ec04f - <std[617be2ca0a6fd877]::sys::thread::unix::Thread>::new::thread_start
[INFO] [stdout]   20:     0x7af8b26f4dfa - <unknown>
[INFO] [stdout]   21:     0x7af8b27883d4 - clone
[INFO] [stdout]   22:                0x0 - <unknown>
[INFO] [stdout] 
[INFO] [stdout] ---- lint_warnings_golden stdout ----
[INFO] [stdout] 
[INFO] [stdout] thread 'lint_warnings_golden' (676) panicked at tests/plan_golden.rs:26:5:
[INFO] [stdout] assertion `left == right` failed
[INFO] [stdout]   left: Object {"diagnostics": Array [Object {"code": String("LintWarning"), "message": String("node a has unused outputs: out"), "span": Object {"node": String("a"), "pass": String("lint"), "port": Null}}, Object {"code": String("LintWarning"), "message": String("node b has unconnected inputs: in"), "span": Object {"node": String("b"), "pass": String("lint"), "port": Null}}], "graph": Object {"edges": Array [], "metadata": Object {"schedule_order": String("b,a"), "schedule_priority": String("a:2,b:2"), "topo_order": String("b,a")}, "nodes": Array [Object {"bundle": Null, "compute": String("CpuOnly"), "const_inputs": Array [], "id": String("a"), "inputs": Array [], "label": Null, "outputs": Array [String("out")]}, Object {"bundle": Null, "compute": String("CpuOnly"), "const_inputs": Array [], "id": String("b"), "inputs": Array [String("in")], "label": Null, "outputs": Array []}]}, "hash": Number(1411658137840292404), "version": String("0.1")}
[INFO] [stdout]  right: Object {"diagnostics": Array [Object {"code": String("LintWarning"), "message": String("node a has unused outputs: out"), "span": Object {"node": String("a"), "pass": String("lint"), "port": Null}}, Object {"code": String("LintWarning"), "message": String("node b has unconnected inputs: in"), "span": Object {"node": String("b"), "pass": String("lint"), "port": Null}}], "graph": Object {"edges": Array [], "metadata": Object {"schedule_order": String("a,b"), "schedule_priority": String("a:2,b:2"), "topo_order": String("a,b")}, "nodes": Array [Object {"bundle": Null, "compute": String("CpuOnly"), "const_inputs": Array [], "id": String("a"), "inputs": Array [], "label": Null, "outputs": Array [String("out")]}, Object {"bundle": Null, "compute": String("CpuOnly"), "const_inputs": Array [], "id": String("b"), "inputs": Array [String("in")], "label": Null, "outputs": Array []}]}, "hash": Number(1411658137840292404), "version": String("0.1")}
[INFO] [stdout] stack backtrace:
[INFO] [stdout]    0:     0x5b60723ecd61 - <<std[617be2ca0a6fd877]::sys::backtrace::BacktraceLock>::print::DisplayBacktrace as core[a373ad73a504971]::fmt::Display>::fmt
[INFO] [stdout]    1:     0x5b60724018ca - core[a373ad73a504971]::fmt::write
[INFO] [stdout]    2:     0x5b60723f0f9c - <alloc[2e1b2a31b91974c5]::vec::Vec<u8> as core[a373ad73a504971]::io::write::Write>::write_fmt
[INFO] [stdout]    3:     0x5b60723c8af6 - std[617be2ca0a6fd877]::panicking::default_hook::{closure#0}
[INFO] [stdout]    4:     0x5b60723e4d29 - std[617be2ca0a6fd877]::panicking::default_hook
[INFO] [stdout]    5:     0x5b60722f5c00 - test[aada8e7e76ba119b]::test_main_inner::{closure#0}
[INFO] [stdout]    6:     0x5b60723e4ee2 - std[617be2ca0a6fd877]::panicking::panic_with_hook
[INFO] [stdout]    7:     0x5b60723c8ba2 - std[617be2ca0a6fd877]::panicking::panic_handler::{closure#0}
[INFO] [stdout]    8:     0x5b60723c1729 - std[617be2ca0a6fd877]::sys::backtrace::__rust_end_short_backtrace::<std[617be2ca0a6fd877]::panicking::panic_handler::{closure#0}, !>
[INFO] [stdout]    9:     0x5b60723c97ad - __rustc[ea4f61d10b84890b]::rust_begin_unwind
[INFO] [stdout]   10:     0x5b6072401ffc - core[a373ad73a504971]::panicking::panic_fmt
[INFO] [stdout]   11:     0x5b6072401f13 - core[a373ad73a504971]::panicking::assert_failed_inner
[INFO] [stdout]   12:     0x5b60722e887d - core[a373ad73a504971]::panicking::assert_failed::<serde_json[51f597f584b06344]::value::Value, serde_json[51f597f584b06344]::value::Value>
[INFO] [stdout]   13:     0x5b60722db251 - plan_golden[6dc521655c00b258]::assert_plan_matches_golden
[INFO] [stdout]   14:     0x5b60722de4b3 - <plan_golden[6dc521655c00b258]::lint_warnings_golden::{closure#0} as core[a373ad73a504971]::ops::function::FnOnce<()>>::call_once
[INFO] [stdout]   15:     0x5b60722e904b - test[aada8e7e76ba119b]::__rust_begin_short_backtrace::<core[a373ad73a504971]::result::Result<(), alloc[2e1b2a31b91974c5]::string::String>, fn() -> core[a373ad73a504971]::result::Result<(), alloc[2e1b2a31b91974c5]::string::String>>
[INFO] [stdout]   16:     0x5b60722f6225 - test[aada8e7e76ba119b]::run_test::{closure#0}
[INFO] [stdout]   17:     0x5b60722efb14 - std[617be2ca0a6fd877]::sys::backtrace::__rust_begin_short_backtrace::<test[aada8e7e76ba119b]::run_test::{closure#1}, ()>
[INFO] [stdout]   18:     0x5b60722f92b2 - <std[617be2ca0a6fd877]::thread::lifecycle::spawn_unchecked<test[aada8e7e76ba119b]::run_test::{closure#1}, ()>::{closure#1} as core[a373ad73a504971]::ops::function::FnOnce<()>>::call_once::{shim:vtable#0}
[INFO] [stdout]   19:     0x5b60723ec04f - <std[617be2ca0a6fd877]::sys::thread::unix::Thread>::new::thread_start
[INFO] [stdout]   20:     0x7af8b26f4dfa - <unknown>
[INFO] [stdout]   21:     0x7af8b27883d4 - clone
[INFO] [stdout]   22:                0x0 - <unknown>
[INFO] [stdout] 
[INFO] [stdout] 
[INFO] [stdout] failures:
[INFO] [stdout]     lint_warnings_golden
[INFO] [stdout]     missing_node_golden
[INFO] [stdout] 
[INFO] [stdout] test result: FAILED. 6 passed; 2 failed; 0 ignored; 0 measured; 0 filtered out; finished in 0.01s
[INFO] [stdout] 
[INFO] [stderr] error: test failed, to rerun pass `--test plan_golden`
[INFO] running `Command { std: "docker" "inspect" "281fabd90ccacabb12848ea5e383a3f6da42ad21d7551ecb4003babd96d512a8", kill_on_drop: false }`
[INFO] running `Command { std: "docker" "rm" "-f" "281fabd90ccacabb12848ea5e383a3f6da42ad21d7551ecb4003babd96d512a8", kill_on_drop: false }`
[INFO] [stdout] 281fabd90ccacabb12848ea5e383a3f6da42ad21d7551ecb4003babd96d512a8
