[INFO] fetching crate dae-runtime 0.4.0...
[INFO] testing dae-runtime-0.4.0 against 1.100.0-beta.1+cargoflags=--release for beta-release-1.100-2
[INFO] extracting crate dae-runtime 0.4.0 into /workspace/builds/worker-1-tc2/source
[INFO] started tweaking crates.io crate dae-runtime 0.4.0
[INFO] removed 0 missing examples
[INFO] removed 0 missing tests
[INFO] finished tweaking crates.io crate dae-runtime 0.4.0
[INFO] tweaked toml for crates.io crate dae-runtime 0.4.0 written to /workspace/builds/worker-1-tc2/source/Cargo.toml
[INFO] validating manifest of crates.io crate dae-runtime 0.4.0 on toolchain 1.100.0-beta.1
[INFO] running `Command { std: CARGO_HOME="/workspace/cargo-home" RUSTUP_HOME="/workspace/rustup-home" "/workspace/cargo-home/bin/cargo" "+1.100.0-beta.1" "metadata" "--manifest-path" "Cargo.toml" "--no-deps", kill_on_drop: false }`
[INFO] crate crates.io crate dae-runtime 0.4.0 already has a lockfile, it will not be regenerated
[INFO] running `Command { std: CARGO_HOME="/workspace/cargo-home" RUSTUP_HOME="/workspace/rustup-home" "/workspace/cargo-home/bin/cargo" "+1.100.0-beta.1" "fetch" "--manifest-path" "Cargo.toml", kill_on_drop: false }`
[INFO] [stderr] warning: `package.homepage` is redundant with `package.repository`
[INFO] [stderr]   --> Cargo.toml:61:12
[INFO] [stderr]    |
[INFO] [stderr] 61 | homepage = "https://github.com/Elvis-codeur/general-simulator"
[INFO] [stderr]    |            ^^^^^^^^^^^^^^^^^^^^^^^^^^^^^^^^^^^^^^^^^^^^^^^^^^^
[INFO] [stderr] ...
[INFO] [stderr] 67 | repository = "https://github.com/Elvis-codeur/general-simulator"
[INFO] [stderr]    |              ---------------------------------------------------
[INFO] [stderr]    |
[INFO] [stderr]    = note: `cargo::redundant_homepage` is set to `warn` by default
[INFO] [stderr] help: consider removing `package.homepage`
[INFO] [stderr] warning: `dae-runtime` (manifest) generated 1 warning
[INFO] running `Command { std: "docker" "create" "-v" "/var/lib/crater-agent-workspace/builds/worker-1-tc2/source:/opt/rustwide/workdir:ro,Z" "-v" "/var/lib/crater-agent-workspace/builds/worker-1-tc2/target:/opt/rustwide/target:rw,Z" "-v" "/var/lib/crater-agent-workspace/cargo-home:/opt/rustwide/cargo-home:ro,Z" "-v" "/var/lib/crater-agent-workspace/rustup-home:/opt/rustwide/rustup-home:ro,Z" "-m" "1610612736" "--network" "none" "ghcr.io/rust-lang/crates-build-env/linux@sha256:77db811e55d90add9212f6832c23229e3de5f1c1f9905e8cb07319ea15df73ac" "sleep" "infinity", kill_on_drop: false }`
[INFO] [stdout] 2d2461c949027f6dc4b12f8f10c36b9981156fcc189e2e27bf389f1e058479fb
[INFO] running `Command { std: "docker" "start" "2d2461c949027f6dc4b12f8f10c36b9981156fcc189e2e27bf389f1e058479fb", kill_on_drop: false }`
[INFO] running `Command { std: "docker" "inspect" "2d2461c949027f6dc4b12f8f10c36b9981156fcc189e2e27bf389f1e058479fb", kill_on_drop: false }`
[INFO] running `Command { std: "docker" "exec" "-e" "SOURCE_DIR=/opt/rustwide/workdir" "-e" "CARGO_HOME=/opt/rustwide/cargo-home" "-e" "RUSTUP_HOME=/opt/rustwide/rustup-home" "-e" "CARGO_TARGET_DIR=/opt/rustwide/target" "-w" "/opt/rustwide/workdir" "--user" "0:0" "2d2461c949027f6dc4b12f8f10c36b9981156fcc189e2e27bf389f1e058479fb" "/opt/rustwide/cargo-home/bin/cargo" "+1.100.0-beta.1" "metadata" "--no-deps" "--format-version=1", kill_on_drop: false }`
[INFO] running `Command { std: "docker" "inspect" "2d2461c949027f6dc4b12f8f10c36b9981156fcc189e2e27bf389f1e058479fb", kill_on_drop: false }`
[INFO] running `Command { std: "docker" "exec" "-e" "SOURCE_DIR=/opt/rustwide/workdir" "-e" "CARGO_HOME=/opt/rustwide/cargo-home" "-e" "RUSTUP_HOME=/opt/rustwide/rustup-home" "-e" "CARGO_TARGET_DIR=/opt/rustwide/target" "-e" "CARGO_INCREMENTAL=0" "-e" "RUST_BACKTRACE=full" "-e" "RUSTFLAGS=--cap-lints=warn" "-e" "RUSTDOCFLAGS=--cap-lints=warn" "-w" "/opt/rustwide/workdir" "--user" "0:0" "2d2461c949027f6dc4b12f8f10c36b9981156fcc189e2e27bf389f1e058479fb" "/opt/rustwide/cargo-home/bin/cargo" "+1.100.0-beta.1" "build" "--frozen" "--message-format=json" "--release", kill_on_drop: false }`
[INFO] [stderr] warning: `package.homepage` is redundant with `package.repository`
[INFO] [stderr]   --> Cargo.toml:61:12
[INFO] [stderr]    |
[INFO] [stderr] 61 | homepage = "https://github.com/Elvis-codeur/general-simulator"
[INFO] [stderr]    |            ^^^^^^^^^^^^^^^^^^^^^^^^^^^^^^^^^^^^^^^^^^^^^^^^^^^
[INFO] [stderr] ...
[INFO] [stderr] 67 | repository = "https://github.com/Elvis-codeur/general-simulator"
[INFO] [stderr]    |              ---------------------------------------------------
[INFO] [stderr]    |
[INFO] [stderr]    = note: `cargo::redundant_homepage` is set to `warn` by default
[INFO] [stderr] help: consider removing `package.homepage`
[INFO] [stderr] warning: `dae-runtime` (manifest) generated 1 warning
[INFO] [stderr]    Compiling syn v3.0.6
[INFO] [stderr]    Compiling thiserror v2.0.20
[INFO] [stderr]    Compiling lcp-solver v0.4.0
[INFO] [stderr]    Compiling continuous-blocks v0.4.0
[INFO] [stderr]    Compiling general-spice-core v0.1.0
[INFO] [stderr]    Compiling octave-ffi v0.4.0
[INFO] [stderr]    Compiling heapless v0.7.17
[INFO] [stderr]    Compiling hash32 v0.2.1
[INFO] [stderr]    Compiling spin v0.9.9
[INFO] [stderr]    Compiling cscript-ffi v0.4.0
[INFO] [stderr]    Compiling pwl-devices v0.4.0
[INFO] [stderr]    Compiling thiserror-impl v2.0.20
[INFO] [stderr]    Compiling serde_derive v1.0.229
[INFO] [stderr]    Compiling general-mna v0.2.0
[INFO] [stderr]    Compiling cobs v0.3.0
[INFO] [stderr]    Compiling serde v1.0.229
[INFO] [stderr]    Compiling postcard v1.1.3
[INFO] [stderr]    Compiling dae-runtime v0.4.0 (/opt/rustwide/workdir)
[INFO] [stderr]     Finished `release` profile [optimized] target(s) in 24.42s
[INFO] running `Command { std: "docker" "inspect" "2d2461c949027f6dc4b12f8f10c36b9981156fcc189e2e27bf389f1e058479fb", kill_on_drop: false }`
[INFO] running `Command { std: "docker" "exec" "-e" "SOURCE_DIR=/opt/rustwide/workdir" "-e" "CARGO_HOME=/opt/rustwide/cargo-home" "-e" "RUSTUP_HOME=/opt/rustwide/rustup-home" "-e" "CARGO_TARGET_DIR=/opt/rustwide/target" "-e" "CARGO_INCREMENTAL=0" "-e" "RUST_BACKTRACE=full" "-e" "RUSTFLAGS=--cap-lints=warn" "-e" "RUSTDOCFLAGS=--cap-lints=warn" "-w" "/opt/rustwide/workdir" "--user" "0:0" "2d2461c949027f6dc4b12f8f10c36b9981156fcc189e2e27bf389f1e058479fb" "/opt/rustwide/cargo-home/bin/cargo" "+1.100.0-beta.1" "test" "--frozen" "--no-run" "--message-format=json" "--release", kill_on_drop: false }`
[INFO] [stderr] warning: `package.homepage` is redundant with `package.repository`
[INFO] [stderr]   --> Cargo.toml:61:12
[INFO] [stderr]    |
[INFO] [stderr] 61 | homepage = "https://github.com/Elvis-codeur/general-simulator"
[INFO] [stderr]    |            ^^^^^^^^^^^^^^^^^^^^^^^^^^^^^^^^^^^^^^^^^^^^^^^^^^^
[INFO] [stderr] ...
[INFO] [stderr] 67 | repository = "https://github.com/Elvis-codeur/general-simulator"
[INFO] [stderr]    |              ---------------------------------------------------
[INFO] [stderr]    |
[INFO] [stderr]    = note: `cargo::redundant_homepage` is set to `warn` by default
[INFO] [stderr] help: consider removing `package.homepage`
[INFO] [stderr] warning: `dae-runtime` (manifest) generated 1 warning
[INFO] [stderr]    Compiling dae-runtime v0.4.0 (/opt/rustwide/workdir)
[INFO] [stderr]     Finished `release` profile [optimized] target(s) in 21.91s
[INFO] running `Command { std: "docker" "inspect" "2d2461c949027f6dc4b12f8f10c36b9981156fcc189e2e27bf389f1e058479fb", kill_on_drop: false }`
[INFO] running `Command { std: "docker" "exec" "-e" "SOURCE_DIR=/opt/rustwide/workdir" "-e" "CARGO_HOME=/opt/rustwide/cargo-home" "-e" "RUSTUP_HOME=/opt/rustwide/rustup-home" "-e" "CARGO_TARGET_DIR=/opt/rustwide/target" "-e" "CARGO_INCREMENTAL=0" "-e" "RUST_BACKTRACE=full" "-e" "RUSTFLAGS=--cap-lints=warn" "-e" "RUSTDOCFLAGS=--cap-lints=warn" "-w" "/opt/rustwide/workdir" "--user" "0:0" "2d2461c949027f6dc4b12f8f10c36b9981156fcc189e2e27bf389f1e058479fb" "/opt/rustwide/cargo-home/bin/cargo" "+1.100.0-beta.1" "test" "--frozen" "--release", kill_on_drop: false }`
[INFO] [stderr] warning: `package.homepage` is redundant with `package.repository`
[INFO] [stderr]   --> Cargo.toml:61:12
[INFO] [stderr]    |
[INFO] [stderr] 61 | homepage = "https://github.com/Elvis-codeur/general-simulator"
[INFO] [stderr]    |            ^^^^^^^^^^^^^^^^^^^^^^^^^^^^^^^^^^^^^^^^^^^^^^^^^^^
[INFO] [stderr] ...
[INFO] [stderr] 67 | repository = "https://github.com/Elvis-codeur/general-simulator"
[INFO] [stderr]    |              ---------------------------------------------------
[INFO] [stderr]    |
[INFO] [stderr]    = note: `cargo::redundant_homepage` is set to `warn` by default
[INFO] [stderr] help: consider removing `package.homepage`
[INFO] [stderr] warning: `dae-runtime` (manifest) generated 1 warning
[INFO] [stderr]     Finished `release` profile [optimized] target(s) in 0.09s
[INFO] [stderr]      Running unittests src/lib.rs (/opt/rustwide/target/release/build/dae-runtime/11633a62b881da05/out/dae_runtime-11633a62b881da05)
[INFO] [stdout] 
[INFO] [stdout] running 12 tests
[INFO] [stdout] test checkpoint::tests::a_foreign_or_future_file_is_refused_up_front ... ok
[INFO] [stdout] test checkpoint::tests::bytes_round_trip_bit_exactly ... ok
[INFO] [stdout] test block_graph::next_pwm_edge_dt_tests::landing_a_few_ulps_past_a_threshold_also_reports_a_full_period_not_zero ... ok
[INFO] [stdout] test linsolve::tests::solves_a_hand_checkable_system ... ok
[INFO] [stdout] test block_graph::next_pwm_edge_dt_tests::a_threshold_genuinely_ahead_reports_the_real_distance ... ok
[INFO] [stdout] test scheme_tests::trapezoidal_is_more_accurate_than_backward_euler_at_the_same_dt ... ok
[INFO] [stdout] test step_control::tests::from_t_final_orders_the_three_step_sizes_sensibly ... ok
[INFO] [stdout] test scheme_tests::backward_euler_error_roughly_halves_when_dt_halves ... ok
[INFO] [stderr]      Running tests/adaptive_event_landing.rs (/opt/rustwide/target/release/build/dae-runtime/9aad33ad97923cb9/out/adaptive_event_landing-9aad33ad97923cb9)
[INFO] [stdout] test scheme_tests::trapezoidal_error_roughly_quarters_when_dt_halves ... ok
[INFO] [stdout] test checkpoint::tests::deck_hash_is_order_sensitive_and_stable ... ok
[INFO] [stdout] test linsolve::tests::reports_singular_matrix ... ok
[INFO] [stdout] test block_graph::next_pwm_edge_dt_tests::landing_exactly_on_a_threshold_reports_a_full_period_not_zero ... ok
[INFO] [stdout] 
[INFO] [stdout] test result: ok. 12 passed; 0 failed; 0 ignored; 0 measured; 0 filtered out; finished in 0.01s
[INFO] [stdout] 
[INFO] [stdout] 
[INFO] [stdout] running 1 test
[INFO] [stderr]      Running tests/block_initial_conditions.rs (/opt/rustwide/target/release/build/dae-runtime/21e70d50089a582b/out/block_initial_conditions-21e70d50089a582b)
[INFO] [stdout] test adaptive_step_lands_exactly_on_pwm_edges_no_missed_edges ... ok
[INFO] [stdout] 
[INFO] [stdout] test result: ok. 1 passed; 0 failed; 0 ignored; 0 measured; 0 filtered out; finished in 2.22s
[INFO] [stdout] 
[INFO] [stdout] 
[INFO] [stdout] running 11 tests
[INFO] [stdout] test discretestatespace_ic_is_the_state_vector ... ok
[INFO] [stdout] test discretetf_y0_with_the_matching_input_stays_put ... ok
[INFO] [stdout] test statespace_ic_is_the_state_vector ... ok
[INFO] [stdout] test tf_ic_is_the_canonical_state ... ok
[INFO] [stdout] test pid_ic_preloads_the_integrator ... ok
[INFO] [stdout] test pmsm_ic_is_the_four_machine_states ... ok
[INFO] [stdout] test tf_y0_with_the_matching_input_stays_put ... ok
[INFO] [stdout] test vco_ic_is_the_initial_phase ... ok
[INFO] [stderr]      Running tests/block_prev_signal.rs (/opt/rustwide/target/release/build/dae-runtime/f41d9fced2aa6d6e/out/block_prev_signal-f41d9fced2aa6d6e)
[INFO] [stdout] test a_hand_built_ic_of_the_wrong_length_is_refused ... ok
[INFO] [stdout] test logic_states_and_the_counter_start_where_declared ... ok
[INFO] [stdout] test discretepid_ic_preloads_the_integrator ... ok
[INFO] [stdout] 
[INFO] [stdout] test result: ok. 11 passed; 0 failed; 0 ignored; 0 measured; 0 filtered out; finished in 0.01s
[INFO] [stdout] 
[INFO] [stdout] 
[INFO] [stdout] running 2 tests
[INFO] [stdout] test block_prev_of_an_unevaluated_block_is_zero_before_the_first_step ... ok
[INFO] [stderr]      Running tests/checkpoint_resume.rs (/opt/rustwide/target/release/build/dae-runtime/c4b2e10806cf8f67/out/checkpoint_resume-c4b2e10806cf8f67)
[INFO] [stdout] test block_prev_self_reference_builds_an_exact_discrete_accumulator ... ok
[INFO] [stdout] 
[INFO] [stdout] test result: ok. 2 passed; 0 failed; 0 ignored; 0 measured; 0 filtered out; finished in 0.00s
[INFO] [stdout] 
[INFO] [stdout] 
[INFO] [stdout] running 10 tests
[INFO] [stdout] test an_octblock_state_round_trips_through_octave_save_and_load ... ok
[INFO] [stderr] cc1: fatal error: /opt/rustwide/workdir/../cscript-ffi/tests/fixtures/accumulator_partial_state.c: No such file or directory
[INFO] [stderr] compilation terminated.
[INFO] [stderr] cc1: fatal error: /opt/rustwide/workdir/../cscript-ffi/tests/fixtures/accumulator.c: No such file or directory
[INFO] [stderr] compilation terminated.
[INFO] [stdout] test resuming_into_a_different_deck_is_refused ... ok
[INFO] [stdout] test a_cscript_with_a_partial_state_contract_is_refused_at_load ... FAILED
[INFO] [stdout] test a_cscript_without_the_state_contract_runs_but_is_refused_at_checkpoint_time ... FAILED
[INFO] [stdout] test resuming_past_t_final_is_an_empty_run ... ok
[INFO] [stderr] cc1: fatal error: /opt/rustwide/workdir/../cscript-ffi/tests/fixtures/accumulator_checkpoint.c: No such file or directory
[INFO] [stderr] compilation terminated.
[INFO] [stdout] test a_cscript_state_round_trips_through_the_state_contract ... FAILED
[INFO] [stdout] test adaptive_resume_from_final_continues_the_controller_not_a_restart ... ok
[INFO] [stdout] test a_periodic_mid_run_checkpoint_resumes_bit_identically_fixed_step ... ok
[INFO] [stdout] test a_periodic_mid_run_checkpoint_resumes_bit_identically_adaptive ... ok
[INFO] [stderr] error: test failed, to rerun pass `--test checkpoint_resume`
[INFO] [stdout] test fixed_step_resume_is_bit_identical_to_an_uninterrupted_run ... ok
[INFO] [stdout] 
[INFO] [stdout] failures:
[INFO] [stdout] 
[INFO] [stdout] ---- a_cscript_with_a_partial_state_contract_is_refused_at_load stdout ----
[INFO] [stdout] 
[INFO] [stdout] thread 'a_cscript_with_a_partial_state_contract_is_refused_at_load' (1484) panicked at tests/checkpoint_resume.rs:397:5:
[INFO] [stdout] cc failed on accumulator_partial_state.c
[INFO] [stdout] stack backtrace:
[INFO] [stdout]    0:     0x5cd7f8ec9ff1 - <<std[617be2ca0a6fd877]::sys::backtrace::BacktraceLock>::print::DisplayBacktrace as core[a373ad73a504971]::fmt::Display>::fmt
[INFO] [stdout]    1:     0x5cd7f8ee02ba - core[a373ad73a504971]::fmt::write
[INFO] [stdout]    2:     0x5cd7f8ece29c - <alloc[2e1b2a31b91974c5]::vec::Vec<u8> as core[a373ad73a504971]::io::write::Write>::write_fmt
[INFO] [stdout]    3:     0x5cd7f8ea49c6 - std[617be2ca0a6fd877]::panicking::default_hook::{closure#0}
[INFO] [stdout]    4:     0x5cd7f8ec2019 - std[617be2ca0a6fd877]::panicking::default_hook
[INFO] [stdout]    5:     0x5cd7f8db2320 - test[aada8e7e76ba119b]::test_main_inner::{closure#0}
[INFO] [stdout]    6:     0x5cd7f8ec21d2 - std[617be2ca0a6fd877]::panicking::panic_with_hook
[INFO] [stdout]    7:     0x5cd7f8ea4a72 - std[617be2ca0a6fd877]::panicking::panic_handler::{closure#0}
[INFO] [stdout]    8:     0x5cd7f8e9d4d9 - std[617be2ca0a6fd877]::sys::backtrace::__rust_end_short_backtrace::<std[617be2ca0a6fd877]::panicking::panic_handler::{closure#0}, !>
[INFO] [stdout]    9:     0x5cd7f8ea567d - __rustc[ea4f61d10b84890b]::rust_begin_unwind
[INFO] [stdout]   10:     0x5cd7f8ee0a1c - core[a373ad73a504971]::panicking::panic_fmt
[INFO] [stdout]   11:     0x5cd7f8d92b84 - checkpoint_resume[eb7ca1f6b0954e0c]::compile_cscript_fixture
[INFO] [stdout]   12:     0x5cd7f8d97c29 - <checkpoint_resume[eb7ca1f6b0954e0c]::a_cscript_with_a_partial_state_contract_is_refused_at_load::{closure#0} as core[a373ad73a504971]::ops::function::FnOnce<()>>::call_once
[INFO] [stdout]   13:     0x5cd7f8da576b - test[aada8e7e76ba119b]::__rust_begin_short_backtrace::<core[a373ad73a504971]::result::Result<(), alloc[2e1b2a31b91974c5]::string::String>, fn() -> core[a373ad73a504971]::result::Result<(), alloc[2e1b2a31b91974c5]::string::String>>
[INFO] [stdout]   14:     0x5cd7f8db2945 - test[aada8e7e76ba119b]::run_test::{closure#0}
[INFO] [stdout]   15:     0x5cd7f8dac234 - std[617be2ca0a6fd877]::sys::backtrace::__rust_begin_short_backtrace::<test[aada8e7e76ba119b]::run_test::{closure#1}, ()>
[INFO] [stdout]   16:     0x5cd7f8db59d2 - <std[617be2ca0a6fd877]::thread::lifecycle::spawn_unchecked<test[aada8e7e76ba119b]::run_test::{closure#1}, ()>::{closure#1} as core[a373ad73a504971]::ops::function::FnOnce<()>>::call_once::{shim:vtable#0}
[INFO] [stdout]   17:     0x5cd7f8ec935f - <std[617be2ca0a6fd877]::sys::thread::unix::Thread>::new::thread_start
[INFO] [stdout]   18:     0x757a3bf70dfa - <unknown>
[INFO] [stdout]   19:     0x757a3c0043d4 - clone
[INFO] [stdout]   20:                0x0 - <unknown>
[INFO] [stdout] 
[INFO] [stdout] ---- a_cscript_without_the_state_contract_runs_but_is_refused_at_checkpoint_time stdout ----
[INFO] [stdout] 
[INFO] [stdout] thread 'a_cscript_without_the_state_contract_runs_but_is_refused_at_checkpoint_time' (1485) panicked at tests/checkpoint_resume.rs:397:5:
[INFO] [stdout] cc failed on accumulator.c
[INFO] [stdout] stack backtrace:
[INFO] [stdout]    0:     0x5cd7f8ec9ff1 - <<std[617be2ca0a6fd877]::sys::backtrace::BacktraceLock>::print::DisplayBacktrace as core[a373ad73a504971]::fmt::Display>::fmt
[INFO] [stdout]    1:     0x5cd7f8ee02ba - core[a373ad73a504971]::fmt::write
[INFO] [stdout]    2:     0x5cd7f8ece29c - <alloc[2e1b2a31b91974c5]::vec::Vec<u8> as core[a373ad73a504971]::io::write::Write>::write_fmt
[INFO] [stdout]    3:     0x5cd7f8ea49c6 - std[617be2ca0a6fd877]::panicking::default_hook::{closure#0}
[INFO] [stdout]    4:     0x5cd7f8ec2019 - std[617be2ca0a6fd877]::panicking::default_hook
[INFO] [stdout]    5:     0x5cd7f8db2320 - test[aada8e7e76ba119b]::test_main_inner::{closure#0}
[INFO] [stdout]    6:     0x5cd7f8ec21d2 - std[617be2ca0a6fd877]::panicking::panic_with_hook
[INFO] [stdout]    7:     0x5cd7f8ea4a72 - std[617be2ca0a6fd877]::panicking::panic_handler::{closure#0}
[INFO] [stdout]    8:     0x5cd7f8e9d4d9 - std[617be2ca0a6fd877]::sys::backtrace::__rust_end_short_backtrace::<std[617be2ca0a6fd877]::panicking::panic_handler::{closure#0}, !>
[INFO] [stdout]    9:     0x5cd7f8ea567d - __rustc[ea4f61d10b84890b]::rust_begin_unwind
[INFO] [stdout]   10:     0x5cd7f8ee0a1c - core[a373ad73a504971]::panicking::panic_fmt
[INFO] [stdout]   11:     0x5cd7f8d92b84 - checkpoint_resume[eb7ca1f6b0954e0c]::compile_cscript_fixture
[INFO] [stdout]   12:     0x5cd7f8d99d3a - <checkpoint_resume[eb7ca1f6b0954e0c]::a_cscript_without_the_state_contract_runs_but_is_refused_at_checkpoint_time::{closure#0} as core[a373ad73a504971]::ops::function::FnOnce<()>>::call_once
[INFO] [stdout]   13:     0x5cd7f8da576b - test[aada8e7e76ba119b]::__rust_begin_short_backtrace::<core[a373ad73a504971]::result::Result<(), alloc[2e1b2a31b91974c5]::string::String>, fn() -> core[a373ad73a504971]::result::Result<(), alloc[2e1b2a31b91974c5]::string::String>>
[INFO] [stdout]   14:     0x5cd7f8db2945 - test[aada8e7e76ba119b]::run_test::{closure#0}
[INFO] [stdout]   15:     0x5cd7f8dac234 - std[617be2ca0a6fd877]::sys::backtrace::__rust_begin_short_backtrace::<test[aada8e7e76ba119b]::run_test::{closure#1}, ()>
[INFO] [stdout]   16:     0x5cd7f8db59d2 - <std[617be2ca0a6fd877]::thread::lifecycle::spawn_unchecked<test[aada8e7e76ba119b]::run_test::{closure#1}, ()>::{closure#1} as core[a373ad73a504971]::ops::function::FnOnce<()>>::call_once::{shim:vtable#0}
[INFO] [stdout]   17:     0x5cd7f8ec935f - <std[617be2ca0a6fd877]::sys::thread::unix::Thread>::new::thread_start
[INFO] [stdout]   18:     0x757a3bf70dfa - <unknown>
[INFO] [stdout]   19:     0x757a3c0043d4 - clone
[INFO] [stdout]   20:                0x0 - <unknown>
[INFO] [stdout] 
[INFO] [stdout] ---- a_cscript_state_round_trips_through_the_state_contract stdout ----
[INFO] [stdout] 
[INFO] [stdout] thread 'a_cscript_state_round_trips_through_the_state_contract' (1483) panicked at tests/checkpoint_resume.rs:397:5:
[INFO] [stdout] cc failed on accumulator_checkpoint.c
[INFO] [stdout] stack backtrace:
[INFO] [stdout]    0:     0x5cd7f8ec9ff1 - <<std[617be2ca0a6fd877]::sys::backtrace::BacktraceLock>::print::DisplayBacktrace as core[a373ad73a504971]::fmt::Display>::fmt
[INFO] [stdout]    1:     0x5cd7f8ee02ba - core[a373ad73a504971]::fmt::write
[INFO] [stdout]    2:     0x5cd7f8ece29c - <alloc[2e1b2a31b91974c5]::vec::Vec<u8> as core[a373ad73a504971]::io::write::Write>::write_fmt
[INFO] [stdout]    3:     0x5cd7f8ea49c6 - std[617be2ca0a6fd877]::panicking::default_hook::{closure#0}
[INFO] [stdout]    4:     0x5cd7f8ec2019 - std[617be2ca0a6fd877]::panicking::default_hook
[INFO] [stdout]    5:     0x5cd7f8db2320 - test[aada8e7e76ba119b]::test_main_inner::{closure#0}
[INFO] [stdout]    6:     0x5cd7f8ec21d2 - std[617be2ca0a6fd877]::panicking::panic_with_hook
[INFO] [stdout]    7:     0x5cd7f8ea4a72 - std[617be2ca0a6fd877]::panicking::panic_handler::{closure#0}
[INFO] [stdout]    8:     0x5cd7f8e9d4d9 - std[617be2ca0a6fd877]::sys::backtrace::__rust_end_short_backtrace::<std[617be2ca0a6fd877]::panicking::panic_handler::{closure#0}, !>
[INFO] [stdout]    9:     0x5cd7f8ea567d - __rustc[ea4f61d10b84890b]::rust_begin_unwind
[INFO] [stdout]   10:     0x5cd7f8ee0a1c - core[a373ad73a504971]::panicking::panic_fmt
[INFO] [stdout]   11:     0x5cd7f8d92b84 - checkpoint_resume[eb7ca1f6b0954e0c]::compile_cscript_fixture
[INFO] [stdout]   12:     0x5cd7f8d97042 - <checkpoint_resume[eb7ca1f6b0954e0c]::a_cscript_state_round_trips_through_the_state_contract::{closure#0} as core[a373ad73a504971]::ops::function::FnOnce<()>>::call_once
[INFO] [stdout]   13:     0x5cd7f8da576b - test[aada8e7e76ba119b]::__rust_begin_short_backtrace::<core[a373ad73a504971]::result::Result<(), alloc[2e1b2a31b91974c5]::string::String>, fn() -> core[a373ad73a504971]::result::Result<(), alloc[2e1b2a31b91974c5]::string::String>>
[INFO] [stdout]   14:     0x5cd7f8db2945 - test[aada8e7e76ba119b]::run_test::{closure#0}
[INFO] [stdout]   15:     0x5cd7f8dac234 - std[617be2ca0a6fd877]::sys::backtrace::__rust_begin_short_backtrace::<test[aada8e7e76ba119b]::run_test::{closure#1}, ()>
[INFO] [stdout]   16:     0x5cd7f8db59d2 - <std[617be2ca0a6fd877]::thread::lifecycle::spawn_unchecked<test[aada8e7e76ba119b]::run_test::{closure#1}, ()>::{closure#1} as core[a373ad73a504971]::ops::function::FnOnce<()>>::call_once::{shim:vtable#0}
[INFO] [stdout]   17:     0x5cd7f8ec935f - <std[617be2ca0a6fd877]::sys::thread::unix::Thread>::new::thread_start
[INFO] [stdout]   18:     0x757a3bf70dfa - <unknown>
[INFO] [stdout]   19:     0x757a3c0043d4 - clone
[INFO] [stdout]   20:                0x0 - <unknown>
[INFO] [stdout] 
[INFO] [stdout] 
[INFO] [stdout] failures:
[INFO] [stdout]     a_cscript_state_round_trips_through_the_state_contract
[INFO] [stdout]     a_cscript_with_a_partial_state_contract_is_refused_at_load
[INFO] [stdout]     a_cscript_without_the_state_contract_runs_but_is_refused_at_checkpoint_time
[INFO] [stdout] 
[INFO] [stdout] test result: FAILED. 7 passed; 3 failed; 0 ignored; 0 measured; 0 filtered out; finished in 0.53s
[INFO] [stdout] 
[INFO] running `Command { std: "docker" "inspect" "2d2461c949027f6dc4b12f8f10c36b9981156fcc189e2e27bf389f1e058479fb", kill_on_drop: false }`
[INFO] running `Command { std: "docker" "rm" "-f" "2d2461c949027f6dc4b12f8f10c36b9981156fcc189e2e27bf389f1e058479fb", kill_on_drop: false }`
[INFO] [stdout] 2d2461c949027f6dc4b12f8f10c36b9981156fcc189e2e27bf389f1e058479fb
