[INFO] fetching crate dacc-cli 0.6.0...
[INFO] testing dacc-cli-0.6.0 against 1.99.0-beta.8+cargoflags=--release for beta-release-1.100-2
[INFO] extracting crate dacc-cli 0.6.0 into /workspace/builds/worker-7-tc1/source
[INFO] started tweaking crates.io crate dacc-cli 0.6.0
[INFO] removed 0 missing tests
[INFO] finished tweaking crates.io crate dacc-cli 0.6.0
[INFO] tweaked toml for crates.io crate dacc-cli 0.6.0 written to /workspace/builds/worker-7-tc1/source/Cargo.toml
[INFO] validating manifest of crates.io crate dacc-cli 0.6.0 on toolchain 1.99.0-beta.8
[INFO] running `Command { std: CARGO_HOME="/workspace/cargo-home" RUSTUP_HOME="/workspace/rustup-home" "/workspace/cargo-home/bin/cargo" "+1.99.0-beta.8" "metadata" "--manifest-path" "Cargo.toml" "--no-deps", kill_on_drop: false }`
[INFO] crate crates.io crate dacc-cli 0.6.0 already has a lockfile, it will not be regenerated
[INFO] running `Command { std: CARGO_HOME="/workspace/cargo-home" RUSTUP_HOME="/workspace/rustup-home" "/workspace/cargo-home/bin/cargo" "+1.99.0-beta.8" "fetch" "--manifest-path" "Cargo.toml", kill_on_drop: false }`
[INFO] [stderr]     Updating crates.io index
[INFO] [stderr]  Downloading crates ...
[INFO] [stderr]   Downloaded dacc-core v0.6.0
[INFO] [stderr]   Downloaded dacc-derive v0.6.0
[INFO] [stderr]   Downloaded dacc-journal v0.6.0
[INFO] [stderr]   Downloaded dacc-scan v0.6.0
[INFO] running `Command { std: "docker" "create" "-v" "/var/lib/crater-agent-workspace/builds/worker-7-tc1/source:/opt/rustwide/workdir:ro,Z" "-v" "/var/lib/crater-agent-workspace/builds/worker-7-tc1/target:/opt/rustwide/target:rw,Z" "-v" "/var/lib/crater-agent-workspace/cargo-home:/opt/rustwide/cargo-home:ro,Z" "-v" "/var/lib/crater-agent-workspace/rustup-home:/opt/rustwide/rustup-home:ro,Z" "-m" "1610612736" "--network" "none" "ghcr.io/rust-lang/crates-build-env/linux@sha256:77db811e55d90add9212f6832c23229e3de5f1c1f9905e8cb07319ea15df73ac" "sleep" "infinity", kill_on_drop: false }`
[INFO] [stdout] fb6bed5d34391473b1dfb63930426cae69ff927495140a6818e00b5399b9cbba
[INFO] running `Command { std: "docker" "start" "fb6bed5d34391473b1dfb63930426cae69ff927495140a6818e00b5399b9cbba", kill_on_drop: false }`
[INFO] running `Command { std: "docker" "inspect" "fb6bed5d34391473b1dfb63930426cae69ff927495140a6818e00b5399b9cbba", kill_on_drop: false }`
[INFO] running `Command { std: "docker" "exec" "-e" "SOURCE_DIR=/opt/rustwide/workdir" "-e" "CARGO_HOME=/opt/rustwide/cargo-home" "-e" "RUSTUP_HOME=/opt/rustwide/rustup-home" "-e" "CARGO_TARGET_DIR=/opt/rustwide/target" "-w" "/opt/rustwide/workdir" "--user" "0:0" "fb6bed5d34391473b1dfb63930426cae69ff927495140a6818e00b5399b9cbba" "/opt/rustwide/cargo-home/bin/cargo" "+1.99.0-beta.8" "metadata" "--no-deps" "--format-version=1", kill_on_drop: false }`
[INFO] running `Command { std: "docker" "inspect" "fb6bed5d34391473b1dfb63930426cae69ff927495140a6818e00b5399b9cbba", kill_on_drop: false }`
[INFO] running `Command { std: "docker" "exec" "-e" "SOURCE_DIR=/opt/rustwide/workdir" "-e" "CARGO_HOME=/opt/rustwide/cargo-home" "-e" "RUSTUP_HOME=/opt/rustwide/rustup-home" "-e" "CARGO_TARGET_DIR=/opt/rustwide/target" "-e" "CARGO_INCREMENTAL=0" "-e" "RUST_BACKTRACE=full" "-e" "RUSTFLAGS=--cap-lints=warn" "-e" "RUSTDOCFLAGS=--cap-lints=warn" "-w" "/opt/rustwide/workdir" "--user" "0:0" "fb6bed5d34391473b1dfb63930426cae69ff927495140a6818e00b5399b9cbba" "/opt/rustwide/cargo-home/bin/cargo" "+1.99.0-beta.8" "build" "--frozen" "--message-format=json" "--release", kill_on_drop: false }`
[INFO] [stderr]    Compiling dacc-core v0.6.0
[INFO] [stderr]    Compiling dacc-derive v0.6.0
[INFO] [stderr]    Compiling dacc-journal v0.6.0
[INFO] [stderr]    Compiling dacc-cli v0.6.0 (/opt/rustwide/workdir)
[INFO] [stderr]     Finished `release` profile [optimized] target(s) in 13.21s
[INFO] running `Command { std: "docker" "inspect" "fb6bed5d34391473b1dfb63930426cae69ff927495140a6818e00b5399b9cbba", kill_on_drop: false }`
[INFO] running `Command { std: "docker" "exec" "-e" "SOURCE_DIR=/opt/rustwide/workdir" "-e" "CARGO_HOME=/opt/rustwide/cargo-home" "-e" "RUSTUP_HOME=/opt/rustwide/rustup-home" "-e" "CARGO_TARGET_DIR=/opt/rustwide/target" "-e" "CARGO_INCREMENTAL=0" "-e" "RUST_BACKTRACE=full" "-e" "RUSTFLAGS=--cap-lints=warn" "-e" "RUSTDOCFLAGS=--cap-lints=warn" "-w" "/opt/rustwide/workdir" "--user" "0:0" "fb6bed5d34391473b1dfb63930426cae69ff927495140a6818e00b5399b9cbba" "/opt/rustwide/cargo-home/bin/cargo" "+1.99.0-beta.8" "test" "--frozen" "--no-run" "--message-format=json" "--release", kill_on_drop: false }`
[INFO] [stderr]    Compiling proc-macro2 v1.0.107
[INFO] [stderr]    Compiling unicode-ident v1.0.24
[INFO] [stderr]    Compiling quote v1.0.47
[INFO] [stderr]    Compiling syn v2.0.119
[INFO] [stderr]    Compiling dacc-scan v0.6.0
[INFO] [stderr]    Compiling dacc-cli v0.6.0 (/opt/rustwide/workdir)
[INFO] [stderr]     Finished `release` profile [optimized] target(s) in 34.10s
[INFO] running `Command { std: "docker" "inspect" "fb6bed5d34391473b1dfb63930426cae69ff927495140a6818e00b5399b9cbba", kill_on_drop: false }`
[INFO] running `Command { std: "docker" "exec" "-e" "SOURCE_DIR=/opt/rustwide/workdir" "-e" "CARGO_HOME=/opt/rustwide/cargo-home" "-e" "RUSTUP_HOME=/opt/rustwide/rustup-home" "-e" "CARGO_TARGET_DIR=/opt/rustwide/target" "-e" "CARGO_INCREMENTAL=0" "-e" "RUST_BACKTRACE=full" "-e" "RUSTFLAGS=--cap-lints=warn" "-e" "RUSTDOCFLAGS=--cap-lints=warn" "-w" "/opt/rustwide/workdir" "--user" "0:0" "fb6bed5d34391473b1dfb63930426cae69ff927495140a6818e00b5399b9cbba" "/opt/rustwide/cargo-home/bin/cargo" "+1.99.0-beta.8" "test" "--frozen" "--release", kill_on_drop: false }`
[INFO] [stderr]     Finished `release` profile [optimized] target(s) in 0.04s
[INFO] [stderr]      Running unittests src/main.rs (/opt/rustwide/target/release/deps/cargo_dacc-fe9a82a2e22dc5aa)
[INFO] [stdout] 
[INFO] [stdout] running 61 tests
[INFO] [stdout] test access::tests::error_json_marks_the_failure_not_legitimate ... ok
[INFO] [stdout] test config::tests::numeric_refusal_shows_a_valid_entry ... ok
[INFO] [stdout] test config::tests::a_missing_file_means_the_conventions ... ok
[INFO] [stdout] test config::tests::values_replace_the_conventions ... ok
[INFO] [stdout] test access::form::tests::reads_subsystems_without_duplicates ... ok
[INFO] [stdout] test access::map::tests::map_counters_name_every_stage ... ok
[INFO] [stdout] test format::tests::scan_reads_the_flag_anywhere ... ok
[INFO] [stdout] test access::registry::tests::ls_truncation_is_truthful ... ok
[INFO] [stdout] test config::tests::each_refusal_names_its_key ... ok
[INFO] [stdout] test format::tests::parse_accepts_json_text_and_xml ... ok
[INFO] [stdout] test access::form::tests::reads_all_quoted_strings ... ok
[INFO] [stdout] test access::tests::map_error_names_the_argument ... ok
[INFO] [stdout] test format::tests::string_escapes_quotes_backslashes_and_control ... ok
[INFO] [stdout] test gate::tests::code_in_a_document_is_not_a_link ... ok
[INFO] [stdout] test gate::tests::fail_renders_step_and_code ... ok
[INFO] [stdout] test commit::tests::refusal_lines_are_recognised ... ok
[INFO] [stdout] test code::tests::every_code_is_registered_once ... ok
[INFO] [stdout] test access::map::tests::map_tree_matches_ident_refs_to_slugs ... ok
[INFO] [stdout] test gate::tests::only_attacks_are_counted_toward_the_floor ... ok
[INFO] [stdout] test commit::tests::arguments_require_message_and_paths ... ok
[INFO] [stdout] test gate::tests::commit_tier_verdict_omits_msrv ... ok
[INFO] [stdout] test gate::tests::error_lines_are_recognised ... ok
[INFO] [stdout] test access::place::tests::where_ignores_comments_in_references ... ok
[INFO] [stdout] test config::tests::defaults_are_the_conventions_of_dacc ... ok
[INFO] [stdout] test gate::tests::journal_only_verdict_omits_attacks_and_msrv ... ok
[INFO] [stdout] test gate::tests::minimum_rust_becomes_a_toolchain ... ok
[INFO] [stdout] test access::place::tests::where_ignores_comments_in_markup ... ok
[INFO] [stdout] test gate::tests::only_relative_links_are_checked ... ok
[INFO] [stdout] test message::tests::revert_unwraps_to_the_subject_it_reverts ... ok
[INFO] [stdout] test gate::tests::the_project_command_replaces_the_cargo_steps_in_the_total ... ok
[INFO] [stdout] test message::tests::each_rule_names_its_violation ... ok
[INFO] [stdout] test message::tests::args_read_format_anywhere ... ok
[INFO] [stdout] test message::tests::taxonomy_values_become_scopes ... ok
[INFO] [stdout] test message::tests::well_formed_messages_pass ... ok
[INFO] [stdout] test record::tests::nested_comments_are_stripped_whole ... ok
[INFO] [stdout] test record::tests::fields_come_from_values_not_from_comments ... ok
[INFO] [stdout] test metrics::tests::metrics_counts_commits_not_trailers ... ok
[INFO] [stdout] test metrics::tests::stage_and_kind_indexes ... ok
[INFO] [stdout] test record::tests::doc_status_reads_the_variant ... ok
[INFO] [stdout] test record::tests::obligation_ref_reads_the_origin ... ok
[INFO] [stdout] test record::tests::path_idents_become_slugs ... ok
[INFO] [stdout] test record::tests::title_falls_back_to_the_statement ... ok
[INFO] [stdout] test work::tests::stage_texts_cover_every_stage ... ok
[INFO] [stdout] test work::tests::record_parses_divergence ... ok
[INFO] [stdout] test record::tests::string_literal_reads_escape_sequences ... ok
[INFO] [stdout] test work_new::tests::obligation_origin_requires_the_obligation ... ok
[INFO] [stdout] test version::tests::a_tree_without_the_measure_does_not_drift ... ok
[INFO] [stdout] test work::tests::upgrade_record_parses_fields ... ok
[INFO] [stdout] test version::tests::tree_version_reads_the_dacc_work_entry ... ok
[INFO] [stdout] test work::tests::record_parses_radius ... ok
[INFO] [stdout] test gate::tests::verdict_renders_prose_and_json_fields ... ok
[INFO] [stdout] test work_new::tests::escapes_quotes_backslashes_and_newlines ... ok
[INFO] [stdout] test message::tests::a_delegated_form_leaves_the_basis_to_dacc ... ok
[INFO] [stdout] test message::tests::comment_lines_are_not_the_subject ... ok
[INFO] [stdout] test message::tests::configured_rules_replace_the_defaults ... ok
[INFO] [stdout] test message::tests::form_only_does_not_look_for_work ... ok
[INFO] [stdout] test work_new::tests::renders_an_obligation_work_file ... ok
[INFO] [stdout] test work_new::tests::parses_an_obligation_invocation ... ok
[INFO] [stderr]      Running tests/access_commands.rs (/opt/rustwide/target/release/deps/access_commands-e50be9b2bf649535)
[INFO] [stdout] test work_new::tests::parses_a_decision_invocation ... ok
[INFO] [stdout] test work_new::tests::renders_a_decision_work_file ... ok
[INFO] [stdout] test work_new::tests::renders_an_inquiry_work_file ... ok
[INFO] [stdout] 
[INFO] [stdout] test result: ok. 61 passed; 0 failed; 0 ignored; 0 measured; 0 filtered out; finished in 0.02s
[INFO] [stdout] 
[INFO] [stdout] 
[INFO] [stdout] running 8 tests
[INFO] [stdout] test emit_all_writes_agent_directives ... ok
[INFO] [stdout] test access_answers_enforced ... ok
[INFO] [stdout] test map_reports_the_registry_without_searching ... ok
[INFO] [stdout] test emit_all_is_idempotent_and_checks_freshness ... ok
[INFO] [stdout] test where_reports_the_place_and_its_documents ... ok
[INFO] [stdout] test xml_output_cannot_carry_forbidden_control_characters ... ok
[INFO] [stdout] test ls_and_show_answer_from_the_registry ... ok
[INFO] [stdout] test refs_and_find_answer_from_the_registry ... ok
[INFO] [stdout] 
[INFO] [stdout] test result: ok. 8 passed; 0 failed; 0 ignored; 0 measured; 0 filtered out; finished in 1.02s
[INFO] [stdout] 
[INFO] [stdout] 
[INFO] [stderr]      Running tests/access_contract.rs (/opt/rustwide/target/release/deps/access_contract-3392bc233717d92f)
[INFO] [stdout] running 6 tests
[INFO] [stdout] test help_declares_cost_and_refusals_are_legitimate ... ok
[INFO] [stdout] test survey_counts_bus_factor_by_authors ... ok
[INFO] [stdout] test where_admission_matches_rights_against_the_place_radius ... ok
[INFO] [stdout] test brief_and_state_answer_within_their_budget ... ok
[INFO] [stdout] test map_json_truncation_keeps_context_and_validity ... ok
[INFO] [stdout] test map_is_capped_and_xml_carries_the_version ... ok
[INFO] [stdout] 
[INFO] [stdout] test result: ok. 6 passed; 0 failed; 0 ignored; 0 measured; 0 filtered out; finished in 0.37s
[INFO] [stdout] 
[INFO] [stderr]      Running tests/admission_handout.rs (/opt/rustwide/target/release/deps/admission_handout-ed1e184f09c21a8e)
[INFO] [stdout] 
[INFO] [stdout] running 1 test
[INFO] [stdout] test a_work_above_the_admission_is_not_handed_out ... ok
[INFO] [stdout] 
[INFO] [stdout] test result: ok. 1 passed; 0 failed; 0 ignored; 0 measured; 0 filtered out; finished in 0.16s
[INFO] [stdout] 
[INFO] [stderr]      Running tests/admission_landing.rs (/opt/rustwide/target/release/deps/admission_landing-0f00e9487bdc9756)
[INFO] [stdout] 
[INFO] [stdout] running 1 test
[INFO] [stderr]      Running tests/commit_lock.rs (/opt/rustwide/target/release/deps/commit_lock-26d955baf4f2dedd)
[INFO] [stdout] test land_requires_the_landing_right ... ok
[INFO] [stdout] 
[INFO] [stdout] test result: ok. 1 passed; 0 failed; 0 ignored; 0 measured; 0 filtered out; finished in 0.21s
[INFO] [stdout] 
[INFO] [stdout] 
[INFO] [stdout] running 3 tests
[INFO] [stdout] test leftover_lock_without_pid_is_taken_over ... ok
[INFO] [stdout] test timeout_names_the_holder ... ok
[INFO] [stdout] test fresh_lock_without_pid_is_respected ... ok
[INFO] [stdout] 
[INFO] [stdout] test result: ok. 3 passed; 0 failed; 0 ignored; 0 measured; 0 filtered out; finished in 1.13s
[INFO] [stdout] 
[INFO] [stderr]      Running tests/commit_rules.rs (/opt/rustwide/target/release/deps/commit_rules-2a06caa56e5b5951)
[INFO] [stdout] 
[INFO] [stdout] running 12 tests
[INFO] [stdout] test first_commit_in_an_empty_repository_is_made_by_the_tool ... ok
[INFO] [stdout] test paths_are_required ... ok
[INFO] [stdout] test nothing_to_commit_differs_from_refusal ... ok
[INFO] [stdout] test path_unknown_to_git_is_refused ... ok
[INFO] [stdout] test lock_of_a_dead_process_is_taken_over ... ok
[INFO] [stdout] test path_already_removed_with_git_rm_is_committed ... ok
[INFO] [stdout] test log_takes_hook_output_and_terminal_keeps_refusal_lines ... ok
[INFO] [stdout] test malformed_message_is_refused_before_commit ... ok
[INFO] [stdout] test work_outside_the_plan_is_refused_by_the_hook ... ok
[INFO] [stdout] test commit_takes_exactly_the_listed_paths ... ok
[INFO] [stdout] test revert_subject_is_checked_as_the_subject_it_reverts ... ok
[INFO] [stdout] test held_lock_waits_and_times_out ... ok
[INFO] [stdout] 
[INFO] [stdout] test result: ok. 12 passed; 0 failed; 0 ignored; 0 measured; 0 filtered out; finished in 1.32s
[INFO] [stdout] 
[INFO] [stderr]      Running tests/config.rs (/opt/rustwide/target/release/deps/config-41db1d86cbc67d24)
[INFO] [stdout] 
[INFO] [stdout] running 5 tests
[INFO] [stdout] test work_start_validates_without_a_separate_commit ... ok
[INFO] [stdout] test a_delegated_check_of_a_range_gives_the_command_a_file_and_removes_it ... ok
[INFO] [stdout] test a_bad_configuration_is_a_startup_error_naming_the_file_and_the_key ... ok
[INFO] [stdout] test configured_types_and_limit_replace_the_conventions ... ok
[INFO] [stdout] test a_delegated_check_takes_the_form_and_leaves_the_basis_to_dacc ... ok
[INFO] [stderr]      Running tests/drift_index.rs (/opt/rustwide/target/release/deps/drift_index-553a702329052d82)
[INFO] [stdout] 
[INFO] [stdout] test result: ok. 5 passed; 0 failed; 0 ignored; 0 measured; 0 filtered out; finished in 0.39s
[INFO] [stdout] 
[INFO] [stdout] 
[INFO] [stdout] running 3 tests
[INFO] [stdout] test the_drift_index_skips_test_fixtures ... ok
[INFO] [stdout] test the_drift_index_returns_to_zero_when_the_anchor_is_referenced ... ok
[INFO] [stdout] test the_drift_index_counts_an_orphaned_anchor ... ok
[INFO] [stderr]      Running tests/file_size.rs (/opt/rustwide/target/release/deps/file_size-395f3f11b9e462d1)
[INFO] [stdout] 
[INFO] [stdout] test result: ok. 3 passed; 0 failed; 0 ignored; 0 measured; 0 filtered out; finished in 0.17s
[INFO] [stdout] 
[INFO] [stdout] 
[INFO] [stdout] running 2 tests
[INFO] [stdout] test baseline_slack_is_a_violation ... ok
[INFO] [stdout] test every_source_file_stays_within_the_size_budget ... FAILED
[INFO] [stdout] 
[INFO] [stdout] failures:
[INFO] [stdout] 
[INFO] [stdout] ---- every_source_file_stays_within_the_size_budget stdout ----
[INFO] [stdout] 
[INFO] [stdout] thread 'every_source_file_stays_within_the_size_budget' (2082) panicked at tests/file_size.rs:123:9:
[INFO] [stdout] baseline называет погашенное нарушение: crates/dacc-cli/src/commit.rs — уберите запись отдельным решением — разберите на модули или обновите baseline отдельным решением
[INFO] [stderr] error: test failed, to rerun pass `--test file_size`
[INFO] [stdout] stack backtrace:
[INFO] [stdout]    0:     0x6506ee1134e1 - <<std[70759c8f55707aa4]::sys::backtrace::BacktraceLock>::print::DisplayBacktrace as core[df12db4294e9bfd3]::fmt::Display>::fmt
[INFO] [stdout]    1:     0x6506ee1279fa - core[df12db4294e9bfd3]::fmt::write
[INFO] [stdout]    2:     0x6506ee117c4c - <alloc[2182bb758b4b3781]::vec::Vec<u8> as core[df12db4294e9bfd3]::io::write::Write>::write_fmt
[INFO] [stdout]    3:     0x6506ee0eedf6 - std[70759c8f55707aa4]::panicking::default_hook::{closure#0}
[INFO] [stdout]    4:     0x6506ee10b6c9 - std[70759c8f55707aa4]::panicking::default_hook
[INFO] [stdout]    5:     0x6506ee0a6b50 - test[9d35eded1c95d3be]::test_main_inner::<test[9d35eded1c95d3be]::test_main_static::{closure#0}>::{closure#0}
[INFO] [stdout]    6:     0x6506ee10b882 - std[70759c8f55707aa4]::panicking::panic_with_hook
[INFO] [stdout]    7:     0x6506ee0eeea2 - std[70759c8f55707aa4]::panicking::panic_handler::{closure#0}
[INFO] [stdout]    8:     0x6506ee0e79f9 - std[70759c8f55707aa4]::sys::backtrace::__rust_end_short_backtrace::<std[70759c8f55707aa4]::panicking::panic_handler::{closure#0}, !>
[INFO] [stdout]    9:     0x6506ee0efa9d - __rustc[8fa7c3cbc660c2b3]::rust_begin_unwind
[INFO] [stdout]   10:     0x6506ee12812c - core[df12db4294e9bfd3]::panicking::panic_fmt
[INFO] [stdout]   11:     0x6506ee097d36 - <file_size[1b1a997107856b2a]::every_source_file_stays_within_the_size_budget::{closure#0} as core[df12db4294e9bfd3]::ops::function::FnOnce<()>>::call_once
[INFO] [stdout]   12:     0x6506ee099e3b - test[9d35eded1c95d3be]::__rust_begin_short_backtrace::<core[df12db4294e9bfd3]::result::Result<(), alloc[2182bb758b4b3781]::string::String>, fn() -> core[df12db4294e9bfd3]::result::Result<(), alloc[2182bb758b4b3781]::string::String>>
[INFO] [stdout]   13:     0x6506ee0a74a5 - test[9d35eded1c95d3be]::run_test::{closure#0}
[INFO] [stdout]   14:     0x6506ee0a0d64 - std[70759c8f55707aa4]::sys::backtrace::__rust_begin_short_backtrace::<test[9d35eded1c95d3be]::run_test::{closure#1}, ()>
[INFO] [stdout]   15:     0x6506ee0aa602 - <std[70759c8f55707aa4]::thread::lifecycle::spawn_unchecked<test[9d35eded1c95d3be]::run_test::{closure#1}, ()>::{closure#1} as core[df12db4294e9bfd3]::ops::function::FnOnce<()>>::call_once::{shim:vtable#0}
[INFO] [stdout]   16:     0x6506ee112a49 - <std[70759c8f55707aa4]::sys::thread::unix::Thread>::new::thread_start
[INFO] [stdout]   17:     0x7badb8138dfa - <unknown>
[INFO] [stdout]   18:     0x7badb81cc3d4 - clone
[INFO] [stdout]   19:                0x0 - <unknown>
[INFO] [stdout] 
[INFO] [stdout] 
[INFO] [stdout] failures:
[INFO] [stdout]     every_source_file_stays_within_the_size_budget
[INFO] [stdout] 
[INFO] [stdout] test result: FAILED. 1 passed; 1 failed; 0 ignored; 0 measured; 0 filtered out; finished in 0.00s
[INFO] [stdout] 
[INFO] running `Command { std: "docker" "inspect" "fb6bed5d34391473b1dfb63930426cae69ff927495140a6818e00b5399b9cbba", kill_on_drop: false }`
[INFO] running `Command { std: "docker" "rm" "-f" "fb6bed5d34391473b1dfb63930426cae69ff927495140a6818e00b5399b9cbba", kill_on_drop: false }`
[INFO] [stdout] fb6bed5d34391473b1dfb63930426cae69ff927495140a6818e00b5399b9cbba
