[INFO] fetching crate dab 0.2.0...
[INFO] testing dab-0.2.0 against 1.100.0-beta.1+cargoflags=--release for beta-release-1.100-2
[INFO] extracting crate dab 0.2.0 into /workspace/builds/worker-3-tc2/source
[INFO] started tweaking crates.io crate dab 0.2.0
[INFO] finished tweaking crates.io crate dab 0.2.0
[INFO] tweaked toml for crates.io crate dab 0.2.0 written to /workspace/builds/worker-3-tc2/source/Cargo.toml
[INFO] validating manifest of crates.io crate dab 0.2.0 on toolchain 1.100.0-beta.1
[INFO] running `Command { std: CARGO_HOME="/workspace/cargo-home" RUSTUP_HOME="/workspace/rustup-home" "/workspace/cargo-home/bin/cargo" "+1.100.0-beta.1" "metadata" "--manifest-path" "Cargo.toml" "--no-deps", kill_on_drop: false }`
[INFO] crate crates.io crate dab 0.2.0 already has a lockfile, it will not be regenerated
[INFO] running `Command { std: CARGO_HOME="/workspace/cargo-home" RUSTUP_HOME="/workspace/rustup-home" "/workspace/cargo-home/bin/cargo" "+1.100.0-beta.1" "fetch" "--manifest-path" "Cargo.toml", kill_on_drop: false }`
[INFO] running `Command { std: "docker" "create" "-v" "/var/lib/crater-agent-workspace/builds/worker-3-tc2/source:/opt/rustwide/workdir:ro,Z" "-v" "/var/lib/crater-agent-workspace/builds/worker-3-tc2/target:/opt/rustwide/target:rw,Z" "-v" "/var/lib/crater-agent-workspace/cargo-home:/opt/rustwide/cargo-home:ro,Z" "-v" "/var/lib/crater-agent-workspace/rustup-home:/opt/rustwide/rustup-home:ro,Z" "-m" "1610612736" "--network" "none" "ghcr.io/rust-lang/crates-build-env/linux@sha256:77db811e55d90add9212f6832c23229e3de5f1c1f9905e8cb07319ea15df73ac" "sleep" "infinity", kill_on_drop: false }`
[INFO] [stdout] ccb3bc875ec0e776fe27cf2855e12697d897f701faf9e9a5497d277210ed54bc
[INFO] running `Command { std: "docker" "start" "ccb3bc875ec0e776fe27cf2855e12697d897f701faf9e9a5497d277210ed54bc", kill_on_drop: false }`
[INFO] running `Command { std: "docker" "inspect" "ccb3bc875ec0e776fe27cf2855e12697d897f701faf9e9a5497d277210ed54bc", kill_on_drop: false }`
[INFO] running `Command { std: "docker" "exec" "-e" "SOURCE_DIR=/opt/rustwide/workdir" "-e" "CARGO_HOME=/opt/rustwide/cargo-home" "-e" "RUSTUP_HOME=/opt/rustwide/rustup-home" "-e" "CARGO_TARGET_DIR=/opt/rustwide/target" "-w" "/opt/rustwide/workdir" "--user" "0:0" "ccb3bc875ec0e776fe27cf2855e12697d897f701faf9e9a5497d277210ed54bc" "/opt/rustwide/cargo-home/bin/cargo" "+1.100.0-beta.1" "metadata" "--no-deps" "--format-version=1", kill_on_drop: false }`
[INFO] running `Command { std: "docker" "inspect" "ccb3bc875ec0e776fe27cf2855e12697d897f701faf9e9a5497d277210ed54bc", kill_on_drop: false }`
[INFO] running `Command { std: "docker" "exec" "-e" "SOURCE_DIR=/opt/rustwide/workdir" "-e" "CARGO_HOME=/opt/rustwide/cargo-home" "-e" "RUSTUP_HOME=/opt/rustwide/rustup-home" "-e" "CARGO_TARGET_DIR=/opt/rustwide/target" "-e" "CARGO_INCREMENTAL=0" "-e" "RUST_BACKTRACE=full" "-e" "RUSTFLAGS=--cap-lints=warn" "-e" "RUSTDOCFLAGS=--cap-lints=warn" "-w" "/opt/rustwide/workdir" "--user" "0:0" "ccb3bc875ec0e776fe27cf2855e12697d897f701faf9e9a5497d277210ed54bc" "/opt/rustwide/cargo-home/bin/cargo" "+1.100.0-beta.1" "build" "--frozen" "--message-format=json" "--release", kill_on_drop: false }`
[INFO] [stderr]    Compiling proc-macro2 v1.0.39
[INFO] [stderr]    Compiling unicode-ident v1.0.0
[INFO] [stderr]    Compiling syn v1.0.96
[INFO] [stderr]    Compiling serde v1.0.137
[INFO] [stderr]    Compiling serde_derive v1.0.137
[INFO] [stderr]    Compiling quote v1.0.18
[INFO] [stderr]    Compiling toml v0.5.9
[INFO] [stderr]    Compiling cargo_toml v0.11.5
[INFO] [stderr]    Compiling dab v0.2.0 (/opt/rustwide/workdir)
[INFO] [stderr]     Finished `release` profile [optimized] target(s) in 25.16s
[INFO] running `Command { std: "docker" "inspect" "ccb3bc875ec0e776fe27cf2855e12697d897f701faf9e9a5497d277210ed54bc", kill_on_drop: false }`
[INFO] running `Command { std: "docker" "exec" "-e" "SOURCE_DIR=/opt/rustwide/workdir" "-e" "CARGO_HOME=/opt/rustwide/cargo-home" "-e" "RUSTUP_HOME=/opt/rustwide/rustup-home" "-e" "CARGO_TARGET_DIR=/opt/rustwide/target" "-e" "CARGO_INCREMENTAL=0" "-e" "RUST_BACKTRACE=full" "-e" "RUSTFLAGS=--cap-lints=warn" "-e" "RUSTDOCFLAGS=--cap-lints=warn" "-w" "/opt/rustwide/workdir" "--user" "0:0" "ccb3bc875ec0e776fe27cf2855e12697d897f701faf9e9a5497d277210ed54bc" "/opt/rustwide/cargo-home/bin/cargo" "+1.100.0-beta.1" "test" "--frozen" "--no-run" "--message-format=json" "--release", kill_on_drop: false }`
[INFO] [stderr]    Compiling dab v0.2.0 (/opt/rustwide/workdir)
[INFO] [stderr]     Finished `release` profile [optimized] target(s) in 0.88s
[INFO] running `Command { std: "docker" "inspect" "ccb3bc875ec0e776fe27cf2855e12697d897f701faf9e9a5497d277210ed54bc", kill_on_drop: false }`
[INFO] running `Command { std: "docker" "exec" "-e" "SOURCE_DIR=/opt/rustwide/workdir" "-e" "CARGO_HOME=/opt/rustwide/cargo-home" "-e" "RUSTUP_HOME=/opt/rustwide/rustup-home" "-e" "CARGO_TARGET_DIR=/opt/rustwide/target" "-e" "CARGO_INCREMENTAL=0" "-e" "RUST_BACKTRACE=full" "-e" "RUSTFLAGS=--cap-lints=warn" "-e" "RUSTDOCFLAGS=--cap-lints=warn" "-w" "/opt/rustwide/workdir" "--user" "0:0" "ccb3bc875ec0e776fe27cf2855e12697d897f701faf9e9a5497d277210ed54bc" "/opt/rustwide/cargo-home/bin/cargo" "+1.100.0-beta.1" "test" "--frozen" "--release", kill_on_drop: false }`
[INFO] [stderr]     Finished `release` profile [optimized] target(s) in 0.03s
[INFO] [stderr]      Running unittests src/main.rs (/opt/rustwide/target/release/build/dab/fad012fd9678a068/out/dab-fad012fd9678a068)
[INFO] [stdout] 
[INFO] [stdout] running 4 tests
[INFO] [stdout] test module::file_with_comment_nolf_patch ... ok
[INFO] [stdout] test module::file_with_comment_patch ... ok
[INFO] [stdout] test package::create_module_in_package_test ... FAILED
[INFO] [stdout] test module::file_without_comment_patch ... ok
[INFO] [stdout] 
[INFO] [stdout] failures:
[INFO] [stdout] 
[INFO] [stdout] ---- package::create_module_in_package_test stdout ----
[INFO] [stdout] 
[INFO] [stdout] thread 'package::create_module_in_package_test' (458) panicked at src/package.rs:52:69:
[INFO] [stdout] called `Result::unwrap()` on an `Err` value: IoError(Os { code: 30, kind: ReadOnlyFilesystem, message: "Read-only file system" })
[INFO] [stdout] stack backtrace:
[INFO] [stdout]    0:     0x617877004051 - <<std[617be2ca0a6fd877]::sys::backtrace::BacktraceLock>::print::DisplayBacktrace as core[a373ad73a504971]::fmt::Display>::fmt
[INFO] [stdout]    1:     0x61787701841a - core[a373ad73a504971]::fmt::write
[INFO] [stdout]    2:     0x6178770084cc - <alloc[2e1b2a31b91974c5]::vec::Vec<u8> as core[a373ad73a504971]::io::write::Write>::write_fmt
[INFO] [stdout]    3:     0x617876fded06 - std[617be2ca0a6fd877]::panicking::default_hook::{closure#0}
[INFO] [stdout]    4:     0x617876ffbb49 - std[617be2ca0a6fd877]::panicking::default_hook
[INFO] [stdout]    5:     0x617876f96e40 - test[aada8e7e76ba119b]::test_main_inner::{closure#0}
[INFO] [stdout]    6:     0x617876ffbd02 - std[617be2ca0a6fd877]::panicking::panic_with_hook
[INFO] [stdout]    7:     0x617876fdedb2 - std[617be2ca0a6fd877]::panicking::panic_handler::{closure#0}
[INFO] [stdout]    8:     0x617876fd77b9 - std[617be2ca0a6fd877]::sys::backtrace::__rust_end_short_backtrace::<std[617be2ca0a6fd877]::panicking::panic_handler::{closure#0}, !>
[INFO] [stdout]    9:     0x617876fdfaad - __rustc[ea4f61d10b84890b]::rust_begin_unwind
[INFO] [stdout]   10:     0x617877018b4c - core[a373ad73a504971]::panicking::panic_fmt
[INFO] [stdout]   11:     0x617877018922 - core[a373ad73a504971]::result::unwrap_failed
[INFO] [stdout]   12:     0x617876f88789 - <dab[640b147a516450f1]::package::create_module_in_package_test::{closure#0} as core[a373ad73a504971]::ops::function::FnOnce<()>>::call_once
[INFO] [stdout]   13:     0x617876f8a28b - test[aada8e7e76ba119b]::__rust_begin_short_backtrace::<core[a373ad73a504971]::result::Result<(), alloc[2e1b2a31b91974c5]::string::String>, fn() -> core[a373ad73a504971]::result::Result<(), alloc[2e1b2a31b91974c5]::string::String>>
[INFO] [stdout]   14:     0x617876f97465 - test[aada8e7e76ba119b]::run_test::{closure#0}
[INFO] [stdout]   15:     0x617876f90d54 - std[617be2ca0a6fd877]::sys::backtrace::__rust_begin_short_backtrace::<test[aada8e7e76ba119b]::run_test::{closure#1}, ()>
[INFO] [stdout]   16:     0x617876f9a4f2 - <std[617be2ca0a6fd877]::thread::lifecycle::spawn_unchecked<test[aada8e7e76ba119b]::run_test::{closure#1}, ()>::{closure#1} as core[a373ad73a504971]::ops::function::FnOnce<()>>::call_once::{shim:vtable#0}
[INFO] [stdout]   17:     0x61787700354f - <std[617be2ca0a6fd877]::sys::thread::unix::Thread>::new::thread_start
[INFO] [stdout]   18:     0x7f5e1fb31dfa - <unknown>
[INFO] [stdout]   19:     0x7f5e1fbc53d4 - clone
[INFO] [stdout]   20:                0x0 - <unknown>
[INFO] [stdout] 
[INFO] [stdout] 
[INFO] [stdout] failures:
[INFO] [stdout]     package::create_module_in_package_test
[INFO] [stdout] 
[INFO] [stdout] test result: FAILED. 3 passed; 1 failed; 0 ignored; 0 measured; 0 filtered out; finished in 0.00s
[INFO] [stdout] 
[INFO] [stderr] error: test failed, to rerun pass `--bin dab`
[INFO] running `Command { std: "docker" "inspect" "ccb3bc875ec0e776fe27cf2855e12697d897f701faf9e9a5497d277210ed54bc", kill_on_drop: false }`
[INFO] running `Command { std: "docker" "rm" "-f" "ccb3bc875ec0e776fe27cf2855e12697d897f701faf9e9a5497d277210ed54bc", kill_on_drop: false }`
[INFO] [stdout] ccb3bc875ec0e776fe27cf2855e12697d897f701faf9e9a5497d277210ed54bc
