[INFO] fetching crate da728x 0.2.0...
[INFO] testing da728x-0.2.0 against 1.100.0-beta.1+cargoflags=--release for beta-release-1.100-2
[INFO] extracting crate da728x 0.2.0 into /workspace/builds/worker-6-tc2/source
[INFO] started tweaking crates.io crate da728x 0.2.0
[INFO] finished tweaking crates.io crate da728x 0.2.0
[INFO] tweaked toml for crates.io crate da728x 0.2.0 written to /workspace/builds/worker-6-tc2/source/Cargo.toml
[INFO] validating manifest of crates.io crate da728x 0.2.0 on toolchain 1.100.0-beta.1
[INFO] running `Command { std: CARGO_HOME="/workspace/cargo-home" RUSTUP_HOME="/workspace/rustup-home" "/workspace/cargo-home/bin/cargo" "+1.100.0-beta.1" "metadata" "--manifest-path" "Cargo.toml" "--no-deps", kill_on_drop: false }`
[INFO] crate crates.io crate da728x 0.2.0 already has a lockfile, it will not be regenerated
[INFO] running `Command { std: CARGO_HOME="/workspace/cargo-home" RUSTUP_HOME="/workspace/rustup-home" "/workspace/cargo-home/bin/cargo" "+1.100.0-beta.1" "fetch" "--manifest-path" "Cargo.toml", kill_on_drop: false }`
[INFO] [stderr]     Blocking waiting for file lock on package cache
[INFO] running `Command { std: "docker" "create" "-v" "/var/lib/crater-agent-workspace/builds/worker-6-tc2/source:/opt/rustwide/workdir:ro,Z" "-v" "/var/lib/crater-agent-workspace/builds/worker-6-tc2/target:/opt/rustwide/target:rw,Z" "-v" "/var/lib/crater-agent-workspace/cargo-home:/opt/rustwide/cargo-home:ro,Z" "-v" "/var/lib/crater-agent-workspace/rustup-home:/opt/rustwide/rustup-home:ro,Z" "-m" "1610612736" "--network" "none" "ghcr.io/rust-lang/crates-build-env/linux@sha256:77db811e55d90add9212f6832c23229e3de5f1c1f9905e8cb07319ea15df73ac" "sleep" "infinity", kill_on_drop: false }`
[INFO] [stdout] 33b8ee5edc0f03af1fbdb24c2e42f070cefee34aeb4ca5267f4acd73327ffa89
[INFO] running `Command { std: "docker" "start" "33b8ee5edc0f03af1fbdb24c2e42f070cefee34aeb4ca5267f4acd73327ffa89", kill_on_drop: false }`
[INFO] running `Command { std: "docker" "inspect" "33b8ee5edc0f03af1fbdb24c2e42f070cefee34aeb4ca5267f4acd73327ffa89", kill_on_drop: false }`
[INFO] running `Command { std: "docker" "exec" "-e" "SOURCE_DIR=/opt/rustwide/workdir" "-e" "CARGO_HOME=/opt/rustwide/cargo-home" "-e" "RUSTUP_HOME=/opt/rustwide/rustup-home" "-e" "CARGO_TARGET_DIR=/opt/rustwide/target" "-w" "/opt/rustwide/workdir" "--user" "0:0" "33b8ee5edc0f03af1fbdb24c2e42f070cefee34aeb4ca5267f4acd73327ffa89" "/opt/rustwide/cargo-home/bin/cargo" "+1.100.0-beta.1" "metadata" "--no-deps" "--format-version=1", kill_on_drop: false }`
[INFO] running `Command { std: "docker" "inspect" "33b8ee5edc0f03af1fbdb24c2e42f070cefee34aeb4ca5267f4acd73327ffa89", kill_on_drop: false }`
[INFO] running `Command { std: "docker" "exec" "-e" "SOURCE_DIR=/opt/rustwide/workdir" "-e" "CARGO_HOME=/opt/rustwide/cargo-home" "-e" "RUSTUP_HOME=/opt/rustwide/rustup-home" "-e" "CARGO_TARGET_DIR=/opt/rustwide/target" "-e" "CARGO_INCREMENTAL=0" "-e" "RUST_BACKTRACE=full" "-e" "RUSTFLAGS=--cap-lints=warn" "-e" "RUSTDOCFLAGS=--cap-lints=warn" "-w" "/opt/rustwide/workdir" "--user" "0:0" "33b8ee5edc0f03af1fbdb24c2e42f070cefee34aeb4ca5267f4acd73327ffa89" "/opt/rustwide/cargo-home/bin/cargo" "+1.100.0-beta.1" "build" "--frozen" "--message-format=json" "--release", kill_on_drop: false }`
[INFO] [stderr]    Compiling proc-macro2 v1.0.103
[INFO] [stderr]    Compiling quote v1.0.42
[INFO] [stderr]    Compiling embedded-hal-async v1.0.0
[INFO] [stderr]    Compiling syn v2.0.111
[INFO] [stderr]    Compiling bitfield-struct v0.12.1
[INFO] [stderr]    Compiling maybe-async v0.2.11
[INFO] [stderr]    Compiling da728x v0.2.0 (/opt/rustwide/workdir)
[INFO] [stderr]     Finished `release` profile [optimized] target(s) in 7.56s
[INFO] running `Command { std: "docker" "inspect" "33b8ee5edc0f03af1fbdb24c2e42f070cefee34aeb4ca5267f4acd73327ffa89", kill_on_drop: false }`
[INFO] running `Command { std: "docker" "exec" "-e" "SOURCE_DIR=/opt/rustwide/workdir" "-e" "CARGO_HOME=/opt/rustwide/cargo-home" "-e" "RUSTUP_HOME=/opt/rustwide/rustup-home" "-e" "CARGO_TARGET_DIR=/opt/rustwide/target" "-e" "CARGO_INCREMENTAL=0" "-e" "RUST_BACKTRACE=full" "-e" "RUSTFLAGS=--cap-lints=warn" "-e" "RUSTDOCFLAGS=--cap-lints=warn" "-w" "/opt/rustwide/workdir" "--user" "0:0" "33b8ee5edc0f03af1fbdb24c2e42f070cefee34aeb4ca5267f4acd73327ffa89" "/opt/rustwide/cargo-home/bin/cargo" "+1.100.0-beta.1" "test" "--frozen" "--no-run" "--message-format=json" "--release", kill_on_drop: false }`
[INFO] [stderr]    Compiling da728x v0.2.0 (/opt/rustwide/workdir)
[INFO] [stderr]     Finished `release` profile [optimized] target(s) in 1.19s
[INFO] running `Command { std: "docker" "inspect" "33b8ee5edc0f03af1fbdb24c2e42f070cefee34aeb4ca5267f4acd73327ffa89", kill_on_drop: false }`
[INFO] running `Command { std: "docker" "exec" "-e" "SOURCE_DIR=/opt/rustwide/workdir" "-e" "CARGO_HOME=/opt/rustwide/cargo-home" "-e" "RUSTUP_HOME=/opt/rustwide/rustup-home" "-e" "CARGO_TARGET_DIR=/opt/rustwide/target" "-e" "CARGO_INCREMENTAL=0" "-e" "RUST_BACKTRACE=full" "-e" "RUSTFLAGS=--cap-lints=warn" "-e" "RUSTDOCFLAGS=--cap-lints=warn" "-w" "/opt/rustwide/workdir" "--user" "0:0" "33b8ee5edc0f03af1fbdb24c2e42f070cefee34aeb4ca5267f4acd73327ffa89" "/opt/rustwide/cargo-home/bin/cargo" "+1.100.0-beta.1" "test" "--frozen" "--release", kill_on_drop: false }`
[INFO] [stderr]     Finished `release` profile [optimized] target(s) in 0.02s
[INFO] [stderr]      Running unittests src/lib.rs (/opt/rustwide/target/release/build/da728x/6466003929552c96/out/da728x-6466003929552c96)
[INFO] [stdout] 
[INFO] [stdout] running 26 tests
[INFO] [stdout] test waveform::frame::tests::test_frame_invalid_snippet_id ... ok
[INFO] [stdout] test waveform::frame::tests::test_frame_snippet_id_high ... ok
[INFO] [stdout] test waveform::sequence::tests::test_sequence_single_frame ... ok
[INFO] [stdout] test waveform::frame::tests::test_frame_single_byte ... ok
[INFO] [stdout] test waveform::snippet::tests::test_pwl_point_invalid_amplitude ... ok
[INFO] [stdout] test waveform::frame::tests::test_frame_with_loop ... ok
[INFO] [stdout] test waveform::memory::tests::test_memory_basic ... ok
[INFO] [stdout] test waveform::frame::tests::test_frame_with_frequency ... ok
[INFO] [stdout] test waveform::sequence::tests::test_sequence_encode ... ok
[INFO] [stdout] test waveform::memory::tests::test_memory_no_sequences ... ok
[INFO] [stdout] test waveform::sequence::tests::test_sequence_multiple_frames ... ok
[INFO] [stdout] test waveform::snippet::tests::test_pwl_point_invalid_timebase ... ok
[INFO] [stdout] test waveform::frame::tests::test_frame_invalid_frequency ... ok
[INFO] [stdout] test waveform::frame::tests::test_frame_all_options ... ok
[INFO] [stdout] test waveform::sequence::tests::test_sequence_empty ... ok
[INFO] [stdout] test waveform::frame::tests::test_frame_invalid_loop ... ok
[INFO] [stdout] test waveform::memory::tests::test_memory_no_snippets ... ok
[INFO] [stdout] test waveform::memory::tests::test_memory_too_many_snippets ... ok
[INFO] [stdout] test waveform::memory::tests::test_next_ids ... ok
[INFO] [stdout] test waveform::memory::tests::test_memory_multiple_snippets ... ok
[INFO] [stdout] test waveform::snippet::tests::test_pwl_point_ramp ... ok
[INFO] [stdout] test waveform::snippet::tests::test_pwl_point_max_timebases ... ok
[INFO] [stdout] test waveform::snippet::tests::test_pwl_point_step ... ok
[INFO] [stdout] test waveform::snippet::tests::test_snippet_builder ... ok
[INFO] [stderr]    Doc-tests da728x
[INFO] [stdout] test waveform::snippet::tests::test_snippet_empty ... ok
[INFO] [stdout] test waveform::snippet::tests::test_snippet_encode ... ok
[INFO] [stdout] 
[INFO] [stdout] test result: ok. 26 passed; 0 failed; 0 ignored; 0 measured; 0 filtered out; finished in 0.01s
[INFO] [stdout] 
[INFO] [stdout] 
[INFO] [stdout] running 8 tests
[INFO] [stdout] test src/waveform/mod.rs - waveform (line 17) - compile ... ok
[INFO] [stdout] test src/../README.md - (line 37) ... FAILED
[INFO] [stdout] test src/../README.md - (line 106) ... FAILED
[INFO] [stdout] test src/waveform/snippet.rs - waveform::snippet::SnippetBuilder (line 130) ... ok
[INFO] [stdout] test src/waveform/frame.rs - waveform::frame::FrameBuilder (line 82) ... ok
[INFO] [stdout] test src/waveform/memory.rs - waveform::memory::WaveformMemoryBuilder (line 102) ... ok
[INFO] [stdout] test src/waveform/sequence.rs - waveform::sequence::SequenceBuilder (line 50) ... ok
[INFO] [stdout] test src/../README.md - (line 141) ... FAILED
[INFO] [stdout] 
[INFO] [stdout] failures:
[INFO] [stdout] 
[INFO] [stdout] ---- src/../README.md - (line 37) stdout ----
[INFO] [stdout] error: cannot find macro `info` in this scope
[INFO] [stdout]   --> src/../README.md:89:9
[INFO] [stdout]    |
[INFO] [stdout] 89 |         info!("Haptics Status: {:?}", status);
[INFO] [stdout]    |         ^^^^
[INFO] [stdout] 
[INFO] [stdout] error: cannot find macro `info` in this scope
[INFO] [stdout]   --> src/../README.md:84:9
[INFO] [stdout]    |
[INFO] [stdout] 84 |         info!("0%");
[INFO] [stdout]    |         ^^^^
[INFO] [stdout] 
[INFO] [stdout] error: cannot find macro `info` in this scope
[INFO] [stdout]   --> src/../README.md:81:9
[INFO] [stdout]    |
[INFO] [stdout] 81 |         info!("33%");
[INFO] [stdout]    |         ^^^^
[INFO] [stdout] 
[INFO] [stdout] error: cannot find macro `info` in this scope
[INFO] [stdout]   --> src/../README.md:78:9
[INFO] [stdout]    |
[INFO] [stdout] 78 |         info!("100%");
[INFO] [stdout]    |         ^^^^
[INFO] [stdout] 
[INFO] [stdout] error[E0425]: cannot find value `i2c` in this scope
[INFO] [stdout]   --> src/../README.md:46:35
[INFO] [stdout]    |
[INFO] [stdout] 46 |     let mut haptics = DA728x::new(i2c, address, Variant::DA7280)
[INFO] [stdout]    |                                   ^^^ not found in this scope
[INFO] [stdout] 
[INFO] [stdout] error[E0425]: cannot find value `address` in this scope
[INFO] [stdout]   --> src/../README.md:46:40
[INFO] [stdout]    |
[INFO] [stdout] 46 |     let mut haptics = DA728x::new(i2c, address, Variant::DA7280)
[INFO] [stdout]    |                                        ^^^^^^^ not found in this scope
[INFO] [stdout] 
[INFO] [stdout] error[E0728]: `await` is only allowed inside `async` functions and blocks
[INFO] [stdout]   --> src/../README.md:47:10
[INFO] [stdout]    |
[INFO] [stdout] 38 | fn main() { #[allow(non_snake_case)] fn _doctest_main_src____README_md_37_0() {
[INFO] [stdout]    |                                      ---------------------------------------- this is not `async`
[INFO] [stdout] ...
[INFO] [stdout] 47 |         .await
[INFO] [stdout]    |          ^^^^^ only allowed inside `async` functions and blocks
[INFO] [stdout] 
[INFO] [stdout] error[E0728]: `await` is only allowed inside `async` functions and blocks
[INFO] [stdout]   --> src/../README.md:72:55
[INFO] [stdout]    |
[INFO] [stdout] 38 | fn main() { #[allow(non_snake_case)] fn _doctest_main_src____README_md_37_0() {
[INFO] [stdout]    |                                      ---------------------------------------- this is not `async`
[INFO] [stdout] ...
[INFO] [stdout] 72 |     haptics.configure(actuator_config, device_config).await.unwrap();
[INFO] [stdout]    |                                                       ^^^^^ only allowed inside `async` functions and blocks
[INFO] [stdout] 
[INFO] [stdout] error[E0728]: `await` is only allowed inside `async` functions and blocks
[INFO] [stdout]   --> src/../README.md:75:22
[INFO] [stdout]    |
[INFO] [stdout] 38 | fn main() { #[allow(non_snake_case)] fn _doctest_main_src____README_md_37_0() {
[INFO] [stdout]    |                                      ---------------------------------------- this is not `async`
[INFO] [stdout] ...
[INFO] [stdout] 75 |     haptics.enable().await.unwrap();
[INFO] [stdout]    |                      ^^^^^ only allowed inside `async` functions and blocks
[INFO] [stdout] 
[INFO] [stdout] error[E0728]: `await` is only allowed inside `async` functions and blocks
[INFO] [stdout]   --> src/../README.md:79:41
[INFO] [stdout]    |
[INFO] [stdout] 38 | fn main() { #[allow(non_snake_case)] fn _doctest_main_src____README_md_37_0() {
[INFO] [stdout]    |                                      ---------------------------------------- this is not `async`
[INFO] [stdout] ...
[INFO] [stdout] 79 |         haptics.set_override_value(127).await.unwrap();
[INFO] [stdout]    |                                         ^^^^^ only allowed inside `async` functions and blocks
[INFO] [stdout] 
[INFO] [stdout] error[E0728]: `await` is only allowed inside `async` functions and blocks
[INFO] [stdout]   --> src/../README.md:80:34
[INFO] [stdout]    |
[INFO] [stdout] 38 | fn main() { #[allow(non_snake_case)] fn _doctest_main_src____README_md_37_0() {
[INFO] [stdout]    |                                      ---------------------------------------- this is not `async`
[INFO] [stdout] ...
[INFO] [stdout] 80 |         Timer::after_millis(800).await;
[INFO] [stdout]    |                                  ^^^^^ only allowed inside `async` functions and blocks
[INFO] [stdout] 
[INFO] [stdout] error[E0728]: `await` is only allowed inside `async` functions and blocks
[INFO] [stdout]   --> src/../README.md:82:40
[INFO] [stdout]    |
[INFO] [stdout] 38 | fn main() { #[allow(non_snake_case)] fn _doctest_main_src____README_md_37_0() {
[INFO] [stdout]    |                                      ---------------------------------------- this is not `async`
[INFO] [stdout] ...
[INFO] [stdout] 82 |         haptics.set_override_value(42).await.unwrap();
[INFO] [stdout]    |                                        ^^^^^ only allowed inside `async` functions and blocks
[INFO] [stdout] 
[INFO] [stdout] error[E0728]: `await` is only allowed inside `async` functions and blocks
[INFO] [stdout]   --> src/../README.md:83:34
[INFO] [stdout]    |
[INFO] [stdout] 38 | fn main() { #[allow(non_snake_case)] fn _doctest_main_src____README_md_37_0() {
[INFO] [stdout]    |                                      ---------------------------------------- this is not `async`
[INFO] [stdout] ...
[INFO] [stdout] 83 |         Timer::after_millis(800).await;
[INFO] [stdout]    |                                  ^^^^^ only allowed inside `async` functions and blocks
[INFO] [stdout] 
[INFO] [stdout] error[E0728]: `await` is only allowed inside `async` functions and blocks
[INFO] [stdout]   --> src/../README.md:85:39
[INFO] [stdout]    |
[INFO] [stdout] 38 | fn main() { #[allow(non_snake_case)] fn _doctest_main_src____README_md_37_0() {
[INFO] [stdout]    |                                      ---------------------------------------- this is not `async`
[INFO] [stdout] ...
[INFO] [stdout] 85 |         haptics.set_override_value(0).await.unwrap();
[INFO] [stdout]    |                                       ^^^^^ only allowed inside `async` functions and blocks
[INFO] [stdout] 
[INFO] [stdout] error[E0728]: `await` is only allowed inside `async` functions and blocks
[INFO] [stdout]   --> src/../README.md:86:34
[INFO] [stdout]    |
[INFO] [stdout] 38 | fn main() { #[allow(non_snake_case)] fn _doctest_main_src____README_md_37_0() {
[INFO] [stdout]    |                                      ---------------------------------------- this is not `async`
[INFO] [stdout] ...
[INFO] [stdout] 86 |         Timer::after_millis(800).await;
[INFO] [stdout]    |                                  ^^^^^ only allowed inside `async` functions and blocks
[INFO] [stdout] 
[INFO] [stdout] error[E0728]: `await` is only allowed inside `async` functions and blocks
[INFO] [stdout]   --> src/../README.md:88:43
[INFO] [stdout]    |
[INFO] [stdout] 38 | fn main() { #[allow(non_snake_case)] fn _doctest_main_src____README_md_37_0() {
[INFO] [stdout]    |                                      ---------------------------------------- this is not `async`
[INFO] [stdout] ...
[INFO] [stdout] 88 |         let status = haptics.get_status().await.unwrap();
[INFO] [stdout]    |                                           ^^^^^ only allowed inside `async` functions and blocks
[INFO] [stdout] 
[INFO] [stdout] error[E0433]: cannot find type `Timer` in this scope
[INFO] [stdout]   --> src/../README.md:80:9
[INFO] [stdout]    |
[INFO] [stdout] 80 |         Timer::after_millis(800).await;
[INFO] [stdout]    |         ^^^^^ use of undeclared type `Timer`
[INFO] [stdout] 
[INFO] [stdout] error[E0433]: cannot find type `Timer` in this scope
[INFO] [stdout]   --> src/../README.md:83:9
[INFO] [stdout]    |
[INFO] [stdout] 83 |         Timer::after_millis(800).await;
[INFO] [stdout]    |         ^^^^^ use of undeclared type `Timer`
[INFO] [stdout] 
[INFO] [stdout] error[E0433]: cannot find type `Timer` in this scope
[INFO] [stdout]   --> src/../README.md:86:9
[INFO] [stdout]    |
[INFO] [stdout] 86 |         Timer::after_millis(800).await;
[INFO] [stdout]    |         ^^^^^ use of undeclared type `Timer`
[INFO] [stdout] 
[INFO] [stdout] error: aborting due to 19 previous errors
[INFO] [stdout] 
[INFO] [stdout] Some errors have detailed explanations: E0425, E0433, E0728.
[INFO] [stdout] For more information about an error, try `rustc --explain E0425`.
[INFO] [stdout] Couldn't compile the test.
[INFO] [stdout] ---- src/../README.md - (line 106) stdout ----
[INFO] [stdout] error[E0425]: cannot find type `WaveformMemory` in this scope
[INFO] [stdout]    --> src/../README.md:108:35
[INFO] [stdout]     |
[INFO] [stdout] 108 | pub const DA7280_WAVEFORM_MEMORY: WaveformMemory = WaveformMemory::from_bytes(
[INFO] [stdout]     |                                   ^^^^^^^^^^^^^^ not found in this scope
[INFO] [stdout] 
[INFO] [stdout] error[E0425]: cannot find value `haptics` in this scope
[INFO] [stdout]    --> src/../README.md:128:1
[INFO] [stdout]     |
[INFO] [stdout] 128 | haptics
[INFO] [stdout]     | ^^^^^^^ not found in this scope
[INFO] [stdout] 
[INFO] [stdout] error[E0425]: cannot find value `haptics` in this scope
[INFO] [stdout]    --> src/../README.md:133:1
[INFO] [stdout]     |
[INFO] [stdout] 133 | haptics.upload_waveform_memory(&DA7280_WAVEFORM_MEMORY, true).await?;
[INFO] [stdout]     | ^^^^^^^ not found in this scope
[INFO] [stdout] 
[INFO] [stdout] error[E0425]: cannot find value `haptics` in this scope
[INFO] [stdout]    --> src/../README.md:135:1
[INFO] [stdout]     |
[INFO] [stdout] 135 | haptics.enable().await?; // enable
[INFO] [stdout]     | ^^^^^^^ not found in this scope
[INFO] [stdout] 
[INFO] [stdout] error[E0425]: cannot find value `haptics` in this scope
[INFO] [stdout]    --> src/../README.md:137:1
[INFO] [stdout]     |
[INFO] [stdout] 137 | haptics.play_sequence(n, 0).await?;
[INFO] [stdout]     | ^^^^^^^ not found in this scope
[INFO] [stdout] 
[INFO] [stdout] error[E0425]: cannot find value `n` in this scope
[INFO] [stdout]    --> src/../README.md:137:23
[INFO] [stdout]     |
[INFO] [stdout] 137 | haptics.play_sequence(n, 0).await?;
[INFO] [stdout]     |                       ^ not found in this scope
[INFO] [stdout] 
[INFO] [stdout] error[E0728]: `await` is only allowed inside `async` functions and blocks
[INFO] [stdout]    --> src/../README.md:130:6
[INFO] [stdout]     |
[INFO] [stdout] 106 | fn main() { #[allow(non_snake_case)] fn _doctest_main_src____README_md_106_0() {
[INFO] [stdout]     |                                      ----------------------------------------- this is not `async`
[INFO] [stdout] ...
[INFO] [stdout] 130 |     .await?;
[INFO] [stdout]     |      ^^^^^ only allowed inside `async` functions and blocks
[INFO] [stdout] 
[INFO] [stdout] error[E0728]: `await` is only allowed inside `async` functions and blocks
[INFO] [stdout]    --> src/../README.md:133:63
[INFO] [stdout]     |
[INFO] [stdout] 106 | fn main() { #[allow(non_snake_case)] fn _doctest_main_src____README_md_106_0() {
[INFO] [stdout]     |                                      ----------------------------------------- this is not `async`
[INFO] [stdout] ...
[INFO] [stdout] 133 | haptics.upload_waveform_memory(&DA7280_WAVEFORM_MEMORY, true).await?;
[INFO] [stdout]     |                                                               ^^^^^ only allowed inside `async` functions and blocks
[INFO] [stdout] 
[INFO] [stdout] error[E0728]: `await` is only allowed inside `async` functions and blocks
[INFO] [stdout]    --> src/../README.md:135:18
[INFO] [stdout]     |
[INFO] [stdout] 106 | fn main() { #[allow(non_snake_case)] fn _doctest_main_src____README_md_106_0() {
[INFO] [stdout]     |                                      ----------------------------------------- this is not `async`
[INFO] [stdout] ...
[INFO] [stdout] 135 | haptics.enable().await?; // enable
[INFO] [stdout]     |                  ^^^^^ only allowed inside `async` functions and blocks
[INFO] [stdout] 
[INFO] [stdout] error[E0728]: `await` is only allowed inside `async` functions and blocks
[INFO] [stdout]    --> src/../README.md:137:29
[INFO] [stdout]     |
[INFO] [stdout] 106 | fn main() { #[allow(non_snake_case)] fn _doctest_main_src____README_md_106_0() {
[INFO] [stdout]     |                                      ----------------------------------------- this is not `async`
[INFO] [stdout] ...
[INFO] [stdout] 137 | haptics.play_sequence(n, 0).await?;
[INFO] [stdout]     |                             ^^^^^ only allowed inside `async` functions and blocks
[INFO] [stdout] 
[INFO] [stdout] error[E0433]: cannot find type `WaveformMemoryTimebase` in this scope
[INFO] [stdout]    --> src/../README.md:129:19
[INFO] [stdout]     |
[INFO] [stdout] 129 |     .set_timebase(WaveformMemoryTimebase::TIMEBASE_136_544_2176_4352)
[INFO] [stdout]     |                   ^^^^^^^^^^^^^^^^^^^^^^ use of undeclared type `WaveformMemoryTimebase`
[INFO] [stdout] 
[INFO] [stdout] error[E0433]: cannot find type `WaveformMemory` in this scope
[INFO] [stdout]    --> src/../README.md:108:52
[INFO] [stdout]     |
[INFO] [stdout] 108 | pub const DA7280_WAVEFORM_MEMORY: WaveformMemory = WaveformMemory::from_bytes(
[INFO] [stdout]     |                                                    ^^^^^^^^^^^^^^ use of undeclared type `WaveformMemory`
[INFO] [stdout] 
[INFO] [stdout] error: aborting due to 12 previous errors
[INFO] [stdout] 
[INFO] [stdout] Some errors have detailed explanations: E0425, E0433, E0728.
[INFO] [stdout] For more information about an error, try `rustc --explain E0425`.
[INFO] [stdout] Couldn't compile the test.
[INFO] [stdout] ---- src/../README.md - (line 141) stdout ----
[INFO] [stdout] error[E0425]: cannot find value `haptics` in this scope
[INFO] [stdout]    --> src/../README.md:223:1
[INFO] [stdout]     |
[INFO] [stdout] 223 | haptics
[INFO] [stdout]     | ^^^^^^^ not found in this scope
[INFO] [stdout] 
[INFO] [stdout] error[E0425]: cannot find value `haptics` in this scope
[INFO] [stdout]    --> src/../README.md:228:1
[INFO] [stdout]     |
[INFO] [stdout] 228 | haptics.upload_waveform_memory(&DA7280_WAVEFORM_MEMORY, true).await?;
[INFO] [stdout]     | ^^^^^^^ not found in this scope
[INFO] [stdout] 
[INFO] [stdout] error[E0425]: cannot find value `DA7280_WAVEFORM_MEMORY` in this scope
[INFO] [stdout]    --> src/../README.md:228:33
[INFO] [stdout]     |
[INFO] [stdout] 228 | haptics.upload_waveform_memory(&DA7280_WAVEFORM_MEMORY, true).await?;
[INFO] [stdout]     |                                 ^^^^^^^^^^^^^^^^^^^^^^ not found in this scope
[INFO] [stdout] 
[INFO] [stdout] error[E0425]: cannot find value `haptics` in this scope
[INFO] [stdout]    --> src/../README.md:230:1
[INFO] [stdout]     |
[INFO] [stdout] 230 | haptics.enable().await?; // enable
[INFO] [stdout]     | ^^^^^^^ not found in this scope
[INFO] [stdout] 
[INFO] [stdout] error[E0425]: cannot find value `haptics` in this scope
[INFO] [stdout]    --> src/../README.md:232:1
[INFO] [stdout]     |
[INFO] [stdout] 232 | haptics.play_sequence(n, 0).await?;
[INFO] [stdout]     | ^^^^^^^ not found in this scope
[INFO] [stdout] 
[INFO] [stdout] error[E0425]: cannot find value `n` in this scope
[INFO] [stdout]    --> src/../README.md:232:23
[INFO] [stdout]     |
[INFO] [stdout] 232 | haptics.play_sequence(n, 0).await?;
[INFO] [stdout]     |                       ^ not found in this scope
[INFO] [stdout] 
[INFO] [stdout] error[E0728]: `await` is only allowed inside `async` functions and blocks
[INFO] [stdout]    --> src/../README.md:225:6
[INFO] [stdout]     |
[INFO] [stdout] 141 | fn main() { #[allow(non_snake_case)] fn _doctest_main_src____README_md_141_0() {
[INFO] [stdout]     |                                      ----------------------------------------- this is not `async`
[INFO] [stdout] ...
[INFO] [stdout] 225 |     .await?;
[INFO] [stdout]     |      ^^^^^ only allowed inside `async` functions and blocks
[INFO] [stdout] 
[INFO] [stdout] error[E0728]: `await` is only allowed inside `async` functions and blocks
[INFO] [stdout]    --> src/../README.md:228:63
[INFO] [stdout]     |
[INFO] [stdout] 141 | fn main() { #[allow(non_snake_case)] fn _doctest_main_src____README_md_141_0() {
[INFO] [stdout]     |                                      ----------------------------------------- this is not `async`
[INFO] [stdout] ...
[INFO] [stdout] 228 | haptics.upload_waveform_memory(&DA7280_WAVEFORM_MEMORY, true).await?;
[INFO] [stdout]     |                                                               ^^^^^ only allowed inside `async` functions and blocks
[INFO] [stdout] 
[INFO] [stdout] error[E0728]: `await` is only allowed inside `async` functions and blocks
[INFO] [stdout]    --> src/../README.md:230:18
[INFO] [stdout]     |
[INFO] [stdout] 141 | fn main() { #[allow(non_snake_case)] fn _doctest_main_src____README_md_141_0() {
[INFO] [stdout]     |                                      ----------------------------------------- this is not `async`
[INFO] [stdout] ...
[INFO] [stdout] 230 | haptics.enable().await?; // enable
[INFO] [stdout]     |                  ^^^^^ only allowed inside `async` functions and blocks
[INFO] [stdout] 
[INFO] [stdout] error[E0728]: `await` is only allowed inside `async` functions and blocks
[INFO] [stdout]    --> src/../README.md:232:29
[INFO] [stdout]     |
[INFO] [stdout] 141 | fn main() { #[allow(non_snake_case)] fn _doctest_main_src____README_md_141_0() {
[INFO] [stdout]     |                                      ----------------------------------------- this is not `async`
[INFO] [stdout] ...
[INFO] [stdout] 232 | haptics.play_sequence(n, 0).await?;
[INFO] [stdout]     |                             ^^^^^ only allowed inside `async` functions and blocks
[INFO] [stdout] 
[INFO] [stdout] error[E0433]: cannot find type `SnippetBuilder` in this scope
[INFO] [stdout]    --> src/../README.md:143:21
[INFO] [stdout]     |
[INFO] [stdout] 143 | let click_snippet = SnippetBuilder::new()
[INFO] [stdout]     |                     ^^^^^^^^^^^^^^ use of undeclared type `SnippetBuilder`
[INFO] [stdout] 
[INFO] [stdout] error[E0433]: cannot find type `SnippetBuilder` in this scope
[INFO] [stdout]    --> src/../README.md:150:20
[INFO] [stdout]     |
[INFO] [stdout] 150 | let bump_snippet = SnippetBuilder::new()
[INFO] [stdout]     |                    ^^^^^^^^^^^^^^ use of undeclared type `SnippetBuilder`
[INFO] [stdout] 
[INFO] [stdout] error[E0433]: cannot find type `SnippetBuilder` in this scope
[INFO] [stdout]    --> src/../README.md:158:20
[INFO] [stdout]     |
[INFO] [stdout] 158 | let buzz_snippet = SnippetBuilder::new()
[INFO] [stdout]     |                    ^^^^^^^^^^^^^^ use of undeclared type `SnippetBuilder`
[INFO] [stdout] 
[INFO] [stdout] error[E0433]: cannot find type `FrameBuilder` in this scope
[INFO] [stdout]    --> src/../README.md:166:19
[INFO] [stdout]     |
[INFO] [stdout] 166 | let click_frame = FrameBuilder::new(1).unwrap()
[INFO] [stdout]     |                   ^^^^^^^^^^^^ use of undeclared type `FrameBuilder`
[INFO] [stdout] 
[INFO] [stdout] error[E0433]: cannot find type `Gain` in this scope
[INFO] [stdout]    --> src/../README.md:167:11
[INFO] [stdout]     |
[INFO] [stdout] 167 |     .gain(Gain::Full)
[INFO] [stdout]     |           ^^^^ use of undeclared type `Gain`
[INFO] [stdout] 
[INFO] [stdout] error[E0433]: cannot find type `Timebase` in this scope
[INFO] [stdout]    --> src/../README.md:168:15
[INFO] [stdout]     |
[INFO] [stdout] 168 |     .timebase(Timebase::Ms21_76)
[INFO] [stdout]     |               ^^^^^^^^ use of undeclared type `Timebase`
[INFO] [stdout] 
[INFO] [stdout] error[E0433]: cannot find type `SequenceBuilder` in this scope
[INFO] [stdout]    --> src/../README.md:171:17
[INFO] [stdout]     |
[INFO] [stdout] 171 | let click_seq = SequenceBuilder::new()
[INFO] [stdout]     |                 ^^^^^^^^^^^^^^^ use of undeclared type `SequenceBuilder`
[INFO] [stdout] 
[INFO] [stdout] error[E0433]: cannot find type `FrameBuilder` in this scope
[INFO] [stdout]    --> src/../README.md:177:14
[INFO] [stdout]     |
[INFO] [stdout] 177 | let frame1 = FrameBuilder::new(1).unwrap()
[INFO] [stdout]     |              ^^^^^^^^^^^^ use of undeclared type `FrameBuilder`
[INFO] [stdout] 
[INFO] [stdout] error[E0433]: cannot find type `Gain` in this scope
[INFO] [stdout]    --> src/../README.md:178:11
[INFO] [stdout]     |
[INFO] [stdout] 178 |     .gain(Gain::Full)
[INFO] [stdout]     |           ^^^^ use of undeclared type `Gain`
[INFO] [stdout] 
[INFO] [stdout] error[E0433]: cannot find type `Timebase` in this scope
[INFO] [stdout]    --> src/../README.md:179:15
[INFO] [stdout]     |
[INFO] [stdout] 179 |     .timebase(Timebase::Ms21_76)
[INFO] [stdout]     |               ^^^^^^^^ use of undeclared type `Timebase`
[INFO] [stdout] 
[INFO] [stdout] error[E0433]: cannot find type `FrameBuilder` in this scope
[INFO] [stdout]    --> src/../README.md:183:15
[INFO] [stdout]     |
[INFO] [stdout] 183 | let silence = FrameBuilder::silence()
[INFO] [stdout]     |               ^^^^^^^^^^^^ use of undeclared type `FrameBuilder`
[INFO] [stdout] 
[INFO] [stdout] error[E0433]: cannot find type `Timebase` in this scope
[INFO] [stdout]    --> src/../README.md:184:15
[INFO] [stdout]     |
[INFO] [stdout] 184 |     .timebase(Timebase::Ms43_52)  // ~87ms pause
[INFO] [stdout]     |               ^^^^^^^^ use of undeclared type `Timebase`
[INFO] [stdout] 
[INFO] [stdout] error[E0433]: cannot find type `FrameBuilder` in this scope
[INFO] [stdout]    --> src/../README.md:187:14
[INFO] [stdout]     |
[INFO] [stdout] 187 | let frame2 = FrameBuilder::new(1).unwrap()
[INFO] [stdout]     |              ^^^^^^^^^^^^ use of undeclared type `FrameBuilder`
[INFO] [stdout] 
[INFO] [stdout] error[E0433]: cannot find type `Gain` in this scope
[INFO] [stdout]    --> src/../README.md:188:11
[INFO] [stdout]     |
[INFO] [stdout] 188 |     .gain(Gain::Full)
[INFO] [stdout]     |           ^^^^ use of undeclared type `Gain`
[INFO] [stdout] 
[INFO] [stdout] error[E0433]: cannot find type `Timebase` in this scope
[INFO] [stdout]    --> src/../README.md:189:15
[INFO] [stdout]     |
[INFO] [stdout] 189 |     .timebase(Timebase::Ms21_76)
[INFO] [stdout]     |               ^^^^^^^^ use of undeclared type `Timebase`
[INFO] [stdout] 
[INFO] [stdout] error[E0433]: cannot find type `SequenceBuilder` in this scope
[INFO] [stdout]    --> src/../README.md:192:24
[INFO] [stdout]     |
[INFO] [stdout] 192 | let double_click_seq = SequenceBuilder::new()
[INFO] [stdout]     |                        ^^^^^^^^^^^^^^^ use of undeclared type `SequenceBuilder`
[INFO] [stdout] 
[INFO] [stdout] error[E0433]: cannot find type `FrameBuilder` in this scope
[INFO] [stdout]    --> src/../README.md:200:18
[INFO] [stdout]     |
[INFO] [stdout] 200 | let buzz_frame = FrameBuilder::new(3).unwrap()
[INFO] [stdout]     |                  ^^^^^^^^^^^^ use of undeclared type `FrameBuilder`
[INFO] [stdout] 
[INFO] [stdout] error[E0433]: cannot find type `Gain` in this scope
[INFO] [stdout]    --> src/../README.md:201:11
[INFO] [stdout]     |
[INFO] [stdout] 201 |     .gain(Gain::Full)
[INFO] [stdout]     |           ^^^^ use of undeclared type `Gain`
[INFO] [stdout] 
[INFO] [stdout] error[E0433]: cannot find type `Timebase` in this scope
[INFO] [stdout]    --> src/../README.md:202:15
[INFO] [stdout]     |
[INFO] [stdout] 202 |     .timebase(Timebase::Ms21_76)
[INFO] [stdout]     |               ^^^^^^^^ use of undeclared type `Timebase`
[INFO] [stdout] 
[INFO] [stdout] error[E0433]: cannot find type `SequenceBuilder` in this scope
[INFO] [stdout]    --> src/../README.md:206:16
[INFO] [stdout]     |
[INFO] [stdout] 206 | let buzz_seq = SequenceBuilder::new()
[INFO] [stdout]     |                ^^^^^^^^^^^^^^^ use of undeclared type `SequenceBuilder`
[INFO] [stdout] 
[INFO] [stdout] error[E0433]: cannot find type `WaveformMemoryBuilder` in this scope
[INFO] [stdout]    --> src/../README.md:212:14
[INFO] [stdout]     |
[INFO] [stdout] 212 | let memory = WaveformMemoryBuilder::new(false)  // acceleration disabled
[INFO] [stdout]     |              ^^^^^^^^^^^^^^^^^^^^^ use of undeclared type `WaveformMemoryBuilder`
[INFO] [stdout] 
[INFO] [stdout] error[E0433]: cannot find type `WaveformMemoryTimebase` in this scope
[INFO] [stdout]    --> src/../README.md:224:19
[INFO] [stdout]     |
[INFO] [stdout] 224 |     .set_timebase(WaveformMemoryTimebase::TIMEBASE_136_544_2176_4352)
[INFO] [stdout]     |                   ^^^^^^^^^^^^^^^^^^^^^^ use of undeclared type `WaveformMemoryTimebase`
[INFO] [stdout] 
[INFO] [stdout] error: aborting due to 32 previous errors
[INFO] [stdout] 
[INFO] [stdout] Some errors have detailed explanations: E0425, E0433, E0728.
[INFO] [stdout] For more information about an error, try `rustc --explain E0425`.
[INFO] [stdout] Couldn't compile the test.
[INFO] [stdout] 
[INFO] [stdout] failures:
[INFO] [stdout]     src/../README.md - (line 106)
[INFO] [stdout]     src/../README.md - (line 141)
[INFO] [stdout]     src/../README.md - (line 37)
[INFO] [stdout] 
[INFO] [stdout] test result: FAILED. 5 passed; 3 failed; 0 ignored; 0 measured; 0 filtered out; finished in 0.61s
[INFO] [stdout] 
[INFO] [stdout] all doctests ran in 0.94s; merged doctests compilation took 0.32s
[INFO] [stderr] error: doctest failed, to rerun pass `--doc`
[INFO] running `Command { std: "docker" "inspect" "33b8ee5edc0f03af1fbdb24c2e42f070cefee34aeb4ca5267f4acd73327ffa89", kill_on_drop: false }`
[INFO] running `Command { std: "docker" "rm" "-f" "33b8ee5edc0f03af1fbdb24c2e42f070cefee34aeb4ca5267f4acd73327ffa89", kill_on_drop: false }`
[INFO] [stdout] 33b8ee5edc0f03af1fbdb24c2e42f070cefee34aeb4ca5267f4acd73327ffa89
