[INFO] fetching crate d4rt_rs 0.1.5...
[INFO] testing d4rt_rs-0.1.5 against 1.100.0-beta.1+cargoflags=--release for beta-release-1.100-2
[INFO] extracting crate d4rt_rs 0.1.5 into /workspace/builds/worker-5-tc2/source
[INFO] started tweaking crates.io crate d4rt_rs 0.1.5
[INFO] removed 0 missing examples
[INFO] removed 0 missing tests
[INFO] finished tweaking crates.io crate d4rt_rs 0.1.5
[INFO] tweaked toml for crates.io crate d4rt_rs 0.1.5 written to /workspace/builds/worker-5-tc2/source/Cargo.toml
[INFO] validating manifest of crates.io crate d4rt_rs 0.1.5 on toolchain 1.100.0-beta.1
[INFO] running `Command { std: CARGO_HOME="/workspace/cargo-home" RUSTUP_HOME="/workspace/rustup-home" "/workspace/cargo-home/bin/cargo" "+1.100.0-beta.1" "metadata" "--manifest-path" "Cargo.toml" "--no-deps", kill_on_drop: false }`
[INFO] crate crates.io crate d4rt_rs 0.1.5 already has a lockfile, it will not be regenerated
[INFO] running `Command { std: CARGO_HOME="/workspace/cargo-home" RUSTUP_HOME="/workspace/rustup-home" "/workspace/cargo-home/bin/cargo" "+1.100.0-beta.1" "fetch" "--manifest-path" "Cargo.toml", kill_on_drop: false }`
[INFO] [stderr]     Blocking waiting for file lock on package cache
[INFO] running `Command { std: "docker" "create" "-v" "/var/lib/crater-agent-workspace/builds/worker-5-tc2/source:/opt/rustwide/workdir:ro,Z" "-v" "/var/lib/crater-agent-workspace/builds/worker-5-tc2/target:/opt/rustwide/target:rw,Z" "-v" "/var/lib/crater-agent-workspace/cargo-home:/opt/rustwide/cargo-home:ro,Z" "-v" "/var/lib/crater-agent-workspace/rustup-home:/opt/rustwide/rustup-home:ro,Z" "-m" "1610612736" "--network" "none" "ghcr.io/rust-lang/crates-build-env/linux@sha256:77db811e55d90add9212f6832c23229e3de5f1c1f9905e8cb07319ea15df73ac" "sleep" "infinity", kill_on_drop: false }`
[INFO] [stdout] 290d63b8d808887b3994a7dda7818563ee4c04ea75aa9de69aaebe8ad31a1c30
[INFO] running `Command { std: "docker" "start" "290d63b8d808887b3994a7dda7818563ee4c04ea75aa9de69aaebe8ad31a1c30", kill_on_drop: false }`
[INFO] running `Command { std: "docker" "inspect" "290d63b8d808887b3994a7dda7818563ee4c04ea75aa9de69aaebe8ad31a1c30", kill_on_drop: false }`
[INFO] running `Command { std: "docker" "exec" "-e" "SOURCE_DIR=/opt/rustwide/workdir" "-e" "CARGO_HOME=/opt/rustwide/cargo-home" "-e" "RUSTUP_HOME=/opt/rustwide/rustup-home" "-e" "CARGO_TARGET_DIR=/opt/rustwide/target" "-w" "/opt/rustwide/workdir" "--user" "0:0" "290d63b8d808887b3994a7dda7818563ee4c04ea75aa9de69aaebe8ad31a1c30" "/opt/rustwide/cargo-home/bin/cargo" "+1.100.0-beta.1" "metadata" "--no-deps" "--format-version=1", kill_on_drop: false }`
[INFO] running `Command { std: "docker" "inspect" "290d63b8d808887b3994a7dda7818563ee4c04ea75aa9de69aaebe8ad31a1c30", kill_on_drop: false }`
[INFO] running `Command { std: "docker" "exec" "-e" "SOURCE_DIR=/opt/rustwide/workdir" "-e" "CARGO_HOME=/opt/rustwide/cargo-home" "-e" "RUSTUP_HOME=/opt/rustwide/rustup-home" "-e" "CARGO_TARGET_DIR=/opt/rustwide/target" "-e" "CARGO_INCREMENTAL=0" "-e" "RUST_BACKTRACE=full" "-e" "RUSTFLAGS=--cap-lints=warn" "-e" "RUSTDOCFLAGS=--cap-lints=warn" "-w" "/opt/rustwide/workdir" "--user" "0:0" "290d63b8d808887b3994a7dda7818563ee4c04ea75aa9de69aaebe8ad31a1c30" "/opt/rustwide/cargo-home/bin/cargo" "+1.100.0-beta.1" "build" "--frozen" "--message-format=json" "--release", kill_on_drop: false }`
[INFO] [stderr]    Compiling serde_core v1.0.229
[INFO] [stderr]    Compiling tree-sitter-language v0.1.7
[INFO] [stderr]    Compiling hashbrown v0.17.1
[INFO] [stderr]    Compiling equivalent v1.0.2
[INFO] [stderr]    Compiling serde_json v1.0.151
[INFO] [stderr]    Compiling memchr v2.8.3
[INFO] [stderr]    Compiling itoa v1.0.18
[INFO] [stderr]    Compiling regex-syntax v0.8.11
[INFO] [stderr]    Compiling streaming-iterator v0.1.9
[INFO] [stderr]    Compiling cc v1.4.0
[INFO] [stderr]    Compiling num-traits v0.2.19
[INFO] [stderr]    Compiling zmij v1.0.23
[INFO] [stderr]    Compiling aho-corasick v1.1.4
[INFO] [stderr]    Compiling indexmap v2.14.0
[INFO] [stderr]    Compiling num-integer v0.1.46
[INFO] [stderr]    Compiling chrono v0.4.45
[INFO] [stderr]    Compiling tree-sitter-dart v0.2.0
[INFO] [stderr]    Compiling num-bigint v0.5.1
[INFO] [stderr]    Compiling regex-automata v0.4.16
[INFO] [stderr]    Compiling tree-sitter v0.26.11
[INFO] [stderr]    Compiling regex v1.13.1
[INFO] [stderr]    Compiling d4rt_rs v0.1.5 (/opt/rustwide/workdir)
[INFO] [stderr]     Finished `release` profile [optimized] target(s) in 1m 20s
[INFO] running `Command { std: "docker" "inspect" "290d63b8d808887b3994a7dda7818563ee4c04ea75aa9de69aaebe8ad31a1c30", kill_on_drop: false }`
[INFO] running `Command { std: "docker" "exec" "-e" "SOURCE_DIR=/opt/rustwide/workdir" "-e" "CARGO_HOME=/opt/rustwide/cargo-home" "-e" "RUSTUP_HOME=/opt/rustwide/rustup-home" "-e" "CARGO_TARGET_DIR=/opt/rustwide/target" "-e" "CARGO_INCREMENTAL=0" "-e" "RUST_BACKTRACE=full" "-e" "RUSTFLAGS=--cap-lints=warn" "-e" "RUSTDOCFLAGS=--cap-lints=warn" "-w" "/opt/rustwide/workdir" "--user" "0:0" "290d63b8d808887b3994a7dda7818563ee4c04ea75aa9de69aaebe8ad31a1c30" "/opt/rustwide/cargo-home/bin/cargo" "+1.100.0-beta.1" "test" "--frozen" "--no-run" "--message-format=json" "--release", kill_on_drop: false }`
[INFO] [stderr]    Compiling d4rt_rs v0.1.5 (/opt/rustwide/workdir)
[INFO] [stderr]     Finished `release` profile [optimized] target(s) in 1m 03s
[INFO] running `Command { std: "docker" "inspect" "290d63b8d808887b3994a7dda7818563ee4c04ea75aa9de69aaebe8ad31a1c30", kill_on_drop: false }`
[INFO] running `Command { std: "docker" "exec" "-e" "SOURCE_DIR=/opt/rustwide/workdir" "-e" "CARGO_HOME=/opt/rustwide/cargo-home" "-e" "RUSTUP_HOME=/opt/rustwide/rustup-home" "-e" "CARGO_TARGET_DIR=/opt/rustwide/target" "-e" "CARGO_INCREMENTAL=0" "-e" "RUST_BACKTRACE=full" "-e" "RUSTFLAGS=--cap-lints=warn" "-e" "RUSTDOCFLAGS=--cap-lints=warn" "-w" "/opt/rustwide/workdir" "--user" "0:0" "290d63b8d808887b3994a7dda7818563ee4c04ea75aa9de69aaebe8ad31a1c30" "/opt/rustwide/cargo-home/bin/cargo" "+1.100.0-beta.1" "test" "--frozen" "--release", kill_on_drop: false }`
[INFO] [stderr]     Finished `release` profile [optimized] target(s) in 0.14s
[INFO] [stderr]      Running unittests src/lib.rs (/opt/rustwide/target/release/build/d4rt_rs/b0bda55044b6c435/out/d4rt_rs-b0bda55044b6c435)
[INFO] [stdout] 
[INFO] [stdout] running 17 tests
[INFO] [stdout] test interp::tests::test_generators ... ok
[INFO] [stdout] test interp::tests::test_string_interp_ident ... ok
[INFO] [stdout] test context::tests::execute_async_await_propagates_async_error ... ok
[INFO] [stdout] test context::tests::contexts_are_independent ... ok
[INFO] [stdout] test context::tests::execute_with_args ... ok
[INFO] [stdout] test interp::tests::test_strings ... ok
[INFO] [stdout] test context::tests::register_and_call ... ok
[INFO] [stdout] test context::tests::execute_async_await_cooperative_returns_sync_immediately ... ok
[INFO] [stdout] test interp::tests::test_functions ... ok
[INFO] [stdout] test interp::tests::test_arithmetic ... ok
[INFO] [stdout] test context::tests::execute_async_await_cooperative_resolves_future ... ok
[INFO] [stdout] test context::tests::execute_async_returns_sync_values_unchanged ... ok
[INFO] [stdout] test interp::tests::test_control_flow ... ok
[INFO] [stdout] test context::tests::print_handler_captures_output ... ok
[INFO] [stdout] test interp::tests::test_errors ... ok
[INFO] [stdout] test interp::tests::test_literals ... ok
[INFO] [stdout] test context::tests::execute_async_waits_for_future ... ok
[INFO] [stdout] 
[INFO] [stdout] test result: ok. 17 passed; 0 failed; 0 ignored; 0 measured; 0 filtered out; finished in 0.09s
[INFO] [stdout] 
[INFO] [stderr]      Running unittests src/main.rs (/opt/rustwide/target/release/build/d4rt_rs/8c0e253df3aef1b2/out/d4rt_rs-8c0e253df3aef1b2)
[INFO] [stdout] 
[INFO] [stdout] running 0 tests
[INFO] [stdout] 
[INFO] [stdout] test result: ok. 0 passed; 0 failed; 0 ignored; 0 measured; 0 filtered out; finished in 0.00s
[INFO] [stdout] 
[INFO] [stderr]      Running tests/asyncstar_smoke_test.rs (/opt/rustwide/target/release/build/d4rt_rs/8518bb3d8d2846eb/out/asyncstar_smoke_test-8518bb3d8d2846eb)
[INFO] [stdout] 
[INFO] [stdout] running 10 tests
[INFO] [stdout] test async_star_stream_machinery ... ok
[INFO] [stdout] test async_star_yield_star ... ok
[INFO] [stdout] test async_star_concurrent_wait ... ok
[INFO] [stdout] test async_star_yield_star_error ... ok
[INFO] [stdout] test async_star_early_return ... ok
[INFO] [stdout] test async_star_error_propagation ... ok
[INFO] [stdout] test async_star_continue_await_for ... ok
[INFO] [stdout] test async_star_basic_yield ... ok
[INFO] [stdout] test async_star_break_await_for ... ok
[INFO] [stdout] test async_star_with_await ... ok
[INFO] [stdout] 
[INFO] [stdout] test result: ok. 10 passed; 0 failed; 0 ignored; 0 measured; 0 filtered out; finished in 0.02s
[INFO] [stdout] 
[INFO] [stderr]      Running tests/common.rs (/opt/rustwide/target/release/build/d4rt_rs/5b464ad30ef2b67a/out/common-5b464ad30ef2b67a)
[INFO] [stderr]      Running tests/context_test.rs (/opt/rustwide/target/release/build/d4rt_rs/36b4fd20c16bb175/out/context_test-36b4fd20c16bb175)
[INFO] [stdout] 
[INFO] [stdout] running 0 tests
[INFO] [stdout] 
[INFO] [stdout] test result: ok. 0 passed; 0 failed; 0 ignored; 0 measured; 0 filtered out; finished in 0.00s
[INFO] [stdout] 
[INFO] [stdout] 
[INFO] [stdout] running 30 tests
[INFO] [stdout] test eval_error_propagates ... ok
[INFO] [stdout] test eval_without_main_is_ok ... ok
[INFO] [stdout] test main_script_path_is_process_global ... ok
[INFO] [stdout] test package_libraries_register_from_any_thread ... ok
[INFO] [stdout] test get_and_set_top_level ... ok
[INFO] [stdout] test global_dart_module_registration_from_any_thread ... ok
[INFO] [stdout] test moved_context_keeps_its_own_state ... ok
[INFO] [stdout] test many_contexts_in_parallel_use ... ok
[INFO] [stdout] test register_function_basic ... ok
[INFO] [stdout] test register_function_can_throw ... ok
[INFO] [stdout] test per_context_registration_shadows_global_one ... ok
[INFO] [stdout] test register_function_calls_back_into_dart ... ok
[INFO] [stdout] test print_goes_to_handler ... ok
[INFO] [stdout] test register_function_with_named_args ... ok
[INFO] [stdout] test registered_function_visible_after_reeval ... ok
[INFO] [stdout] test receive_ports_do_not_leak_between_contexts ... ok
[INFO] [stdout] test same_function_name_in_two_contexts ... ok
[INFO] [stdout] test whole_program ... ok
[INFO] [stdout] test stdlib_core_new_classes ... ok
[INFO] [stdout] test dropped_context_releases_sockets ... ok
[INFO] [stdout] test module_library_registration_is_per_context ... ok
[INFO] [stdout] test dropped_context_closes_sockets ... ok
[INFO] [stdout] test each_context_has_own_core_stdlib ... ok
[INFO] [stdout] test per_context_dart_module_shadows_global_one ... ok
[INFO] [stdout] test contexts_do_not_share_state ... ok
[INFO] [stdout] test context_can_move_to_another_thread ... ok
[INFO] [stdout] test stdlib_basics ... ok
[INFO] [stdout] test eval_runs_main ... ok
[INFO] [stdout] test context_registration_does_not_pollute_global_registry ... ok
[INFO] [stdout] test moved_context_uses_socket_resources ... ok
[INFO] [stdout] 
[INFO] [stdout] test result: ok. 30 passed; 0 failed; 0 ignored; 0 measured; 0 filtered out; finished in 0.24s
[INFO] [stdout] 
[INFO] [stderr]      Running tests/error_safety_test.rs (/opt/rustwide/target/release/build/d4rt_rs/d278b908592c461b/out/error_safety_test-d278b908592c461b)
[INFO] [stdout] 
[INFO] [stdout] running 7 tests
[INFO] [stdout] test uncaught_async_error_surfaces_as_throw ... ok
[INFO] [stdout] test uncaught_throw_surfaces_as_throw_with_value_intact ... ok
[INFO] [stdout] test recursion_guard_applies_to_async ... ok
[INFO] [stdout] test deep_but_finite_recursion_still_works ... ok
[INFO] [stderr]      Running tests/language_test.rs (/opt/rustwide/target/release/build/d4rt_rs/f8cd67d07e895517/out/language_test-f8cd67d07e895517)
[INFO] [stdout] test infinite_recursion_returns_error_instead_of_crashing ... ok
[INFO] [stdout] test infinite_recursion_is_catchable_from_dart ... ok
[INFO] [stdout] test context_stays_usable_after_dart_error ... ok
[INFO] [stdout] 
[INFO] [stdout] test result: ok. 7 passed; 0 failed; 0 ignored; 0 measured; 0 filtered out; finished in 0.01s
[INFO] [stdout] 
[INFO] [stdout] 
[INFO] [stdout] running 47 tests
[INFO] [stdout] test classes_basic ... ok
[INFO] [stdout] test abstract_and_override ... ok
[INFO] [stdout] test classes_constructors ... ok
[INFO] [stdout] test classes_fields_and_this ... ok
[INFO] [stdout] test comment_in_default_parameter ... ok
[INFO] [stdout] test enum_basics ... ok
[INFO] [stdout] test bitwise_and_shift ... ok
[INFO] [stdout] test closures ... ok
[INFO] [stdout] test inheritance ... ok
[INFO] [stdout] test inheritance_super_call ... ok
[INFO] [stdout] test function_params ... ok
[INFO] [stdout] test comment_in_literals ... ok
[INFO] [stdout] test for_in_loops ... ok
[INFO] [stdout] test comparison_and_logic ... ok
[INFO] [stdout] test named_field_formals ... ok
[INFO] [stdout] test map_operations ... ok
[INFO] [stdout] test loops ... ok
[INFO] [stdout] test function_basics ... ok
[INFO] [stdout] test native_fn_errors_propagate ... ok
[INFO] [stdout] test native_fn_calls_dart ... ok
[INFO] [stdout] test native_fn_typed_args_and_result ... ok
[INFO] [stdout] test native_fn_with_named_args ... ok
[INFO] [stdout] test rethrow ... ok
[INFO] [stdout] test null_aware_access ... ok
[INFO] [stdout] test records ... ok
[INFO] [stdout] test static_members ... ok
[INFO] [stdout] test null_handling ... ok
[INFO] [stdout] test quote_stripping_multiline_and_single ... ok
[INFO] [stdout] test sets ... ok
[INFO] [stdout] test numeric_edge_cases ... ok
[INFO] [stdout] test string_buffer_and_casts ... ok
[INFO] [stdout] test bridged_enum_static_access ... ok
[INFO] [stdout] test enum_with_method ... ok
[INFO] [stdout] test if_else ... ok
[INFO] [stdout] test generators ... ok
[INFO] [stdout] test collection_if_in_map_and_set ... ok
[INFO] [stdout] test string_interpolation ... ok
[INFO] [stdout] test throw_custom ... ok
[INFO] [stdout] test try_catch ... ok
[INFO] [stdout] test type_test_is_not ... ok
[INFO] [stdout] test try_finally ... ok
[INFO] [stdout] test try_catch_on_types ... ok
[INFO] [stdout] test switch_statement ... ok
[INFO] [stdout] test string_operators ... ok
[INFO] [stdout] test arithmetic ... ok
[INFO] [stdout] test list_operations ... ok
[INFO] [stdout] test higher_order ... ok
[INFO] [stdout] 
[INFO] [stdout] test result: ok. 47 passed; 0 failed; 0 ignored; 0 measured; 0 filtered out; finished in 0.05s
[INFO] [stdout] 
[INFO] [stderr]      Running tests/mangayomi_test.rs (/opt/rustwide/target/release/build/d4rt_rs/e437707589f4c1fb/out/mangayomi_test-e437707589f4c1fb)
[INFO] [stdout] 
[INFO] [stdout] running 1 test
[INFO] [stdout] test mangayomi_style_extension_end_to_end ... ok
[INFO] [stderr]      Running tests/permission_test.rs (/opt/rustwide/target/release/build/d4rt_rs/6c43294e9dd6665b/out/permission_test-6c43294e9dd6665b)
[INFO] [stdout] 
[INFO] [stdout] test result: ok. 1 passed; 0 failed; 0 ignored; 0 measured; 0 filtered out; finished in 0.01s
[INFO] [stdout] 
[INFO] [stdout] 
[INFO] [stdout] running 33 tests
[INFO] [stdout] test export_does_not_propagate_prefixed_imports ... ok
[INFO] [stdout] test export_from_filesystem_requires_module_files ... ok
[INFO] [stdout] test grant_network_connect_host_scoped ... ok
[INFO] [stdout] test export_virtual_module_reexports_public_names ... ok
[INFO] [stdout] test grant_env_allows_platform_environment ... ok
[INFO] [stdout] test export_chains_through_import ... ok
[INFO] [stdout] test default_denies_network_process_isolate_env ... ok
[INFO] [stdout] test grant_path_allows_read_and_write_under_prefix ... ok
[INFO] [stdout] test export_does_not_leak_private_names ... ok
[INFO] [stdout] test grant_any_filesystem_allows_everything ... ok
[INFO] [stdout] test dart_code_can_catch_permission_error ... ok
[INFO] [stdout] test has_permission_coverage_rules ... ok
[INFO] [stdout] test allow_all_enables_filesystem_import ... ok
[INFO] [stdout] test import_from_filesystem_denied_by_default ... ok
[INFO] [stdout] test grant_read_allows_read_not_write ... ok
[INFO] [stdout] test grant_module_files_allows_filesystem_import ... ok
[INFO] [stdout] test module_files_does_not_bypass_fs_read_permission ... ok
[INFO] [stdout] test broad_grant_survives_specific_revoke ... ok
[INFO] [stdout] test grant_isolate_allows_ports_and_spawn ... ok
[INFO] [stdout] test default_denies_filesystem ... ok
[INFO] [stdout] test virtual_module_import_works_without_filesystem ... ok
[INFO] [stdout] test re_registered_module_replaces_source ... ok
[INFO] [stdout] test new_with_filesystem_modules_flag_enables_fs_import ... ok
[INFO] [stdout] test rust_module_library_wins_over_virtual_dart_source ... ok
[INFO] [stdout] test rust_module_library_supports_export_and_show_hide ... ok
[INFO] [stdout] test revoke_withdraws_grant ... ok
[INFO] [stdout] test new_with_allow_all_matches_permissive ... ok
[INFO] [stdout] test rust_module_library_bare_name_import_works_without_any_permission ... ok
[INFO] [stdout] test new_with_options_grants_at_construction ... ok
[INFO] [stdout] test virtual_module_takes_precedence_over_filesystem_file ... ok
[INFO] [stdout] test export_show_filters_names ... ok
[INFO] [stdout] test grant_read_path_scopes_to_prefix ... ok
[INFO] [stdout] test grant_process_command_scoped ... ok
[INFO] [stdout] 
[INFO] [stdout] test result: ok. 33 passed; 0 failed; 0 ignored; 0 measured; 0 filtered out; finished in 0.04s
[INFO] [stdout] 
[INFO] [stderr]      Running tests/static_fields_test.rs (/opt/rustwide/target/release/build/d4rt_rs/76ae370bdd038283/out/static_fields_test-76ae370bdd038283)
[INFO] [stdout] 
[INFO] [stdout] running 7 tests
[INFO] [stdout] test top_level_const_identifies ... ok
[INFO] [stdout] test top_level_final_identifies ... ok
[INFO] [stdout] test static_final_string_field ... ok
[INFO] [stdout] test static_const_string_field ... ok
[INFO] [stdout] test static_final_with_expression_initializer ... ok
[INFO] [stdout] test static_const_multi_declaration_list ... ok
[INFO] [stdout] test static_plain_field_still_works ... ok
[INFO] [stdout] 
[INFO] [stdout] test result: ok. 7 passed; 0 failed; 0 ignored; 0 measured; 0 filtered out; finished in 0.00s
[INFO] [stdout] 
[INFO] [stderr]      Running tests/stdlib_collection_test.rs (/opt/rustwide/target/release/build/d4rt_rs/7c234e8ad50285bf/out/stdlib_collection_test-7c234e8ad50285bf)
[INFO] [stdout] 
[INFO] [stdout] running 18 tests
[INFO] [stdout] test map_access ... ok
[INFO] [stdout] test iterable_shared ... ok
[INFO] [stdout] test set_constructors ... ok
[INFO] [stdout] test list_transform ... ok
[INFO] [stdout] test map_constructors ... ok
[INFO] [stdout] test list_index_and_assign ... ok
[INFO] [stdout] test list_ranges ... ok
[INFO] [stdout] test set_iteration ... ok
[INFO] [stdout] test list_sort_shuffle ... ok
[INFO] [stdout] test map_mutation ... ok
[INFO] [stdout] test list_constructors ... ok
[INFO] [stdout] test map_basics ... ok
[INFO] [stdout] test list_basics ... ok
[INFO] [stdout] test set_basics ... ok
[INFO] [stdout] test map_iteration ... ok
[INFO] [stdout] test list_mutation ... ok
[INFO] [stdout] test set_mutation ... ok
[INFO] [stderr]      Running tests/stdlib_core_test.rs (/opt/rustwide/target/release/build/d4rt_rs/4be49661c121b323/out/stdlib_core_test-4be49661c121b323)
[INFO] [stdout] test list_search ... ok
[INFO] [stdout] 
[INFO] [stdout] test result: ok. 18 passed; 0 failed; 0 ignored; 0 measured; 0 filtered out; finished in 0.03s
[INFO] [stdout] 
[INFO] [stdout] 
[INFO] [stdout] running 27 tests
[INFO] [stdout] test argument_error ... ok
[INFO] [stdout] test assert_statements ... ok
[INFO] [stdout] test duration_constants ... ok
[INFO] [stdout] test num_conversions ... ok
[INFO] [stdout] test datetime_parse_and_iso ... ok
[INFO] [stdout] test bigint_advanced ... ok
[INFO] [stdout] test datetime_construction ... ok
[INFO] [stdout] test duration_arithmetic ... ok
[INFO] [stdout] test regexp_statics_and_eq ... ok
[INFO] [stdout] test regexp_matching ... ok
[INFO] [stdout] test double_methods ... ok
[INFO] [stdout] test bigint_parse_and_convert ... ok
[INFO] [stdout] test stack_trace_and_misc ... ok
[INFO] [stdout] test bigint_arithmetic ... ok
[INFO] [stdout] test uri_constructors ... ok
[INFO] [stdout] test uri_query ... ok
[INFO] [stdout] test int_methods ... ok
[INFO] [stdout] test duration_construction ... ok
[INFO] [stdout] test format_exception ... ok
[INFO] [stdout] test num_statics ... ok
[INFO] [stdout] test datetime_operations ... ok
[INFO] [stdout] test uri_resolution ... ok
[INFO] [stdout] test uri_encoding ... ok
[INFO] [stdout] test type_and_string_conversions ... ok
[INFO] [stdout] test uri_flags ... ok
[INFO] [stdout] test uri_parts ... ok
[INFO] [stdout] test regexp_groups ... ok
[INFO] [stdout] 
[INFO] [stdout] test result: ok. 27 passed; 0 failed; 0 ignored; 0 measured; 0 filtered out; finished in 0.06s
[INFO] [stdout] 
[INFO] [stderr]      Running tests/stdlib_dart_async_ref_test.rs (/opt/rustwide/target/release/build/d4rt_rs/91cdf1a2bd0ca776/out/stdlib_dart_async_ref_test-91cdf1a2bd0ca776)
[INFO] [stdout] 
[INFO] [stdout] running 27 tests
[INFO] [stdout] test ref_Return_non_Future_from_async_function ... ok
[INFO] [stdout] test ref_Interpreted_Async_Await_Tests_await_Future_error_in_try_catch ... ok
[INFO] [stdout] test ref_Sync_code_between_awaits ... ok
[INFO] [stdout] test ref_async_do_while_loop_with_await_in_body ... ok
[INFO] [stdout] test ref_async_for_loop_with_await_assignment_in_body ... ok
[INFO] [stdout] test ref_async_if_statement_with_await_in_condition ... ok
[INFO] [stdout] test ref_Assign_await_result_to_variable ... ok
[INFO] [stdout] test ref_async_for_loop_with_await_in_assignment_operator ... ok
[INFO] [stdout] test ref_Return_await_result_directly ... ok
[INFO] [stdout] test ref_Interpreted_Async_Await_Tests_await_in_try_catch_success ... ok
[INFO] [stdout] test ref_async_for_loop_with_await_in_initializer ... ok
[INFO] [stdout] test ref_Nested_async_function_calls ... ok
[INFO] [stdout] test ref_async_do_while_loop_with_await_in_condition ... ok
[INFO] [stdout] test ref_async_while_loop_with_await_in_body ... ok
[INFO] [stdout] test ref_async_try_catch_finally_with_await_throwing_error ... ok
[INFO] [stdout] test ref_nested_for_in_loops_with_list_processing ... ok
[INFO] [stdout] test ref_async_try_catch_with_rethrow_and_await_error ... ok
[INFO] [stdout] test ref_nested_for_loops_with_list_processing_using_indexed_access ... ok
[INFO] [stdout] test ref_await_Future_value ... ok
[INFO] [stdout] test ref_async_while_loop_with_await_in_condition ... ok
[INFO] [stdout] test ref_Interpreted_Async_Await_Tests_await_Future_error_without_try_catch ... ok
[INFO] [stdout] test ref_Interpreted_Async_Await_Tests_await_in_if_condition ... ok
[INFO] [stdout] test ref_await_Future_delayed ... ok
[INFO] [stdout] test ref_Multiple_awaits_in_sequence ... ok
[INFO] [stdout] test ref_Interpreted_Async_Await_Tests_await_in_for_loop ... ok
[INFO] [stdout] test ref_async_for_loop_with_await_in_body ... ok
[INFO] [stdout] test ref_async_for_in_loop_with_await_in_body ... ok
[INFO] [stdout] 
[INFO] [stdout] test result: ok. 27 passed; 0 failed; 0 ignored; 0 measured; 0 filtered out; finished in 0.02s
[INFO] [stdout] 
[INFO] [stderr]      Running tests/stdlib_dart_async_test.rs (/opt/rustwide/target/release/build/d4rt_rs/3fd8180b8bbbf74f/out/stdlib_dart_async_test-3fd8180b8bbbf74f)
[INFO] [stdout] 
[INFO] [stdout] running 48 tests
[INFO] [stdout] test future_any_empty_errors ... ok
[INFO] [stdout] test chained_async_functions ... ok
[INFO] [stdout] test completer_sync_works ... ok
[INFO] [stdout] test await_expression_in_argument ... ok
[INFO] [stdout] test completer_complete_error ... ok
[INFO] [stdout] test duration_construction_and_getters ... ok
[INFO] [stdout] test future_any_all_error_last_wins ... ok
[INFO] [stdout] test await_future_value ... ok
[INFO] [stdout] test await_result_of_async_function ... ok
[INFO] [stdout] test future_constructor_runs_computation ... ok
[INFO] [stdout] test future_do_while_runs_until_false ... ok
[INFO] [stdout] test future_do_while_error_propagates ... ok
[INFO] [stdout] test await_future_delayed ... ok
[INFO] [stdout] test await_in_loop_body ... ok
[INFO] [stdout] test async_error_handling_try_catch ... ok
[INFO] [stdout] test future_any_first_value_wins ... ok
[INFO] [stdout] test future_as_stream_emits_error ... ok
[INFO] [stdout] test completer_is_completed ... ok
[INFO] [stdout] test completer_complete ... ok
[INFO] [stdout] test async_error_propagates_out ... ok
[INFO] [stdout] test future_for_each_empty ... ok
[INFO] [stdout] test catch_error_on_delayed_future ... ok
[INFO] [stdout] test future_timeout_no_fire_when_source_wins ... ok
[INFO] [stdout] test future_microtask ... ok
[INFO] [stdout] test future_as_stream_emits_value ... ok
[INFO] [stdout] test loop_with_await_in_condition ... ok
[INFO] [stdout] test future_on_error_handles ... ok
[INFO] [stdout] test future_timeout_does_not_timeout_completed_future ... ok
[INFO] [stdout] test future_for_each_awaits_each ... ok
[INFO] [stdout] test future_on_error_passes_errors_through ... ok
[INFO] [stdout] test future_sync ... ok
[INFO] [stdout] test future_timeout_fires_on_uncompleted ... ok
[INFO] [stdout] test stream_iterator_ctor ... ok
[INFO] [stdout] test multiple_sequential_awaits ... ok
[INFO] [stdout] test future_timeout_with_on_timeout_action ... ok
[INFO] [stdout] test stream_transformer_cast_from ... ok
[INFO] [stdout] test timer_canceled_does_not_fire ... ok
[INFO] [stdout] test then_chain ... ok
[INFO] [stdout] test timer_is_active_and_cancel ... ok
[INFO] [stdout] test timer_periodic_fires_multiple ... ok
[INFO] [stdout] test timer_is_active_false_after_fire ... ok
[INFO] [stdout] test timer_periodic_tick_counts ... ok
[INFO] [stdout] test unawaited_ignores_future ... ok
[INFO] [stdout] test then_on_delayed_future ... ok
[INFO] [stdout] test timer_fires ... ok
[INFO] [stdout] test timer_periodic_cancel_stops ... ok
[INFO] [stdout] test uncaught_throw_in_async_function ... ok
[INFO] [stdout] test when_complete_runs ... ok
[INFO] [stdout] 
[INFO] [stdout] test result: ok. 48 passed; 0 failed; 0 ignored; 0 measured; 0 filtered out; finished in 0.02s
[INFO] [stdout] 
[INFO] [stderr]      Running tests/stdlib_dart_collection_ref_test.rs (/opt/rustwide/target/release/build/d4rt_rs/9f5c73ae3dbdbe93/out/stdlib_dart_collection_ref_test-9f5c73ae3dbdbe93)
[INFO] [stdout] 
[INFO] [stdout] running 11 tests
[INFO] [stdout] test ref_LinkedList_remove_entry ... ok
[INFO] [stdout] test linked_list_remove_entry_from_other_list_returns_false ... ok
[INFO] [stdout] test ref_LinkedListEntry_unlink ... ok
[INFO] [stdout] test ref_LinkedList_removeFirst ... ok
[INFO] [stdout] test linked_list_add_entry_already_in_list_throws ... ok
[INFO] [stdout] test ref_Unlink_entry_not_in_a_list_throws_error ... ok
[INFO] [stdout] test ref_removeFirst_on_empty_list_throws_error ... ok
[INFO] [stderr]      Running tests/stdlib_dart_collection_test.rs (/opt/rustwide/target/release/build/d4rt_rs/c0af361414be75ea/out/stdlib_dart_collection_test-c0af361414be75ea)
[INFO] [stdout] test linked_list_entry_identity_links ... ok
[INFO] [stdout] test ref_Create_LinkedList_add_entries_check_properties ... ok
[INFO] [stdout] test ref_Accessing_first_last_on_empty_list_throws_error ... ok
[INFO] [stdout] test ref_LinkedList_clear ... ok
[INFO] [stdout] 
[INFO] [stdout] test result: ok. 11 passed; 0 failed; 0 ignored; 0 measured; 0 filtered out; finished in 0.02s
[INFO] [stdout] 
[INFO] [stdout] 
[INFO] [stdout] running 7 tests
[INFO] [stdout] test hash_set_basics ... ok
[INFO] [stdout] test hash_map_basics ... ok
[INFO] [stdout] test list_queue_basics ... ok
[INFO] [stdout] test linked_and_splay_maps ... ok
[INFO] [stdout] test set_operations ... ok
[INFO] [stdout] test hash_map_from_and_iteration ... ok
[INFO] [stdout] test unmodifiable_list_view ... ok
[INFO] [stderr]      Running tests/stdlib_dart_convert_test.rs (/opt/rustwide/target/release/build/d4rt_rs/5a3df14fcec2ef5f/out/stdlib_dart_convert_test-5a3df14fcec2ef5f)
[INFO] [stdout] 
[INFO] [stdout] test result: ok. 7 passed; 0 failed; 0 ignored; 0 measured; 0 filtered out; finished in 0.01s
[INFO] [stdout] 
[INFO] [stdout] 
[INFO] [stdout] running 32 tests
[INFO] [stdout] test byte_conversion_sink_with_callback ... ok
[INFO] [stdout] test html_escape_unknown_mode_escapes_everything ... ok
[INFO] [stdout] test base64_encoder_url_safe ... ok
[INFO] [stdout] test base64_top_level_functions ... ok
[INFO] [stdout] test converter_cast_and_dispatch ... ok
[INFO] [stdout] test html_escape_global_constant ... ok
[INFO] [stdout] test json_codec_getters ... ok
[INFO] [stdout] test encoding_get_by_name ... ok
[INFO] [stdout] test html_escape_element_mode_only_escapes_lt_gt_and_amp ... ok
[INFO] [stdout] test base64_codec_roundtrip ... ok
[INFO] [stdout] test html_escape_mode_static_getters ... ok
[INFO] [stdout] test encoding_constants ... ok
[INFO] [stdout] test codec_encoder_decoder ... ok
[INFO] [stdout] test codec_fuse ... ok
[INFO] [stdout] test json_codec_roundtrip ... ok
[INFO] [stdout] test html_escape_custom_mode ... ok
[INFO] [stdout] test json_arrays_primitives_and_nesting ... ok
[INFO] [stdout] test json_reviver_and_to_encodable ... ok
[INFO] [stdout] test json_decode_trailing_whitespace ... ok
[INFO] [stdout] test html_escape_attribute_mode_escapes_quot ... ok
[INFO] [stdout] test chunked_conversion_sink_with_callback ... ok
[INFO] [stdout] test json_encoder_decoder_convert ... ok
[INFO] [stdout] test byte_conversion_sink_add_slice ... ok
[INFO] [stdout] test json_top_level_functions ... ok
[INFO] [stdout] test utf8_encoder_decoder_convert ... ok
[INFO] [stdout] test line_splitter_chunked_conversion ... ok
[INFO] [stdout] test line_splitter_convert ... ok
[INFO] [stdout] test utf8_codec_roundtrip ... ok
[INFO] [stdout] test line_splitter_static_split ... ok
[INFO] [stdout] test string_conversion_sink_add_slice ... ok
[INFO] [stdout] test line_splitter_convert_edge_cases ... ok
[INFO] [stderr]      Running tests/stdlib_dart_io_test.rs (/opt/rustwide/target/release/build/d4rt_rs/6ccffe5ff47f1c31/out/stdlib_dart_io_test-6ccffe5ff47f1c31)
[INFO] [stdout] test string_conversion_sink_from ... ok
[INFO] [stdout] 
[INFO] [stdout] test result: ok. 32 passed; 0 failed; 0 ignored; 0 measured; 0 filtered out; finished in 0.03s
[INFO] [stdout] 
[INFO] [stdout] 
[INFO] [stdout] running 79 tests
[INFO] [stdout] test file_async_error ... ok
[INFO] [stdout] test file_async_apis ... ok
[INFO] [stdout] test file_parent_absolute_uri ... ok
[INFO] [stdout] test file_identical_static_and_instance ... ok
[INFO] [stdout] test file_read_as_lines ... ok
[INFO] [stdout] test file_from_uri_is_absolute_parent ... ok
[INFO] [stdout] test file_open_write_sink ... ok
[INFO] [stdout] test directory_from_uri_and_temp_instance ... ok
[INFO] [stdout] test file_create_temp_instance ... ok
[INFO] [stdout] test directory_list_stream ... ok
[INFO] [stdout] test file_resolve_symbolic_links ... ok
[INFO] [stdout] test directory_create_list ... ok
[INFO] [stdout] test directory_current_system_temp ... ok
[INFO] [stdout] test directory_list_recursive ... ok
[INFO] [stdout] test file_exists_delete ... ok
[INFO] [stdout] test directory_create_temp ... ok
[INFO] [stdout] test file_open_read_stream ... ok
[INFO] [stdout] test file_mode_overwrite_and_append ... ok
[INFO] [stdout] test file_sync_error_throws ... ok
[INFO] [stdout] test file_write_read_bytes ... ok
[INFO] [stdout] test header_value_ctor_and_preserve_backslash ... ok
[INFO] [stdout] test file_system_entity_type ... ok
[INFO] [stdout] test isolate_capabilities_and_exit_listener ... ok
[INFO] [stdout] test isolate_exit_sends_message ... ok
[INFO] [stdout] test isolate_debug_name_and_pause_resume ... ok
[INFO] [stdout] test isolate_exceptions_and_remote_error ... ok
[INFO] [stdout] test file_write_read_sync ... ok
[INFO] [stdout] test isolate_run_sync_and_async ... ok
[INFO] [stdout] test file_copy_rename ... ok
[INFO] [stdout] test isolate_receive_buffered_before_listen ... ok
[INFO] [stdout] test isolate_receive_port_from_raw_receive_port ... ok
[INFO] [stdout] test isolate_run_error_propagates ... ok
[INFO] [stdout] test internet_address_from_raw_address ... ok
[INFO] [stdout] test iosink_add_stream ... ok
[INFO] [stdout] test header_value_parse_and_params ... ok
[INFO] [stdout] test file_times_stat_mode_string ... ok
[INFO] [stdout] test isolate_raw_receive_port_handler ... ok
[INFO] [stdout] test platform_package_config ... ok
[INFO] [stdout] test file_stat_sync ... ok
[INFO] [stdout] test isolate_send_receive ... ok
[INFO] [stdout] test network_interface_list ... FAILED
[INFO] [stdout] test isolate_spawn_returns_isolate ... ok
[INFO] [stdout] test isolate_transferable_typed_data ... ok
[INFO] [stdout] test raf_flush_sync_after_write ... ok
[INFO] [stdout] test platform_getters ... ok
[INFO] [stdout] test path_exceptions_and_file_lock ... ok
[INFO] [stdout] test raf_closed_and_lock_behavior ... ok
[INFO] [stdout] test process_kill ... ok
[INFO] [stdout] test random_access_file_write_read ... ok
[INFO] [stdout] test process_run_and_run_sync ... ok
[INFO] [stdout] test raw_socket_option_ctors_and_levels ... ok
[INFO] [stdout] test random_access_file_append_and_rewrite ... ok
[INFO] [stdout] test http_client_get ... ok
[INFO] [stdout] test raw_socket_connect_echo_read ... ok
[INFO] [stdout] test file_system_entity_parent_of ... ok
[INFO] [stdout] test socket_multicast_join_leave ... ok
[INFO] [stdout] test raw_server_socket_bind_accept ... ok
[INFO] [stdout] test raw_datagram_socket_udp_roundtrip ... ok
[INFO] [stderr] e
[INFO] [stdout] test pipe_create_sync_roundtrip ... ok
[INFO] [stdout] test socket_exception_closed_ctor ... ok
[INFO] [stdout] test http_server_roundtrip ... ok
[INFO] [stdout] test server_socket_accept_and_echo ... ok
[INFO] [stdout] test server_socket_stream_methods ... ok
[INFO] [stdout] test stdio_stderr_and_stdin_eof ... ok
[INFO] [stdout] test socket_raw_options_roundtrip ... ok
[INFO] [stdout] test socket_option_direction_raw_event_enums ... ok
[INFO] [stdout] Hi!test stdio_stdout_add_stream ... ok
[INFO] [stdout] test stdio_type_statics ... ok
[INFO] [stdout] test stdio_stdout_encoding_and_close ... ok
[INFO] [stdout] x
[INFO] [stdout] y
[INFO] [stdout] 1-two-3Hiz
[INFO] [stdout] test stdio_stdout_write_methods ... ok
[INFO] [stdout] test process_run_options_and_exception ... ok
[INFO] [stdout] test process_start_streams_and_exit_code ... ok
[INFO] [stdout] test socket_connect_echo ... ok
[INFO] [stdout] test socket_set_option_and_add_stream ... ok
[INFO] [stdout] test fs_event_constants_and_watch_create ... ok
[INFO] [stdout] test socket_start_connect_connection_task ... ok
[INFO] [stdout] test random_access_file_position_truncate_sync ... ok
[INFO] [stdout] test process_start_stdin_pipe ... ok
[INFO] [stdout] test watch_file_modify ... ok
[INFO] [stdout] 
[INFO] [stdout] failures:
[INFO] [stdout] 
[INFO] [stdout] ---- network_interface_list stdout ----
[INFO] [stdout] 
[INFO] [stdout] thread 'network_interface_list' (1992) panicked at tests/stdlib_dart_io_test.rs:1321:5:
[INFO] [stdout] assertion failed: boolean(&v)
[INFO] [stdout] stack backtrace:
[INFO] [stdout]    0:     0x61814faaf0c1 - <<std[617be2ca0a6fd877]::sys::backtrace::BacktraceLock>::print::DisplayBacktrace as core[a373ad73a504971]::fmt::Display>::fmt
[INFO] [stdout]    1:     0x61814fac872a - core[a373ad73a504971]::fmt::write
[INFO] [stdout]    2:     0x61814fab43dc - <alloc[2e1b2a31b91974c5]::vec::Vec<u8> as core[a373ad73a504971]::io::write::Write>::write_fmt
[INFO] [stdout]    3:     0x61814fa856a6 - std[617be2ca0a6fd877]::panicking::default_hook::{closure#0}
[INFO] [stdout]    4:     0x61814faa4699 - std[617be2ca0a6fd877]::panicking::default_hook
[INFO] [stdout]    5:     0x61814f6400a0 - test[aada8e7e76ba119b]::test_main_inner::{closure#0}
[INFO] [stdout]    6:     0x61814faa49c2 - std[617be2ca0a6fd877]::panicking::panic_with_hook
[INFO] [stdout]    7:     0x61814fa85784 - std[617be2ca0a6fd877]::panicking::panic_handler::{closure#0}
[INFO] [stdout]    8:     0x61814fa7df29 - std[617be2ca0a6fd877]::sys::backtrace::__rust_end_short_backtrace::<std[617be2ca0a6fd877]::panicking::panic_handler::{closure#0}, !>
[INFO] [stdout]    9:     0x61814fa867ad - __rustc[ea4f61d10b84890b]::rust_begin_unwind
[INFO] [stdout]   10:     0x61814fac8f4c - core[a373ad73a504971]::panicking::panic_fmt
[INFO] [stdout]   11:     0x61814fac8f12 - core[a373ad73a504971]::panicking::panic
[INFO] [stdout]   12:     0x61814f62814e - <stdlib_dart_io_test[52ef8b4863dbd16f]::network_interface_list::{closure#0} as core[a373ad73a504971]::ops::function::FnOnce<()>>::call_once
[INFO] [stdout]   13:     0x61814f6334eb - test[aada8e7e76ba119b]::__rust_begin_short_backtrace::<core[a373ad73a504971]::result::Result<(), alloc[2e1b2a31b91974c5]::string::String>, fn() -> core[a373ad73a504971]::result::Result<(), alloc[2e1b2a31b91974c5]::string::String>>
[INFO] [stdout]   14:     0x61814f6406c5 - test[aada8e7e76ba119b]::run_test::{closure#0}
[INFO] [stdout]   15:     0x61814f639fb4 - std[617be2ca0a6fd877]::sys::backtrace::__rust_begin_short_backtrace::<test[aada8e7e76ba119b]::run_test::{closure#1}, ()>
[INFO] [stdout]   16:     0x61814f643752 - <std[617be2ca0a6fd877]::thread::lifecycle::spawn_unchecked<test[aada8e7e76ba119b]::run_test::{closure#1}, ()>::{closure#1} as core[a373ad73a504971]::ops::function::FnOnce<()>>::call_once::{shim:vtable#0}
[INFO] [stdout]   17:     0x61814faad71f - <std[617be2ca0a6fd877]::sys::thread::unix::Thread>::new::thread_start
[INFO] [stdout]   18:     0x730087cbedfa - <unknown>
[INFO] [stdout]   19:     0x730087d523d4 - clone
[INFO] [stdout]   20:                0x0 - <unknown>
[INFO] [stdout] 
[INFO] [stdout] 
[INFO] [stdout] failures:
[INFO] [stdout]     network_interface_list
[INFO] [stdout] 
[INFO] [stdout] test result: FAILED. 78 passed; 1 failed; 0 ignored; 0 measured; 0 filtered out; finished in 0.24s
[INFO] [stdout] 
[INFO] [stderr] error: test failed, to rerun pass `--test stdlib_dart_io_test`
[INFO] running `Command { std: "docker" "inspect" "290d63b8d808887b3994a7dda7818563ee4c04ea75aa9de69aaebe8ad31a1c30", kill_on_drop: false }`
[INFO] running `Command { std: "docker" "rm" "-f" "290d63b8d808887b3994a7dda7818563ee4c04ea75aa9de69aaebe8ad31a1c30", kill_on_drop: false }`
[INFO] [stdout] 290d63b8d808887b3994a7dda7818563ee4c04ea75aa9de69aaebe8ad31a1c30
