[INFO] fetching crate czml 4.1.0...
[INFO] testing czml-4.1.0 against 1.99.0-beta.8+cargoflags=--release for beta-release-1.100-2
[INFO] extracting crate czml 4.1.0 into /workspace/builds/worker-2-tc1/source
[INFO] started tweaking crates.io crate czml 4.1.0
[INFO] removed 0 missing tests
[INFO] finished tweaking crates.io crate czml 4.1.0
[INFO] tweaked toml for crates.io crate czml 4.1.0 written to /workspace/builds/worker-2-tc1/source/Cargo.toml
[INFO] validating manifest of crates.io crate czml 4.1.0 on toolchain 1.99.0-beta.8
[INFO] running `Command { std: CARGO_HOME="/workspace/cargo-home" RUSTUP_HOME="/workspace/rustup-home" "/workspace/cargo-home/bin/cargo" "+1.99.0-beta.8" "metadata" "--manifest-path" "Cargo.toml" "--no-deps", kill_on_drop: false }`
[INFO] crate crates.io crate czml 4.1.0 already has a lockfile, it will not be regenerated
[INFO] running `Command { std: CARGO_HOME="/workspace/cargo-home" RUSTUP_HOME="/workspace/rustup-home" "/workspace/cargo-home/bin/cargo" "+1.99.0-beta.8" "fetch" "--manifest-path" "Cargo.toml", kill_on_drop: false }`
[INFO] [stderr]     Updating crates.io index
[INFO] [stderr]  Downloading crates ...
[INFO] [stderr]   Downloaded wasm-bindgen-futures v0.4.50
[INFO] [stderr]   Downloaded idna_adapter v1.2.0
[INFO] [stderr]   Downloaded windows-targets v0.53.0
[INFO] [stderr]   Downloaded yoke-derive v0.7.5
[INFO] [stderr]   Downloaded utf16_iter v1.0.5
[INFO] [stderr]   Downloaded errno v0.3.10
[INFO] [stderr]   Downloaded windows-link v0.1.1
[INFO] [stderr]   Downloaded write16 v1.0.0
[INFO] [stderr]   Downloaded windows-strings v0.3.1
[INFO] [stderr]   Downloaded windows-result v0.3.2
[INFO] [stderr]   Downloaded icu_provider_macros v1.5.0
[INFO] [stderr]   Downloaded windows-registry v0.4.0
[INFO] [stderr]   Downloaded zerovec-derive v0.10.3
[INFO] [stderr]   Downloaded yoke v0.7.5
[INFO] [stderr]   Downloaded writeable v0.5.5
[INFO] [stderr]   Downloaded litemap v0.7.5
[INFO] [stderr]   Downloaded icu_locid_transform v1.5.0
[INFO] [stderr]   Downloaded synstructure v0.13.1
[INFO] [stderr]   Downloaded tinystr v0.7.6
[INFO] [stderr]   Downloaded security-framework-sys v2.14.0
[INFO] [stderr]   Downloaded icu_properties v1.5.1
[INFO] [stderr]   Downloaded icu_locid_transform_data v1.5.1
[INFO] [stderr]   Downloaded tempfile v3.19.1
[INFO] [stderr]   Downloaded getrandom v0.3.2
[INFO] [stderr]   Downloaded hyper-rustls v0.27.5
[INFO] [stderr]   Downloaded icu_provider v1.5.0
[INFO] [stderr]   Downloaded icu_locid v1.5.0
[INFO] [stderr]   Downloaded icu_normalizer v1.5.0
[INFO] [stderr]   Downloaded icu_normalizer_data v1.5.1
[INFO] [stderr]   Downloaded miniz_oxide v0.8.5
[INFO] [stderr]   Downloaded r-efi v5.2.0
[INFO] [stderr]   Downloaded openssl-sys v0.9.106
[INFO] [stderr]   Downloaded icu_collections v1.5.0
[INFO] [stderr]   Downloaded hyper-util v0.1.13
[INFO] [stderr]   Downloaded tower-http v0.6.5
[INFO] [stderr]   Downloaded zerovec v0.10.4
[INFO] [stderr]   Downloaded tokio-util v0.7.14
[INFO] [stderr]   Downloaded h2 v0.4.8
[INFO] [stderr]   Downloaded reqwest v0.12.20
[INFO] [stderr]   Downloaded icu_properties_data v1.5.1
[INFO] [stderr]   Downloaded openssl v0.10.71
[INFO] [stderr]   Downloaded rustls v0.23.25
[INFO] [stderr]   Downloaded web-sys v0.3.77
[INFO] [stderr]   Downloaded rustls-webpki v0.103.1
[INFO] running `Command { std: "docker" "create" "-v" "/var/lib/crater-agent-workspace/builds/worker-2-tc1/source:/opt/rustwide/workdir:ro,Z" "-v" "/var/lib/crater-agent-workspace/builds/worker-2-tc1/target:/opt/rustwide/target:rw,Z" "-v" "/var/lib/crater-agent-workspace/cargo-home:/opt/rustwide/cargo-home:ro,Z" "-v" "/var/lib/crater-agent-workspace/rustup-home:/opt/rustwide/rustup-home:ro,Z" "-m" "1610612736" "--network" "none" "ghcr.io/rust-lang/crates-build-env/linux@sha256:77db811e55d90add9212f6832c23229e3de5f1c1f9905e8cb07319ea15df73ac" "sleep" "infinity", kill_on_drop: false }`
[INFO] [stdout] 937848214a093ba56d36defd5b6575473369e356aa17ff11a4db9137484da17e
[INFO] running `Command { std: "docker" "start" "937848214a093ba56d36defd5b6575473369e356aa17ff11a4db9137484da17e", kill_on_drop: false }`
[INFO] running `Command { std: "docker" "inspect" "937848214a093ba56d36defd5b6575473369e356aa17ff11a4db9137484da17e", kill_on_drop: false }`
[INFO] running `Command { std: "docker" "exec" "-e" "SOURCE_DIR=/opt/rustwide/workdir" "-e" "CARGO_HOME=/opt/rustwide/cargo-home" "-e" "RUSTUP_HOME=/opt/rustwide/rustup-home" "-e" "CARGO_TARGET_DIR=/opt/rustwide/target" "-w" "/opt/rustwide/workdir" "--user" "0:0" "937848214a093ba56d36defd5b6575473369e356aa17ff11a4db9137484da17e" "/opt/rustwide/cargo-home/bin/cargo" "+1.99.0-beta.8" "metadata" "--no-deps" "--format-version=1", kill_on_drop: false }`
[INFO] running `Command { std: "docker" "inspect" "937848214a093ba56d36defd5b6575473369e356aa17ff11a4db9137484da17e", kill_on_drop: false }`
[INFO] running `Command { std: "docker" "exec" "-e" "SOURCE_DIR=/opt/rustwide/workdir" "-e" "CARGO_HOME=/opt/rustwide/cargo-home" "-e" "RUSTUP_HOME=/opt/rustwide/rustup-home" "-e" "CARGO_TARGET_DIR=/opt/rustwide/target" "-e" "CARGO_INCREMENTAL=0" "-e" "RUST_BACKTRACE=full" "-e" "RUSTFLAGS=--cap-lints=warn" "-e" "RUSTDOCFLAGS=--cap-lints=warn" "-w" "/opt/rustwide/workdir" "--user" "0:0" "937848214a093ba56d36defd5b6575473369e356aa17ff11a4db9137484da17e" "/opt/rustwide/cargo-home/bin/cargo" "+1.99.0-beta.8" "build" "--frozen" "--message-format=json" "--release", kill_on_drop: false }`
[INFO] [stderr]    Compiling proc-macro2 v1.0.94
[INFO] [stderr]    Compiling memchr v2.7.4
[INFO] [stderr]    Compiling quote v1.0.40
[INFO] [stderr]    Compiling syn v2.0.100
[INFO] [stderr]    Compiling serde_derive v1.0.219
[INFO] [stderr]    Compiling serde v1.0.219
[INFO] [stderr]    Compiling serde_json v1.0.140
[INFO] [stderr]    Compiling czml v4.1.0 (/opt/rustwide/workdir)
[INFO] [stderr]     Finished `release` profile [optimized] target(s) in 13.74s
[INFO] running `Command { std: "docker" "inspect" "937848214a093ba56d36defd5b6575473369e356aa17ff11a4db9137484da17e", kill_on_drop: false }`
[INFO] running `Command { std: "docker" "exec" "-e" "SOURCE_DIR=/opt/rustwide/workdir" "-e" "CARGO_HOME=/opt/rustwide/cargo-home" "-e" "RUSTUP_HOME=/opt/rustwide/rustup-home" "-e" "CARGO_TARGET_DIR=/opt/rustwide/target" "-e" "CARGO_INCREMENTAL=0" "-e" "RUST_BACKTRACE=full" "-e" "RUSTFLAGS=--cap-lints=warn" "-e" "RUSTDOCFLAGS=--cap-lints=warn" "-w" "/opt/rustwide/workdir" "--user" "0:0" "937848214a093ba56d36defd5b6575473369e356aa17ff11a4db9137484da17e" "/opt/rustwide/cargo-home/bin/cargo" "+1.99.0-beta.8" "test" "--frozen" "--no-run" "--message-format=json" "--release", kill_on_drop: false }`
[INFO] [stderr]    Compiling syn v2.0.100
[INFO] [stderr]    Compiling futures-core v0.3.31
[INFO] [stderr]    Compiling writeable v0.5.5
[INFO] [stderr]    Compiling slab v0.4.9
[INFO] [stderr]    Compiling litemap v0.7.5
[INFO] [stderr]    Compiling icu_locid_transform_data v1.5.1
[INFO] [stderr]    Compiling icu_properties_data v1.5.1
[INFO] [stderr]    Compiling icu_normalizer_data v1.5.1
[INFO] [stderr]    Compiling mio v1.0.3
[INFO] [stderr]    Compiling openssl-sys v0.9.106
[INFO] [stderr]    Compiling bitflags v2.9.0
[INFO] [stderr]    Compiling percent-encoding v2.3.1
[INFO] [stderr]    Compiling openssl v0.10.71
[INFO] [stderr]    Compiling write16 v1.0.0
[INFO] [stderr]    Compiling utf16_iter v1.0.5
[INFO] [stderr]    Compiling ipnet v2.11.0
[INFO] [stderr]    Compiling futures-channel v0.3.31
[INFO] [stderr]    Compiling sync_wrapper v1.0.2
[INFO] [stderr]    Compiling form_urlencoded v1.2.1
[INFO] [stderr]    Compiling http-body-util v0.1.3
[INFO] [stderr]    Compiling iri-string v0.7.8
[INFO] [stderr]    Compiling encoding_rs v0.8.35
[INFO] [stderr]    Compiling futures-util v0.3.31
[INFO] [stderr]    Compiling native-tls v0.2.14
[INFO] [stderr]    Compiling tokio v1.44.1
[INFO] [stderr]    Compiling synstructure v0.13.1
[INFO] [stderr]    Compiling zerovec-derive v0.10.3
[INFO] [stderr]    Compiling displaydoc v0.2.5
[INFO] [stderr]    Compiling icu_provider_macros v1.5.0
[INFO] [stderr]    Compiling openssl-macros v0.1.1
[INFO] [stderr]    Compiling serde_derive v1.0.219
[INFO] [stderr]    Compiling zerofrom-derive v0.1.6
[INFO] [stderr]    Compiling yoke-derive v0.7.5
[INFO] [stderr]    Compiling zerofrom v0.1.6
[INFO] [stderr]    Compiling yoke v0.7.5
[INFO] [stderr]    Compiling zerovec v0.10.4
[INFO] [stderr]    Compiling tokio-util v0.7.14
[INFO] [stderr]    Compiling tower v0.5.2
[INFO] [stderr]    Compiling tower-http v0.6.5
[INFO] [stderr]    Compiling h2 v0.4.8
[INFO] [stderr]    Compiling tinystr v0.7.6
[INFO] [stderr]    Compiling icu_collections v1.5.0
[INFO] [stderr]    Compiling icu_locid v1.5.0
[INFO] [stderr]    Compiling serde v1.0.219
[INFO] [stderr]    Compiling icu_provider v1.5.0
[INFO] [stderr]    Compiling tokio-native-tls v0.3.1
[INFO] [stderr]    Compiling icu_locid_transform v1.5.0
[INFO] [stderr]    Compiling icu_properties v1.5.1
[INFO] [stderr]    Compiling hyper v1.6.0
[INFO] [stderr]    Compiling serde_json v1.0.140
[INFO] [stderr]    Compiling serde_urlencoded v0.7.1
[INFO] [stderr]    Compiling hyper-util v0.1.13
[INFO] [stderr]    Compiling icu_normalizer v1.5.0
[INFO] [stderr]    Compiling hyper-tls v0.6.0
[INFO] [stderr]    Compiling czml v4.1.0 (/opt/rustwide/workdir)
[INFO] [stderr]    Compiling idna_adapter v1.2.0
[INFO] [stderr]    Compiling idna v1.0.3
[INFO] [stderr]    Compiling url v2.5.4
[INFO] [stderr]    Compiling reqwest v0.12.20
[INFO] [stderr]     Finished `release` profile [optimized] target(s) in 1m 48s
[INFO] running `Command { std: "docker" "inspect" "937848214a093ba56d36defd5b6575473369e356aa17ff11a4db9137484da17e", kill_on_drop: false }`
[INFO] running `Command { std: "docker" "exec" "-e" "SOURCE_DIR=/opt/rustwide/workdir" "-e" "CARGO_HOME=/opt/rustwide/cargo-home" "-e" "RUSTUP_HOME=/opt/rustwide/rustup-home" "-e" "CARGO_TARGET_DIR=/opt/rustwide/target" "-e" "CARGO_INCREMENTAL=0" "-e" "RUST_BACKTRACE=full" "-e" "RUSTFLAGS=--cap-lints=warn" "-e" "RUSTDOCFLAGS=--cap-lints=warn" "-w" "/opt/rustwide/workdir" "--user" "0:0" "937848214a093ba56d36defd5b6575473369e356aa17ff11a4db9137484da17e" "/opt/rustwide/cargo-home/bin/cargo" "+1.99.0-beta.8" "test" "--frozen" "--release", kill_on_drop: false }`
[INFO] [stderr]     Finished `release` profile [optimized] target(s) in 0.18s
[INFO] [stderr]      Running unittests src/lib.rs (/opt/rustwide/target/release/deps/czml-05655dfc33bc0746)
[INFO] [stdout] 
[INFO] [stdout] running 1 test
[INFO] [stdout] test tests::create_most_basic_packet ... ok
[INFO] [stdout] 
[INFO] [stdout] test result: ok. 1 passed; 0 failed; 0 ignored; 0 measured; 0 filtered out; finished in 0.01s
[INFO] [stdout] 
[INFO] [stderr]      Running tests/test_basic_packets.rs (/opt/rustwide/target/release/deps/test_basic_packets-723ddc6205757763)
[INFO] [stdout] 
[INFO] [stdout] running 1 test
[INFO] [stdout] test test_just_document_packet ... ok
[INFO] [stdout] 
[INFO] [stdout] test result: ok. 1 passed; 0 failed; 0 ignored; 0 measured; 0 filtered out; finished in 0.00s
[INFO] [stdout] 
[INFO] [stderr]      Running tests/test_billboard.rs (/opt/rustwide/target/release/deps/test_billboard-4fbf79432e1acaf4)
[INFO] [stdout] 
[INFO] [stdout] running 1 test
[INFO] [stdout] test test_deserialize_iss_billboard_example ... ok
[INFO] [stdout] 
[INFO] [stdout] test result: ok. 1 passed; 0 failed; 0 ignored; 0 measured; 0 filtered out; finished in 0.00s
[INFO] [stdout] 
[INFO] [stderr]      Running tests/test_custom_properties.rs (/opt/rustwide/target/release/deps/test_custom_properties-6f4e67d03f40fd33)
[INFO] [stdout] 
[INFO] [stdout] running 1 test
[INFO] [stdout] test test_deserialize_custom_properties_example ... ok
[INFO] [stdout] 
[INFO] [stdout] test result: ok. 1 passed; 0 failed; 0 ignored; 0 measured; 0 filtered out; finished in 0.00s
[INFO] [stdout] 
[INFO] [stderr]      Running tests/test_cylinder.rs (/opt/rustwide/target/release/deps/test_cylinder-f848dbf0e60490c3)
[INFO] [stdout] 
[INFO] [stdout] running 1 test
[INFO] [stdout] test test_deserialize_cylinder ... ok
[INFO] [stdout] 
[INFO] [stdout] test result: ok. 1 passed; 0 failed; 0 ignored; 0 measured; 0 filtered out; finished in 0.00s
[INFO] [stdout] 
[INFO] [stderr]      Running tests/test_document_clock.rs (/opt/rustwide/target/release/deps/test_document_clock-c6f94032dce0a21a)
[INFO] [stdout] 
[INFO] [stdout] running 1 test
[INFO] [stdout] test test_deserialize_document_with_clock ... ok
[INFO] [stdout] 
[INFO] [stdout] test result: ok. 1 passed; 0 failed; 0 ignored; 0 measured; 0 filtered out; finished in 0.00s
[INFO] [stdout] 
[INFO] [stderr]      Running tests/test_example1.rs (/opt/rustwide/target/release/deps/test_example1-ac41dc653c8cfc5d)
[INFO] [stdout] 
[INFO] [stdout] running 1 test
[INFO] [stderr]      Running tests/test_external_examples.rs (/opt/rustwide/target/release/deps/test_external_examples-35453dec9b32a36d)
[INFO] [stdout] test test_deserialize_example1 ... ok
[INFO] [stdout] 
[INFO] [stdout] test result: ok. 1 passed; 0 failed; 0 ignored; 0 measured; 0 filtered out; finished in 0.00s
[INFO] [stdout] 
[INFO] [stdout] 
[INFO] [stdout] running 5 tests
[INFO] [stdout] test test_deserialize_clamp_to_ground_example_from_github ... FAILED
[INFO] [stdout] test test_deserialize_vehicle_example_from_github ... FAILED
[INFO] [stdout] test test_deserialize_simple_example_from_github ... FAILED
[INFO] [stdout] test test_deserialize_multipart_vehicle_example_from_github ... FAILED
[INFO] [stdout] test test_deserialize_tracking_example_from_github ... FAILED
[INFO] [stdout] 
[INFO] [stdout] failures:
[INFO] [stdout] 
[INFO] [stdout] ---- test_deserialize_clamp_to_ground_example_from_github stdout ----
[INFO] [stdout] 
[INFO] [stdout] thread 'test_deserialize_clamp_to_ground_example_from_github' (2171) panicked at tests/test_external_examples.rs:11:48:
[INFO] [stdout] Failed to fetch CZML file: reqwest::Error { kind: Request, url: "https://raw.githubusercontent.com/CesiumGS/cesium/refs/heads/main/Apps/SampleData/ClampToGround.czml", source: hyper_util::client::legacy::Error(Connect, ConnectError("dns error", Custom { kind: Uncategorized, error: "failed to lookup address information: Temporary failure in name resolution" })) }
[INFO] [stdout] stack backtrace:
[INFO] [stdout]    0:     0x621ecea67101 - <<std[70759c8f55707aa4]::sys::backtrace::BacktraceLock>::print::DisplayBacktrace as core[df12db4294e9bfd3]::fmt::Display>::fmt
[INFO] [stdout]    1:     0x621ecea7d70a - core[df12db4294e9bfd3]::fmt::write
[INFO] [stdout]    2:     0x621ecea6bbfc - <alloc[2182bb758b4b3781]::vec::Vec<u8> as core[df12db4294e9bfd3]::io::write::Write>::write_fmt
[INFO] [stdout]    3:     0x621ecea42236 - std[70759c8f55707aa4]::panicking::default_hook::{closure#0}
[INFO] [stdout]    4:     0x621ecea5efb9 - std[70759c8f55707aa4]::panicking::default_hook
[INFO] [stdout]    5:     0x621ece8a9b20 - test[9d35eded1c95d3be]::test_main_inner::<test[9d35eded1c95d3be]::test_main_static::{closure#0}>::{closure#0}
[INFO] [stdout]    6:     0x621ecea5f2e2 - std[70759c8f55707aa4]::panicking::panic_with_hook
[INFO] [stdout]    7:     0x621ecea422e2 - std[70759c8f55707aa4]::panicking::panic_handler::{closure#0}
[INFO] [stdout]    8:     0x621ecea3af89 - std[70759c8f55707aa4]::sys::backtrace::__rust_end_short_backtrace::<std[70759c8f55707aa4]::panicking::panic_handler::{closure#0}, !>
[INFO] [stdout]    9:     0x621ecea430cd - __rustc[8fa7c3cbc660c2b3]::rust_begin_unwind
[INFO] [stdout]   10:     0x621ecea7de6c - core[df12db4294e9bfd3]::panicking::panic_fmt
[INFO] [stdout]   11:     0x621ecea7dc42 - core[df12db4294e9bfd3]::result::unwrap_failed
[INFO] [stdout]   12:     0x621ece895e4f - <test_external_examples[f9b2032437481e12]::test_deserialize_clamp_to_ground_example_from_github::{closure#0} as core[df12db4294e9bfd3]::ops::function::FnOnce<()>>::call_once
[INFO] [stdout]   13:     0x621ece89ce0b - test[9d35eded1c95d3be]::__rust_begin_short_backtrace::<core[df12db4294e9bfd3]::result::Result<(), alloc[2182bb758b4b3781]::string::String>, fn() -> core[df12db4294e9bfd3]::result::Result<(), alloc[2182bb758b4b3781]::string::String>>
[INFO] [stdout]   14:     0x621ece8aa475 - test[9d35eded1c95d3be]::run_test::{closure#0}
[INFO] [stdout]   15:     0x621ece8a3d34 - std[70759c8f55707aa4]::sys::backtrace::__rust_begin_short_backtrace::<test[9d35eded1c95d3be]::run_test::{closure#1}, ()>
[INFO] [stdout]   16:     0x621ece8ad5d2 - <std[70759c8f55707aa4]::thread::lifecycle::spawn_unchecked<test[9d35eded1c95d3be]::run_test::{closure#1}, ()>::{closure#1} as core[df12db4294e9bfd3]::ops::function::FnOnce<()>>::call_once::{shim:vtable#0}
[INFO] [stdout]   17:     0x621ecea66629 - <std[70759c8f55707aa4]::sys::thread::unix::Thread>::new::thread_start
[INFO] [stdout]   18:     0x727b8e35ddfa - <unknown>
[INFO] [stdout]   19:     0x727b8e3f13d4 - clone
[INFO] [stdout]   20:                0x0 - <unknown>
[INFO] [stdout] 
[INFO] [stdout] ---- test_deserialize_vehicle_example_from_github stdout ----
[INFO] [stdout] 
[INFO] [stdout] thread 'test_deserialize_vehicle_example_from_github' (2175) panicked at tests/test_external_examples.rs:88:48:
[INFO] [stdout] Failed to fetch CZML file: reqwest::Error { kind: Request, url: "https://raw.githubusercontent.com/CesiumGS/cesium/refs/heads/main/Apps/SampleData/Vehicle.czml", source: hyper_util::client::legacy::Error(Connect, ConnectError("dns error", Custom { kind: Uncategorized, error: "failed to lookup address information: Temporary failure in name resolution" })) }
[INFO] [stdout] stack backtrace:
[INFO] [stdout]    0:     0x621ecea67101 - <<std[70759c8f55707aa4]::sys::backtrace::BacktraceLock>::print::DisplayBacktrace as core[df12db4294e9bfd3]::fmt::Display>::fmt
[INFO] [stdout]    1:     0x621ecea7d70a - core[df12db4294e9bfd3]::fmt::write
[INFO] [stdout]    2:     0x621ecea6bbfc - <alloc[2182bb758b4b3781]::vec::Vec<u8> as core[df12db4294e9bfd3]::io::write::Write>::write_fmt
[INFO] [stdout]    3:     0x621ecea42236 - std[70759c8f55707aa4]::panicking::default_hook::{closure#0}
[INFO] [stdout]    4:     0x621ecea5efb9 - std[70759c8f55707aa4]::panicking::default_hook
[INFO] [stdout]    5:     0x621ece8a9b20 - test[9d35eded1c95d3be]::test_main_inner::<test[9d35eded1c95d3be]::test_main_static::{closure#0}>::{closure#0}
[INFO] [stdout]    6:     0x621ecea5f2e2 - std[70759c8f55707aa4]::panicking::panic_with_hook
[INFO] [stdout]    7:     0x621ecea422e2 - std[70759c8f55707aa4]::panicking::panic_handler::{closure#0}
[INFO] [stdout]    8:     0x621ecea3af89 - std[70759c8f55707aa4]::sys::backtrace::__rust_end_short_backtrace::<std[70759c8f55707aa4]::panicking::panic_handler::{closure#0}, !>
[INFO] [stdout]    9:     0x621ecea430cd - __rustc[8fa7c3cbc660c2b3]::rust_begin_unwind
[INFO] [stdout]   10:     0x621ecea7de6c - core[df12db4294e9bfd3]::panicking::panic_fmt
[INFO] [stdout]   11:     0x621ecea7dc42 - core[df12db4294e9bfd3]::result::unwrap_failed
[INFO] [stdout]   12:     0x621ece8957cf - <test_external_examples[f9b2032437481e12]::test_deserialize_vehicle_example_from_github::{closure#0} as core[df12db4294e9bfd3]::ops::function::FnOnce<()>>::call_once
[INFO] [stdout]   13:     0x621ece89ce0b - test[9d35eded1c95d3be]::__rust_begin_short_backtrace::<core[df12db4294e9bfd3]::result::Result<(), alloc[2182bb758b4b3781]::string::String>, fn() -> core[df12db4294e9bfd3]::result::Result<(), alloc[2182bb758b4b3781]::string::String>>
[INFO] [stdout]   14:     0x621ece8aa475 - test[9d35eded1c95d3be]::run_test::{closure#0}
[INFO] [stdout]   15:     0x621ece8a3d34 - std[70759c8f55707aa4]::sys::backtrace::__rust_begin_short_backtrace::<test[9d35eded1c95d3be]::run_test::{closure#1}, ()>
[INFO] [stdout]   16:     0x621ece8ad5d2 - <std[70759c8f55707aa4]::thread::lifecycle::spawn_unchecked<test[9d35eded1c95d3be]::run_test::{closure#1}, ()>::{closure#1} as core[df12db4294e9bfd3]::ops::function::FnOnce<()>>::call_once::{shim:vtable#0}
[INFO] [stdout]   17:     0x621ecea66629 - <std[70759c8f55707aa4]::sys::thread::unix::Thread>::new::thread_start
[INFO] [stdout]   18:     0x727b8e35ddfa - <unknown>
[INFO] [stdout]   19:     0x727b8e3f13d4 - clone
[INFO] [stdout]   20:                0x0 - <unknown>
[INFO] [stdout] 
[INFO] [stdout] ---- test_deserialize_simple_example_from_github stdout ----
[INFO] [stdout] 
[INFO] [stdout] thread 'test_deserialize_simple_example_from_github' (2173) panicked at tests/test_external_examples.rs:52:48:
[INFO] [stdout] Failed to fetch CZML file: reqwest::Error { kind: Request, url: "https://raw.githubusercontent.com/CesiumGS/cesium/refs/heads/main/Apps/SampleData/simple.czml", source: hyper_util::client::legacy::Error(Connect, ConnectError("dns error", Custom { kind: Uncategorized, error: "failed to lookup address information: Temporary failure in name resolution" })) }
[INFO] [stdout] stack backtrace:
[INFO] [stdout]    0:     0x621ecea67101 - <<std[70759c8f55707aa4]::sys::backtrace::BacktraceLock>::print::DisplayBacktrace as core[df12db4294e9bfd3]::fmt::Display>::fmt
[INFO] [stdout]    1:     0x621ecea7d70a - core[df12db4294e9bfd3]::fmt::write
[INFO] [stdout]    2:     0x621ecea6bbfc - <alloc[2182bb758b4b3781]::vec::Vec<u8> as core[df12db4294e9bfd3]::io::write::Write>::write_fmt
[INFO] [stdout]    3:     0x621ecea42236 - std[70759c8f55707aa4]::panicking::default_hook::{closure#0}
[INFO] [stdout]    4:     0x621ecea5efb9 - std[70759c8f55707aa4]::panicking::default_hook
[INFO] [stdout]    5:     0x621ece8a9b20 - test[9d35eded1c95d3be]::test_main_inner::<test[9d35eded1c95d3be]::test_main_static::{closure#0}>::{closure#0}
[INFO] [stderr] error: test failed, to rerun pass `--test test_external_examples`
[INFO] [stdout]    6:     0x621ecea5f2e2 - std[70759c8f55707aa4]::panicking::panic_with_hook
[INFO] [stdout]    7:     0x621ecea422e2 - std[70759c8f55707aa4]::panicking::panic_handler::{closure#0}
[INFO] [stdout]    8:     0x621ecea3af89 - std[70759c8f55707aa4]::sys::backtrace::__rust_end_short_backtrace::<std[70759c8f55707aa4]::panicking::panic_handler::{closure#0}, !>
[INFO] [stdout]    9:     0x621ecea430cd - __rustc[8fa7c3cbc660c2b3]::rust_begin_unwind
[INFO] [stdout]   10:     0x621ecea7de6c - core[df12db4294e9bfd3]::panicking::panic_fmt
[INFO] [stdout]   11:     0x621ecea7dc42 - core[df12db4294e9bfd3]::result::unwrap_failed
[INFO] [stdout]   12:     0x621ece89548f - <test_external_examples[f9b2032437481e12]::test_deserialize_simple_example_from_github::{closure#0} as core[df12db4294e9bfd3]::ops::function::FnOnce<()>>::call_once
[INFO] [stdout]   13:     0x621ece89ce0b - test[9d35eded1c95d3be]::__rust_begin_short_backtrace::<core[df12db4294e9bfd3]::result::Result<(), alloc[2182bb758b4b3781]::string::String>, fn() -> core[df12db4294e9bfd3]::result::Result<(), alloc[2182bb758b4b3781]::string::String>>
[INFO] [stdout]   14:     0x621ece8aa475 - test[9d35eded1c95d3be]::run_test::{closure#0}
[INFO] [stdout]   15:     0x621ece8a3d34 - std[70759c8f55707aa4]::sys::backtrace::__rust_begin_short_backtrace::<test[9d35eded1c95d3be]::run_test::{closure#1}, ()>
[INFO] [stdout]   16:     0x621ece8ad5d2 - <std[70759c8f55707aa4]::thread::lifecycle::spawn_unchecked<test[9d35eded1c95d3be]::run_test::{closure#1}, ()>::{closure#1} as core[df12db4294e9bfd3]::ops::function::FnOnce<()>>::call_once::{shim:vtable#0}
[INFO] [stdout]   17:     0x621ecea66629 - <std[70759c8f55707aa4]::sys::thread::unix::Thread>::new::thread_start
[INFO] [stdout]   18:     0x727b8e35ddfa - <unknown>
[INFO] [stdout]   19:     0x727b8e3f13d4 - clone
[INFO] [stdout]   20:                0x0 - <unknown>
[INFO] [stdout] 
[INFO] [stdout] ---- test_deserialize_multipart_vehicle_example_from_github stdout ----
[INFO] [stdout] 
[INFO] [stdout] thread 'test_deserialize_multipart_vehicle_example_from_github' (2172) panicked at tests/test_external_examples.rs:33:52:
[INFO] [stdout] Failed to fetch CZML file: reqwest::Error { kind: Request, url: "https://raw.githubusercontent.com/CesiumGS/cesium/refs/heads/main/Apps/SampleData/MultipartVehicle_part1.czml", source: hyper_util::client::legacy::Error(Connect, ConnectError("dns error", Custom { kind: Uncategorized, error: "failed to lookup address information: Temporary failure in name resolution" })) }
[INFO] [stdout] stack backtrace:
[INFO] [stdout]    0:     0x621ecea67101 - <<std[70759c8f55707aa4]::sys::backtrace::BacktraceLock>::print::DisplayBacktrace as core[df12db4294e9bfd3]::fmt::Display>::fmt
[INFO] [stdout]    1:     0x621ecea7d70a - core[df12db4294e9bfd3]::fmt::write
[INFO] [stdout]    2:     0x621ecea6bbfc - <alloc[2182bb758b4b3781]::vec::Vec<u8> as core[df12db4294e9bfd3]::io::write::Write>::write_fmt
[INFO] [stdout]    3:     0x621ecea42236 - std[70759c8f55707aa4]::panicking::default_hook::{closure#0}
[INFO] [stdout]    4:     0x621ecea5efb9 - std[70759c8f55707aa4]::panicking::default_hook
[INFO] [stdout]    5:     0x621ece8a9b20 - test[9d35eded1c95d3be]::test_main_inner::<test[9d35eded1c95d3be]::test_main_static::{closure#0}>::{closure#0}
[INFO] [stdout]    6:     0x621ecea5f2e2 - std[70759c8f55707aa4]::panicking::panic_with_hook
[INFO] [stdout]    7:     0x621ecea422e2 - std[70759c8f55707aa4]::panicking::panic_handler::{closure#0}
[INFO] [stdout]    8:     0x621ecea3af89 - std[70759c8f55707aa4]::sys::backtrace::__rust_end_short_backtrace::<std[70759c8f55707aa4]::panicking::panic_handler::{closure#0}, !>
[INFO] [stdout]    9:     0x621ecea430cd - __rustc[8fa7c3cbc660c2b3]::rust_begin_unwind
[INFO] [stdout]   10:     0x621ecea7de6c - core[df12db4294e9bfd3]::panicking::panic_fmt
[INFO] [stdout]   11:     0x621ecea7dc42 - core[df12db4294e9bfd3]::result::unwrap_failed
[INFO] [stdout]   12:     0x621ece89644a - <test_external_examples[f9b2032437481e12]::test_deserialize_multipart_vehicle_example_from_github::{closure#0} as core[df12db4294e9bfd3]::ops::function::FnOnce<()>>::call_once
[INFO] [stdout]   13:     0x621ece89ce0b - test[9d35eded1c95d3be]::__rust_begin_short_backtrace::<core[df12db4294e9bfd3]::result::Result<(), alloc[2182bb758b4b3781]::string::String>, fn() -> core[df12db4294e9bfd3]::result::Result<(), alloc[2182bb758b4b3781]::string::String>>
[INFO] [stdout]   14:     0x621ece8aa475 - test[9d35eded1c95d3be]::run_test::{closure#0}
[INFO] [stdout]   15:     0x621ece8a3d34 - std[70759c8f55707aa4]::sys::backtrace::__rust_begin_short_backtrace::<test[9d35eded1c95d3be]::run_test::{closure#1}, ()>
[INFO] [stdout]   16:     0x621ece8ad5d2 - <std[70759c8f55707aa4]::thread::lifecycle::spawn_unchecked<test[9d35eded1c95d3be]::run_test::{closure#1}, ()>::{closure#1} as core[df12db4294e9bfd3]::ops::function::FnOnce<()>>::call_once::{shim:vtable#0}
[INFO] [stdout]   17:     0x621ecea66629 - <std[70759c8f55707aa4]::sys::thread::unix::Thread>::new::thread_start
[INFO] [stdout]   18:     0x727b8e35ddfa - <unknown>
[INFO] [stdout]   19:     0x727b8e3f13d4 - clone
[INFO] [stdout]   20:                0x0 - <unknown>
[INFO] [stdout] 
[INFO] [stdout] ---- test_deserialize_tracking_example_from_github stdout ----
[INFO] [stdout] 
[INFO] [stdout] thread 'test_deserialize_tracking_example_from_github' (2174) panicked at tests/test_external_examples.rs:70:48:
[INFO] [stdout] Failed to fetch CZML file: reqwest::Error { kind: Request, url: "https://raw.githubusercontent.com/CesiumGS/cesium/refs/heads/main/Apps/SampleData/tracking.czml", source: hyper_util::client::legacy::Error(Connect, ConnectError("dns error", Custom { kind: Uncategorized, error: "failed to lookup address information: Temporary failure in name resolution" })) }
[INFO] [stdout] stack backtrace:
[INFO] [stdout]    0:     0x621ecea67101 - <<std[70759c8f55707aa4]::sys::backtrace::BacktraceLock>::print::DisplayBacktrace as core[df12db4294e9bfd3]::fmt::Display>::fmt
[INFO] [stdout]    1:     0x621ecea7d70a - core[df12db4294e9bfd3]::fmt::write
[INFO] [stdout]    2:     0x621ecea6bbfc - <alloc[2182bb758b4b3781]::vec::Vec<u8> as core[df12db4294e9bfd3]::io::write::Write>::write_fmt
[INFO] [stdout]    3:     0x621ecea42236 - std[70759c8f55707aa4]::panicking::default_hook::{closure#0}
[INFO] [stdout]    4:     0x621ecea5efb9 - std[70759c8f55707aa4]::panicking::default_hook
[INFO] [stdout]    5:     0x621ece8a9b20 - test[9d35eded1c95d3be]::test_main_inner::<test[9d35eded1c95d3be]::test_main_static::{closure#0}>::{closure#0}
[INFO] [stdout]    6:     0x621ecea5f2e2 - std[70759c8f55707aa4]::panicking::panic_with_hook
[INFO] [stdout]    7:     0x621ecea422e2 - std[70759c8f55707aa4]::panicking::panic_handler::{closure#0}
[INFO] [stdout]    8:     0x621ecea3af89 - std[70759c8f55707aa4]::sys::backtrace::__rust_end_short_backtrace::<std[70759c8f55707aa4]::panicking::panic_handler::{closure#0}, !>
[INFO] [stdout]    9:     0x621ecea430cd - __rustc[8fa7c3cbc660c2b3]::rust_begin_unwind
[INFO] [stdout]   10:     0x621ecea7de6c - core[df12db4294e9bfd3]::panicking::panic_fmt
[INFO] [stdout]   11:     0x621ecea7dc42 - core[df12db4294e9bfd3]::result::unwrap_failed
[INFO] [stdout]   12:     0x621ece895b0f - <test_external_examples[f9b2032437481e12]::test_deserialize_tracking_example_from_github::{closure#0} as core[df12db4294e9bfd3]::ops::function::FnOnce<()>>::call_once
[INFO] [stdout]   13:     0x621ece89ce0b - test[9d35eded1c95d3be]::__rust_begin_short_backtrace::<core[df12db4294e9bfd3]::result::Result<(), alloc[2182bb758b4b3781]::string::String>, fn() -> core[df12db4294e9bfd3]::result::Result<(), alloc[2182bb758b4b3781]::string::String>>
[INFO] [stdout]   14:     0x621ece8aa475 - test[9d35eded1c95d3be]::run_test::{closure#0}
[INFO] [stdout]   15:     0x621ece8a3d34 - std[70759c8f55707aa4]::sys::backtrace::__rust_begin_short_backtrace::<test[9d35eded1c95d3be]::run_test::{closure#1}, ()>
[INFO] [stdout]   16:     0x621ece8ad5d2 - <std[70759c8f55707aa4]::thread::lifecycle::spawn_unchecked<test[9d35eded1c95d3be]::run_test::{closure#1}, ()>::{closure#1} as core[df12db4294e9bfd3]::ops::function::FnOnce<()>>::call_once::{shim:vtable#0}
[INFO] [stdout]   17:     0x621ecea66629 - <std[70759c8f55707aa4]::sys::thread::unix::Thread>::new::thread_start
[INFO] [stdout]   18:     0x727b8e35ddfa - <unknown>
[INFO] [stdout]   19:     0x727b8e3f13d4 - clone
[INFO] [stdout]   20:                0x0 - <unknown>
[INFO] [stdout] 
[INFO] [stdout] 
[INFO] [stdout] failures:
[INFO] [stdout]     test_deserialize_clamp_to_ground_example_from_github
[INFO] [stdout]     test_deserialize_multipart_vehicle_example_from_github
[INFO] [stdout]     test_deserialize_simple_example_from_github
[INFO] [stdout]     test_deserialize_tracking_example_from_github
[INFO] [stdout]     test_deserialize_vehicle_example_from_github
[INFO] [stdout] 
[INFO] [stdout] test result: FAILED. 0 passed; 5 failed; 0 ignored; 0 measured; 0 filtered out; finished in 0.14s
[INFO] [stdout] 
[INFO] running `Command { std: "docker" "inspect" "937848214a093ba56d36defd5b6575473369e356aa17ff11a4db9137484da17e", kill_on_drop: false }`
[INFO] running `Command { std: "docker" "rm" "-f" "937848214a093ba56d36defd5b6575473369e356aa17ff11a4db9137484da17e", kill_on_drop: false }`
[INFO] [stdout] 937848214a093ba56d36defd5b6575473369e356aa17ff11a4db9137484da17e
