[INFO] fetching crate cyto-map 0.6.0...
[INFO] testing cyto-map-0.6.0 against 1.99.0-beta.8+cargoflags=--release for beta-release-1.100-2
[INFO] extracting crate cyto-map 0.6.0 into /workspace/builds/worker-1-tc1/source
[INFO] started tweaking crates.io crate cyto-map 0.6.0
[INFO] removed 0 missing tests
[INFO] finished tweaking crates.io crate cyto-map 0.6.0
[INFO] tweaked toml for crates.io crate cyto-map 0.6.0 written to /workspace/builds/worker-1-tc1/source/Cargo.toml
[INFO] validating manifest of crates.io crate cyto-map 0.6.0 on toolchain 1.99.0-beta.8
[INFO] running `Command { std: CARGO_HOME="/workspace/cargo-home" RUSTUP_HOME="/workspace/rustup-home" "/workspace/cargo-home/bin/cargo" "+1.99.0-beta.8" "metadata" "--manifest-path" "Cargo.toml" "--no-deps", kill_on_drop: false }`
[INFO] crate crates.io crate cyto-map 0.6.0 already has a lockfile, it will not be regenerated
[INFO] running `Command { std: CARGO_HOME="/workspace/cargo-home" RUSTUP_HOME="/workspace/rustup-home" "/workspace/cargo-home/bin/cargo" "+1.99.0-beta.8" "fetch" "--manifest-path" "Cargo.toml", kill_on_drop: false }`
[INFO] [stderr]     Updating crates.io index
[INFO] [stderr]     Blocking waiting for file lock on package cache
[INFO] [stderr]  Downloading crates ...
[INFO] [stderr]   Downloaded zstd-safe v7.3.0
[INFO] [stderr]   Downloaded liblzma v0.4.8
[INFO] [stderr]   Downloaded niffler v3.0.1
[INFO] [stderr]   Downloaded cyto-io v0.2.0
[INFO] [stderr]   Downloaded bgzip v0.3.1
[INFO] [stderr]   Downloaded ext-sort v0.1.6
[INFO] [stderr]   Downloaded bitnuc v0.5.6
[INFO] [stderr]   Downloaded cyto-cli v0.8.0
[INFO] [stderr]   Downloaded seqhash v0.2.0
[INFO] [stderr]   Downloaded bitnuc v0.4.1
[INFO] [stderr]   Downloaded ibu v0.3.0
[INFO] [stderr]   Downloaded sucds v0.8.3
[INFO] [stderr]   Downloaded paraseq v0.6.0
[INFO] [stderr]   Downloaded fearless_simd v1.0.0
[INFO] [stderr]   Downloaded liblzma-sys v0.4.9
[INFO] [stderr]   Downloaded binseq v0.9.6
[INFO] running `Command { std: "docker" "create" "-v" "/var/lib/crater-agent-workspace/builds/worker-1-tc1/source:/opt/rustwide/workdir:ro,Z" "-v" "/var/lib/crater-agent-workspace/builds/worker-1-tc1/target:/opt/rustwide/target:rw,Z" "-v" "/var/lib/crater-agent-workspace/cargo-home:/opt/rustwide/cargo-home:ro,Z" "-v" "/var/lib/crater-agent-workspace/rustup-home:/opt/rustwide/rustup-home:ro,Z" "-m" "1610612736" "--network" "none" "ghcr.io/rust-lang/crates-build-env/linux@sha256:77db811e55d90add9212f6832c23229e3de5f1c1f9905e8cb07319ea15df73ac" "sleep" "infinity", kill_on_drop: false }`
[INFO] [stdout] 5493bca1d52f71a2211b5bdd8eeae2e02b4cfdef5aee9e24a219ab026c65ed1f
[INFO] running `Command { std: "docker" "start" "5493bca1d52f71a2211b5bdd8eeae2e02b4cfdef5aee9e24a219ab026c65ed1f", kill_on_drop: false }`
[INFO] running `Command { std: "docker" "inspect" "5493bca1d52f71a2211b5bdd8eeae2e02b4cfdef5aee9e24a219ab026c65ed1f", kill_on_drop: false }`
[INFO] running `Command { std: "docker" "exec" "-e" "SOURCE_DIR=/opt/rustwide/workdir" "-e" "CARGO_HOME=/opt/rustwide/cargo-home" "-e" "RUSTUP_HOME=/opt/rustwide/rustup-home" "-e" "CARGO_TARGET_DIR=/opt/rustwide/target" "-w" "/opt/rustwide/workdir" "--user" "0:0" "5493bca1d52f71a2211b5bdd8eeae2e02b4cfdef5aee9e24a219ab026c65ed1f" "/opt/rustwide/cargo-home/bin/cargo" "+1.99.0-beta.8" "metadata" "--no-deps" "--format-version=1", kill_on_drop: false }`
[INFO] running `Command { std: "docker" "inspect" "5493bca1d52f71a2211b5bdd8eeae2e02b4cfdef5aee9e24a219ab026c65ed1f", kill_on_drop: false }`
[INFO] running `Command { std: "docker" "exec" "-e" "SOURCE_DIR=/opt/rustwide/workdir" "-e" "CARGO_HOME=/opt/rustwide/cargo-home" "-e" "RUSTUP_HOME=/opt/rustwide/rustup-home" "-e" "CARGO_TARGET_DIR=/opt/rustwide/target" "-e" "CARGO_INCREMENTAL=0" "-e" "RUST_BACKTRACE=full" "-e" "RUSTFLAGS=--cap-lints=warn" "-e" "RUSTDOCFLAGS=--cap-lints=warn" "-w" "/opt/rustwide/workdir" "--user" "0:0" "5493bca1d52f71a2211b5bdd8eeae2e02b4cfdef5aee9e24a219ab026c65ed1f" "/opt/rustwide/cargo-home/bin/cargo" "+1.99.0-beta.8" "build" "--frozen" "--message-format=json" "--release", kill_on_drop: false }`
[INFO] [stderr]    Compiling crossbeam-epoch v0.9.21
[INFO] [stderr]    Compiling crossbeam-deque v0.8.8
[INFO] [stderr]    Compiling serde_core v1.0.229
[INFO] [stderr]    Compiling zstd-safe v7.3.0
[INFO] [stderr]    Compiling either v1.18.0
[INFO] [stderr]    Compiling cc v1.5.1
[INFO] [stderr]    Compiling syn v2.0.119
[INFO] [stderr]    Compiling serde_derive v1.0.229
[INFO] [stderr]    Compiling libbz2-rs-sys v0.2.5
[INFO] [stderr]    Compiling getrandom v0.3.4
[INFO] [stderr]    Compiling regex-automata v0.4.18
[INFO] [stderr]    Compiling fearless_simd v1.0.0
[INFO] [stderr]    Compiling bytemuck_derive v1.12.1
[INFO] [stderr]    Compiling jiff-core v0.1.1
[INFO] [stderr]    Compiling getrandom v0.4.3
[INFO] [stderr]    Compiling rmp v0.8.15
[INFO] [stderr]    Compiling memmap2 v0.9.11
[INFO] [stderr]    Compiling csv-core v0.1.13
[INFO] [stderr]    Compiling rand_core v0.9.5
[INFO] [stderr]    Compiling portable-atomic v1.15.0
[INFO] [stderr]    Compiling clap_derive v4.6.7
[INFO] [stderr]    Compiling rand_chacha v0.9.0
[INFO] [stderr]    Compiling tempfile v3.27.0
[INFO] [stderr]    Compiling itertools v0.15.0
[INFO] [stderr]    Compiling parking_lot_core v0.9.12
[INFO] [stderr]    Compiling bzip2 v0.6.1
[INFO] [stderr]    Compiling rayon-core v1.13.0
[INFO] [stderr]    Compiling rand v0.9.5
[INFO] [stderr]    Compiling sucds v0.8.3
[INFO] [stderr]    Compiling bitnuc v0.4.1
[INFO] [stderr]    Compiling bytemuck v1.25.2
[INFO] [stderr]    Compiling rayon v1.12.0
[INFO] [stderr]    Compiling console v0.16.6
[INFO] [stderr]    Compiling jiff v0.2.37
[INFO] [stderr]    Compiling clap v4.6.7
[INFO] [stderr]    Compiling parking_lot v0.12.5
[INFO] [stderr]    Compiling unit-prefix v0.5.2
[INFO] [stderr]    Compiling seqhash v0.2.0
[INFO] [stderr]    Compiling zstd-sys v2.1.0+zstd.1.5.7
[INFO] [stderr]    Compiling liblzma-sys v0.4.9
[INFO] [stderr]    Compiling indicatif v0.18.6
[INFO] [stderr]    Compiling liblzma v0.4.8
[INFO] [stderr]    Compiling serde v1.0.229
[INFO] [stderr]    Compiling csv v1.4.0
[INFO] [stderr]    Compiling serde_json v1.0.151
[INFO] [stderr]    Compiling regex v1.13.1
[INFO] [stderr]    Compiling env_filter v2.0.0
[INFO] [stderr]    Compiling rmp-serde v1.3.1
[INFO] [stderr]    Compiling env_logger v0.11.11
[INFO] [stderr]    Compiling ext-sort v0.1.6
[INFO] [stderr]    Compiling thiserror-impl v1.0.69
[INFO] [stderr]    Compiling auto_impl v1.3.0
[INFO] [stderr]    Compiling derive_more-impl v2.1.1
[INFO] [stderr]    Compiling derive_more v2.1.1
[INFO] [stderr]    Compiling thiserror v1.0.69
[INFO] [stderr]    Compiling bgzip v0.3.1
[INFO] [stderr]    Compiling bitnuc v0.5.6
[INFO] [stderr]    Compiling zstd v0.13.3
[INFO] [stderr]    Compiling niffler v3.0.1
[INFO] [stderr]    Compiling binseq v0.9.6
[INFO] [stderr]    Compiling cyto-io v0.2.0
[INFO] [stderr]    Compiling paraseq v0.6.0
[INFO] [stderr]    Compiling ibu v0.3.0
[INFO] [stderr]    Compiling cyto-cli v0.8.0
[INFO] [stderr]    Compiling cyto-map v0.6.0 (/opt/rustwide/workdir)
[INFO] [stderr]     Finished `release` profile [optimized] target(s) in 1m 27s
[INFO] running `Command { std: "docker" "inspect" "5493bca1d52f71a2211b5bdd8eeae2e02b4cfdef5aee9e24a219ab026c65ed1f", kill_on_drop: false }`
[INFO] running `Command { std: "docker" "exec" "-e" "SOURCE_DIR=/opt/rustwide/workdir" "-e" "CARGO_HOME=/opt/rustwide/cargo-home" "-e" "RUSTUP_HOME=/opt/rustwide/rustup-home" "-e" "CARGO_TARGET_DIR=/opt/rustwide/target" "-e" "CARGO_INCREMENTAL=0" "-e" "RUST_BACKTRACE=full" "-e" "RUSTFLAGS=--cap-lints=warn" "-e" "RUSTDOCFLAGS=--cap-lints=warn" "-w" "/opt/rustwide/workdir" "--user" "0:0" "5493bca1d52f71a2211b5bdd8eeae2e02b4cfdef5aee9e24a219ab026c65ed1f" "/opt/rustwide/cargo-home/bin/cargo" "+1.99.0-beta.8" "test" "--frozen" "--no-run" "--message-format=json" "--release", kill_on_drop: false }`
[INFO] [stderr]    Compiling tempfile v3.27.0
[INFO] [stderr]    Compiling chacha20 v0.10.2
[INFO] [stderr]    Compiling rand v0.10.3
[INFO] [stderr]    Compiling ext-sort v0.1.6
[INFO] [stderr]    Compiling ibu v0.3.0
[INFO] [stderr]    Compiling cyto-map v0.6.0 (/opt/rustwide/workdir)
[INFO] [stderr]     Finished `release` profile [optimized] target(s) in 12.41s
[INFO] running `Command { std: "docker" "inspect" "5493bca1d52f71a2211b5bdd8eeae2e02b4cfdef5aee9e24a219ab026c65ed1f", kill_on_drop: false }`
[INFO] running `Command { std: "docker" "exec" "-e" "SOURCE_DIR=/opt/rustwide/workdir" "-e" "CARGO_HOME=/opt/rustwide/cargo-home" "-e" "RUSTUP_HOME=/opt/rustwide/rustup-home" "-e" "CARGO_TARGET_DIR=/opt/rustwide/target" "-e" "CARGO_INCREMENTAL=0" "-e" "RUST_BACKTRACE=full" "-e" "RUSTFLAGS=--cap-lints=warn" "-e" "RUSTDOCFLAGS=--cap-lints=warn" "-w" "/opt/rustwide/workdir" "--user" "0:0" "5493bca1d52f71a2211b5bdd8eeae2e02b4cfdef5aee9e24a219ab026c65ed1f" "/opt/rustwide/cargo-home/bin/cargo" "+1.99.0-beta.8" "test" "--frozen" "--release", kill_on_drop: false }`
[INFO] [stderr]     Finished `release` profile [optimized] target(s) in 0.14s
[INFO] [stderr]      Running unittests src/lib.rs (/opt/rustwide/target/release/deps/cyto_map-919b0ea6eab47e09)
[INFO] [stdout] 
[INFO] [stdout] running 89 tests
[INFO] [stdout] test detect::tests::test_build_read_regions_empty_mate ... ok
[INFO] [stdout] test detect::tests::test_build_read_regions_with_gap ... ok
[INFO] [stdout] test detect::tests::test_finalize_missing_component_lane_is_fatal ... ok
[INFO] [stdout] test detect::tests::test_finalize_windowed_rewalk_at_max_window ... ok
[INFO] [stdout] test detect::tests::test_finalize_jitter_does_not_conflict ... ok
[INFO] [stdout] test detect::tests::test_finalize_strong_conflict_offset_bails ... ok
[INFO] [stdout] test detect::tests::test_finalize_per_file_results_include_weak_lane ... ok
[INFO] [stdout] test detect::tests::test_finalize_zero_read_lane_is_fatal ... ok
[INFO] [stdout] test detect::tests::test_finalize_strong_conflict_mate_bails ... ok
[INFO] [stdout] test detect::tests::test_accumulator_merge ... ok
[INFO] [stdout] test detect::tests::test_finalize_pooled_passes_with_one_weak_lane ... ok
[INFO] [stdout] test detect::tests::test_finalize_single_lane_geometry ... ok
[INFO] [stdout] test detect::tests::test_finalize_weak_component_far_from_pool_does_not_conflict ... ok
[INFO] [stdout] test detect::tests::test_finalize_max_remap_window_across_lanes ... ok
[INFO] [stdout] test detect::tests::test_finalize_wide_pooled_window_tolerates_feature_jitter ... ok
[INFO] [stdout] test detect::tests::test_finalize_all_weak_fails ... ok
[INFO] [stdout] test detect::tests::test_finalize_empty_input_bails ... ok
[INFO] [stdout] test detect::tests::test_format_geometry_string_roundtrip ... ok
[INFO] [stdout] test detect::tests::test_find_best_positions_top_five_cap ... ok
[INFO] [stdout] test detect::tests::test_infer_gex_geometry_basic ... ok
[INFO] [stdout] test detect::tests::test_infer_crispr_geometry_basic ... ok
[INFO] [stdout] test detect::tests::test_infer_gex_geometry_with_probe ... ok
[INFO] [stdout] test detect::tests::test_ranges_overlap_same_mate ... ok
[INFO] [stdout] test detect::tests::test_remap_window_argmax_tie_breaks_to_lowest_position ... ok
[INFO] [stdout] test detect::tests::test_remap_window_barcode_excluded ... ok
[INFO] [stdout] test detect::tests::test_finalize_pooled_evidence_is_pooled ... ok
[INFO] [stdout] test detect::tests::test_remap_window_contiguous_spread ... ok
[INFO] [stdout] test detect::tests::test_remap_window_variable_anchor_positions ... ok
[INFO] [stdout] test detect::tests::test_remap_window_isolated_outlier_ignored ... ok
[INFO] [stdout] test detect::tests::test_skip_region_inserted_for_gap ... ok
[INFO] [stdout] test detect::tests::test_remap_window_probe_variable_positions ... ok
[INFO] [stdout] test detect::tests::test_validation_zero_reads_fails ... ok
[INFO] [stdout] test detect::tests::test_windowed_proportion_clipped_at_window_edge ... ok
[INFO] [stdout] test detect::tests::test_windowed_proportion_same_mate_only ... ok
[INFO] [stdout] test detect::tests::test_remap_window_probe_wider_than_gex ... ok
[INFO] [stdout] test detect::tests::test_windowed_count_helper_includes_upper_boundary ... ok
[INFO] [stdout] test detect::tests::test_windowed_proportion_saturating_lo ... ok
[INFO] [stdout] test detect::tests::test_windowed_proportion_spread_within_window ... ok
[INFO] [stdout] test detect::tests::test_windowed_proportion_tight_distribution ... ok
[INFO] [stdout] test geometry::tests::test_error_barcode_forbids_length ... ok
[INFO] [stdout] test detect::tests::test_overlap_resolution_falls_back ... ok
[INFO] [stdout] test detect::tests::test_remap_window_tight_distribution ... ok
[INFO] [stdout] test detect::tests::test_remap_window_probe_noise_at_adjacent_position_ignored ... ok
[INFO] [stdout] test detect::tests::test_resolve_overlaps_no_alternative_bail ... ok
[INFO] [stdout] test detect::tests::test_validation_above_threshold_succeeds ... ok
[INFO] [stdout] test detect::tests::test_umi_placed_after_barcode ... ok
[INFO] [stdout] test geometry::tests::test_barcode_alias ... ok
[INFO] [stdout] test detect::tests::test_remap_window_noise_below_min_hits_ignored ... ok
[INFO] [stdout] test detect::tests::test_validation_below_threshold_fails ... ok
[INFO] [stdout] test geometry::tests::test_error_duplicate_component ... ok
[INFO] [stdout] test geometry::tests::test_error_empty_read ... ok
[INFO] [stdout] test geometry::tests::test_error_multiple_separators ... ok
[INFO] [stdout] test geometry::tests::test_error_missing_separator ... ok
[INFO] [stdout] test geometry::tests::test_error_umi_requires_length ... ok
[INFO] [stdout] test geometry::tests::test_error_zero_length_skip ... ok
[INFO] [stdout] test geometry::tests::test_error_empty_bracket ... ok
[INFO] [stdout] test geometry::tests::test_error_unclosed_bracket ... ok
[INFO] [stdout] test geometry::tests::test_gex_with_probe ... ok
[INFO] [stdout] test geometry::tests::test_crispr ... ok
[INFO] [stdout] test geometry::tests::test_has_component_no_probe ... ok
[INFO] [stdout] test geometry::tests::test_resolve_dynamic_flag_not_set_before_anchor ... ok
[INFO] [stdout] test geometry::tests::test_resolve_gex_with_probe ... ok
[INFO] [stdout] test geometry::tests::test_resolve_no_dynamic_without_variable_length ... ok
[INFO] [stdout] test geometry::tests::test_whitespace_tolerance ... ok
[INFO] [stdout] test geometry::tests::test_has_component ... ok
[INFO] [stdout] test geometry::tests::test_error_unknown_component ... ok
[INFO] [stdout] test geometry::tests::test_resolve_dynamic_probe_after_anchor ... ok
[INFO] [stdout] test geometry::tests::test_resolve_crispr ... ok
[INFO] [stdout] test mapper::gex::tests::test_scan_positions_no_match_on_random_seq ... FAILED
[INFO] [stdout] test mapper::crispr::tests::test_scan_protospacer_positions ... FAILED
[INFO] [stdout] test mapper::gex::tests::test_scan_positions_finds_gex_probe ... FAILED
[INFO] [stdout] test mapper::probe::tests::test_scan_positions_finds_probe ... FAILED
[INFO] [stdout] test mapper::crispr::tests::test_scan_no_match_on_random_seq ... FAILED
[INFO] [stdout] test geometry::tests::test_simple_gex ... ok
[INFO] [stdout] test mapper::crispr::tests::test_protospacer_len ... ok
[INFO] [stdout] test geometry::tests::test_resolve_probe_on_r1 ... ok
[INFO] [stdout] test geometry::tests::test_resolve_simple_gex ... ok
[INFO] [stdout] test mapper::crispr::tests::test_scan_anchor_positions ... FAILED
[INFO] [stdout] test run::tests::test_preset_name_for_geometry_gex_v2_r2 ... ok
[INFO] [stdout] test mapper::whitelist::tests::test_scan_positions_no_match_on_random_seq ... FAILED
[INFO] [stdout] test run::tests::test_preset_name_for_geometry_crispr_v2 ... ok
[INFO] [stdout] test run::tests::test_preset_name_for_geometry_gex_v2 ... ok
[INFO] [stdout] test run::tests::test_preset_name_for_geometry_crispr_v1 ... ok
[INFO] [stdout] test run::tests::test_preset_name_for_geometry_properseq_excluded ... ok
[INFO] [stdout] test run::tests::test_preset_name_for_geometry_gex_v1 ... ok
[INFO] [stdout] test run::tests::test_preset_name_for_geometry_non_preset ... ok
[INFO] [stdout] test detect::tests::test_remap_window_probe_two_clusters_separated_by_gap ... ok
[INFO] [stderr] error: test failed, to rerun pass `--lib`
[INFO] [stdout] test mapper::probe::tests::test_scan_positions_no_match_on_random_seq ... FAILED
[INFO] [stdout] test mapper::whitelist::tests::test_scan_positions_finds_barcode ... FAILED
[INFO] [stdout] 
[INFO] [stdout] failures:
[INFO] [stdout] 
[INFO] [stdout] ---- mapper::gex::tests::test_scan_positions_no_match_on_random_seq stdout ----
[INFO] [stdout] 
[INFO] [stdout] thread 'mapper::gex::tests::test_scan_positions_no_match_on_random_seq' (1747) panicked at src/mapper/gex.rs:214:57:
[INFO] [stdout] called `Result::unwrap()` on an `Err` value: Failed to open file for reading: /opt/data/libraries/gex_probes.tsv
[INFO] [stdout] 
[INFO] [stdout] Caused by:
[INFO] [stdout]     No such file or directory (os error 2)
[INFO] [stdout] 
[INFO] [stdout] Stack backtrace:
[INFO] [stdout]    0: <core::io::error::Error as anyhow::context::ext::StdError>::ext_context::<alloc::string::String>
[INFO] [stdout]    1: cyto_io::utils::match_input_transparent::<&std::path::PathBuf>
[INFO] [stdout]    2: <cyto_map::mapper::gex::GexMapper<cyto_map::mapper::Unpositioned>>::from_file::<&std::path::PathBuf>
[INFO] [stdout]    3: cyto_map::mapper::gex::tests::test_scan_positions_no_match_on_random_seq
[INFO] [stdout]    4: <cyto_map::mapper::gex::tests::test_scan_positions_no_match_on_random_seq::{closure#0} as core::ops::function::FnOnce<()>>::call_once
[INFO] [stdout]    5: test::__rust_begin_short_backtrace::<core::result::Result<(), alloc::string::String>, fn() -> core::result::Result<(), alloc::string::String>>
[INFO] [stdout]    6: test::run_test::{closure#0}
[INFO] [stdout]    7: std::sys::backtrace::__rust_begin_short_backtrace::<test::run_test::{closure#1}, ()>
[INFO] [stdout]    8: <std::thread::lifecycle::spawn_unchecked<test::run_test::{closure#1}, ()>::{closure#1} as core::ops::function::FnOnce<()>>::call_once::{shim:vtable#0}
[INFO] [stdout]    9: <std::sys::thread::unix::Thread>::new::thread_start
[INFO] [stdout]   10: <unknown>
[INFO] [stdout]   11: clone
[INFO] [stdout] stack backtrace:
[INFO] [stdout]    0:     0x6247ecdcaeb1 - <<std[70759c8f55707aa4]::sys::backtrace::BacktraceLock>::print::DisplayBacktrace as core[df12db4294e9bfd3]::fmt::Display>::fmt
[INFO] [stdout]    1:     0x6247ecde141a - core[df12db4294e9bfd3]::fmt::write
[INFO] [stdout]    2:     0x6247ecdd047c - <alloc[2182bb758b4b3781]::vec::Vec<u8> as core[df12db4294e9bfd3]::io::write::Write>::write_fmt
[INFO] [stdout]    3:     0x6247ecda6496 - std[70759c8f55707aa4]::panicking::default_hook::{closure#0}
[INFO] [stdout]    4:     0x6247ecdc3089 - std[70759c8f55707aa4]::panicking::default_hook
[INFO] [stdout]    5:     0x6247ecce3cc0 - test[9d35eded1c95d3be]::test_main_inner::<test[9d35eded1c95d3be]::test_main_static::{closure#0}>::{closure#0}
[INFO] [stdout]    6:     0x6247ecdc33b2 - std[70759c8f55707aa4]::panicking::panic_with_hook
[INFO] [stdout]    7:     0x6247ecda6542 - std[70759c8f55707aa4]::panicking::panic_handler::{closure#0}
[INFO] [stdout]    8:     0x6247ecd9ea79 - std[70759c8f55707aa4]::sys::backtrace::__rust_end_short_backtrace::<std[70759c8f55707aa4]::panicking::panic_handler::{closure#0}, !>
[INFO] [stdout]    9:     0x6247ecda72cd - __rustc[8fa7c3cbc660c2b3]::rust_begin_unwind
[INFO] [stdout]   10:     0x6247ecde1b4c - core[df12db4294e9bfd3]::panicking::panic_fmt
[INFO] [stdout]   11:     0x6247ecde1922 - core[df12db4294e9bfd3]::result::unwrap_failed
[INFO] [stdout]   12:     0x6247eccb92a3 - cyto_map[cfb3a561d408bceb]::mapper::gex::tests::test_scan_positions_no_match_on_random_seq
[INFO] [stdout]   13:     0x6247eccbeda9 - <cyto_map[cfb3a561d408bceb]::mapper::gex::tests::test_scan_positions_no_match_on_random_seq::{closure#0} as core[df12db4294e9bfd3]::ops::function::FnOnce<()>>::call_once
[INFO] [stdout]   14:     0x6247eccd6fab - test[9d35eded1c95d3be]::__rust_begin_short_backtrace::<core[df12db4294e9bfd3]::result::Result<(), alloc[2182bb758b4b3781]::string::String>, fn() -> core[df12db4294e9bfd3]::result::Result<(), alloc[2182bb758b4b3781]::string::String>>
[INFO] [stdout]   15:     0x6247ecce4615 - test[9d35eded1c95d3be]::run_test::{closure#0}
[INFO] [stdout]   16:     0x6247eccdded4 - std[70759c8f55707aa4]::sys::backtrace::__rust_begin_short_backtrace::<test[9d35eded1c95d3be]::run_test::{closure#1}, ()>
[INFO] [stdout]   17:     0x6247ecce7772 - <std[70759c8f55707aa4]::thread::lifecycle::spawn_unchecked<test[9d35eded1c95d3be]::run_test::{closure#1}, ()>::{closure#1} as core[df12db4294e9bfd3]::ops::function::FnOnce<()>>::call_once::{shim:vtable#0}
[INFO] [stdout]   18:     0x6247ecdca589 - <std[70759c8f55707aa4]::sys::thread::unix::Thread>::new::thread_start
[INFO] [stdout]   19:     0x7dbfa651edfa - <unknown>
[INFO] [stdout]   20:     0x7dbfa65b23d4 - clone
[INFO] [stdout]   21:                0x0 - <unknown>
[INFO] [stdout] 
[INFO] [stdout] ---- mapper::crispr::tests::test_scan_protospacer_positions stdout ----
[INFO] [stdout] 
[INFO] [stdout] thread 'mapper::crispr::tests::test_scan_protospacer_positions' (1745) panicked at src/mapper/crispr.rs:254:70:
[INFO] [stdout] called `Result::unwrap()` on an `Err` value: Failed to open file for reading: /opt/data/libraries/crispr_guides.tsv
[INFO] [stdout] 
[INFO] [stdout] Caused by:
[INFO] [stdout]     No such file or directory (os error 2)
[INFO] [stdout] 
[INFO] [stdout] Stack backtrace:
[INFO] [stdout]    0: <core::io::error::Error as anyhow::context::ext::StdError>::ext_context::<alloc::string::String>
[INFO] [stdout]    1: cyto_io::utils::match_input_transparent::<&std::path::PathBuf>
[INFO] [stdout]    2: <cyto_map::mapper::crispr::CrisprMapper<cyto_map::mapper::Unpositioned>>::from_file::<&std::path::PathBuf>
[INFO] [stdout]    3: cyto_map::mapper::crispr::tests::test_scan_protospacer_positions
[INFO] [stdout]    4: <cyto_map::mapper::crispr::tests::test_scan_protospacer_positions::{closure#0} as core::ops::function::FnOnce<()>>::call_once
[INFO] [stdout]    5: test::__rust_begin_short_backtrace::<core::result::Result<(), alloc::string::String>, fn() -> core::result::Result<(), alloc::string::String>>
[INFO] [stdout]    6: test::run_test::{closure#0}
[INFO] [stdout]    7: std::sys::backtrace::__rust_begin_short_backtrace::<test::run_test::{closure#1}, ()>
[INFO] [stdout]    8: <std::thread::lifecycle::spawn_unchecked<test::run_test::{closure#1}, ()>::{closure#1} as core::ops::function::FnOnce<()>>::call_once::{shim:vtable#0}
[INFO] [stdout]    9: <std::sys::thread::unix::Thread>::new::thread_start
[INFO] [stdout]   10: <unknown>
[INFO] [stdout]   11: clone
[INFO] [stdout] stack backtrace:
[INFO] [stdout]    0:     0x6247ecdcaeb1 - <<std[70759c8f55707aa4]::sys::backtrace::BacktraceLock>::print::DisplayBacktrace as core[df12db4294e9bfd3]::fmt::Display>::fmt
[INFO] [stdout]    1:     0x6247ecde141a - core[df12db4294e9bfd3]::fmt::write
[INFO] [stdout]    2:     0x6247ecdd047c - <alloc[2182bb758b4b3781]::vec::Vec<u8> as core[df12db4294e9bfd3]::io::write::Write>::write_fmt
[INFO] [stdout]    3:     0x6247ecda6496 - std[70759c8f55707aa4]::panicking::default_hook::{closure#0}
[INFO] [stdout]    4:     0x6247ecdc3089 - std[70759c8f55707aa4]::panicking::default_hook
[INFO] [stdout]    5:     0x6247ecce3cc0 - test[9d35eded1c95d3be]::test_main_inner::<test[9d35eded1c95d3be]::test_main_static::{closure#0}>::{closure#0}
[INFO] [stdout]    6:     0x6247ecdc33b2 - std[70759c8f55707aa4]::panicking::panic_with_hook
[INFO] [stdout]    7:     0x6247ecda6542 - std[70759c8f55707aa4]::panicking::panic_handler::{closure#0}
[INFO] [stdout]    8:     0x6247ecd9ea79 - std[70759c8f55707aa4]::sys::backtrace::__rust_end_short_backtrace::<std[70759c8f55707aa4]::panicking::panic_handler::{closure#0}, !>
[INFO] [stdout]    9:     0x6247ecda72cd - __rustc[8fa7c3cbc660c2b3]::rust_begin_unwind
[INFO] [stdout]   10:     0x6247ecde1b4c - core[df12db4294e9bfd3]::panicking::panic_fmt
[INFO] [stdout]   11:     0x6247ecde1922 - core[df12db4294e9bfd3]::result::unwrap_failed
[INFO] [stdout]   12:     0x6247eccd6628 - cyto_map[cfb3a561d408bceb]::mapper::crispr::tests::test_scan_protospacer_positions
[INFO] [stdout]   13:     0x6247eccbee49 - <cyto_map[cfb3a561d408bceb]::mapper::crispr::tests::test_scan_protospacer_positions::{closure#0} as core[df12db4294e9bfd3]::ops::function::FnOnce<()>>::call_once
[INFO] [stdout]   14:     0x6247eccd6fab - test[9d35eded1c95d3be]::__rust_begin_short_backtrace::<core[df12db4294e9bfd3]::result::Result<(), alloc[2182bb758b4b3781]::string::String>, fn() -> core[df12db4294e9bfd3]::result::Result<(), alloc[2182bb758b4b3781]::string::String>>
[INFO] [stdout]   15:     0x6247ecce4615 - test[9d35eded1c95d3be]::run_test::{closure#0}
[INFO] [stdout]   16:     0x6247eccdded4 - std[70759c8f55707aa4]::sys::backtrace::__rust_begin_short_backtrace::<test[9d35eded1c95d3be]::run_test::{closure#1}, ()>
[INFO] [stdout]   17:     0x6247ecce7772 - <std[70759c8f55707aa4]::thread::lifecycle::spawn_unchecked<test[9d35eded1c95d3be]::run_test::{closure#1}, ()>::{closure#1} as core[df12db4294e9bfd3]::ops::function::FnOnce<()>>::call_once::{shim:vtable#0}
[INFO] [stdout]   18:     0x6247ecdca589 - <std[70759c8f55707aa4]::sys::thread::unix::Thread>::new::thread_start
[INFO] [stdout]   19:     0x7dbfa651edfa - <unknown>
[INFO] [stdout]   20:     0x7dbfa65b23d4 - clone
[INFO] [stdout]   21:                0x0 - <unknown>
[INFO] [stdout] 
[INFO] [stdout] ---- mapper::gex::tests::test_scan_positions_finds_gex_probe stdout ----
[INFO] [stdout] 
[INFO] [stdout] thread 'mapper::gex::tests::test_scan_positions_finds_gex_probe' (1746) panicked at src/mapper/gex.rs:184:57:
[INFO] [stdout] called `Result::unwrap()` on an `Err` value: Failed to open file for reading: /opt/data/libraries/gex_probes.tsv
[INFO] [stdout] 
[INFO] [stdout] Caused by:
[INFO] [stdout]     No such file or directory (os error 2)
[INFO] [stdout] 
[INFO] [stdout] Stack backtrace:
[INFO] [stdout]    0: <core::io::error::Error as anyhow::context::ext::StdError>::ext_context::<alloc::string::String>
[INFO] [stdout]    1: cyto_io::utils::match_input_transparent::<&std::path::PathBuf>
[INFO] [stdout]    2: <cyto_map::mapper::gex::GexMapper<cyto_map::mapper::Unpositioned>>::from_file::<&std::path::PathBuf>
[INFO] [stdout]    3: cyto_map::mapper::gex::tests::test_scan_positions_finds_gex_probe
[INFO] [stdout]    4: <cyto_map::mapper::gex::tests::test_scan_positions_finds_gex_probe::{closure#0} as core::ops::function::FnOnce<()>>::call_once
[INFO] [stdout]    5: test::__rust_begin_short_backtrace::<core::result::Result<(), alloc::string::String>, fn() -> core::result::Result<(), alloc::string::String>>
[INFO] [stdout]    6: test::run_test::{closure#0}
[INFO] [stdout]    7: std::sys::backtrace::__rust_begin_short_backtrace::<test::run_test::{closure#1}, ()>
[INFO] [stdout]    8: <std::thread::lifecycle::spawn_unchecked<test::run_test::{closure#1}, ()>::{closure#1} as core::ops::function::FnOnce<()>>::call_once::{shim:vtable#0}
[INFO] [stdout]    9: <std::sys::thread::unix::Thread>::new::thread_start
[INFO] [stdout]   10: <unknown>
[INFO] [stdout]   11: clone
[INFO] [stdout] stack backtrace:
[INFO] [stdout]    0:     0x6247ecdcaeb1 - <<std[70759c8f55707aa4]::sys::backtrace::BacktraceLock>::print::DisplayBacktrace as core[df12db4294e9bfd3]::fmt::Display>::fmt
[INFO] [stdout]    1:     0x6247ecde141a - core[df12db4294e9bfd3]::fmt::write
[INFO] [stdout]    2:     0x6247ecdd047c - <alloc[2182bb758b4b3781]::vec::Vec<u8> as core[df12db4294e9bfd3]::io::write::Write>::write_fmt
[INFO] [stdout]    3:     0x6247ecda6496 - std[70759c8f55707aa4]::panicking::default_hook::{closure#0}
[INFO] [stdout]    4:     0x6247ecdc3089 - std[70759c8f55707aa4]::panicking::default_hook
[INFO] [stdout]    5:     0x6247ecce3cc0 - test[9d35eded1c95d3be]::test_main_inner::<test[9d35eded1c95d3be]::test_main_static::{closure#0}>::{closure#0}
[INFO] [stdout]    6:     0x6247ecdc33b2 - std[70759c8f55707aa4]::panicking::panic_with_hook
[INFO] [stdout]    7:     0x6247ecda6542 - std[70759c8f55707aa4]::panicking::panic_handler::{closure#0}
[INFO] [stdout]    8:     0x6247ecd9ea79 - std[70759c8f55707aa4]::sys::backtrace::__rust_end_short_backtrace::<std[70759c8f55707aa4]::panicking::panic_handler::{closure#0}, !>
[INFO] [stdout]    9:     0x6247ecda72cd - __rustc[8fa7c3cbc660c2b3]::rust_begin_unwind
[INFO] [stdout]   10:     0x6247ecde1b4c - core[df12db4294e9bfd3]::panicking::panic_fmt
[INFO] [stdout]   11:     0x6247ecde1922 - core[df12db4294e9bfd3]::result::unwrap_failed
[INFO] [stdout]   12:     0x6247eccb8f77 - cyto_map[cfb3a561d408bceb]::mapper::gex::tests::test_scan_positions_finds_gex_probe
[INFO] [stdout]   13:     0x6247eccbed89 - <cyto_map[cfb3a561d408bceb]::mapper::gex::tests::test_scan_positions_finds_gex_probe::{closure#0} as core[df12db4294e9bfd3]::ops::function::FnOnce<()>>::call_once
[INFO] [stdout]   14:     0x6247eccd6fab - test[9d35eded1c95d3be]::__rust_begin_short_backtrace::<core[df12db4294e9bfd3]::result::Result<(), alloc[2182bb758b4b3781]::string::String>, fn() -> core[df12db4294e9bfd3]::result::Result<(), alloc[2182bb758b4b3781]::string::String>>
[INFO] [stdout]   15:     0x6247ecce4615 - test[9d35eded1c95d3be]::run_test::{closure#0}
[INFO] [stdout]   16:     0x6247eccdded4 - std[70759c8f55707aa4]::sys::backtrace::__rust_begin_short_backtrace::<test[9d35eded1c95d3be]::run_test::{closure#1}, ()>
[INFO] [stdout]   17:     0x6247ecce7772 - <std[70759c8f55707aa4]::thread::lifecycle::spawn_unchecked<test[9d35eded1c95d3be]::run_test::{closure#1}, ()>::{closure#1} as core[df12db4294e9bfd3]::ops::function::FnOnce<()>>::call_once::{shim:vtable#0}
[INFO] [stdout]   18:     0x6247ecdca589 - <std[70759c8f55707aa4]::sys::thread::unix::Thread>::new::thread_start
[INFO] [stdout]   19:     0x7dbfa651edfa - <unknown>
[INFO] [stdout]   20:     0x7dbfa65b23d4 - clone
[INFO] [stdout]   21:                0x0 - <unknown>
[INFO] [stdout] 
[INFO] [stdout] ---- mapper::probe::tests::test_scan_positions_finds_probe stdout ----
[INFO] [stdout] 
[INFO] [stdout] thread 'mapper::probe::tests::test_scan_positions_finds_probe' (1748) panicked at src/mapper/probe.rs:243:67:
[INFO] [stdout] called `Result::unwrap()` on an `Err` value: Failed to open file for reading: /opt/data/metadata/probe-barcodes-fixed-rna-profiling.txt
[INFO] [stdout] 
[INFO] [stdout] Caused by:
[INFO] [stdout]     No such file or directory (os error 2)
[INFO] [stdout] 
[INFO] [stdout] Stack backtrace:
[INFO] [stdout]    0: <core::io::error::Error as anyhow::context::ext::StdError>::ext_context::<alloc::string::String>
[INFO] [stdout]    1: cyto_io::utils::match_input_transparent::<&std::path::PathBuf>
[INFO] [stdout]    2: <cyto_map::mapper::probe::ProbeMapper<cyto_map::mapper::Unpositioned>>::from_file::<&std::path::PathBuf>
[INFO] [stdout]    3: cyto_map::mapper::probe::tests::test_scan_positions_finds_probe
[INFO] [stdout]    4: <cyto_map::mapper::probe::tests::test_scan_positions_finds_probe::{closure#0} as core::ops::function::FnOnce<()>>::call_once
[INFO] [stdout]    5: test::__rust_begin_short_backtrace::<core::result::Result<(), alloc::string::String>, fn() -> core::result::Result<(), alloc::string::String>>
[INFO] [stdout]    6: test::run_test::{closure#0}
[INFO] [stdout]    7: std::sys::backtrace::__rust_begin_short_backtrace::<test::run_test::{closure#1}, ()>
[INFO] [stdout]    8: <std::thread::lifecycle::spawn_unchecked<test::run_test::{closure#1}, ()>::{closure#1} as core::ops::function::FnOnce<()>>::call_once::{shim:vtable#0}
[INFO] [stdout]    9: <std::sys::thread::unix::Thread>::new::thread_start
[INFO] [stdout]   10: <unknown>
[INFO] [stdout]   11: clone
[INFO] [stdout] stack backtrace:
[INFO] [stdout]    0:     0x6247ecdcaeb1 - <<std[70759c8f55707aa4]::sys::backtrace::BacktraceLock>::print::DisplayBacktrace as core[df12db4294e9bfd3]::fmt::Display>::fmt
[INFO] [stdout]    1:     0x6247ecde141a - core[df12db4294e9bfd3]::fmt::write
[INFO] [stdout]    2:     0x6247ecdd047c - <alloc[2182bb758b4b3781]::vec::Vec<u8> as core[df12db4294e9bfd3]::io::write::Write>::write_fmt
[INFO] [stdout]    3:     0x6247ecda6496 - std[70759c8f55707aa4]::panicking::default_hook::{closure#0}
[INFO] [stdout]    4:     0x6247ecdc3089 - std[70759c8f55707aa4]::panicking::default_hook
[INFO] [stdout]    5:     0x6247ecce3cc0 - test[9d35eded1c95d3be]::test_main_inner::<test[9d35eded1c95d3be]::test_main_static::{closure#0}>::{closure#0}
[INFO] [stdout]    6:     0x6247ecdc33b2 - std[70759c8f55707aa4]::panicking::panic_with_hook
[INFO] [stdout]    7:     0x6247ecda6542 - std[70759c8f55707aa4]::panicking::panic_handler::{closure#0}
[INFO] [stdout]    8:     0x6247ecd9ea79 - std[70759c8f55707aa4]::sys::backtrace::__rust_end_short_backtrace::<std[70759c8f55707aa4]::panicking::panic_handler::{closure#0}, !>
[INFO] [stdout]    9:     0x6247ecda72cd - __rustc[8fa7c3cbc660c2b3]::rust_begin_unwind
[INFO] [stdout]   10:     0x6247ecde1b4c - core[df12db4294e9bfd3]::panicking::panic_fmt
[INFO] [stdout]   11:     0x6247ecde1922 - core[df12db4294e9bfd3]::result::unwrap_failed
[INFO] [stdout]   12:     0x6247eccd49f7 - cyto_map[cfb3a561d408bceb]::mapper::probe::tests::test_scan_positions_finds_probe
[INFO] [stdout]   13:     0x6247eccbedc9 - <cyto_map[cfb3a561d408bceb]::mapper::probe::tests::test_scan_positions_finds_probe::{closure#0} as core[df12db4294e9bfd3]::ops::function::FnOnce<()>>::call_once
[INFO] [stdout]   14:     0x6247eccd6fab - test[9d35eded1c95d3be]::__rust_begin_short_backtrace::<core[df12db4294e9bfd3]::result::Result<(), alloc[2182bb758b4b3781]::string::String>, fn() -> core[df12db4294e9bfd3]::result::Result<(), alloc[2182bb758b4b3781]::string::String>>
[INFO] [stdout]   15:     0x6247ecce4615 - test[9d35eded1c95d3be]::run_test::{closure#0}
[INFO] [stdout]   16:     0x6247eccdded4 - std[70759c8f55707aa4]::sys::backtrace::__rust_begin_short_backtrace::<test[9d35eded1c95d3be]::run_test::{closure#1}, ()>
[INFO] [stdout]   17:     0x6247ecce7772 - <std[70759c8f55707aa4]::thread::lifecycle::spawn_unchecked<test[9d35eded1c95d3be]::run_test::{closure#1}, ()>::{closure#1} as core[df12db4294e9bfd3]::ops::function::FnOnce<()>>::call_once::{shim:vtable#0}
[INFO] [stdout]   18:     0x6247ecdca589 - <std[70759c8f55707aa4]::sys::thread::unix::Thread>::new::thread_start
[INFO] [stdout]   19:     0x7dbfa651edfa - <unknown>
[INFO] [stdout]   20:     0x7dbfa65b23d4 - clone
[INFO] [stdout]   21:                0x0 - <unknown>
[INFO] [stdout] 
[INFO] [stdout] ---- mapper::crispr::tests::test_scan_no_match_on_random_seq stdout ----
[INFO] [stdout] 
[INFO] [stdout] thread 'mapper::crispr::tests::test_scan_no_match_on_random_seq' (1744) panicked at src/mapper/crispr.rs:285:70:
[INFO] [stdout] called `Result::unwrap()` on an `Err` value: Failed to open file for reading: /opt/data/libraries/crispr_guides.tsv
[INFO] [stdout] 
[INFO] [stdout] Caused by:
[INFO] [stdout]     No such file or directory (os error 2)
[INFO] [stdout] 
[INFO] [stdout] Stack backtrace:
[INFO] [stdout]    0: <core::io::error::Error as anyhow::context::ext::StdError>::ext_context::<alloc::string::String>
[INFO] [stdout]    1: cyto_io::utils::match_input_transparent::<&std::path::PathBuf>
[INFO] [stdout]    2: <cyto_map::mapper::crispr::CrisprMapper<cyto_map::mapper::Unpositioned>>::from_file::<&std::path::PathBuf>
[INFO] [stdout]    3: cyto_map::mapper::crispr::tests::test_scan_no_match_on_random_seq
[INFO] [stdout]    4: <cyto_map::mapper::crispr::tests::test_scan_no_match_on_random_seq::{closure#0} as core::ops::function::FnOnce<()>>::call_once
[INFO] [stdout]    5: test::__rust_begin_short_backtrace::<core::result::Result<(), alloc::string::String>, fn() -> core::result::Result<(), alloc::string::String>>
[INFO] [stdout]    6: test::run_test::{closure#0}
[INFO] [stdout]    7: std::sys::backtrace::__rust_begin_short_backtrace::<test::run_test::{closure#1}, ()>
[INFO] [stdout]    8: <std::thread::lifecycle::spawn_unchecked<test::run_test::{closure#1}, ()>::{closure#1} as core::ops::function::FnOnce<()>>::call_once::{shim:vtable#0}
[INFO] [stdout]    9: <std::sys::thread::unix::Thread>::new::thread_start
[INFO] [stdout]   10: <unknown>
[INFO] [stdout]   11: clone
[INFO] [stdout] stack backtrace:
[INFO] [stdout]    0:     0x6247ecdcaeb1 - <<std[70759c8f55707aa4]::sys::backtrace::BacktraceLock>::print::DisplayBacktrace as core[df12db4294e9bfd3]::fmt::Display>::fmt
[INFO] [stdout]    1:     0x6247ecde141a - core[df12db4294e9bfd3]::fmt::write
[INFO] [stdout]    2:     0x6247ecdd047c - <alloc[2182bb758b4b3781]::vec::Vec<u8> as core[df12db4294e9bfd3]::io::write::Write>::write_fmt
[INFO] [stdout]    3:     0x6247ecda6496 - std[70759c8f55707aa4]::panicking::default_hook::{closure#0}
[INFO] [stdout]    4:     0x6247ecdc3089 - std[70759c8f55707aa4]::panicking::default_hook
[INFO] [stdout]    5:     0x6247ecce3cc0 - test[9d35eded1c95d3be]::test_main_inner::<test[9d35eded1c95d3be]::test_main_static::{closure#0}>::{closure#0}
[INFO] [stdout]    6:     0x6247ecdc33b2 - std[70759c8f55707aa4]::panicking::panic_with_hook
[INFO] [stdout]    7:     0x6247ecda6542 - std[70759c8f55707aa4]::panicking::panic_handler::{closure#0}
[INFO] [stdout]    8:     0x6247ecd9ea79 - std[70759c8f55707aa4]::sys::backtrace::__rust_end_short_backtrace::<std[70759c8f55707aa4]::panicking::panic_handler::{closure#0}, !>
[INFO] [stdout]    9:     0x6247ecda72cd - __rustc[8fa7c3cbc660c2b3]::rust_begin_unwind
[INFO] [stdout]   10:     0x6247ecde1b4c - core[df12db4294e9bfd3]::panicking::panic_fmt
[INFO] [stdout]   11:     0x6247ecde1922 - core[df12db4294e9bfd3]::result::unwrap_failed
[INFO] [stdout]   12:     0x6247eccd6a70 - cyto_map[cfb3a561d408bceb]::mapper::crispr::tests::test_scan_no_match_on_random_seq
[INFO] [stdout]   13:     0x6247eccbee69 - <cyto_map[cfb3a561d408bceb]::mapper::crispr::tests::test_scan_no_match_on_random_seq::{closure#0} as core[df12db4294e9bfd3]::ops::function::FnOnce<()>>::call_once
[INFO] [stdout]   14:     0x6247eccd6fab - test[9d35eded1c95d3be]::__rust_begin_short_backtrace::<core[df12db4294e9bfd3]::result::Result<(), alloc[2182bb758b4b3781]::string::String>, fn() -> core[df12db4294e9bfd3]::result::Result<(), alloc[2182bb758b4b3781]::string::String>>
[INFO] [stdout]   15:     0x6247ecce4615 - test[9d35eded1c95d3be]::run_test::{closure#0}
[INFO] [stdout]   16:     0x6247eccdded4 - std[70759c8f55707aa4]::sys::backtrace::__rust_begin_short_backtrace::<test[9d35eded1c95d3be]::run_test::{closure#1}, ()>
[INFO] [stdout]   17:     0x6247ecce7772 - <std[70759c8f55707aa4]::thread::lifecycle::spawn_unchecked<test[9d35eded1c95d3be]::run_test::{closure#1}, ()>::{closure#1} as core[df12db4294e9bfd3]::ops::function::FnOnce<()>>::call_once::{shim:vtable#0}
[INFO] [stdout]   18:     0x6247ecdca589 - <std[70759c8f55707aa4]::sys::thread::unix::Thread>::new::thread_start
[INFO] [stdout]   19:     0x7dbfa651edfa - <unknown>
[INFO] [stdout]   20:     0x7dbfa65b23d4 - clone
[INFO] [stdout]   21:                0x0 - <unknown>
[INFO] [stdout] 
[INFO] [stdout] ---- mapper::crispr::tests::test_scan_anchor_positions stdout ----
[INFO] [stdout] 
[INFO] [stdout] thread 'mapper::crispr::tests::test_scan_anchor_positions' (1743) panicked at src/mapper/crispr.rs:226:70:
[INFO] [stdout] called `Result::unwrap()` on an `Err` value: Failed to open file for reading: /opt/data/libraries/crispr_guides.tsv
[INFO] [stdout] 
[INFO] [stdout] Caused by:
[INFO] [stdout]     No such file or directory (os error 2)
[INFO] [stdout] 
[INFO] [stdout] Stack backtrace:
[INFO] [stdout]    0: <core::io::error::Error as anyhow::context::ext::StdError>::ext_context::<alloc::string::String>
[INFO] [stdout]    1: cyto_io::utils::match_input_transparent::<&std::path::PathBuf>
[INFO] [stdout]    2: <cyto_map::mapper::crispr::CrisprMapper<cyto_map::mapper::Unpositioned>>::from_file::<&std::path::PathBuf>
[INFO] [stdout]    3: cyto_map::mapper::crispr::tests::test_scan_anchor_positions
[INFO] [stdout]    4: <cyto_map::mapper::crispr::tests::test_scan_anchor_positions::{closure#0} as core::ops::function::FnOnce<()>>::call_once
[INFO] [stdout]    5: test::__rust_begin_short_backtrace::<core::result::Result<(), alloc::string::String>, fn() -> core::result::Result<(), alloc::string::String>>
[INFO] [stdout]    6: test::run_test::{closure#0}
[INFO] [stdout]    7: std::sys::backtrace::__rust_begin_short_backtrace::<test::run_test::{closure#1}, ()>
[INFO] [stdout]    8: <std::thread::lifecycle::spawn_unchecked<test::run_test::{closure#1}, ()>::{closure#1} as core::ops::function::FnOnce<()>>::call_once::{shim:vtable#0}
[INFO] [stdout]    9: <std::sys::thread::unix::Thread>::new::thread_start
[INFO] [stdout]   10: <unknown>
[INFO] [stdout]   11: clone
[INFO] [stdout] stack backtrace:
[INFO] [stdout]    0:     0x6247ecdcaeb1 - <<std[70759c8f55707aa4]::sys::backtrace::BacktraceLock>::print::DisplayBacktrace as core[df12db4294e9bfd3]::fmt::Display>::fmt
[INFO] [stdout]    1:     0x6247ecde141a - core[df12db4294e9bfd3]::fmt::write
[INFO] [stdout]    2:     0x6247ecdd047c - <alloc[2182bb758b4b3781]::vec::Vec<u8> as core[df12db4294e9bfd3]::io::write::Write>::write_fmt
[INFO] [stdout]    3:     0x6247ecda6496 - std[70759c8f55707aa4]::panicking::default_hook::{closure#0}
[INFO] [stdout]    4:     0x6247ecdc3089 - std[70759c8f55707aa4]::panicking::default_hook
[INFO] [stdout]    5:     0x6247ecce3cc0 - test[9d35eded1c95d3be]::test_main_inner::<test[9d35eded1c95d3be]::test_main_static::{closure#0}>::{closure#0}
[INFO] [stdout]    6:     0x6247ecdc33b2 - std[70759c8f55707aa4]::panicking::panic_with_hook
[INFO] [stdout]    7:     0x6247ecda6542 - std[70759c8f55707aa4]::panicking::panic_handler::{closure#0}
[INFO] [stdout]    8:     0x6247ecd9ea79 - std[70759c8f55707aa4]::sys::backtrace::__rust_end_short_backtrace::<std[70759c8f55707aa4]::panicking::panic_handler::{closure#0}, !>
[INFO] [stdout]    9:     0x6247ecda72cd - __rustc[8fa7c3cbc660c2b3]::rust_begin_unwind
[INFO] [stdout]   10:     0x6247ecde1b4c - core[df12db4294e9bfd3]::panicking::panic_fmt
[INFO] [stdout]   11:     0x6247ecde1922 - core[df12db4294e9bfd3]::result::unwrap_failed
[INFO] [stdout]   12:     0x6247eccd5ef5 - cyto_map[cfb3a561d408bceb]::mapper::crispr::tests::test_scan_anchor_positions
[INFO] [stdout]   13:     0x6247eccbee29 - <cyto_map[cfb3a561d408bceb]::mapper::crispr::tests::test_scan_anchor_positions::{closure#0} as core[df12db4294e9bfd3]::ops::function::FnOnce<()>>::call_once
[INFO] [stdout]   14:     0x6247eccd6fab - test[9d35eded1c95d3be]::__rust_begin_short_backtrace::<core[df12db4294e9bfd3]::result::Result<(), alloc[2182bb758b4b3781]::string::String>, fn() -> core[df12db4294e9bfd3]::result::Result<(), alloc[2182bb758b4b3781]::string::String>>
[INFO] [stdout]   15:     0x6247ecce4615 - test[9d35eded1c95d3be]::run_test::{closure#0}
[INFO] [stdout]   16:     0x6247eccdded4 - std[70759c8f55707aa4]::sys::backtrace::__rust_begin_short_backtrace::<test[9d35eded1c95d3be]::run_test::{closure#1}, ()>
[INFO] [stdout]   17:     0x6247ecce7772 - <std[70759c8f55707aa4]::thread::lifecycle::spawn_unchecked<test[9d35eded1c95d3be]::run_test::{closure#1}, ()>::{closure#1} as core[df12db4294e9bfd3]::ops::function::FnOnce<()>>::call_once::{shim:vtable#0}
[INFO] [stdout]   18:     0x6247ecdca589 - <std[70759c8f55707aa4]::sys::thread::unix::Thread>::new::thread_start
[INFO] [stdout]   19:     0x7dbfa651edfa - <unknown>
[INFO] [stdout]   20:     0x7dbfa65b23d4 - clone
[INFO] [stdout]   21:                0x0 - <unknown>
[INFO] [stdout] 
[INFO] [stdout] ---- mapper::whitelist::tests::test_scan_positions_no_match_on_random_seq stdout ----
[INFO] [stdout] 
[INFO] [stdout] thread 'mapper::whitelist::tests::test_scan_positions_no_match_on_random_seq' (1751) panicked at src/mapper/whitelist.rs:198:78:
[INFO] [stdout] called `Result::unwrap()` on an `Err` value: Failed to open file for reading: /opt/data/metadata/737K-fixed-rna-profiling.txt.gz
[INFO] [stdout] 
[INFO] [stdout] Caused by:
[INFO] [stdout]     No such file or directory (os error 2)
[INFO] [stdout] 
[INFO] [stdout] Stack backtrace:
[INFO] [stdout]    0: <core::io::error::Error as anyhow::context::ext::StdError>::ext_context::<alloc::string::String>
[INFO] [stdout]    1: cyto_io::utils::match_input_transparent::<&std::path::PathBuf>
[INFO] [stdout]    2: <cyto_map::mapper::whitelist::WhitelistMapper<cyto_map::mapper::Unpositioned>>::from_file::<&std::path::PathBuf>
[INFO] [stdout]    3: <cyto_map::mapper::whitelist::tests::test_scan_positions_no_match_on_random_seq::{closure#0} as core::ops::function::FnOnce<()>>::call_once
[INFO] [stdout]    4: test::__rust_begin_short_backtrace::<core::result::Result<(), alloc::string::String>, fn() -> core::result::Result<(), alloc::string::String>>
[INFO] [stdout]    5: test::run_test::{closure#0}
[INFO] [stdout]    6: std::sys::backtrace::__rust_begin_short_backtrace::<test::run_test::{closure#1}, ()>
[INFO] [stdout]    7: <std::thread::lifecycle::spawn_unchecked<test::run_test::{closure#1}, ()>::{closure#1} as core::ops::function::FnOnce<()>>::call_once::{shim:vtable#0}
[INFO] [stdout]    8: <std::sys::thread::unix::Thread>::new::thread_start
[INFO] [stdout]    9: <unknown>
[INFO] [stdout]   10: clone
[INFO] [stdout] stack backtrace:
[INFO] [stdout]    0:     0x6247ecdcaeb1 - <<std[70759c8f55707aa4]::sys::backtrace::BacktraceLock>::print::DisplayBacktrace as core[df12db4294e9bfd3]::fmt::Display>::fmt
[INFO] [stdout]    1:     0x6247ecde141a - core[df12db4294e9bfd3]::fmt::write
[INFO] [stdout]    2:     0x6247ecdd047c - <alloc[2182bb758b4b3781]::vec::Vec<u8> as core[df12db4294e9bfd3]::io::write::Write>::write_fmt
[INFO] [stdout]    3:     0x6247ecda6496 - std[70759c8f55707aa4]::panicking::default_hook::{closure#0}
[INFO] [stdout]    4:     0x6247ecdc3089 - std[70759c8f55707aa4]::panicking::default_hook
[INFO] [stdout]    5:     0x6247ecce3cc0 - test[9d35eded1c95d3be]::test_main_inner::<test[9d35eded1c95d3be]::test_main_static::{closure#0}>::{closure#0}
[INFO] [stdout]    6:     0x6247ecdc33b2 - std[70759c8f55707aa4]::panicking::panic_with_hook
[INFO] [stdout]    7:     0x6247ecda6542 - std[70759c8f55707aa4]::panicking::panic_handler::{closure#0}
[INFO] [stdout]    8:     0x6247ecd9ea79 - std[70759c8f55707aa4]::sys::backtrace::__rust_end_short_backtrace::<std[70759c8f55707aa4]::panicking::panic_handler::{closure#0}, !>
[INFO] [stdout]    9:     0x6247ecda72cd - __rustc[8fa7c3cbc660c2b3]::rust_begin_unwind
[INFO] [stdout]   10:     0x6247ecde1b4c - core[df12db4294e9bfd3]::panicking::panic_fmt
[INFO] [stdout]   11:     0x6247ecde1922 - core[df12db4294e9bfd3]::result::unwrap_failed
[INFO] [stdout]   12:     0x6247eccbf7f0 - <cyto_map[cfb3a561d408bceb]::mapper::whitelist::tests::test_scan_positions_no_match_on_random_seq::{closure#0} as core[df12db4294e9bfd3]::ops::function::FnOnce<()>>::call_once
[INFO] [stdout]   13:     0x6247eccd6fab - test[9d35eded1c95d3be]::__rust_begin_short_backtrace::<core[df12db4294e9bfd3]::result::Result<(), alloc[2182bb758b4b3781]::string::String>, fn() -> core[df12db4294e9bfd3]::result::Result<(), alloc[2182bb758b4b3781]::string::String>>
[INFO] [stdout]   14:     0x6247ecce4615 - test[9d35eded1c95d3be]::run_test::{closure#0}
[INFO] [stdout]   15:     0x6247eccdded4 - std[70759c8f55707aa4]::sys::backtrace::__rust_begin_short_backtrace::<test[9d35eded1c95d3be]::run_test::{closure#1}, ()>
[INFO] [stdout]   16:     0x6247ecce7772 - <std[70759c8f55707aa4]::thread::lifecycle::spawn_unchecked<test[9d35eded1c95d3be]::run_test::{closure#1}, ()>::{closure#1} as core[df12db4294e9bfd3]::ops::function::FnOnce<()>>::call_once::{shim:vtable#0}
[INFO] [stdout]   17:     0x6247ecdca589 - <std[70759c8f55707aa4]::sys::thread::unix::Thread>::new::thread_start
[INFO] [stdout]   18:     0x7dbfa651edfa - <unknown>
[INFO] [stdout]   19:     0x7dbfa65b23d4 - clone
[INFO] [stdout]   20:                0x0 - <unknown>
[INFO] [stdout] 
[INFO] [stdout] ---- mapper::probe::tests::test_scan_positions_no_match_on_random_seq stdout ----
[INFO] [stdout] 
[INFO] [stdout] thread 'mapper::probe::tests::test_scan_positions_no_match_on_random_seq' (1749) panicked at src/mapper/probe.rs:274:67:
[INFO] [stdout] called `Result::unwrap()` on an `Err` value: Failed to open file for reading: /opt/data/metadata/probe-barcodes-fixed-rna-profiling.txt
[INFO] [stdout] 
[INFO] [stdout] Caused by:
[INFO] [stdout]     No such file or directory (os error 2)
[INFO] [stdout] 
[INFO] [stdout] Stack backtrace:
[INFO] [stdout]    0: <core::io::error::Error as anyhow::context::ext::StdError>::ext_context::<alloc::string::String>
[INFO] [stdout]    1: cyto_io::utils::match_input_transparent::<&std::path::PathBuf>
[INFO] [stdout]    2: <cyto_map::mapper::probe::ProbeMapper<cyto_map::mapper::Unpositioned>>::from_file::<&std::path::PathBuf>
[INFO] [stdout]    3: cyto_map::mapper::probe::tests::test_scan_positions_no_match_on_random_seq
[INFO] [stdout]    4: <cyto_map::mapper::probe::tests::test_scan_positions_no_match_on_random_seq::{closure#0} as core::ops::function::FnOnce<()>>::call_once
[INFO] [stdout]    5: test::__rust_begin_short_backtrace::<core::result::Result<(), alloc::string::String>, fn() -> core::result::Result<(), alloc::string::String>>
[INFO] [stdout]    6: test::run_test::{closure#0}
[INFO] [stdout]    7: std::sys::backtrace::__rust_begin_short_backtrace::<test::run_test::{closure#1}, ()>
[INFO] [stdout]    8: <std::thread::lifecycle::spawn_unchecked<test::run_test::{closure#1}, ()>::{closure#1} as core::ops::function::FnOnce<()>>::call_once::{shim:vtable#0}
[INFO] [stdout]    9: <std::sys::thread::unix::Thread>::new::thread_start
[INFO] [stdout]   10: <unknown>
[INFO] [stdout]   11: clone
[INFO] [stdout] stack backtrace:
[INFO] [stdout]    0:     0x6247ecdcaeb1 - <<std[70759c8f55707aa4]::sys::backtrace::BacktraceLock>::print::DisplayBacktrace as core[df12db4294e9bfd3]::fmt::Display>::fmt
[INFO] [stdout]    1:     0x6247ecde141a - core[df12db4294e9bfd3]::fmt::write
[INFO] [stdout]    2:     0x6247ecdd047c - <alloc[2182bb758b4b3781]::vec::Vec<u8> as core[df12db4294e9bfd3]::io::write::Write>::write_fmt
[INFO] [stdout]    3:     0x6247ecda6496 - std[70759c8f55707aa4]::panicking::default_hook::{closure#0}
[INFO] [stdout]    4:     0x6247ecdc3089 - std[70759c8f55707aa4]::panicking::default_hook
[INFO] [stdout]    5:     0x6247ecce3cc0 - test[9d35eded1c95d3be]::test_main_inner::<test[9d35eded1c95d3be]::test_main_static::{closure#0}>::{closure#0}
[INFO] [stdout]    6:     0x6247ecdc33b2 - std[70759c8f55707aa4]::panicking::panic_with_hook
[INFO] [stdout]    7:     0x6247ecda6542 - std[70759c8f55707aa4]::panicking::panic_handler::{closure#0}
[INFO] [stdout]    8:     0x6247ecd9ea79 - std[70759c8f55707aa4]::sys::backtrace::__rust_end_short_backtrace::<std[70759c8f55707aa4]::panicking::panic_handler::{closure#0}, !>
[INFO] [stdout]    9:     0x6247ecda72cd - __rustc[8fa7c3cbc660c2b3]::rust_begin_unwind
[INFO] [stdout]   10:     0x6247ecde1b4c - core[df12db4294e9bfd3]::panicking::panic_fmt
[INFO] [stdout]   11:     0x6247ecde1922 - core[df12db4294e9bfd3]::result::unwrap_failed
[INFO] [stdout]   12:     0x6247eccd4d20 - cyto_map[cfb3a561d408bceb]::mapper::probe::tests::test_scan_positions_no_match_on_random_seq
[INFO] [stdout]   13:     0x6247eccbede9 - <cyto_map[cfb3a561d408bceb]::mapper::probe::tests::test_scan_positions_no_match_on_random_seq::{closure#0} as core[df12db4294e9bfd3]::ops::function::FnOnce<()>>::call_once
[INFO] [stdout]   14:     0x6247eccd6fab - test[9d35eded1c95d3be]::__rust_begin_short_backtrace::<core[df12db4294e9bfd3]::result::Result<(), alloc[2182bb758b4b3781]::string::String>, fn() -> core[df12db4294e9bfd3]::result::Result<(), alloc[2182bb758b4b3781]::string::String>>
[INFO] [stdout]   15:     0x6247ecce4615 - test[9d35eded1c95d3be]::run_test::{closure#0}
[INFO] [stdout]   16:     0x6247eccdded4 - std[70759c8f55707aa4]::sys::backtrace::__rust_begin_short_backtrace::<test[9d35eded1c95d3be]::run_test::{closure#1}, ()>
[INFO] [stdout]   17:     0x6247ecce7772 - <std[70759c8f55707aa4]::thread::lifecycle::spawn_unchecked<test[9d35eded1c95d3be]::run_test::{closure#1}, ()>::{closure#1} as core[df12db4294e9bfd3]::ops::function::FnOnce<()>>::call_once::{shim:vtable#0}
[INFO] [stdout]   18:     0x6247ecdca589 - <std[70759c8f55707aa4]::sys::thread::unix::Thread>::new::thread_start
[INFO] [stdout]   19:     0x7dbfa651edfa - <unknown>
[INFO] [stdout]   20:     0x7dbfa65b23d4 - clone
[INFO] [stdout]   21:                0x0 - <unknown>
[INFO] [stdout] 
[INFO] [stdout] ---- mapper::whitelist::tests::test_scan_positions_finds_barcode stdout ----
[INFO] [stdout] 
[INFO] [stdout] thread 'mapper::whitelist::tests::test_scan_positions_finds_barcode' (1750) panicked at src/mapper/whitelist.rs:168:78:
[INFO] [stdout] called `Result::unwrap()` on an `Err` value: Failed to open file for reading: /opt/data/metadata/737K-fixed-rna-profiling.txt.gz
[INFO] [stdout] 
[INFO] [stdout] Caused by:
[INFO] [stdout]     No such file or directory (os error 2)
[INFO] [stdout] 
[INFO] [stdout] Stack backtrace:
[INFO] [stdout]    0: <core::io::error::Error as anyhow::context::ext::StdError>::ext_context::<alloc::string::String>
[INFO] [stdout]    1: cyto_io::utils::match_input_transparent::<&std::path::PathBuf>
[INFO] [stdout]    2: <cyto_map::mapper::whitelist::WhitelistMapper<cyto_map::mapper::Unpositioned>>::from_file::<&std::path::PathBuf>
[INFO] [stdout]    3: <cyto_map::mapper::whitelist::tests::test_scan_positions_finds_barcode::{closure#0} as core::ops::function::FnOnce<()>>::call_once
[INFO] [stdout]    4: test::__rust_begin_short_backtrace::<core::result::Result<(), alloc::string::String>, fn() -> core::result::Result<(), alloc::string::String>>
[INFO] [stdout]    5: test::run_test::{closure#0}
[INFO] [stdout]    6: std::sys::backtrace::__rust_begin_short_backtrace::<test::run_test::{closure#1}, ()>
[INFO] [stdout]    7: <std::thread::lifecycle::spawn_unchecked<test::run_test::{closure#1}, ()>::{closure#1} as core::ops::function::FnOnce<()>>::call_once::{shim:vtable#0}
[INFO] [stdout]    8: <std::sys::thread::unix::Thread>::new::thread_start
[INFO] [stdout]    9: <unknown>
[INFO] [stdout]   10: clone
[INFO] [stdout] stack backtrace:
[INFO] [stdout]    0:     0x6247ecdcaeb1 - <<std[70759c8f55707aa4]::sys::backtrace::BacktraceLock>::print::DisplayBacktrace as core[df12db4294e9bfd3]::fmt::Display>::fmt
[INFO] [stdout]    1:     0x6247ecde141a - core[df12db4294e9bfd3]::fmt::write
[INFO] [stdout]    2:     0x6247ecdd047c - <alloc[2182bb758b4b3781]::vec::Vec<u8> as core[df12db4294e9bfd3]::io::write::Write>::write_fmt
[INFO] [stdout]    3:     0x6247ecda6496 - std[70759c8f55707aa4]::panicking::default_hook::{closure#0}
[INFO] [stdout]    4:     0x6247ecdc3089 - std[70759c8f55707aa4]::panicking::default_hook
[INFO] [stdout]    5:     0x6247ecce3cc0 - test[9d35eded1c95d3be]::test_main_inner::<test[9d35eded1c95d3be]::test_main_static::{closure#0}>::{closure#0}
[INFO] [stdout]    6:     0x6247ecdc33b2 - std[70759c8f55707aa4]::panicking::panic_with_hook
[INFO] [stdout]    7:     0x6247ecda6542 - std[70759c8f55707aa4]::panicking::panic_handler::{closure#0}
[INFO] [stdout]    8:     0x6247ecd9ea79 - std[70759c8f55707aa4]::sys::backtrace::__rust_end_short_backtrace::<std[70759c8f55707aa4]::panicking::panic_handler::{closure#0}, !>
[INFO] [stdout]    9:     0x6247ecda72cd - __rustc[8fa7c3cbc660c2b3]::rust_begin_unwind
[INFO] [stdout]   10:     0x6247ecde1b4c - core[df12db4294e9bfd3]::panicking::panic_fmt
[INFO] [stdout]   11:     0x6247ecde1922 - core[df12db4294e9bfd3]::result::unwrap_failed
[INFO] [stdout]   12:     0x6247eccbf43d - <cyto_map[cfb3a561d408bceb]::mapper::whitelist::tests::test_scan_positions_finds_barcode::{closure#0} as core[df12db4294e9bfd3]::ops::function::FnOnce<()>>::call_once
[INFO] [stdout]   13:     0x6247eccd6fab - test[9d35eded1c95d3be]::__rust_begin_short_backtrace::<core[df12db4294e9bfd3]::result::Result<(), alloc[2182bb758b4b3781]::string::String>, fn() -> core[df12db4294e9bfd3]::result::Result<(), alloc[2182bb758b4b3781]::string::String>>
[INFO] [stdout]   14:     0x6247ecce4615 - test[9d35eded1c95d3be]::run_test::{closure#0}
[INFO] [stdout]   15:     0x6247eccdded4 - std[70759c8f55707aa4]::sys::backtrace::__rust_begin_short_backtrace::<test[9d35eded1c95d3be]::run_test::{closure#1}, ()>
[INFO] [stdout]   16:     0x6247ecce7772 - <std[70759c8f55707aa4]::thread::lifecycle::spawn_unchecked<test[9d35eded1c95d3be]::run_test::{closure#1}, ()>::{closure#1} as core[df12db4294e9bfd3]::ops::function::FnOnce<()>>::call_once::{shim:vtable#0}
[INFO] [stdout]   17:     0x6247ecdca589 - <std[70759c8f55707aa4]::sys::thread::unix::Thread>::new::thread_start
[INFO] [stdout]   18:     0x7dbfa651edfa - <unknown>
[INFO] [stdout]   19:     0x7dbfa65b23d4 - clone
[INFO] [stdout]   20:                0x0 - <unknown>
[INFO] [stdout] 
[INFO] [stdout] 
[INFO] [stdout] failures:
[INFO] [stdout]     mapper::crispr::tests::test_scan_anchor_positions
[INFO] [stdout]     mapper::crispr::tests::test_scan_no_match_on_random_seq
[INFO] [stdout]     mapper::crispr::tests::test_scan_protospacer_positions
[INFO] [stdout]     mapper::gex::tests::test_scan_positions_finds_gex_probe
[INFO] [stdout]     mapper::gex::tests::test_scan_positions_no_match_on_random_seq
[INFO] [stdout]     mapper::probe::tests::test_scan_positions_finds_probe
[INFO] [stdout]     mapper::probe::tests::test_scan_positions_no_match_on_random_seq
[INFO] [stdout]     mapper::whitelist::tests::test_scan_positions_finds_barcode
[INFO] [stdout]     mapper::whitelist::tests::test_scan_positions_no_match_on_random_seq
[INFO] [stdout] 
[INFO] [stdout] test result: FAILED. 80 passed; 9 failed; 0 ignored; 0 measured; 0 filtered out; finished in 0.07s
[INFO] [stdout] 
[INFO] running `Command { std: "docker" "inspect" "5493bca1d52f71a2211b5bdd8eeae2e02b4cfdef5aee9e24a219ab026c65ed1f", kill_on_drop: false }`
[INFO] running `Command { std: "docker" "rm" "-f" "5493bca1d52f71a2211b5bdd8eeae2e02b4cfdef5aee9e24a219ab026c65ed1f", kill_on_drop: false }`
[INFO] [stdout] 5493bca1d52f71a2211b5bdd8eeae2e02b4cfdef5aee9e24a219ab026c65ed1f
