[INFO] fetching crate cypher-dto 0.3.1...
[INFO] testing cypher-dto-0.3.1 against 1.100.0-beta.1+cargoflags=--release for beta-release-1.100-2
[INFO] extracting crate cypher-dto 0.3.1 into /workspace/builds/worker-0-tc2/source
[INFO] started tweaking crates.io crate cypher-dto 0.3.1
[INFO] finished tweaking crates.io crate cypher-dto 0.3.1
[INFO] tweaked toml for crates.io crate cypher-dto 0.3.1 written to /workspace/builds/worker-0-tc2/source/Cargo.toml
[INFO] validating manifest of crates.io crate cypher-dto 0.3.1 on toolchain 1.100.0-beta.1
[INFO] running `Command { std: CARGO_HOME="/workspace/cargo-home" RUSTUP_HOME="/workspace/rustup-home" "/workspace/cargo-home/bin/cargo" "+1.100.0-beta.1" "metadata" "--manifest-path" "Cargo.toml" "--no-deps", kill_on_drop: false }`
[INFO] running `Command { std: CARGO_HOME="/workspace/cargo-home" RUSTUP_HOME="/workspace/rustup-home" "/workspace/cargo-home/bin/cargo" "+1.100.0-beta.1" "generate-lockfile" "--manifest-path" "Cargo.toml", kill_on_drop: false }`
[INFO] [stderr]     Updating crates.io index
[INFO] [stderr]      Locking 190 packages to highest compatible versions
[INFO] [stderr]       Adding bollard-stubs v1.42.0-rc.3 (available: v1.42.0-rc.8)
[INFO] [stderr]       Adding generic-array v0.14.7 (available: v0.14.9)
[INFO] [stderr]       Adding neo4rs v0.7.3 (available: v0.8.0)
[INFO] [stderr]       Adding testcontainers v0.15.0 (available: v0.28.0)
[INFO] [stderr]       Adding testcontainers-modules v0.3.7 (available: v0.15.0)
[INFO] [stderr]       Adding thiserror v1.0.69 (available: v2.0.21)
[INFO] running `Command { std: CARGO_HOME="/workspace/cargo-home" RUSTUP_HOME="/workspace/rustup-home" "/workspace/cargo-home/bin/cargo" "+1.100.0-beta.1" "fetch" "--manifest-path" "Cargo.toml", kill_on_drop: false }`
[INFO] running `Command { std: "docker" "create" "-v" "/var/lib/crater-agent-workspace/builds/worker-0-tc2/source:/opt/rustwide/workdir:ro,Z" "-v" "/var/lib/crater-agent-workspace/builds/worker-0-tc2/target:/opt/rustwide/target:rw,Z" "-v" "/var/lib/crater-agent-workspace/cargo-home:/opt/rustwide/cargo-home:ro,Z" "-v" "/var/lib/crater-agent-workspace/rustup-home:/opt/rustwide/rustup-home:ro,Z" "-m" "1610612736" "--network" "none" "ghcr.io/rust-lang/crates-build-env/linux@sha256:77db811e55d90add9212f6832c23229e3de5f1c1f9905e8cb07319ea15df73ac" "sleep" "infinity", kill_on_drop: false }`
[INFO] [stdout] 7d2c1e2e7400096b7b28ef31730310ae789c57e5bfeaf4270007af6f1f62456a
[INFO] running `Command { std: "docker" "start" "7d2c1e2e7400096b7b28ef31730310ae789c57e5bfeaf4270007af6f1f62456a", kill_on_drop: false }`
[INFO] running `Command { std: "docker" "inspect" "7d2c1e2e7400096b7b28ef31730310ae789c57e5bfeaf4270007af6f1f62456a", kill_on_drop: false }`
[INFO] running `Command { std: "docker" "exec" "-e" "SOURCE_DIR=/opt/rustwide/workdir" "-e" "CARGO_HOME=/opt/rustwide/cargo-home" "-e" "RUSTUP_HOME=/opt/rustwide/rustup-home" "-e" "CARGO_TARGET_DIR=/opt/rustwide/target" "-w" "/opt/rustwide/workdir" "--user" "0:0" "7d2c1e2e7400096b7b28ef31730310ae789c57e5bfeaf4270007af6f1f62456a" "/opt/rustwide/cargo-home/bin/cargo" "+1.100.0-beta.1" "metadata" "--no-deps" "--format-version=1", kill_on_drop: false }`
[INFO] running `Command { std: "docker" "inspect" "7d2c1e2e7400096b7b28ef31730310ae789c57e5bfeaf4270007af6f1f62456a", kill_on_drop: false }`
[INFO] running `Command { std: "docker" "exec" "-e" "SOURCE_DIR=/opt/rustwide/workdir" "-e" "CARGO_HOME=/opt/rustwide/cargo-home" "-e" "RUSTUP_HOME=/opt/rustwide/rustup-home" "-e" "CARGO_TARGET_DIR=/opt/rustwide/target" "-e" "CARGO_INCREMENTAL=0" "-e" "RUST_BACKTRACE=full" "-e" "RUSTFLAGS=--cap-lints=warn" "-e" "RUSTDOCFLAGS=--cap-lints=warn" "-w" "/opt/rustwide/workdir" "--user" "0:0" "7d2c1e2e7400096b7b28ef31730310ae789c57e5bfeaf4270007af6f1f62456a" "/opt/rustwide/cargo-home/bin/cargo" "+1.100.0-beta.1" "build" "--frozen" "--message-format=json" "--release", kill_on_drop: false }`
[INFO] [stderr]    Compiling serde v1.0.229
[INFO] [stderr]    Compiling siphasher v1.0.4
[INFO] [stderr]    Compiling zeroize v1.9.1
[INFO] [stderr]    Compiling rand_core v0.6.4
[INFO] [stderr]    Compiling regex-syntax v0.8.11
[INFO] [stderr]    Compiling ring v0.17.14
[INFO] [stderr]    Compiling num-traits v0.2.19
[INFO] [stderr]    Compiling syn v2.0.119
[INFO] [stderr]    Compiling futures-sink v0.3.34
[INFO] [stderr]    Compiling errno v0.3.14
[INFO] [stderr]    Compiling getrandom v0.2.17
[INFO] [stderr]    Compiling futures-core v0.3.34
[INFO] [stderr]    Compiling syn v1.0.109
[INFO] [stderr]    Compiling rustls v0.23.46
[INFO] [stderr]    Compiling percent-encoding v2.3.2
[INFO] [stderr]    Compiling convert_case v0.6.0
[INFO] [stderr]    Compiling rustls-pki-types v1.15.1
[INFO] [stderr]    Compiling signal-hook-registry v1.4.8
[INFO] [stderr]    Compiling phf_shared v0.11.3
[INFO] [stderr]    Compiling form_urlencoded v1.2.2
[INFO] [stderr]    Compiling rand v0.8.8
[INFO] [stderr]    Compiling futures-channel v0.3.34
[INFO] [stderr]    Compiling url v2.5.8
[INFO] [stderr]    Compiling phf v0.11.3
[INFO] [stderr]    Compiling futures-util v0.3.34
[INFO] [stderr]    Compiling phf_generator v0.11.3
[INFO] [stderr]    Compiling phf_codegen v0.11.3
[INFO] [stderr]    Compiling bytes v1.12.1
[INFO] [stderr]    Compiling chrono v0.4.45
[INFO] [stderr]    Compiling webpki-roots v1.0.9
[INFO] [stderr]    Compiling rustls-pemfile v2.2.0
[INFO] [stderr]    Compiling webpki-roots v0.26.11
[INFO] [stderr]    Compiling rustls-native-certs v0.7.3
[INFO] [stderr]    Compiling regex-automata v0.4.18
[INFO] [stderr]    Compiling tokio v1.53.3
[INFO] [stderr]    Compiling regex v1.13.1
[INFO] [stderr]    Compiling delegate v0.10.0
[INFO] [stderr]    Compiling parse-zoneinfo v0.3.1
[INFO] [stderr]    Compiling futures-executor v0.3.34
[INFO] [stderr]    Compiling futures v0.3.34
[INFO] [stderr]    Compiling chrono-tz-build v0.2.1
[INFO] [stderr]    Compiling chrono-tz v0.8.6
[INFO] [stderr]    Compiling thiserror-impl v1.0.69
[INFO] [stderr]    Compiling neo4rs-macros v0.3.0
[INFO] [stderr]    Compiling cypher-dto-macros v0.3.1
[INFO] [stderr]    Compiling thiserror v1.0.69
[INFO] [stderr]    Compiling deadpool v0.9.5
[INFO] [stderr]    Compiling rustls-webpki v0.103.15
[INFO] [stderr]    Compiling tokio-rustls v0.26.6
[INFO] [stderr]    Compiling neo4rs v0.7.3
[INFO] [stderr]    Compiling cypher-dto v0.3.1 (/opt/rustwide/workdir)
[INFO] [stderr]     Finished `release` profile [optimized] target(s) in 51.76s
[INFO] running `Command { std: "docker" "inspect" "7d2c1e2e7400096b7b28ef31730310ae789c57e5bfeaf4270007af6f1f62456a", kill_on_drop: false }`
[INFO] running `Command { std: "docker" "exec" "-e" "SOURCE_DIR=/opt/rustwide/workdir" "-e" "CARGO_HOME=/opt/rustwide/cargo-home" "-e" "RUSTUP_HOME=/opt/rustwide/rustup-home" "-e" "CARGO_TARGET_DIR=/opt/rustwide/target" "-e" "CARGO_INCREMENTAL=0" "-e" "RUST_BACKTRACE=full" "-e" "RUSTFLAGS=--cap-lints=warn" "-e" "RUSTDOCFLAGS=--cap-lints=warn" "-w" "/opt/rustwide/workdir" "--user" "0:0" "7d2c1e2e7400096b7b28ef31730310ae789c57e5bfeaf4270007af6f1f62456a" "/opt/rustwide/cargo-home/bin/cargo" "+1.100.0-beta.1" "test" "--frozen" "--no-run" "--message-format=json" "--release", kill_on_drop: false }`
[INFO] [stderr]    Compiling syn v1.0.109
[INFO] [stderr]    Compiling serde v1.0.229
[INFO] [stderr]    Compiling log v0.4.34
[INFO] [stderr]    Compiling ring v0.17.14
[INFO] [stderr]    Compiling digest v0.10.7
[INFO] [stderr]    Compiling regex-syntax v0.8.11
[INFO] [stderr]    Compiling semver v1.0.28
[INFO] [stderr]    Compiling serde_json v1.0.154
[INFO] [stderr]    Compiling is-terminal v0.4.17
[INFO] [stderr]    Compiling termcolor v1.4.1
[INFO] [stderr]    Compiling humantime v2.4.0
[INFO] [stderr]    Compiling getrandom v0.4.3
[INFO] [stderr]    Compiling uuid v1.28.0
[INFO] [stderr]    Compiling lenient_semver_version_builder v0.4.2
[INFO] [stderr]    Compiling sha2 v0.10.9
[INFO] [stderr]    Compiling hmac v0.12.1
[INFO] [stderr]    Compiling lenient_semver_parser v0.4.2
[INFO] [stderr]    Compiling bytes v1.12.1
[INFO] [stderr]    Compiling chrono v0.4.45
[INFO] [stderr]    Compiling lenient_version v0.4.2
[INFO] [stderr]    Compiling lenient_semver v0.4.2
[INFO] [stderr]    Compiling regex-automata v0.4.18
[INFO] [stderr]    Compiling rustls-webpki v0.103.15
[INFO] [stderr]    Compiling tokio v1.53.3
[INFO] [stderr]    Compiling chrono-tz v0.8.6
[INFO] [stderr]    Compiling rustls v0.23.46
[INFO] [stderr]    Compiling darling_core v0.13.4
[INFO] [stderr]    Compiling delegate v0.10.0
[INFO] [stderr]    Compiling regex v1.13.1
[INFO] [stderr]    Compiling darling_macro v0.13.4
[INFO] [stderr]    Compiling darling v0.13.4
[INFO] [stderr]    Compiling serde_with_macros v1.5.2
[INFO] [stderr]    Compiling env_logger v0.10.2
[INFO] [stderr]    Compiling serde_with v1.14.0
[INFO] [stderr]    Compiling pretty_env_logger v0.5.0
[INFO] [stderr]    Compiling bollard-stubs v1.42.0-rc.3
[INFO] [stderr]    Compiling deadpool v0.9.5
[INFO] [stderr]    Compiling tokio-rustls v0.26.6
[INFO] [stderr]    Compiling neo4rs v0.7.3
[INFO] [stderr]    Compiling cypher-dto v0.3.1 (/opt/rustwide/workdir)
[INFO] [stderr]    Compiling testcontainers v0.15.0
[INFO] [stderr]    Compiling testcontainers-modules v0.3.7
[INFO] [stderr]     Finished `release` profile [optimized] target(s) in 1m 18s
[INFO] running `Command { std: "docker" "inspect" "7d2c1e2e7400096b7b28ef31730310ae789c57e5bfeaf4270007af6f1f62456a", kill_on_drop: false }`
[INFO] running `Command { std: "docker" "exec" "-e" "SOURCE_DIR=/opt/rustwide/workdir" "-e" "CARGO_HOME=/opt/rustwide/cargo-home" "-e" "RUSTUP_HOME=/opt/rustwide/rustup-home" "-e" "CARGO_TARGET_DIR=/opt/rustwide/target" "-e" "CARGO_INCREMENTAL=0" "-e" "RUST_BACKTRACE=full" "-e" "RUSTFLAGS=--cap-lints=warn" "-e" "RUSTDOCFLAGS=--cap-lints=warn" "-w" "/opt/rustwide/workdir" "--user" "0:0" "7d2c1e2e7400096b7b28ef31730310ae789c57e5bfeaf4270007af6f1f62456a" "/opt/rustwide/cargo-home/bin/cargo" "+1.100.0-beta.1" "test" "--frozen" "--release", kill_on_drop: false }`
[INFO] [stderr]     Finished `release` profile [optimized] target(s) in 0.31s
[INFO] [stderr]      Running unittests src/lib.rs (/opt/rustwide/target/release/build/cypher-dto/52dbb38a3886218f/out/cypher_dto-52dbb38a3886218f)
[INFO] [stdout] 
[INFO] [stdout] running 6 tests
[INFO] [stdout] test format::tests::params ... ok
[INFO] [stdout] test format::tests::fields ... ok
[INFO] [stdout] test entity::tests::as_obj ... ok
[INFO] [stdout] test entity::tests::params ... ok
[INFO] [stdout] test entity::tests::number_types ... ok
[INFO] [stdout] test format::tests::obj ... ok
[INFO] [stdout] 
[INFO] [stdout] test result: ok. 6 passed; 0 failed; 0 ignored; 0 measured; 0 filtered out; finished in 0.00s
[INFO] [stdout] 
[INFO] [stderr]      Running tests/basic_crud.rs (/opt/rustwide/target/release/build/cypher-dto/ce18b24fd5b7e861/out/basic_crud-ce18b24fd5b7e861)
[INFO] [stdout] 
[INFO] [stdout] running 1 test
[INFO] [stderr]  ERROR testcontainers::clients::cli > Failed to start container.
[INFO] [stderr] Container stdout: 
[INFO] [stderr] Container stderr: failed to connect to the docker API at unix:///var/run/docker.sock; check if the path is correct and if the daemon is running: dial unix /var/run/docker.sock: connect: no such file or directory
[INFO] [stderr] 
[INFO] [stderr] error: test failed, to rerun pass `--test basic_crud`
[INFO] [stdout] test basic_crud ... FAILED
[INFO] [stdout] 
[INFO] [stdout] failures:
[INFO] [stdout] 
[INFO] [stdout] ---- basic_crud stdout ----
[INFO] [stdout] 
[INFO] [stdout] thread 'basic_crud' (2108) panicked at /opt/rustwide/cargo-home/registry/src/index.crates.io-1949cf8c6b5b557f/testcontainers-0.15.0/src/clients/cli.rs:51:13:
[INFO] [stdout] Failed to start container, check log for details
[INFO] [stdout] stack backtrace:
[INFO] [stdout]    0:     0x612c358eab41 - <<std[617be2ca0a6fd877]::sys::backtrace::BacktraceLock>::print::DisplayBacktrace as core[a373ad73a504971]::fmt::Display>::fmt
[INFO] [stdout]    1:     0x612c35902a2a - core[a373ad73a504971]::fmt::write
[INFO] [stdout]    2:     0x612c358f0bfc - <alloc[2e1b2a31b91974c5]::vec::Vec<u8> as core[a373ad73a504971]::io::write::Write>::write_fmt
[INFO] [stdout]    3:     0x612c358c5a96 - std[617be2ca0a6fd877]::panicking::default_hook::{closure#0}
[INFO] [stdout]    4:     0x612c358e2ad9 - std[617be2ca0a6fd877]::panicking::default_hook
[INFO] [stdout]    5:     0x612c356ab730 - test[aada8e7e76ba119b]::test_main_inner::{closure#0}
[INFO] [stdout]    6:     0x612c358e2c92 - std[617be2ca0a6fd877]::panicking::panic_with_hook
[INFO] [stdout]    7:     0x612c358c5b74 - std[617be2ca0a6fd877]::panicking::panic_handler::{closure#0}
[INFO] [stdout]    8:     0x612c358be6d9 - std[617be2ca0a6fd877]::sys::backtrace::__rust_end_short_backtrace::<std[617be2ca0a6fd877]::panicking::panic_handler::{closure#0}, !>
[INFO] [stdout]    9:     0x612c358c693d - __rustc[ea4f61d10b84890b]::rust_begin_unwind
[INFO] [stdout]   10:     0x612c3590320c - core[a373ad73a504971]::panicking::panic_fmt
[INFO] [stdout]   11:     0x612c355af036 - <testcontainers[20c852e695345f35]::clients::cli::Cli>::run::<testcontainers_modules[69039268b4a36004]::neo4j::Neo4jImage, testcontainers_modules[69039268b4a36004]::neo4j::Neo4j>
[INFO] [stdout]   12:     0x612c355c43e3 - <basic_crud[351b9793cea8e51a]::common::container::Neo4jContainer>::create_testcontainer
[INFO] [stdout]   13:     0x612c35592024 - basic_crud[351b9793cea8e51a]::basic_crud::{closure#0}
[INFO] [stdout]   14:     0x612c355c61b3 - <tokio[76848130efeec9da]::runtime::scheduler::current_thread::Context>::enter::<core[a373ad73a504971]::task::poll::Poll<()>, <tokio[76848130efeec9da]::runtime::scheduler::current_thread::CoreGuard>::block_on<core[a373ad73a504971]::pin::Pin<&mut core[a373ad73a504971]::pin::Pin<&mut dyn core[a373ad73a504971]::future::future::Future<Output = ()>>>>::{closure#0}::{closure#0}>
[INFO] [stdout]   15:     0x612c355af2ac - <tokio[76848130efeec9da]::runtime::context::scoped::Scoped<tokio[76848130efeec9da]::runtime::scheduler::Context>>::set::<<tokio[76848130efeec9da]::runtime::scheduler::current_thread::CoreGuard>::enter<<tokio[76848130efeec9da]::runtime::scheduler::current_thread::CoreGuard>::block_on<core[a373ad73a504971]::pin::Pin<&mut core[a373ad73a504971]::pin::Pin<&mut dyn core[a373ad73a504971]::future::future::Future<Output = ()>>>>::{closure#0}, core[a373ad73a504971]::option::Option<()>>::{closure#0}, (alloc[2e1b2a31b91974c5]::boxed::Box<tokio[76848130efeec9da]::runtime::scheduler::current_thread::Core>, core[a373ad73a504971]::option::Option<()>)>
[INFO] [stdout]   16:     0x612c355c6357 - <tokio[76848130efeec9da]::runtime::scheduler::current_thread::CoreGuard>::block_on::<core[a373ad73a504971]::pin::Pin<&mut core[a373ad73a504971]::pin::Pin<&mut dyn core[a373ad73a504971]::future::future::Future<Output = ()>>>>
[INFO] [stdout]   17:     0x612c355ad0fd - tokio[76848130efeec9da]::runtime::context::runtime::enter_runtime::<<tokio[76848130efeec9da]::runtime::scheduler::current_thread::CurrentThread>::block_on<core[a373ad73a504971]::pin::Pin<&mut dyn core[a373ad73a504971]::future::future::Future<Output = ()>>>::{closure#0}, ()>
[INFO] [stdout]   18:     0x612c355c5fc5 - <tokio[76848130efeec9da]::runtime::runtime::Runtime>::block_on::<core[a373ad73a504971]::pin::Pin<&mut dyn core[a373ad73a504971]::future::future::Future<Output = ()>>>
[INFO] [stdout]   19:     0x612c3559ce6c - <basic_crud[351b9793cea8e51a]::basic_crud::{closure#0} as core[a373ad73a504971]::ops::function::FnOnce<()>>::call_once
[INFO] [stdout]   20:     0x612c3569eb7b - test[aada8e7e76ba119b]::__rust_begin_short_backtrace::<core[a373ad73a504971]::result::Result<(), alloc[2e1b2a31b91974c5]::string::String>, fn() -> core[a373ad73a504971]::result::Result<(), alloc[2e1b2a31b91974c5]::string::String>>
[INFO] [stdout]   21:     0x612c356abd55 - test[aada8e7e76ba119b]::run_test::{closure#0}
[INFO] [stdout]   22:     0x612c356a5644 - std[617be2ca0a6fd877]::sys::backtrace::__rust_begin_short_backtrace::<test[aada8e7e76ba119b]::run_test::{closure#1}, ()>
[INFO] [stdout]   23:     0x612c356aede2 - <std[617be2ca0a6fd877]::thread::lifecycle::spawn_unchecked<test[aada8e7e76ba119b]::run_test::{closure#1}, ()>::{closure#1} as core[a373ad73a504971]::ops::function::FnOnce<()>>::call_once::{shim:vtable#0}
[INFO] [stdout]   24:     0x612c358e9faf - <std[617be2ca0a6fd877]::sys::thread::unix::Thread>::new::thread_start
[INFO] [stdout]   25:     0x7453128e7dfa - <unknown>
[INFO] [stdout]   26:     0x74531297b3d4 - clone
[INFO] [stdout]   27:                0x0 - <unknown>
[INFO] [stdout] 
[INFO] [stdout] 
[INFO] [stdout] failures:
[INFO] [stdout]     basic_crud
[INFO] [stdout] 
[INFO] [stdout] test result: FAILED. 0 passed; 1 failed; 0 ignored; 0 measured; 0 filtered out; finished in 2.50s
[INFO] [stdout] 
[INFO] running `Command { std: "docker" "inspect" "7d2c1e2e7400096b7b28ef31730310ae789c57e5bfeaf4270007af6f1f62456a", kill_on_drop: false }`
[INFO] running `Command { std: "docker" "rm" "-f" "7d2c1e2e7400096b7b28ef31730310ae789c57e5bfeaf4270007af6f1f62456a", kill_on_drop: false }`
[INFO] [stdout] 7d2c1e2e7400096b7b28ef31730310ae789c57e5bfeaf4270007af6f1f62456a
