[INFO] fetching crate cydonia-mcp 0.1.29...
[INFO] testing cydonia-mcp-0.1.29 against 1.100.0-beta.1+cargoflags=--release for beta-release-1.100-2
[INFO] extracting crate cydonia-mcp 0.1.29 into /workspace/builds/worker-4-tc2/source
[INFO] started tweaking crates.io crate cydonia-mcp 0.1.29
[INFO] removed 0 missing tests
[INFO] finished tweaking crates.io crate cydonia-mcp 0.1.29
[INFO] tweaked toml for crates.io crate cydonia-mcp 0.1.29 written to /workspace/builds/worker-4-tc2/source/Cargo.toml
[INFO] validating manifest of crates.io crate cydonia-mcp 0.1.29 on toolchain 1.100.0-beta.1
[INFO] running `Command { std: CARGO_HOME="/workspace/cargo-home" RUSTUP_HOME="/workspace/rustup-home" "/workspace/cargo-home/bin/cargo" "+1.100.0-beta.1" "metadata" "--manifest-path" "Cargo.toml" "--no-deps", kill_on_drop: false }`
[INFO] crate crates.io crate cydonia-mcp 0.1.29 already has a lockfile, it will not be regenerated
[INFO] running `Command { std: CARGO_HOME="/workspace/cargo-home" RUSTUP_HOME="/workspace/rustup-home" "/workspace/cargo-home/bin/cargo" "+1.100.0-beta.1" "fetch" "--manifest-path" "Cargo.toml", kill_on_drop: false }`
[INFO] [stderr]     Blocking waiting for file lock on package cache
[INFO] [stderr]     Blocking waiting for file lock on package cache
[INFO] running `Command { std: "docker" "create" "-v" "/var/lib/crater-agent-workspace/builds/worker-4-tc2/source:/opt/rustwide/workdir:ro,Z" "-v" "/var/lib/crater-agent-workspace/builds/worker-4-tc2/target:/opt/rustwide/target:rw,Z" "-v" "/var/lib/crater-agent-workspace/cargo-home:/opt/rustwide/cargo-home:ro,Z" "-v" "/var/lib/crater-agent-workspace/rustup-home:/opt/rustwide/rustup-home:ro,Z" "-m" "1610612736" "--network" "none" "ghcr.io/rust-lang/crates-build-env/linux@sha256:77db811e55d90add9212f6832c23229e3de5f1c1f9905e8cb07319ea15df73ac" "sleep" "infinity", kill_on_drop: false }`
[INFO] [stdout] 2c5248f929e850fa82b750966854048a9821af5cbab46cf34cd73021e43c1d96
[INFO] running `Command { std: "docker" "start" "2c5248f929e850fa82b750966854048a9821af5cbab46cf34cd73021e43c1d96", kill_on_drop: false }`
[INFO] running `Command { std: "docker" "inspect" "2c5248f929e850fa82b750966854048a9821af5cbab46cf34cd73021e43c1d96", kill_on_drop: false }`
[INFO] running `Command { std: "docker" "exec" "-e" "SOURCE_DIR=/opt/rustwide/workdir" "-e" "CARGO_HOME=/opt/rustwide/cargo-home" "-e" "RUSTUP_HOME=/opt/rustwide/rustup-home" "-e" "CARGO_TARGET_DIR=/opt/rustwide/target" "-w" "/opt/rustwide/workdir" "--user" "0:0" "2c5248f929e850fa82b750966854048a9821af5cbab46cf34cd73021e43c1d96" "/opt/rustwide/cargo-home/bin/cargo" "+1.100.0-beta.1" "metadata" "--no-deps" "--format-version=1", kill_on_drop: false }`
[INFO] running `Command { std: "docker" "inspect" "2c5248f929e850fa82b750966854048a9821af5cbab46cf34cd73021e43c1d96", kill_on_drop: false }`
[INFO] running `Command { std: "docker" "exec" "-e" "SOURCE_DIR=/opt/rustwide/workdir" "-e" "CARGO_HOME=/opt/rustwide/cargo-home" "-e" "RUSTUP_HOME=/opt/rustwide/rustup-home" "-e" "CARGO_TARGET_DIR=/opt/rustwide/target" "-e" "CARGO_INCREMENTAL=0" "-e" "RUST_BACKTRACE=full" "-e" "RUSTFLAGS=--cap-lints=warn" "-e" "RUSTDOCFLAGS=--cap-lints=warn" "-w" "/opt/rustwide/workdir" "--user" "0:0" "2c5248f929e850fa82b750966854048a9821af5cbab46cf34cd73021e43c1d96" "/opt/rustwide/cargo-home/bin/cargo" "+1.100.0-beta.1" "build" "--frozen" "--message-format=json" "--release", kill_on_drop: false }`
[INFO] [stderr]    Compiling serde v1.0.229
[INFO] [stderr]    Compiling smallvec v1.16.2
[INFO] [stderr]    Compiling writeable v0.6.4
[INFO] [stderr]    Compiling futures-core v0.3.34
[INFO] [stderr]    Compiling litemap v0.8.3
[INFO] [stderr]    Compiling icu_normalizer_data v2.3.0
[INFO] [stderr]    Compiling icu_properties_data v2.3.0
[INFO] [stderr]    Compiling foldhash v0.2.0
[INFO] [stderr]    Compiling serde_core v1.0.229
[INFO] [stderr]    Compiling syn v3.0.6
[INFO] [stderr]    Compiling errno v0.3.14
[INFO] [stderr]    Compiling mio v1.2.3
[INFO] [stderr]    Compiling serde_json v1.0.151
[INFO] [stderr]    Compiling cc v1.5.1
[INFO] [stderr]    Compiling hashbrown v0.17.1
[INFO] [stderr]    Compiling inotify-sys v0.1.8
[INFO] [stderr]    Compiling signal-hook-registry v1.4.8
[INFO] [stderr]    Compiling ryu v1.0.23
[INFO] [stderr]    Compiling itoa v1.0.18
[INFO] [stderr]    Compiling unsafe-libyaml v0.2.11
[INFO] [stderr]    Compiling tracing v0.1.44
[INFO] [stderr]    Compiling futures-channel v0.3.34
[INFO] [stderr]    Compiling aho-corasick v1.1.5
[INFO] [stderr]    Compiling pulldown-cmark v0.13.4
[INFO] [stderr]    Compiling futures-task v0.3.34
[INFO] [stderr]    Compiling regex-syntax v0.8.11
[INFO] [stderr]    Compiling inotify v0.11.5
[INFO] [stderr]    Compiling http-body-util v0.1.5
[INFO] [stderr]    Compiling futures-util v0.3.34
[INFO] [stderr]    Compiling indexmap v2.14.2
[INFO] [stderr]    Compiling notify-types v2.1.0
[INFO] [stderr]    Compiling unicase v2.9.0
[INFO] [stderr]    Compiling sha2 v0.10.9
[INFO] [stderr]    Compiling dirs v6.0.0
[INFO] [stderr]    Compiling axum-core v0.5.6
[INFO] [stderr]    Compiling notify v8.2.0
[INFO] [stderr]    Compiling serde_path_to_error v0.1.20
[INFO] [stderr]    Compiling web-time v1.1.0
[INFO] [stderr]    Compiling hashlink v0.12.2
[INFO] [stderr]    Compiling libsqlite3-sys v0.38.2
[INFO] [stderr]    Compiling regex-automata v0.4.18
[INFO] [stderr]    Compiling synstructure v0.14.0
[INFO] [stderr]    Compiling serde_derive v1.0.229
[INFO] [stderr]    Compiling zerofrom-derive v0.1.8
[INFO] [stderr]    Compiling yoke-derive v0.8.3
[INFO] [stderr]    Compiling zerovec-derive v0.11.6
[INFO] [stderr]    Compiling displaydoc v0.2.7
[INFO] [stderr]    Compiling tokio-macros v2.7.2
[INFO] [stderr]    Compiling tokio v1.53.1
[INFO] [stderr]    Compiling zerofrom v0.1.8
[INFO] [stderr]    Compiling yoke v0.8.3
[INFO] [stderr]    Compiling zerotrie v0.2.5
[INFO] [stderr]    Compiling zerovec v0.11.8
[INFO] [stderr]    Compiling regex v1.13.1
[INFO] [stderr]    Compiling tinystr v0.8.4
[INFO] [stderr]    Compiling potential_utf v0.1.6
[INFO] [stderr]    Compiling icu_collections v2.3.0
[INFO] [stderr]    Compiling icu_locale_core v2.3.0
[INFO] [stderr]    Compiling serde_spanned v0.6.9
[INFO] [stderr]    Compiling serde_yaml_ng v0.10.0
[INFO] [stderr]    Compiling toml_datetime v0.6.11
[INFO] [stderr]    Compiling cacp-proto v0.1.3
[INFO] [stderr]    Compiling serde_urlencoded v0.7.1
[INFO] [stderr]    Compiling toml_edit v0.22.27
[INFO] [stderr]    Compiling icu_provider v2.3.1
[INFO] [stderr]    Compiling icu_normalizer v2.3.0
[INFO] [stderr]    Compiling icu_properties v2.3.0
[INFO] [stderr]    Compiling cydonia-prompts v0.1.29
[INFO] [stderr]    Compiling idna_adapter v1.2.2
[INFO] [stderr]    Compiling toml v0.8.23
[INFO] [stderr]    Compiling idna v1.1.0
[INFO] [stderr]    Compiling url v2.5.8
[INFO] [stderr]    Compiling hyper v1.11.1
[INFO] [stderr]    Compiling tower v0.5.3
[INFO] [stderr]    Compiling hyper-util v0.1.21
[INFO] [stderr]    Compiling axum v0.8.9
[INFO] [stderr]    Compiling cacp v0.1.3
[INFO] [stderr]    Compiling rusqlite v0.40.2
[INFO] [stderr]    Compiling cydonia-artifact v0.1.29
[INFO] [stderr]    Compiling cydonia-mcp v0.1.29 (/opt/rustwide/workdir)
[INFO] [stderr]     Finished `release` profile [optimized] target(s) in 2m 51s
[INFO] running `Command { std: "docker" "inspect" "2c5248f929e850fa82b750966854048a9821af5cbab46cf34cd73021e43c1d96", kill_on_drop: false }`
[INFO] running `Command { std: "docker" "exec" "-e" "SOURCE_DIR=/opt/rustwide/workdir" "-e" "CARGO_HOME=/opt/rustwide/cargo-home" "-e" "RUSTUP_HOME=/opt/rustwide/rustup-home" "-e" "CARGO_TARGET_DIR=/opt/rustwide/target" "-e" "CARGO_INCREMENTAL=0" "-e" "RUST_BACKTRACE=full" "-e" "RUSTFLAGS=--cap-lints=warn" "-e" "RUSTDOCFLAGS=--cap-lints=warn" "-w" "/opt/rustwide/workdir" "--user" "0:0" "2c5248f929e850fa82b750966854048a9821af5cbab46cf34cd73021e43c1d96" "/opt/rustwide/cargo-home/bin/cargo" "+1.100.0-beta.1" "test" "--frozen" "--no-run" "--message-format=json" "--release", kill_on_drop: false }`
[INFO] [stderr]    Compiling cydonia-mcp v0.1.29 (/opt/rustwide/workdir)
[INFO] [stderr]     Finished `release` profile [optimized] target(s) in 18.86s
[INFO] running `Command { std: "docker" "inspect" "2c5248f929e850fa82b750966854048a9821af5cbab46cf34cd73021e43c1d96", kill_on_drop: false }`
[INFO] running `Command { std: "docker" "exec" "-e" "SOURCE_DIR=/opt/rustwide/workdir" "-e" "CARGO_HOME=/opt/rustwide/cargo-home" "-e" "RUSTUP_HOME=/opt/rustwide/rustup-home" "-e" "CARGO_TARGET_DIR=/opt/rustwide/target" "-e" "CARGO_INCREMENTAL=0" "-e" "RUST_BACKTRACE=full" "-e" "RUSTFLAGS=--cap-lints=warn" "-e" "RUSTDOCFLAGS=--cap-lints=warn" "-w" "/opt/rustwide/workdir" "--user" "0:0" "2c5248f929e850fa82b750966854048a9821af5cbab46cf34cd73021e43c1d96" "/opt/rustwide/cargo-home/bin/cargo" "+1.100.0-beta.1" "test" "--frozen" "--release", kill_on_drop: false }`
[INFO] [stderr]     Finished `release` profile [optimized] target(s) in 0.25s
[INFO] [stderr]      Running unittests src/lib.rs (/opt/rustwide/target/release/build/cydonia-mcp/8894f5f3d3c8f7e6/out/cydonia_mcp-8894f5f3d3c8f7e6)
[INFO] [stdout] 
[INFO] [stdout] running 0 tests
[INFO] [stdout] 
[INFO] [stdout] test result: ok. 0 passed; 0 failed; 0 ignored; 0 measured; 0 filtered out; finished in 0.00s
[INFO] [stdout] 
[INFO] [stderr]      Running tests/article.rs (/opt/rustwide/target/release/build/cydonia-mcp/e854de43815689b0/out/article-e854de43815689b0)
[INFO] [stdout] 
[INFO] [stdout] running 13 tests
[INFO] [stdout] test nothing_written_yet_is_said_plainly ... ok
[INFO] [stdout] test article_results_expose_an_article_local_media_path_without_creating_it ... ok
[INFO] [stdout] test a_refusal_says_what_is_there ... ok
[INFO] [stdout] test a_cover_is_filed_in_the_articles_assets_and_replaced_whole ... ok
[INFO] [stdout] test an_article_is_written_and_found_by_its_title ... ok
[INFO] [stdout] test a_cover_that_is_not_there_is_refused ... ok
[INFO] [stdout] test a_part_of_an_article_reads_alone ... ok
[INFO] [stdout] test a_rewrite_keeps_the_title ... ok
[INFO] [stdout] test a_search_answers_the_article_and_line ... ok
[INFO] [stdout] test a_rename_leaves_the_id_alone ... ok
[INFO] [stdout] test a_run_that_names_a_stranger_deletes_none_of_it ... ok
[INFO] [stdout] test an_article_is_put_away_and_then_deleted ... ok
[INFO] [stdout] test highlights_are_listed_outside_code ... ok
[INFO] [stdout] 
[INFO] [stdout] test result: ok. 13 passed; 0 failed; 0 ignored; 0 measured; 0 filtered out; finished in 0.09s
[INFO] [stdout] 
[INFO] [stderr]      Running tests/article_edit.rs (/opt/rustwide/target/release/build/cydonia-mcp/25ab9d5e1ac929b6/out/article_edit-25ab9d5e1ac929b6)
[INFO] [stdout] 
[INFO] [stdout] running 7 tests
[INFO] [stdout] test edit_schema_has_an_optional_boolean_and_respects_project_binding ... ok
[INFO] [stdout] test read_only_mode_refuses_edits ... ok
[INFO] [stdout] test edits_can_insert_and_delete_literal_markdown ... ok
[INFO] [stdout] test ambiguous_or_missing_matches_do_not_change_the_article ... ok
[INFO] [stdout] test context_targets_one_passage_and_preserves_the_title ... ok
[INFO] [stdout] test replace_all_is_explicit_and_does_not_reprocess_inserted_text ... ok
[INFO] [stdout] test invalid_arguments_leave_the_article_unchanged ... ok
[INFO] [stdout] 
[INFO] [stdout] test result: ok. 7 passed; 0 failed; 0 ignored; 0 measured; 0 filtered out; finished in 0.06s
[INFO] [stdout] 
[INFO] [stderr]      Running tests/board.rs (/opt/rustwide/target/release/build/cydonia-mcp/026bea1866cf9af5/out/board-026bea1866cf9af5)
[INFO] [stdout] 
[INFO] [stdout] running 23 tests
[INFO] [stdout] test a_notification_is_not_answered ... ok
[INFO] [stdout] test a_refusal_reaches_the_model_as_a_result ... ok
[INFO] [stdout] test a_board_is_renamed_and_optionally_re_keyed ... ok
[INFO] [stdout] test a_refusal_says_what_is_there ... ok
[INFO] [stdout] test agents_create_boards_with_normalized_unique_keys ... ok
[INFO] [stdout] test a_board_answers_to_key_name_and_id ... ok
[INFO] [stdout] test board_creation_respects_bound_projects_and_read_only_mode ... ok
[INFO] [stdout] test a_read_only_server_offers_no_way_to_write ... ok
[INFO] [stdout] test a_card_is_addressed_by_the_handle_it_is_given ... ok
[INFO] [stdout] test a_card_is_tagged_and_untagged ... ok
[INFO] [stdout] test a_missing_argument_is_not_a_refusal ... ok
[INFO] [stdout] test a_column_holding_cards_is_not_dropped ... ok
[INFO] [stdout] test a_board_is_laid_out_in_one_call_per_kind ... ok
[INFO] [stdout] test an_unknown_status_is_refused_with_the_list ... ok
[INFO] [stdout] test a_handle_splits_on_its_last_dash ... ok
[INFO] [stdout] test a_rename_onto_a_taken_key_changes_nothing ... ok
[INFO] [stdout] test deleting_is_withheld_until_its_own_switch_is_on ... ok
[INFO] [stdout] test what_a_tool_wrote_is_on_disk ... ok
[INFO] [stdout] test several_cards_and_columns_are_dropped_in_one_call ... ok
[INFO] [stdout] test a_board_is_put_away_and_then_deleted ... ok
[INFO] [stdout] test a_board_is_found_across_open_projects ... ok
[INFO] [stdout] test several_cards_are_tagged_in_one_call ... ok
[INFO] [stdout] test busy_cards_record_the_calling_session_and_keep_it_when_cleared ... ok
[INFO] [stdout] 
[INFO] [stdout] test result: ok. 23 passed; 0 failed; 0 ignored; 0 measured; 0 filtered out; finished in 0.23s
[INFO] [stdout] 
[INFO] [stderr]      Running tests/entries.rs (/opt/rustwide/target/release/build/cydonia-mcp/60d68edfd6d2cf83/out/entries-60d68edfd6d2cf83)
[INFO] [stdout] 
[INFO] [stdout] running 6 tests
[INFO] [stdout] test a_project_that_is_not_open_cannot_be_named ... ok
[INFO] [stdout] test a_bound_session_writes_into_another_open_project ... ok
[INFO] [stdout] test external_and_bound_agents_share_references_across_renames ... ok
[INFO] [stdout] test labels_are_set_normalised_and_listed_with_the_entries ... ok
[INFO] [stdout] test references_are_scoped_to_the_project_a_call_is_about ... ok
[INFO] [stdout] test a_named_reference_or_link_reaches_its_project ... ok
[INFO] [stdout] 
[INFO] [stdout] test result: ok. 6 passed; 0 failed; 0 ignored; 0 measured; 0 filtered out; finished in 0.09s
[INFO] [stdout] 
[INFO] [stderr]      Running tests/http.rs (/opt/rustwide/target/release/build/cydonia-mcp/e70b87e80dfcf73c/out/http-e70b87e80dfcf73c)
[INFO] [stdout] 
[INFO] [stdout] running 8 tests
[INFO] [stdout] test a_taken_port_is_stepped_past ... ok
[INFO] [stdout] test a_notification_is_accepted_and_not_answered ... ok
[INFO] [stdout] test there_is_no_stream_to_open ... ok
[INFO] [stdout] test a_call_reaches_the_directory_it_names ... ok
[INFO] [stdout] test a_bound_caller_is_never_asked_for_its_project ... ok
[INFO] [stdout] test a_project_survives_the_header_it_rides_on ... ok
[INFO] [stdout] test an_external_client_can_discover_and_read_resources ... ok
[INFO] [stdout] test a_browser_is_turned_away ... ok
[INFO] [stdout] 
[INFO] [stdout] test result: ok. 8 passed; 0 failed; 0 ignored; 0 measured; 0 filtered out; finished in 0.07s
[INFO] [stdout] 
[INFO] [stderr]      Running tests/move_entries.rs (/opt/rustwide/target/release/build/cydonia-mcp/030d6dbbb9bfb5c4/out/move_entries-030d6dbbb9bfb5c4)
[INFO] [stdout] 
[INFO] [stdout] running 9 tests
[INFO] [stdout] test an_article_does_not_move_to_its_own_project ... FAILED
[INFO] [stdout] test several_cards_move_between_lanes_in_one_call ... ok
[INFO] [stdout] test an_article_does_not_move_to_a_project_that_is_shut ... ok
[INFO] [stdout] test a_card_still_moves_between_lanes_of_its_own_board ... ok
[INFO] [stdout] test a_project_without_a_board_is_not_somewhere_to_move_a_card ... ok
[INFO] [stdout] test a_card_moves_to_a_board_in_another_project ... ok
[INFO] [stdout] test an_article_moves_to_another_open_project ... ok
[INFO] [stdout] test several_cards_move_to_another_board_or_none_do ... ok
[INFO] [stdout] test several_articles_move_to_another_project ... ok
[INFO] [stdout] 
[INFO] [stdout] failures:
[INFO] [stdout] 
[INFO] [stdout] ---- an_article_does_not_move_to_its_own_project stdout ----
[INFO] [stdout] 
[INFO] [stdout] thread 'an_article_does_not_move_to_its_own_project' (2326) panicked at tests/move_entries.rs:88:5:
[INFO] [stdout] cydonia does not have /tmp/cydonia-mcp-move-same-2321 open — it has /tmp/cydonia-mcp-move-shut-here-2321, /tmp/cydonia-mcp-move-article-here-2321, /tmp/cydonia-mcp-move-article-there-2321, /tmp/cydonia-mcp-move-card-noboard-here-2321, /tmp/cydonia-mcp-move-card-noboard-there-2321, /tmp/cydonia-mcp-move-articles-here-2321, /tmp/cydonia-mcp-move-articles-there-2321, /tmp/cydonia-mcp-move-cards-batch-2321, /tmp/cydonia-mcp-move-card-lanes-2321, /tmp/cydonia-mcp-move-card-here-2321, /tmp/cydonia-mcp-move-card-there-2321, /tmp/cydonia-mcp-move-cards-batch-here-2321, /tmp/cydonia-mcp-move-cards-batch-there-2321
[INFO] [stdout] stack backtrace:
[INFO] [stdout]    0:     0x571561a09251 - <<std[617be2ca0a6fd877]::sys::backtrace::BacktraceLock>::print::DisplayBacktrace as core[a373ad73a504971]::fmt::Display>::fmt
[INFO] [stdout]    1:     0x571561a2171a - core[a373ad73a504971]::fmt::write
[INFO] [stdout]    2:     0x571561a0ddbc - <alloc[2e1b2a31b91974c5]::vec::Vec<u8> as core[a373ad73a504971]::io::write::Write>::write_fmt
[INFO] [stdout]    3:     0x5715619e1736 - std[617be2ca0a6fd877]::panicking::default_hook::{closure#0}
[INFO] [stdout]    4:     0x5715619ff5c9 - std[617be2ca0a6fd877]::panicking::default_hook
[INFO] [stdout]    5:     0x5715615d20a0 - test[aada8e7e76ba119b]::test_main_inner::{closure#0}
[INFO] [stdout]    6:     0x5715619ff8f2 - std[617be2ca0a6fd877]::panicking::panic_with_hook
[INFO] [stdout]    7:     0x5715619e17e2 - std[617be2ca0a6fd877]::panicking::panic_handler::{closure#0}
[INFO] [stdout]    8:     0x5715619d9bb9 - std[617be2ca0a6fd877]::sys::backtrace::__rust_end_short_backtrace::<std[617be2ca0a6fd877]::panicking::panic_handler::{closure#0}, !>
[INFO] [stdout]    9:     0x5715619e25ed - __rustc[ea4f61d10b84890b]::rust_begin_unwind
[INFO] [stdout]   10:     0x571561a21efc - core[a373ad73a504971]::panicking::panic_fmt
[INFO] [stdout]   11:     0x5715615bdc95 - <move_entries[20c0b15946f96679]::an_article_does_not_move_to_its_own_project::{closure#0} as core[a373ad73a504971]::ops::function::FnOnce<()>>::call_once
[INFO] [stdout]   12:     0x5715615c54eb - test[aada8e7e76ba119b]::__rust_begin_short_backtrace::<core[a373ad73a504971]::result::Result<(), alloc[2e1b2a31b91974c5]::string::String>, fn() -> core[a373ad73a504971]::result::Result<(), alloc[2e1b2a31b91974c5]::string::String>>
[INFO] [stdout]   13:     0x5715615d26c5 - test[aada8e7e76ba119b]::run_test::{closure#0}
[INFO] [stdout]   14:     0x5715615cbfb4 - std[617be2ca0a6fd877]::sys::backtrace::__rust_begin_short_backtrace::<test[aada8e7e76ba119b]::run_test::{closure#1}, ()>
[INFO] [stdout]   15:     0x5715615d5752 - <std[617be2ca0a6fd877]::thread::lifecycle::spawn_unchecked<test[aada8e7e76ba119b]::run_test::{closure#1}, ()>::{closure#1} as core[a373ad73a504971]::ops::function::FnOnce<()>>::call_once::{shim:vtable#0}
[INFO] [stdout]   16:     0x571561a0818f - <std[617be2ca0a6fd877]::sys::thread::unix::Thread>::new::thread_start
[INFO] [stdout]   17:     0x7faddbb41dfa - <unknown>
[INFO] [stdout]   18:     0x7faddbbd53d4 - clone
[INFO] [stdout]   19:                0x0 - <unknown>
[INFO] [stdout] 
[INFO] [stdout] 
[INFO] [stdout] failures:
[INFO] [stdout]     an_article_does_not_move_to_its_own_project
[INFO] [stdout] 
[INFO] [stdout] test result: FAILED. 8 passed; 1 failed; 0 ignored; 0 measured; 0 filtered out; finished in 0.18s
[INFO] [stdout] 
[INFO] [stderr] error: test failed, to rerun pass `--test move_entries`
[INFO] running `Command { std: "docker" "inspect" "2c5248f929e850fa82b750966854048a9821af5cbab46cf34cd73021e43c1d96", kill_on_drop: false }`
[INFO] running `Command { std: "docker" "rm" "-f" "2c5248f929e850fa82b750966854048a9821af5cbab46cf34cd73021e43c1d96", kill_on_drop: false }`
[INFO] [stdout] 2c5248f929e850fa82b750966854048a9821af5cbab46cf34cd73021e43c1d96
