[INFO] fetching crate cydonia-artifact 0.1.29...
[INFO] testing cydonia-artifact-0.1.29 against 1.99.0-beta.8+cargoflags=--release for beta-release-1.100-2
[INFO] extracting crate cydonia-artifact 0.1.29 into /workspace/builds/worker-3-tc1/source
[INFO] started tweaking crates.io crate cydonia-artifact 0.1.29
[INFO] removed 0 missing tests
[INFO] finished tweaking crates.io crate cydonia-artifact 0.1.29
[INFO] tweaked toml for crates.io crate cydonia-artifact 0.1.29 written to /workspace/builds/worker-3-tc1/source/Cargo.toml
[INFO] validating manifest of crates.io crate cydonia-artifact 0.1.29 on toolchain 1.99.0-beta.8
[INFO] running `Command { std: CARGO_HOME="/workspace/cargo-home" RUSTUP_HOME="/workspace/rustup-home" "/workspace/cargo-home/bin/cargo" "+1.99.0-beta.8" "metadata" "--manifest-path" "Cargo.toml" "--no-deps", kill_on_drop: false }`
[INFO] crate crates.io crate cydonia-artifact 0.1.29 already has a lockfile, it will not be regenerated
[INFO] running `Command { std: CARGO_HOME="/workspace/cargo-home" RUSTUP_HOME="/workspace/rustup-home" "/workspace/cargo-home/bin/cargo" "+1.99.0-beta.8" "fetch" "--manifest-path" "Cargo.toml", kill_on_drop: false }`
[INFO] [stderr]     Updating crates.io index
[INFO] [stderr]  Downloading crates ...
[INFO] [stderr]   Downloaded cacp-proto v0.1.3
[INFO] [stderr]   Downloaded cacp v0.1.3
[INFO] running `Command { std: "docker" "create" "-v" "/var/lib/crater-agent-workspace/builds/worker-3-tc1/source:/opt/rustwide/workdir:ro,Z" "-v" "/var/lib/crater-agent-workspace/builds/worker-3-tc1/target:/opt/rustwide/target:rw,Z" "-v" "/var/lib/crater-agent-workspace/cargo-home:/opt/rustwide/cargo-home:ro,Z" "-v" "/var/lib/crater-agent-workspace/rustup-home:/opt/rustwide/rustup-home:ro,Z" "-m" "1610612736" "--network" "none" "ghcr.io/rust-lang/crates-build-env/linux@sha256:77db811e55d90add9212f6832c23229e3de5f1c1f9905e8cb07319ea15df73ac" "sleep" "infinity", kill_on_drop: false }`
[INFO] [stdout] b171ead63ecb113ed3e53ad54c8cb541c31cda099ff43a60711beaae092b32be
[INFO] running `Command { std: "docker" "start" "b171ead63ecb113ed3e53ad54c8cb541c31cda099ff43a60711beaae092b32be", kill_on_drop: false }`
[INFO] running `Command { std: "docker" "inspect" "b171ead63ecb113ed3e53ad54c8cb541c31cda099ff43a60711beaae092b32be", kill_on_drop: false }`
[INFO] running `Command { std: "docker" "exec" "-e" "SOURCE_DIR=/opt/rustwide/workdir" "-e" "CARGO_HOME=/opt/rustwide/cargo-home" "-e" "RUSTUP_HOME=/opt/rustwide/rustup-home" "-e" "CARGO_TARGET_DIR=/opt/rustwide/target" "-w" "/opt/rustwide/workdir" "--user" "0:0" "b171ead63ecb113ed3e53ad54c8cb541c31cda099ff43a60711beaae092b32be" "/opt/rustwide/cargo-home/bin/cargo" "+1.99.0-beta.8" "metadata" "--no-deps" "--format-version=1", kill_on_drop: false }`
[INFO] running `Command { std: "docker" "inspect" "b171ead63ecb113ed3e53ad54c8cb541c31cda099ff43a60711beaae092b32be", kill_on_drop: false }`
[INFO] running `Command { std: "docker" "exec" "-e" "SOURCE_DIR=/opt/rustwide/workdir" "-e" "CARGO_HOME=/opt/rustwide/cargo-home" "-e" "RUSTUP_HOME=/opt/rustwide/rustup-home" "-e" "CARGO_TARGET_DIR=/opt/rustwide/target" "-e" "CARGO_INCREMENTAL=0" "-e" "RUST_BACKTRACE=full" "-e" "RUSTFLAGS=--cap-lints=warn" "-e" "RUSTDOCFLAGS=--cap-lints=warn" "-w" "/opt/rustwide/workdir" "--user" "0:0" "b171ead63ecb113ed3e53ad54c8cb541c31cda099ff43a60711beaae092b32be" "/opt/rustwide/cargo-home/bin/cargo" "+1.99.0-beta.8" "build" "--frozen" "--message-format=json" "--release", kill_on_drop: false }`
[INFO] [stderr]    Compiling serde_core v1.0.229
[INFO] [stderr]    Compiling serde v1.0.229
[INFO] [stderr]    Compiling find-msvc-tools v0.1.14
[INFO] [stderr]    Compiling bitflags v2.13.2
[INFO] [stderr]    Compiling smallvec v1.16.2
[INFO] [stderr]    Compiling pkg-config v0.3.34
[INFO] [stderr]    Compiling inotify-sys v0.1.8
[INFO] [stderr]    Compiling syn v3.0.6
[INFO] [stderr]    Compiling indexmap v2.14.2
[INFO] [stderr]    Compiling aho-corasick v1.1.5
[INFO] [stderr]    Compiling pulldown-cmark v0.13.4
[INFO] [stderr]    Compiling tokio v1.53.1
[INFO] [stderr]    Compiling mio v1.2.3
[INFO] [stderr]    Compiling hashlink v0.12.2
[INFO] [stderr]    Compiling sha2 v0.10.9
[INFO] [stderr]    Compiling dirs v6.0.0
[INFO] [stderr]    Compiling notify-types v2.1.0
[INFO] [stderr]    Compiling cc v1.5.1
[INFO] [stderr]    Compiling inotify v0.11.5
[INFO] [stderr]    Compiling notify v8.2.0
[INFO] [stderr]    Compiling libsqlite3-sys v0.38.2
[INFO] [stderr]    Compiling regex-automata v0.4.18
[INFO] [stderr]    Compiling synstructure v0.14.0
[INFO] [stderr]    Compiling zerofrom-derive v0.1.8
[INFO] [stderr]    Compiling yoke-derive v0.8.3
[INFO] [stderr]    Compiling zerovec-derive v0.11.6
[INFO] [stderr]    Compiling displaydoc v0.2.7
[INFO] [stderr]    Compiling serde_derive v1.0.229
[INFO] [stderr]    Compiling serde_json v1.0.151
[INFO] [stderr]    Compiling zerofrom v0.1.8
[INFO] [stderr]    Compiling yoke v0.8.3
[INFO] [stderr]    Compiling zerovec v0.11.8
[INFO] [stderr]    Compiling zerotrie v0.2.5
[INFO] [stderr]    Compiling regex v1.13.1
[INFO] [stderr]    Compiling tinystr v0.8.4
[INFO] [stderr]    Compiling potential_utf v0.1.6
[INFO] [stderr]    Compiling icu_collections v2.3.0
[INFO] [stderr]    Compiling icu_locale_core v2.3.0
[INFO] [stderr]    Compiling toml_datetime v0.6.11
[INFO] [stderr]    Compiling serde_spanned v0.6.9
[INFO] [stderr]    Compiling cacp-proto v0.1.3
[INFO] [stderr]    Compiling icu_provider v2.3.1
[INFO] [stderr]    Compiling toml_edit v0.22.27
[INFO] [stderr]    Compiling icu_properties v2.3.0
[INFO] [stderr]    Compiling icu_normalizer v2.3.0
[INFO] [stderr]    Compiling idna_adapter v1.2.2
[INFO] [stderr]    Compiling idna v1.1.0
[INFO] [stderr]    Compiling toml v0.8.23
[INFO] [stderr]    Compiling url v2.5.8
[INFO] [stderr]    Compiling cacp v0.1.3
[INFO] [stderr]    Compiling rusqlite v0.40.2
[INFO] [stderr]    Compiling cydonia-artifact v0.1.29 (/opt/rustwide/workdir)
[INFO] [stderr]     Finished `release` profile [optimized] target(s) in 2m 19s
[INFO] running `Command { std: "docker" "inspect" "b171ead63ecb113ed3e53ad54c8cb541c31cda099ff43a60711beaae092b32be", kill_on_drop: false }`
[INFO] running `Command { std: "docker" "exec" "-e" "SOURCE_DIR=/opt/rustwide/workdir" "-e" "CARGO_HOME=/opt/rustwide/cargo-home" "-e" "RUSTUP_HOME=/opt/rustwide/rustup-home" "-e" "CARGO_TARGET_DIR=/opt/rustwide/target" "-e" "CARGO_INCREMENTAL=0" "-e" "RUST_BACKTRACE=full" "-e" "RUSTFLAGS=--cap-lints=warn" "-e" "RUSTDOCFLAGS=--cap-lints=warn" "-w" "/opt/rustwide/workdir" "--user" "0:0" "b171ead63ecb113ed3e53ad54c8cb541c31cda099ff43a60711beaae092b32be" "/opt/rustwide/cargo-home/bin/cargo" "+1.99.0-beta.8" "test" "--frozen" "--no-run" "--message-format=json" "--release", kill_on_drop: false }`
[INFO] [stderr]    Compiling cydonia-artifact v0.1.29 (/opt/rustwide/workdir)
[INFO] [stderr]     Finished `release` profile [optimized] target(s) in 11.03s
[INFO] running `Command { std: "docker" "inspect" "b171ead63ecb113ed3e53ad54c8cb541c31cda099ff43a60711beaae092b32be", kill_on_drop: false }`
[INFO] running `Command { std: "docker" "exec" "-e" "SOURCE_DIR=/opt/rustwide/workdir" "-e" "CARGO_HOME=/opt/rustwide/cargo-home" "-e" "RUSTUP_HOME=/opt/rustwide/rustup-home" "-e" "CARGO_TARGET_DIR=/opt/rustwide/target" "-e" "CARGO_INCREMENTAL=0" "-e" "RUST_BACKTRACE=full" "-e" "RUSTFLAGS=--cap-lints=warn" "-e" "RUSTDOCFLAGS=--cap-lints=warn" "-w" "/opt/rustwide/workdir" "--user" "0:0" "b171ead63ecb113ed3e53ad54c8cb541c31cda099ff43a60711beaae092b32be" "/opt/rustwide/cargo-home/bin/cargo" "+1.99.0-beta.8" "test" "--frozen" "--release", kill_on_drop: false }`
[INFO] [stderr]     Finished `release` profile [optimized] target(s) in 0.10s
[INFO] [stderr]      Running unittests src/lib.rs (/opt/rustwide/target/release/deps/cydonia_artifact-dd43ecf34d2f827e)
[INFO] [stdout] 
[INFO] [stdout] running 0 tests
[INFO] [stdout] 
[INFO] [stdout] test result: ok. 0 passed; 0 failed; 0 ignored; 0 measured; 0 filtered out; finished in 0.00s
[INFO] [stdout] 
[INFO] [stderr]      Running tests/anchor.rs (/opt/rustwide/target/release/deps/anchor-752e1fb8e2b8d377)
[INFO] [stdout] 
[INFO] [stdout] running 5 tests
[INFO] [stdout] test a_range_reads_back_as_the_lines_it_covers ... ok
[INFO] [stdout] test a_section_runs_to_the_next_heading_at_its_level_or_above ... ok
[INFO] [stdout] test lines_are_whole_and_clip_at_the_end ... ok
[INFO] [stdout] test a_slug_follows_github ... ok
[INFO] [stdout] test headings_skip_fences_and_suffix_repeats ... ok
[INFO] [stdout] 
[INFO] [stdout] test result: ok. 5 passed; 0 failed; 0 ignored; 0 measured; 0 filtered out; finished in 0.00s
[INFO] [stdout] 
[INFO] [stderr]      Running tests/article.rs (/opt/rustwide/target/release/deps/article-a98f129ceacfaf37)
[INFO] [stdout] 
[INFO] [stdout] running 11 tests
[INFO] [stdout] test a_name_needing_escapes_survives_the_round_trip ... ok
[INFO] [stdout] test a_page_is_touched_by_its_properties ... ok
[INFO] [stdout] test a_cover_crosses_as_a_file_url ... ok
[INFO] [stdout] test a_cover_is_not_a_property_of_the_page ... ok
[INFO] [stdout] test a_cover_beside_the_page_is_still_read ... ok
[INFO] [stdout] test a_page_remembers_that_it_is_wide ... ok
[INFO] [stdout] test a_page_held_in_the_column_says_so ... ok
[INFO] [stdout] test a_page_with_no_properties_is_touched_by_its_content ... ok
[INFO] [stdout] test an_older_record_reads_back ... ok
[INFO] [stdout] test no_cover_is_no_key ... ok
[INFO] [stdout] test a_page_given_back_to_the_default_keeps_no_key ... ok
[INFO] [stdout] 
[INFO] [stdout] test result: ok. 11 passed; 0 failed; 0 ignored; 0 measured; 0 filtered out; finished in 0.01s
[INFO] [stdout] 
[INFO] [stderr]      Running tests/board.rs (/opt/rustwide/target/release/deps/board-598f633e8b41f661)
[INFO] [stdout] 
[INFO] [stdout] running 24 tests
[INFO] [stdout] test a_cards_status_is_set_and_taken_off_again ... ok
[INFO] [stdout] test a_column_holding_cards_will_not_be_dropped ... ok
[INFO] [stdout] test a_prepended_card_lands_at_the_head_of_its_column ... ok
[INFO] [stdout] test an_anchor_that_says_nothing_lands_at_the_end ... ok
[INFO] [stdout] test a_card_lands_in_front_of_the_one_it_was_aimed_at ... ok
[INFO] [stdout] test a_dispatched_card_keeps_its_session ... ok
[INFO] [stdout] test an_undispatched_card_has_no_session_key ... ok
[INFO] [stdout] test a_folded_column_round_trips_with_its_cards ... ok
[INFO] [stdout] test a_new_board_has_no_columns ... ok
[INFO] [stdout] test a_deleted_handle_never_comes_back ... ok
[INFO] [stdout] test cards_are_handled_in_the_order_they_are_made ... ok
[INFO] [stdout] test a_board_keeps_the_view_it_was_left_in ... ok
[INFO] [stdout] test a_column_can_be_added_either_side_of_another ... ok
[INFO] [stdout] test every_status_round_trips_through_its_word ... ok
[INFO] [stdout] test everything_made_together_is_named_apart ... ok
[INFO] [stdout] test moving_a_card_takes_its_session_with_it ... ok
[INFO] [stdout] test prepending_into_a_missing_column_adds_nothing ... ok
[INFO] [stdout] test renaming_a_board_leaves_its_key_alone ... ok
[INFO] [stdout] test minting_names_what_has_no_name ... ok
[INFO] [stdout] test renaming_a_column_leaves_its_id_alone ... ok
[INFO] [stdout] test a_board_is_made_with_the_key_it_is_given ... ok
[INFO] [stdout] test a_board_read_twice_keeps_its_handles ... ok
[INFO] [stdout] test a_board_read_twice_keeps_its_ids ... ok
[INFO] [stdout] test boards_in_a_project_take_different_keys ... ok
[INFO] [stdout] 
[INFO] [stdout] test result: ok. 24 passed; 0 failed; 0 ignored; 0 measured; 0 filtered out; finished in 0.06s
[INFO] [stdout] 
[INFO] [stderr]      Running tests/entry.rs (/opt/rustwide/target/release/deps/entry-0dc690416e287ac3)
[INFO] [stdout] 
[INFO] [stdout] running 6 tests
[INFO] [stdout] test numeric_titles_are_not_short_references ... ok
[INFO] [stdout] test archived_sessions_are_discoverable_and_readable ... ok
[INFO] [stdout] test legacy_content_gets_stable_numbers_and_empty_projects_stay_empty ... ok
[INFO] [stdout] test table_previews_are_bounded_and_quote_identifiers ... ok
[INFO] [stdout] test numbers_survive_reopen_rename_and_deletion_without_reuse ... ok
[INFO] [stdout] test concurrent_connections_allocate_unique_and_consistent_numbers ... ok
[INFO] [stdout] 
[INFO] [stdout] test result: ok. 6 passed; 0 failed; 0 ignored; 0 measured; 0 filtered out; finished in 0.37s
[INFO] [stdout] 
[INFO] [stderr]      Running tests/id.rs (/opt/rustwide/target/release/deps/id-694e550b7e25390c)
[INFO] [stdout] 
[INFO] [stdout] running 6 tests
[INFO] [stdout] test fresh_stamps_never_repeat ... ok
[INFO] [stdout] test reading_a_settled_board_leaves_the_file_alone ... ok
[INFO] [stdout] test a_board_written_before_ids_takes_the_name_of_its_file ... ok
[INFO] [stdout] test a_session_written_before_ids_takes_the_name_of_its_file ... ok
[INFO] [stdout] test sessions_made_together_are_named_apart ... ok
[INFO] [stdout] test a_new_board_is_named_when_it_is_made ... ok
[INFO] [stdout] 
[INFO] [stdout] test result: ok. 6 passed; 0 failed; 0 ignored; 0 measured; 0 filtered out; finished in 0.06s
[INFO] [stdout] 
[INFO] [stderr]      Running tests/key.rs (/opt/rustwide/target/release/deps/key-6734c647f5048b4b)
[INFO] [stdout] 
[INFO] [stdout] running 4 tests
[INFO] [stdout] test a_key_is_the_shape_of_the_name ... ok
[INFO] [stdout] test normalizing_keeps_only_what_can_be_typed ... ok
[INFO] [stdout] test a_taken_key_takes_a_digit ... ok
[INFO] [stdout] test a_name_with_no_ascii_still_keys ... ok
[INFO] [stdout] 
[INFO] [stdout] test result: ok. 4 passed; 0 failed; 0 ignored; 0 measured; 0 filtered out; finished in 0.00s
[INFO] [stdout] 
[INFO] [stderr]      Running tests/layout.rs (/opt/rustwide/target/release/deps/layout-2e72de0fe183fdc3)
[INFO] [stdout] 
[INFO] [stdout] running 10 tests
[INFO] [stdout] test migration_backs_up_what_it_replaces ... ok
[INFO] [stdout] test a_restore_puts_the_old_layout_back ... ok
[INFO] [stdout] test a_card_edit_survives_a_reorder_elsewhere_but_not_its_removal ... ok
[INFO] [stdout] test migration_moves_card_pictures_into_the_card ... FAILED
[INFO] [stdout] test a_flat_board_moves_into_its_directory ... FAILED
[INFO] [stdout] test edits_to_different_cards_do_not_clash ... ok
[INFO] [stdout] test a_card_keeps_properties_cydonia_does_not_know ... ok
[INFO] [stdout] test edits_to_the_same_card_are_stale ... ok
[INFO] [stdout] test a_moved_card_keeps_its_id ... ok
[INFO] [stdout] test a_carried_card_takes_its_pictures ... ok
[INFO] [stdout] 
[INFO] [stdout] failures:
[INFO] [stdout] 
[INFO] [stdout] ---- migration_moves_card_pictures_into_the_card stdout ----
[INFO] [stdout] 
[INFO] [stdout] thread 'migration_moves_card_pictures_into_the_card' (1847) panicked at tests/layout.rs:155:58:
[INFO] [stdout] called `Result::unwrap()` on an `Err` value: Os { code: 2, kind: NotFound, message: "No such file or directory" }
[INFO] [stdout] stack backtrace:
[INFO] [stdout]    0:     0x5e3fa66253e1 - <<std[70759c8f55707aa4]::sys::backtrace::BacktraceLock>::print::DisplayBacktrace as core[df12db4294e9bfd3]::fmt::Display>::fmt
[INFO] [stdout]    1:     0x5e3fa663cdaa - core[df12db4294e9bfd3]::fmt::write
[INFO] [stdout]    2:     0x5e3fa662a19c - <alloc[2182bb758b4b3781]::vec::Vec<u8> as core[df12db4294e9bfd3]::io::write::Write>::write_fmt
[INFO] [stdout]    3:     0x5e3fa65fdc56 - std[70759c8f55707aa4]::panicking::default_hook::{closure#0}
[INFO] [stdout]    4:     0x5e3fa661ba89 - std[70759c8f55707aa4]::panicking::default_hook
[INFO] [stdout]    5:     0x5e3fa63826d0 - test[9d35eded1c95d3be]::test_main_inner::<test[9d35eded1c95d3be]::test_main_static::{closure#0}>::{closure#0}
[INFO] [stdout]    6:     0x5e3fa661bc42 - std[70759c8f55707aa4]::panicking::panic_with_hook
[INFO] [stdout]    7:     0x5e3fa65fdd02 - std[70759c8f55707aa4]::panicking::panic_handler::{closure#0}
[INFO] [stdout]    8:     0x5e3fa65f6149 - std[70759c8f55707aa4]::sys::backtrace::__rust_end_short_backtrace::<std[70759c8f55707aa4]::panicking::panic_handler::{closure#0}, !>
[INFO] [stdout]    9:     0x5e3fa65feafd - __rustc[8fa7c3cbc660c2b3]::rust_begin_unwind
[INFO] [stdout]   10:     0x5e3fa663d50c - core[df12db4294e9bfd3]::panicking::panic_fmt
[INFO] [stdout]   11:     0x5e3fa663d2e2 - core[df12db4294e9bfd3]::result::unwrap_failed
[INFO] [stdout]   12:     0x5e3fa63742cd - <layout[81cdc4e3f62ffc57]::migration_moves_card_pictures_into_the_card::{closure#0} as core[df12db4294e9bfd3]::ops::function::FnOnce<()>>::call_once
[INFO] [stdout]   13:     0x5e3fa63759bb - test[9d35eded1c95d3be]::__rust_begin_short_backtrace::<core[df12db4294e9bfd3]::result::Result<(), alloc[2182bb758b4b3781]::string::String>, fn() -> core[df12db4294e9bfd3]::result::Result<(), alloc[2182bb758b4b3781]::string::String>>
[INFO] [stdout]   14:     0x5e3fa6383025 - test[9d35eded1c95d3be]::run_test::{closure#0}
[INFO] [stdout]   15:     0x5e3fa637c8e4 - std[70759c8f55707aa4]::sys::backtrace::__rust_begin_short_backtrace::<test[9d35eded1c95d3be]::run_test::{closure#1}, ()>
[INFO] [stdout]   16:     0x5e3fa6386182 - <std[70759c8f55707aa4]::thread::lifecycle::spawn_unchecked<test[9d35eded1c95d3be]::run_test::{closure#1}, ()>::{closure#1} as core[df12db4294e9bfd3]::ops::function::FnOnce<()>>::call_once::{shim:vtable#0}
[INFO] [stdout]   17:     0x5e3fa6624379 - <std[70759c8f55707aa4]::sys::thread::unix::Thread>::new::thread_start
[INFO] [stdout]   18:     0x7b49ce141dfa - <unknown>
[INFO] [stdout]   19:     0x7b49ce1d53d4 - clone
[INFO] [stdout]   20:                0x0 - <unknown>
[INFO] [stdout] 
[INFO] [stdout] ---- a_flat_board_moves_into_its_directory stdout ----
[INFO] [stdout] 
[INFO] [stdout] thread 'a_flat_board_moves_into_its_directory' (1841) panicked at tests/layout.rs:35:5:
[INFO] [stdout] assertion failed: !boards.join("1757000000000.toml").exists()
[INFO] [stdout] stack backtrace:
[INFO] [stdout]    0:     0x5e3fa66253e1 - <<std[70759c8f55707aa4]::sys::backtrace::BacktraceLock>::print::DisplayBacktrace as core[df12db4294e9bfd3]::fmt::Display>::fmt
[INFO] [stdout]    1:     0x5e3fa663cdaa - core[df12db4294e9bfd3]::fmt::write
[INFO] [stdout]    2:     0x5e3fa662a19c - <alloc[2182bb758b4b3781]::vec::Vec<u8> as core[df12db4294e9bfd3]::io::write::Write>::write_fmt
[INFO] [stdout]    3:     0x5e3fa65fdc56 - std[70759c8f55707aa4]::panicking::default_hook::{closure#0}
[INFO] [stdout]    4:     0x5e3fa661ba89 - std[70759c8f55707aa4]::panicking::default_hook
[INFO] [stdout]    5:     0x5e3fa63826d0 - test[9d35eded1c95d3be]::test_main_inner::<test[9d35eded1c95d3be]::test_main_static::{closure#0}>::{closure#0}
[INFO] [stdout]    6:     0x5e3fa661bc42 - std[70759c8f55707aa4]::panicking::panic_with_hook
[INFO] [stdout]    7:     0x5e3fa65fdd34 - std[70759c8f55707aa4]::panicking::panic_handler::{closure#0}
[INFO] [stdout]    8:     0x5e3fa65f6149 - std[70759c8f55707aa4]::sys::backtrace::__rust_end_short_backtrace::<std[70759c8f55707aa4]::panicking::panic_handler::{closure#0}, !>
[INFO] [stdout]    9:     0x5e3fa65feafd - __rustc[8fa7c3cbc660c2b3]::rust_begin_unwind
[INFO] [stdout]   10:     0x5e3fa663d50c - core[df12db4294e9bfd3]::panicking::panic_fmt
[INFO] [stdout]   11:     0x5e3fa663d4d2 - core[df12db4294e9bfd3]::panicking::panic
[INFO] [stdout]   12:     0x5e3fa6373317 - <layout[81cdc4e3f62ffc57]::a_flat_board_moves_into_its_directory::{closure#0} as core[df12db4294e9bfd3]::ops::function::FnOnce<()>>::call_once
[INFO] [stdout]   13:     0x5e3fa63759bb - test[9d35eded1c95d3be]::__rust_begin_short_backtrace::<core[df12db4294e9bfd3]::result::Result<(), alloc[2182bb758b4b3781]::string::String>, fn() -> core[df12db4294e9bfd3]::result::Result<(), alloc[2182bb758b4b3781]::string::String>>
[INFO] [stdout]   14:     0x5e3fa6383025 - test[9d35eded1c95d3be]::run_test::{closure#0}
[INFO] [stdout]   15:     0x5e3fa637c8e4 - std[70759c8f55707aa4]::sys::backtrace::__rust_begin_short_backtrace::<test[9d35eded1c95d3be]::run_test::{closure#1}, ()>
[INFO] [stdout]   16:     0x5e3fa6386182 - <std[70759c8f55707aa4]::thread::lifecycle::spawn_unchecked<test[9d35eded1c95d3be]::run_test::{closure#1}, ()>::{closure#1} as core[df12db4294e9bfd3]::ops::function::FnOnce<()>>::call_once::{shim:vtable#0}
[INFO] [stdout]   17:     0x5e3fa6624379 - <std[70759c8f55707aa4]::sys::thread::unix::Thread>::new::thread_start
[INFO] [stdout]   18:     0x7b49ce141dfa - <unknown>
[INFO] [stdout]   19:     0x7b49ce1d53d4 - clone
[INFO] [stdout]   20:                0x0 - <unknown>
[INFO] [stdout] 
[INFO] [stdout] 
[INFO] [stdout] failures:
[INFO] [stdout]     a_flat_board_moves_into_its_directory
[INFO] [stdout]     migration_moves_card_pictures_into_the_card
[INFO] [stdout] 
[INFO] [stdout] test result: FAILED. 8 passed; 2 failed; 0 ignored; 0 measured; 0 filtered out; finished in 0.08s
[INFO] [stdout] 
[INFO] [stderr] error: test failed, to rerun pass `--test layout`
[INFO] running `Command { std: "docker" "inspect" "b171ead63ecb113ed3e53ad54c8cb541c31cda099ff43a60711beaae092b32be", kill_on_drop: false }`
[INFO] running `Command { std: "docker" "rm" "-f" "b171ead63ecb113ed3e53ad54c8cb541c31cda099ff43a60711beaae092b32be", kill_on_drop: false }`
[INFO] [stdout] b171ead63ecb113ed3e53ad54c8cb541c31cda099ff43a60711beaae092b32be
