[INFO] fetching crate cxx-build 1.0.205...
[INFO] testing cxx-build-1.0.205 against 1.99.0-beta.8+cargoflags=--release for beta-release-1.100-2
[INFO] extracting crate cxx-build 1.0.205 into /workspace/builds/worker-3-tc1/source
[INFO] started tweaking crates.io crate cxx-build 1.0.205
[INFO] finished tweaking crates.io crate cxx-build 1.0.205
[INFO] tweaked toml for crates.io crate cxx-build 1.0.205 written to /workspace/builds/worker-3-tc1/source/Cargo.toml
[INFO] validating manifest of crates.io crate cxx-build 1.0.205 on toolchain 1.99.0-beta.8
[INFO] running `Command { std: CARGO_HOME="/workspace/cargo-home" RUSTUP_HOME="/workspace/rustup-home" "/workspace/cargo-home/bin/cargo" "+1.99.0-beta.8" "metadata" "--manifest-path" "Cargo.toml" "--no-deps", kill_on_drop: false }`
[INFO] crate crates.io crate cxx-build 1.0.205 already has a lockfile, it will not be regenerated
[INFO] running `Command { std: CARGO_HOME="/workspace/cargo-home" RUSTUP_HOME="/workspace/rustup-home" "/workspace/cargo-home/bin/cargo" "+1.99.0-beta.8" "fetch" "--manifest-path" "Cargo.toml", kill_on_drop: false }`
[INFO] [stderr]     Updating crates.io index
[INFO] [stderr]  Downloading crates ...
[INFO] [stderr]   Downloaded cxxbridge-flags v1.0.204
[INFO] [stderr]   Downloaded cxxbridge-macro v1.0.204
[INFO] [stderr]   Downloaded cxx-gen v0.7.204
[INFO] [stderr]   Downloaded cxxbridge-cmd v1.0.204
[INFO] [stderr]   Downloaded cxx-build v1.0.204
[INFO] [stderr]   Downloaded cc v1.7.0
[INFO] [stderr]   Downloaded syn v3.0.7
[INFO] [stderr]   Downloaded cxx v1.0.204
[INFO] running `Command { std: "docker" "create" "-v" "/var/lib/crater-agent-workspace/builds/worker-3-tc1/source:/opt/rustwide/workdir:ro,Z" "-v" "/var/lib/crater-agent-workspace/builds/worker-3-tc1/target:/opt/rustwide/target:rw,Z" "-v" "/var/lib/crater-agent-workspace/cargo-home:/opt/rustwide/cargo-home:ro,Z" "-v" "/var/lib/crater-agent-workspace/rustup-home:/opt/rustwide/rustup-home:ro,Z" "-m" "1610612736" "--network" "none" "ghcr.io/rust-lang/crates-build-env/linux@sha256:77db811e55d90add9212f6832c23229e3de5f1c1f9905e8cb07319ea15df73ac" "sleep" "infinity", kill_on_drop: false }`
[INFO] [stdout] 543019cf880521fb6ae17d707e48634d07e85945726c950c131c82e74c932500
[INFO] running `Command { std: "docker" "start" "543019cf880521fb6ae17d707e48634d07e85945726c950c131c82e74c932500", kill_on_drop: false }`
[INFO] running `Command { std: "docker" "inspect" "543019cf880521fb6ae17d707e48634d07e85945726c950c131c82e74c932500", kill_on_drop: false }`
[INFO] running `Command { std: "docker" "exec" "-e" "SOURCE_DIR=/opt/rustwide/workdir" "-e" "CARGO_HOME=/opt/rustwide/cargo-home" "-e" "RUSTUP_HOME=/opt/rustwide/rustup-home" "-e" "CARGO_TARGET_DIR=/opt/rustwide/target" "-w" "/opt/rustwide/workdir" "--user" "0:0" "543019cf880521fb6ae17d707e48634d07e85945726c950c131c82e74c932500" "/opt/rustwide/cargo-home/bin/cargo" "+1.99.0-beta.8" "metadata" "--no-deps" "--format-version=1", kill_on_drop: false }`
[INFO] running `Command { std: "docker" "inspect" "543019cf880521fb6ae17d707e48634d07e85945726c950c131c82e74c932500", kill_on_drop: false }`
[INFO] running `Command { std: "docker" "exec" "-e" "SOURCE_DIR=/opt/rustwide/workdir" "-e" "CARGO_HOME=/opt/rustwide/cargo-home" "-e" "RUSTUP_HOME=/opt/rustwide/rustup-home" "-e" "CARGO_TARGET_DIR=/opt/rustwide/target" "-e" "CARGO_INCREMENTAL=0" "-e" "RUST_BACKTRACE=full" "-e" "RUSTFLAGS=--cap-lints=warn" "-e" "RUSTDOCFLAGS=--cap-lints=warn" "-w" "/opt/rustwide/workdir" "--user" "0:0" "543019cf880521fb6ae17d707e48634d07e85945726c950c131c82e74c932500" "/opt/rustwide/cargo-home/bin/cargo" "+1.99.0-beta.8" "build" "--frozen" "--message-format=json" "--release", kill_on_drop: false }`
[INFO] [stderr]    Compiling proc-macro2 v1.0.107
[INFO] [stderr]    Compiling unicode-ident v1.0.26
[INFO] [stderr]    Compiling quote v1.0.47
[INFO] [stderr]    Compiling scratch v1.0.9
[INFO] [stderr]    Compiling shlex v2.0.1
[INFO] [stderr]    Compiling find-msvc-tools v0.1.14
[INFO] [stderr]    Compiling codespan-reporting v0.13.1
[INFO] [stderr]    Compiling indexmap v2.14.2
[INFO] [stderr]    Compiling cc v1.7.0
[INFO] [stderr]    Compiling syn v3.0.7
[INFO] [stderr]    Compiling cxx-build v1.0.205 (/opt/rustwide/workdir)
[INFO] [stderr]     Finished `release` profile [optimized] target(s) in 29.78s
[INFO] running `Command { std: "docker" "inspect" "543019cf880521fb6ae17d707e48634d07e85945726c950c131c82e74c932500", kill_on_drop: false }`
[INFO] running `Command { std: "docker" "exec" "-e" "SOURCE_DIR=/opt/rustwide/workdir" "-e" "CARGO_HOME=/opt/rustwide/cargo-home" "-e" "RUSTUP_HOME=/opt/rustwide/rustup-home" "-e" "CARGO_TARGET_DIR=/opt/rustwide/target" "-e" "CARGO_INCREMENTAL=0" "-e" "RUST_BACKTRACE=full" "-e" "RUSTFLAGS=--cap-lints=warn" "-e" "RUSTDOCFLAGS=--cap-lints=warn" "-w" "/opt/rustwide/workdir" "--user" "0:0" "543019cf880521fb6ae17d707e48634d07e85945726c950c131c82e74c932500" "/opt/rustwide/cargo-home/bin/cargo" "+1.99.0-beta.8" "test" "--frozen" "--no-run" "--message-format=json" "--release", kill_on_drop: false }`
[INFO] [stderr]    Compiling cc v1.7.0
[INFO] [stderr]    Compiling unicode-ident v1.0.26
[INFO] [stderr]    Compiling cxxbridge-flags v1.0.204
[INFO] [stderr]    Compiling indexmap v2.14.2
[INFO] [stderr]    Compiling foldhash v0.2.0
[INFO] [stderr]    Compiling pkg-config v0.3.34
[INFO] [stderr]    Compiling cxx-gen v0.7.204
[INFO] [stderr]    Compiling proc-macro2 v1.0.107
[INFO] [stderr]    Compiling quote v1.0.47
[INFO] [stderr]    Compiling syn v3.0.7
[INFO] [stderr]    Compiling link-cplusplus v1.0.12
[INFO] [stderr]    Compiling cxx v1.0.204
[INFO] [stderr]    Compiling cxxbridge-macro v1.0.204
[INFO] [stderr]    Compiling cxx-build v1.0.205 (/opt/rustwide/workdir)
[INFO] [stderr]     Finished `release` profile [optimized] target(s) in 23.29s
[INFO] running `Command { std: "docker" "inspect" "543019cf880521fb6ae17d707e48634d07e85945726c950c131c82e74c932500", kill_on_drop: false }`
[INFO] running `Command { std: "docker" "exec" "-e" "SOURCE_DIR=/opt/rustwide/workdir" "-e" "CARGO_HOME=/opt/rustwide/cargo-home" "-e" "RUSTUP_HOME=/opt/rustwide/rustup-home" "-e" "CARGO_TARGET_DIR=/opt/rustwide/target" "-e" "CARGO_INCREMENTAL=0" "-e" "RUST_BACKTRACE=full" "-e" "RUSTFLAGS=--cap-lints=warn" "-e" "RUSTDOCFLAGS=--cap-lints=warn" "-w" "/opt/rustwide/workdir" "--user" "0:0" "543019cf880521fb6ae17d707e48634d07e85945726c950c131c82e74c932500" "/opt/rustwide/cargo-home/bin/cargo" "+1.99.0-beta.8" "test" "--frozen" "--release", kill_on_drop: false }`
[INFO] [stderr]     Finished `release` profile [optimized] target(s) in 0.06s
[INFO] [stderr]      Running unittests src/lib.rs (/opt/rustwide/target/release/deps/cxx_build-0311cbd108751bb9)
[INFO] [stdout] 
[INFO] [stdout] running 3 tests
[INFO] [stdout] test bridge::nested::tests::test_ns_entries_sort ... ok
[INFO] [stdout] test bridge::builtin::tests::test_write_builtin ... ok
[INFO] [stdout] test out::tests::test_relativize_symlink_unix ... FAILED
[INFO] [stdout] 
[INFO] [stdout] failures:
[INFO] [stdout] 
[INFO] [stdout] ---- out::tests::test_relativize_symlink_unix stdout ----
[INFO] [stdout] 
[INFO] [stdout] thread 'out::tests::test_relativize_symlink_unix' (719) panicked at src/out.rs:272:9:
[INFO] [stdout] assertion `left == right` failed
[INFO] [stdout]   left: None
[INFO] [stdout]  right: Some("../bar/baz")
[INFO] [stdout] stack backtrace:
[INFO] [stdout]    0:     0x6211769a1b61 - <<std[70759c8f55707aa4]::sys::backtrace::BacktraceLock>::print::DisplayBacktrace as core[df12db4294e9bfd3]::fmt::Display>::fmt
[INFO] [stdout]    1:     0x6211769b642a - core[df12db4294e9bfd3]::fmt::write
[INFO] [stdout]    2:     0x6211769a62cc - <alloc[2182bb758b4b3781]::vec::Vec<u8> as core[df12db4294e9bfd3]::io::write::Write>::write_fmt
[INFO] [stdout]    3:     0x62117697d886 - std[70759c8f55707aa4]::panicking::default_hook::{closure#0}
[INFO] [stdout]    4:     0x621176999d09 - std[70759c8f55707aa4]::panicking::default_hook
[INFO] [stdout]    5:     0x621176923870 - test[9d35eded1c95d3be]::test_main_inner::<test[9d35eded1c95d3be]::test_main_static::{closure#0}>::{closure#0}
[INFO] [stdout]    6:     0x621176999ec2 - std[70759c8f55707aa4]::panicking::panic_with_hook
[INFO] [stdout]    7:     0x62117697d932 - std[70759c8f55707aa4]::panicking::panic_handler::{closure#0}
[INFO] [stdout]    8:     0x621176976489 - std[70759c8f55707aa4]::sys::backtrace::__rust_end_short_backtrace::<std[70759c8f55707aa4]::panicking::panic_handler::{closure#0}, !>
[INFO] [stdout]    9:     0x62117697e52d - __rustc[8fa7c3cbc660c2b3]::rust_begin_unwind
[INFO] [stdout]   10:     0x6211769b6b8c - core[df12db4294e9bfd3]::panicking::panic_fmt
[INFO] [stdout]   11:     0x6211769b6aa3 - core[df12db4294e9bfd3]::panicking::assert_failed_inner
[INFO] [stdout]   12:     0x62117690ae14 - core[df12db4294e9bfd3]::panicking::assert_failed::<core[df12db4294e9bfd3]::option::Option<&std[70759c8f55707aa4]::path::Path>, core[df12db4294e9bfd3]::option::Option<&std[70759c8f55707aa4]::path::Path>>
[INFO] [stdout]   13:     0x62117690695b - cxx_build[aebee4afcd121a41]::out::tests::test_relativize_symlink_unix
[INFO] [stdout]   14:     0x621176909589 - <cxx_build[aebee4afcd121a41]::out::tests::test_relativize_symlink_unix::{closure#0} as core[df12db4294e9bfd3]::ops::function::FnOnce<()>>::call_once
[INFO] [stdout]   15:     0x621176916b5b - test[9d35eded1c95d3be]::__rust_begin_short_backtrace::<core[df12db4294e9bfd3]::result::Result<(), alloc[2182bb758b4b3781]::string::String>, fn() -> core[df12db4294e9bfd3]::result::Result<(), alloc[2182bb758b4b3781]::string::String>>
[INFO] [stdout]   16:     0x6211769241c5 - test[9d35eded1c95d3be]::run_test::{closure#0}
[INFO] [stdout]   17:     0x62117691da84 - std[70759c8f55707aa4]::sys::backtrace::__rust_begin_short_backtrace::<test[9d35eded1c95d3be]::run_test::{closure#1}, ()>
[INFO] [stdout]   18:     0x621176927322 - <std[70759c8f55707aa4]::thread::lifecycle::spawn_unchecked<test[9d35eded1c95d3be]::run_test::{closure#1}, ()>::{closure#1} as core[df12db4294e9bfd3]::ops::function::FnOnce<()>>::call_once::{shim:vtable#0}
[INFO] [stdout]   19:     0x6211769a10c9 - <std[70759c8f55707aa4]::sys::thread::unix::Thread>::new::thread_start
[INFO] [stdout]   20:     0x7a68cc086dfa - <unknown>
[INFO] [stdout]   21:     0x7a68cc11a3d4 - clone
[INFO] [stdout]   22:                0x0 - <unknown>
[INFO] [stdout] 
[INFO] [stdout] 
[INFO] [stdout] failures:
[INFO] [stdout]     out::tests::test_relativize_symlink_unix
[INFO] [stdout] 
[INFO] [stdout] test result: FAILED. 2 passed; 1 failed; 0 ignored; 0 measured; 0 filtered out; finished in 0.01s
[INFO] [stdout] 
[INFO] [stderr] error: test failed, to rerun pass `--lib`
[INFO] running `Command { std: "docker" "inspect" "543019cf880521fb6ae17d707e48634d07e85945726c950c131c82e74c932500", kill_on_drop: false }`
[INFO] running `Command { std: "docker" "rm" "-f" "543019cf880521fb6ae17d707e48634d07e85945726c950c131c82e74c932500", kill_on_drop: false }`
[INFO] [stdout] 543019cf880521fb6ae17d707e48634d07e85945726c950c131c82e74c932500
