[INFO] fetching crate cxcap 1.0.4...
[INFO] testing cxcap-1.0.4 against 1.99.0-beta.8+cargoflags=--release for beta-release-1.100-2
[INFO] extracting crate cxcap 1.0.4 into /workspace/builds/worker-0-tc1/source
[INFO] started tweaking crates.io crate cxcap 1.0.4
[INFO] removed 0 missing tests
[INFO] finished tweaking crates.io crate cxcap 1.0.4
[INFO] tweaked toml for crates.io crate cxcap 1.0.4 written to /workspace/builds/worker-0-tc1/source/Cargo.toml
[INFO] validating manifest of crates.io crate cxcap 1.0.4 on toolchain 1.99.0-beta.8
[INFO] running `Command { std: CARGO_HOME="/workspace/cargo-home" RUSTUP_HOME="/workspace/rustup-home" "/workspace/cargo-home/bin/cargo" "+1.99.0-beta.8" "metadata" "--manifest-path" "Cargo.toml" "--no-deps", kill_on_drop: false }`
[INFO] crate crates.io crate cxcap 1.0.4 already has a lockfile, it will not be regenerated
[INFO] running `Command { std: CARGO_HOME="/workspace/cargo-home" RUSTUP_HOME="/workspace/rustup-home" "/workspace/cargo-home/bin/cargo" "+1.99.0-beta.8" "fetch" "--manifest-path" "Cargo.toml", kill_on_drop: false }`
[INFO] [stderr]  Downloading crates ...
[INFO] [stderr]   Downloaded tree-sitter-language v0.1.8
[INFO] [stderr]   Downloaded zipsign-api v0.2.1
[INFO] [stderr]   Downloaded tree-sitter v0.27.0
[INFO] [stderr]   Downloaded tree-sitter-python v0.25.0
[INFO] [stderr]   Downloaded tree-sitter-javascript v0.25.0
[INFO] [stderr]   Downloaded self_update v1.3.0
[INFO] [stderr]   Downloaded md5 v0.8.1
[INFO] running `Command { std: "docker" "create" "-v" "/var/lib/crater-agent-workspace/builds/worker-0-tc1/source:/opt/rustwide/workdir:ro,Z" "-v" "/var/lib/crater-agent-workspace/builds/worker-0-tc1/target:/opt/rustwide/target:rw,Z" "-v" "/var/lib/crater-agent-workspace/cargo-home:/opt/rustwide/cargo-home:ro,Z" "-v" "/var/lib/crater-agent-workspace/rustup-home:/opt/rustwide/rustup-home:ro,Z" "-m" "1610612736" "--network" "none" "ghcr.io/rust-lang/crates-build-env/linux@sha256:77db811e55d90add9212f6832c23229e3de5f1c1f9905e8cb07319ea15df73ac" "sleep" "infinity", kill_on_drop: false }`
[INFO] [stdout] 2c78bdf149af2bece20e5a9ae212ebb068d3eaf9a18f8256126a33209d11a3e4
[INFO] running `Command { std: "docker" "start" "2c78bdf149af2bece20e5a9ae212ebb068d3eaf9a18f8256126a33209d11a3e4", kill_on_drop: false }`
[INFO] running `Command { std: "docker" "inspect" "2c78bdf149af2bece20e5a9ae212ebb068d3eaf9a18f8256126a33209d11a3e4", kill_on_drop: false }`
[INFO] running `Command { std: "docker" "exec" "-e" "SOURCE_DIR=/opt/rustwide/workdir" "-e" "CARGO_HOME=/opt/rustwide/cargo-home" "-e" "RUSTUP_HOME=/opt/rustwide/rustup-home" "-e" "CARGO_TARGET_DIR=/opt/rustwide/target" "-w" "/opt/rustwide/workdir" "--user" "0:0" "2c78bdf149af2bece20e5a9ae212ebb068d3eaf9a18f8256126a33209d11a3e4" "/opt/rustwide/cargo-home/bin/cargo" "+1.99.0-beta.8" "metadata" "--no-deps" "--format-version=1", kill_on_drop: false }`
[INFO] running `Command { std: "docker" "inspect" "2c78bdf149af2bece20e5a9ae212ebb068d3eaf9a18f8256126a33209d11a3e4", kill_on_drop: false }`
[INFO] running `Command { std: "docker" "exec" "-e" "SOURCE_DIR=/opt/rustwide/workdir" "-e" "CARGO_HOME=/opt/rustwide/cargo-home" "-e" "RUSTUP_HOME=/opt/rustwide/rustup-home" "-e" "CARGO_TARGET_DIR=/opt/rustwide/target" "-e" "CARGO_INCREMENTAL=0" "-e" "RUST_BACKTRACE=full" "-e" "RUSTFLAGS=--cap-lints=warn" "-e" "RUSTDOCFLAGS=--cap-lints=warn" "-w" "/opt/rustwide/workdir" "--user" "0:0" "2c78bdf149af2bece20e5a9ae212ebb068d3eaf9a18f8256126a33209d11a3e4" "/opt/rustwide/cargo-home/bin/cargo" "+1.99.0-beta.8" "build" "--frozen" "--message-format=json" "--release", kill_on_drop: false }`
[INFO] [stderr]    Compiling find-msvc-tools v0.1.13
[INFO] [stderr]    Compiling tree-sitter-language v0.1.8
[INFO] [stderr]    Compiling crossbeam-utils v0.8.23
[INFO] [stderr]    Compiling crossbeam-epoch v0.9.21
[INFO] [stderr]    Compiling httparse v1.10.1
[INFO] [stderr]    Compiling getrandom v0.2.17
[INFO] [stderr]    Compiling serde_json v1.0.151
[INFO] [stderr]    Compiling crc32fast v1.5.2
[INFO] [stderr]    Compiling encoding_rs v0.8.41
[INFO] [stderr]    Compiling syn v3.0.6
[INFO] [stderr]    Compiling simd-adler32 v0.3.10
[INFO] [stderr]    Compiling crossbeam-deque v0.8.8
[INFO] [stderr]    Compiling rustls v0.23.45
[INFO] [stderr]    Compiling regex-automata v0.4.18
[INFO] [stderr]    Compiling getrandom v0.4.3
[INFO] [stderr]    Compiling core_detect v1.0.0
[INFO] [stderr]    Compiling multiversion_no_op v1.0.0
[INFO] [stderr]    Compiling cc v1.4.7
[INFO] [stderr]    Compiling simdutf8 v0.1.5
[INFO] [stderr]    Compiling base64 v0.23.1
[INFO] [stderr]    Compiling socks v0.3.4
[INFO] [stderr]    Compiling tempfile v3.27.0
[INFO] [stderr]    Compiling digest v0.11.3
[INFO] [stderr]    Compiling webpki-roots v1.0.9
[INFO] [stderr]    Compiling xattr v1.6.1
[INFO] [stderr]    Compiling miniz_oxide v0.9.1
[INFO] [stderr]    Compiling filetime v0.2.29
[INFO] [stderr]    Compiling utf8-zero v0.8.1
[INFO] [stderr]    Compiling self_update v1.3.0
[INFO] [stderr]    Compiling clap_lex v1.1.1
[INFO] [stderr]    Compiling dirs-sys v0.5.0
[INFO] [stderr]    Compiling clap_builder v4.6.7
[INFO] [stderr]    Compiling tar v0.4.46
[INFO] [stderr]    Compiling ureq-proto v0.6.4
[INFO] [stderr]    Compiling sha2 v0.11.0
[INFO] [stderr]    Compiling self-replace v1.5.0
[INFO] [stderr]    Compiling semver v1.0.28
[INFO] [stderr]    Compiling flate2 v1.1.10
[INFO] [stderr]    Compiling streaming-iterator v0.1.9
[INFO] [stderr]    Compiling urlencoding v2.1.3
[INFO] [stderr]    Compiling either v1.18.0
[INFO] [stderr]    Compiling dirs v7.0.0
[INFO] [stderr]    Compiling md5 v0.8.1
[INFO] [stderr]    Compiling rayon-core v1.13.0
[INFO] [stderr]    Compiling ring v0.17.14
[INFO] [stderr]    Compiling tree-sitter-javascript v0.25.0
[INFO] [stderr]    Compiling tree-sitter v0.27.0
[INFO] [stderr]    Compiling tree-sitter-typescript v0.23.2
[INFO] [stderr]    Compiling tree-sitter-python v0.25.0
[INFO] [stderr]    Compiling tree-sitter-rust v0.24.2
[INFO] [stderr]    Compiling rayon v1.12.0
[INFO] [stderr]    Compiling regex v1.13.1
[INFO] [stderr]    Compiling multiversion-macros v0.9.0
[INFO] [stderr]    Compiling serde_derive v1.0.229
[INFO] [stderr]    Compiling clap_derive v4.6.7
[INFO] [stderr]    Compiling multiversion v0.9.0
[INFO] [stderr]    Compiling clap v4.6.7
[INFO] [stderr]    Compiling serde v1.0.229
[INFO] [stderr]    Compiling rustls-webpki v0.103.15
[INFO] [stderr]    Compiling ureq v3.4.2
[INFO] [stderr]    Compiling cxcap v1.0.4 (/opt/rustwide/workdir)
[INFO] [stderr]     Finished `release` profile [optimized] target(s) in 1m 37s
[INFO] running `Command { std: "docker" "inspect" "2c78bdf149af2bece20e5a9ae212ebb068d3eaf9a18f8256126a33209d11a3e4", kill_on_drop: false }`
[INFO] running `Command { std: "docker" "exec" "-e" "SOURCE_DIR=/opt/rustwide/workdir" "-e" "CARGO_HOME=/opt/rustwide/cargo-home" "-e" "RUSTUP_HOME=/opt/rustwide/rustup-home" "-e" "CARGO_TARGET_DIR=/opt/rustwide/target" "-e" "CARGO_INCREMENTAL=0" "-e" "RUST_BACKTRACE=full" "-e" "RUSTFLAGS=--cap-lints=warn" "-e" "RUSTDOCFLAGS=--cap-lints=warn" "-w" "/opt/rustwide/workdir" "--user" "0:0" "2c78bdf149af2bece20e5a9ae212ebb068d3eaf9a18f8256126a33209d11a3e4" "/opt/rustwide/cargo-home/bin/cargo" "+1.99.0-beta.8" "test" "--frozen" "--no-run" "--message-format=json" "--release", kill_on_drop: false }`
[INFO] [stderr]    Compiling cxcap v1.0.4 (/opt/rustwide/workdir)
[INFO] [stdout] warning: function `pkg_root` is never used
[INFO] [stdout]   --> tests/common/mod.rs:34:8
[INFO] [stdout]    |
[INFO] [stdout] 34 | pub fn pkg_root() -> PathBuf {
[INFO] [stdout]    |        ^^^^^^^^
[INFO] [stdout]    |
[INFO] [stdout]    = note: `#[warn(dead_code)]` (part of `#[warn(unused)]`) on by default
[INFO] [stdout] 
[INFO] [stdout] 
[INFO] [stdout] warning: function `rank_literal` is never used
[INFO] [stdout]   --> tests/common/mod.rs:52:8
[INFO] [stdout]    |
[INFO] [stdout] 52 | pub fn rank_literal(intent: &str, files: &[cxcap::scan::FileRec], top_k: usize) -> Vec<(String, f64)> {
[INFO] [stdout]    |        ^^^^^^^^^^^^
[INFO] [stdout] 
[INFO] [stdout] 
[INFO] [stdout] warning: function `recall_at_k` is never used
[INFO] [stdout]   --> tests/common/mod.rs:87:8
[INFO] [stdout]    |
[INFO] [stdout] 87 | pub fn recall_at_k(ranked: &[String], actual: &[String], k: usize) -> f64 {
[INFO] [stdout]    |        ^^^^^^^^^^^
[INFO] [stdout] 
[INFO] [stdout] 
[INFO] [stdout] warning: function `pkg_root` is never used
[INFO] [stdout]   --> tests/common/mod.rs:34:8
[INFO] [stdout]    |
[INFO] [stdout] 34 | pub fn pkg_root() -> PathBuf {
[INFO] [stdout]    |        ^^^^^^^^
[INFO] [stdout]    |
[INFO] [stdout]    = note: `#[warn(dead_code)]` (part of `#[warn(unused)]`) on by default
[INFO] [stdout] 
[INFO] [stdout] 
[INFO] [stdout] warning: function `rank_literal` is never used
[INFO] [stdout]   --> tests/common/mod.rs:52:8
[INFO] [stdout]    |
[INFO] [stdout] 52 | pub fn rank_literal(intent: &str, files: &[cxcap::scan::FileRec], top_k: usize) -> Vec<(String, f64)> {
[INFO] [stdout]    |        ^^^^^^^^^^^^
[INFO] [stdout] 
[INFO] [stdout] 
[INFO] [stdout] warning: function `recall_at_k` is never used
[INFO] [stdout]   --> tests/common/mod.rs:87:8
[INFO] [stdout]    |
[INFO] [stdout] 87 | pub fn recall_at_k(ranked: &[String], actual: &[String], k: usize) -> f64 {
[INFO] [stdout]    |        ^^^^^^^^^^^
[INFO] [stdout] 
[INFO] [stdout] 
[INFO] [stdout] warning: function `pkg_root` is never used
[INFO] [stdout]   --> tests/common/mod.rs:34:8
[INFO] [stdout]    |
[INFO] [stdout] 34 | pub fn pkg_root() -> PathBuf {
[INFO] [stdout]    |        ^^^^^^^^
[INFO] [stdout]    |
[INFO] [stdout]    = note: `#[warn(dead_code)]` (part of `#[warn(unused)]`) on by default
[INFO] [stdout] 
[INFO] [stdout] 
[INFO] [stdout] warning: function `rank_literal` is never used
[INFO] [stdout]   --> tests/common/mod.rs:52:8
[INFO] [stdout]    |
[INFO] [stdout] 52 | pub fn rank_literal(intent: &str, files: &[cxcap::scan::FileRec], top_k: usize) -> Vec<(String, f64)> {
[INFO] [stdout]    |        ^^^^^^^^^^^^
[INFO] [stdout] 
[INFO] [stdout] 
[INFO] [stdout] warning: function `recall_at_k` is never used
[INFO] [stdout]   --> tests/common/mod.rs:87:8
[INFO] [stdout]    |
[INFO] [stdout] 87 | pub fn recall_at_k(ranked: &[String], actual: &[String], k: usize) -> f64 {
[INFO] [stdout]    |        ^^^^^^^^^^^
[INFO] [stdout] 
[INFO] [stdout] 
[INFO] [stdout] warning: function `rank_literal` is never used
[INFO] [stdout]   --> tests/common/mod.rs:52:8
[INFO] [stdout]    |
[INFO] [stdout] 52 | pub fn rank_literal(intent: &str, files: &[cxcap::scan::FileRec], top_k: usize) -> Vec<(String, f64)> {
[INFO] [stdout]    |        ^^^^^^^^^^^^
[INFO] [stdout]    |
[INFO] [stdout]    = note: `#[warn(dead_code)]` (part of `#[warn(unused)]`) on by default
[INFO] [stdout] 
[INFO] [stdout] 
[INFO] [stdout] warning: function `recall_at_k` is never used
[INFO] [stdout]   --> tests/common/mod.rs:87:8
[INFO] [stdout]    |
[INFO] [stdout] 87 | pub fn recall_at_k(ranked: &[String], actual: &[String], k: usize) -> f64 {
[INFO] [stdout]    |        ^^^^^^^^^^^
[INFO] [stdout] 
[INFO] [stdout] 
[INFO] [stderr]     Finished `release` profile [optimized] target(s) in 14.47s
[INFO] running `Command { std: "docker" "inspect" "2c78bdf149af2bece20e5a9ae212ebb068d3eaf9a18f8256126a33209d11a3e4", kill_on_drop: false }`
[INFO] running `Command { std: "docker" "exec" "-e" "SOURCE_DIR=/opt/rustwide/workdir" "-e" "CARGO_HOME=/opt/rustwide/cargo-home" "-e" "RUSTUP_HOME=/opt/rustwide/rustup-home" "-e" "CARGO_TARGET_DIR=/opt/rustwide/target" "-e" "CARGO_INCREMENTAL=0" "-e" "RUST_BACKTRACE=full" "-e" "RUSTFLAGS=--cap-lints=warn" "-e" "RUSTDOCFLAGS=--cap-lints=warn" "-w" "/opt/rustwide/workdir" "--user" "0:0" "2c78bdf149af2bece20e5a9ae212ebb068d3eaf9a18f8256126a33209d11a3e4" "/opt/rustwide/cargo-home/bin/cargo" "+1.99.0-beta.8" "test" "--frozen" "--release", kill_on_drop: false }`
[INFO] [stderr] warning: function `pkg_root` is never used
[INFO] [stderr]   --> tests/common/mod.rs:34:8
[INFO] [stderr]    |
[INFO] [stderr] 34 | pub fn pkg_root() -> PathBuf {
[INFO] [stderr]    |        ^^^^^^^^
[INFO] [stderr]    |
[INFO] [stderr]    = note: `#[warn(dead_code)]` (part of `#[warn(unused)]`) on by default
[INFO] [stderr] 
[INFO] [stderr] warning: function `rank_literal` is never used
[INFO] [stderr]   --> tests/common/mod.rs:52:8
[INFO] [stderr]    |
[INFO] [stderr] 52 | pub fn rank_literal(intent: &str, files: &[cxcap::scan::FileRec], top_k: usize) -> Vec<(String, f64)> {
[INFO] [stderr]    |        ^^^^^^^^^^^^
[INFO] [stderr] 
[INFO] [stderr] warning: function `recall_at_k` is never used
[INFO] [stderr]   --> tests/common/mod.rs:87:8
[INFO] [stderr]    |
[INFO] [stderr] 87 | pub fn recall_at_k(ranked: &[String], actual: &[String], k: usize) -> f64 {
[INFO] [stderr]    |        ^^^^^^^^^^^
[INFO] [stderr] 
[INFO] [stderr] warning: function `rank_literal` is never used
[INFO] [stderr]   --> tests/common/mod.rs:52:8
[INFO] [stderr]    |
[INFO] [stderr] 52 | pub fn rank_literal(intent: &str, files: &[cxcap::scan::FileRec], top_k: usize) -> Vec<(String, f64)> {
[INFO] [stderr]    |        ^^^^^^^^^^^^
[INFO] [stderr]    |
[INFO] [stderr]    = note: `#[warn(dead_code)]` (part of `#[warn(unused)]`) on by default
[INFO] [stderr] 
[INFO] [stderr] warning: `cxcap` (test "updater") generated 3 warnings
[INFO] [stderr] warning: `cxcap` (test "installer") generated 3 warnings (3 duplicates)
[INFO] [stderr] warning: `cxcap` (test "audit") generated 2 warnings (1 duplicate)
[INFO] [stderr] warning: `cxcap` (test "machine_consumer") generated 3 warnings (3 duplicates)
[INFO] [stderr]     Finished `release` profile [optimized] target(s) in 0.23s
[INFO] [stderr]      Running unittests src/lib.rs (/opt/rustwide/target/release/deps/cxcap-a70a00a0607dde77)
[INFO] [stdout] 
[INFO] [stdout] running 41 tests
[INFO] [stdout] test component::tests::independent_modules_not_punished ... ok
[INFO] [stdout] test component::tests::stable_core_not_tangle_unstable_not_cycle ... ok
[INFO] [stdout] test component::tests::ring_cycle_flagged_chain_clean ... ok
[INFO] [stdout] test extract::tests::frontmatter_combines_with_script ... ok
[INFO] [stdout] test context::tests::deterministic_lines ... ok
[INFO] [stdout] test context::tests::verification_split_and_top_share ... ok
[INFO] [stdout] test extract::tests::basic_and_case_insensitive_tags ... ok
[INFO] [stdout] test extract::tests::frontmatter_fence_shapes ... ok
[INFO] [stdout] test extract::tests::missing_or_unclosed_blocks_found_nothing ... ok
[INFO] [stdout] test lexical::tests::expand_is_deterministic ... ok
[INFO] [stdout] test lexical::tests::expand_pulls_dependent_but_not_unrelated ... ok
[INFO] [stdout] test component::tests::star_and_diamond_clean ... ok
[INFO] [stdout] test context::tests::localized_vs_spanning_distinguished ... ok
[INFO] [stdout] test lexical::tests::stemming_matches_inflections ... ok
[INFO] [stdout] test lexical::tests::weak_tail_below_floor_dropped ... ok
[INFO] [stdout] test component::tests::bidirectional_pair_flagged ... ok
[INFO] [stdout] test component::tests::clean_layered_not_flagged ... ok
[INFO] [stdout] test extract::tests::empty_blocks_skipped_multiples_joined ... ok
[INFO] [stdout] test component::tests::internal_complexity_clean_contract ... ok
[INFO] [stdout] test lexical::tests::expand_respects_hops_and_cap ... ok
[INFO] [stdout] test lexical::tests::generic_word_does_not_dominate ... ok
[INFO] [stdout] test lexical::tests::intent_in_symbol_found ... ok
[INFO] [stdout] test lexical::tests::stopwords_dont_seed_noise ... ok
[INFO] [stdout] test lexical::tests::test_surface_excluded ... ok
[INFO] [stdout] test lexical::tests::tokenize_splits_cases ... ok
[INFO] [stdout] test opacity::tests::js_dynamic_import_flagged_static_clean ... ok
[INFO] [stdout] test resolve::tests::chained_suffixes_strip_once_from_the_left ... ok
[INFO] [stdout] test opacity::tests::uncertainty_is_not_complexity ... ok
[INFO] [stdout] test resolve::tests::leaves_unknown_or_missing_suffixes ... ok
[INFO] [stdout] test update::tests::notice_names_both_versions ... ok
[INFO] [stdout] test update::tests::picks_newest_compatible_with_digest ... ok
[INFO] [stdout] test verdict::tests::severe_with_concentration_names_the_folder ... ok
[INFO] [stdout] test verdict::tests::severe_without_concentration_names_no_folder ... ok
[INFO] [stdout] test update::tests::current_or_newer_never_updates ... ok
[INFO] [stdout] test update::tests::manifest_rejects_bad_schema_and_parses_minimal ... ok
[INFO] [stdout] test resolve::tests::strips_known_bundler_suffixes ... ok
[INFO] [stdout] test update::tests::checksum_parses_supported_digests_only ... ok
[INFO] [stdout] test opacity::tests::js_require_literal_clean_dynamic_flagged ... ok
[INFO] [stdout] test resolve::tests::dollar_matches_before_a_single_trailing_newline ... ok
[INFO] [stdout] test opacity::tests::py_detectors_precise ... ok
[INFO] [stdout] test lexical::tests::multiple_areas_sharing_token_all_returned ... ok
[INFO] [stdout] 
[INFO] [stdout] test result: ok. 41 passed; 0 failed; 0 ignored; 0 measured; 0 filtered out; finished in 0.04s
[INFO] [stdout] 
[INFO] [stderr]      Running unittests src/main.rs (/opt/rustwide/target/release/deps/cxcap-84bb0e865c882abe)
[INFO] [stdout] 
[INFO] [stderr]      Running tests/audit.rs (/opt/rustwide/target/release/deps/audit-0d5c019de4b93b8b)
[INFO] [stdout] running 0 tests
[INFO] [stdout] 
[INFO] [stdout] test result: ok. 0 passed; 0 failed; 0 ignored; 0 measured; 0 filtered out; finished in 0.00s
[INFO] [stdout] 
[INFO] [stdout] 
[INFO] [stdout] running 83 tests
[INFO] [stdout] test compound_extension_resolution ... ok
[INFO] [stdout] test e2e_neutral ... ok
[INFO] [stdout] test dash_tests_neutral ... ok
[INFO] [stdout] test deep_folders ... ok
[INFO] [stdout] test cli_surface ... FAILED
[INFO] [stdout] test decl_neutral ... ok
[INFO] [stdout] test focus_boundaries ... ok
[INFO] [stdout] test clones ... ok
[INFO] [stdout] test dir_index ... ok
[INFO] [stdout] test coupling_direction ... ok
[INFO] [stdout] test cycle_floors_verdict ... ok
[INFO] [stdout] test deterministic_across_runs_and_jobs ... ok
[INFO] [stdout] test elif_chain_depth ... ok
[INFO] [stdout] test focus_matches ... ok
[INFO] [stdout] test generated_neutral ... ok
[INFO] [stdout] test error_messages_verbatim ... ok
[INFO] [stdout] test demo_neutral ... ok
[INFO] [stdout] test bare_top_import_prefers_package_root ... ok
[INFO] [stdout] test js_nesting_parity ... ok
[INFO] [stdout] test config_surface ... ok
[INFO] [stdout] test js_relative_edges ... ok
[INFO] [stdout] test flat_large_file_watch ... ok
[INFO] [stdout] test minified_neutral ... ok
[INFO] [stdout] test js_branch_parity ... ok
[INFO] [stdout] test max_func_cx_parity ... ok
[INFO] [stdout] test import_hygiene ... ok
[INFO] [stdout] test cycles ... ok
[INFO] [stdout] test nested_once_totals ... ok
[INFO] [stdout] test blast_radius ... ok
[INFO] [stdout] test lex_strip_no_cross_pairing ... ok
[INFO] [stdout] test focus_cycle_labels ... ok
[INFO] [stdout] test focus_surfaces ... ok
[INFO] [stdout] test modern_python ... ok
[INFO] [stdout] test json_contract ... ok
[INFO] [stdout] test cautions_scoped_to_focus ... ok
[INFO] [stdout] test leading_dot_zero_fraction ... ok
[INFO] [stdout] test notebooks ... ok
[INFO] [stdout] test phases_add_up ... ok
[INFO] [stdout] test notebook_clones_hash_code ... ok
[INFO] [stdout] test god_exclusion ... ok
[INFO] [stdout] test focus_hotspot_imperative_earned ... ok
[INFO] [stdout] test py_ts_complexity_exact ... ok
[INFO] [stdout] test na_verdict ... ok
[INFO] [stdout] test rebuilt_header_neutral ... ok
[INFO] [stdout] test robust_reads ... ok
[INFO] [stdout] test pep696_defaults ... ok
[INFO] [stdout] test rust_basics ... ok
[INFO] [stdout] test reexport_edge ... ok
[INFO] [stdout] test pathological_entries ... ok
[INFO] [stdout] test qualified_match_wins ... ok
[INFO] [stdout] test nested_src_toplevels ... ok
[INFO] [stdout] test neutral_only_cycle_watch ... ok
[INFO] [stdout] test rust_use_edges ... ok
[INFO] [stdout] test shebang ... ok
[INFO] [stdout] test svelte_runes ... ok
[INFO] [stdout] test svelte_sfc ... ok
[INFO] [stdout] test modern_ts ... ok
[INFO] [stdout] test target_untouched_and_no_write_opens ... FAILED
[INFO] [stdout] test sfc_script_scored ... ok
[INFO] [stdout] test testdata_generated_neutral ... ok
[INFO] [stdout] test tangle_watch ... ok
[INFO] [stdout] test symlinks_disclosed ... ok
[INFO] [stdout] test subdir_coupling ... ok
[INFO] [stdout] test plurals ... ok
[INFO] [stdout] test test_prod_split ... ok
[INFO] [stdout] test scope_dominance_na ... ok
[INFO] [stdout] test underscore_vendor ... ok
[INFO] [stdout] test sfc_markup_excluded_from_clones ... ok
[INFO] [stdout] test vendor_excluded ... ok
[INFO] [stdout] test whole_repo_focus ... ok
[INFO] [stdout] test workspace_cycle ... ok
[INFO] [stdout] test unscored_extensionless_label ... ok
[INFO] [stdout] test perf_bound ... ok
[INFO] [stdout] test hostile_files ... ok
[INFO] [stdout] test verdict_floor ... ok
[INFO] [stdout] test ts_annotated_defs ... ok
[INFO] [stdout] test transitive_dependents ... ok
[INFO] [stdout] test py_from_import_submodule_edges ... ok
[INFO] [stdout] test ts_inline_typeonly_no_edge ... ok
[INFO] [stdout] test workspace_edges ... ok
[INFO] [stdout] test typeonly_no_fanin ... ok
[INFO] [stdout] test typeonly_no_fanout ... ok
[INFO] [stdout] test warning_cap ... ok
[INFO] [stdout] 
[INFO] [stdout] failures:
[INFO] [stdout] 
[INFO] [stdout] ---- cli_surface stdout ----
[INFO] [stdout] 
[INFO] [stdout] thread 'cli_surface' (2111) panicked at tests/audit.rs:815:78:
[INFO] [stdout] called `Result::unwrap()` on an `Err` value: Os { code: 2, kind: NotFound, message: "No such file or directory" }
[INFO] [stdout] stack backtrace:
[INFO] [stdout]    0:     0x5a3cb60d9861 - <<std[70759c8f55707aa4]::sys::backtrace::BacktraceLock>::print::DisplayBacktrace as core[df12db4294e9bfd3]::fmt::Display>::fmt
[INFO] [stdout]    1:     0x5a3cb60ef6aa - core[df12db4294e9bfd3]::fmt::write
[INFO] [stdout]    2:     0x5a3cb60de07c - <alloc[2182bb758b4b3781]::vec::Vec<u8> as core[df12db4294e9bfd3]::io::write::Write>::write_fmt
[INFO] [stdout]    3:     0x5a3cb60b35c6 - std[70759c8f55707aa4]::panicking::default_hook::{closure#0}
[INFO] [stdout]    4:     0x5a3cb60d09e9 - std[70759c8f55707aa4]::panicking::default_hook
[INFO] [stdout]    5:     0x5a3cb6064260 - test[9d35eded1c95d3be]::test_main_inner::<test[9d35eded1c95d3be]::test_main_static::{closure#0}>::{closure#0}
[INFO] [stdout]    6:     0x5a3cb60d0ba2 - std[70759c8f55707aa4]::panicking::panic_with_hook
[INFO] [stdout]    7:     0x5a3cb60b3672 - std[70759c8f55707aa4]::panicking::panic_handler::{closure#0}
[INFO] [stdout]    8:     0x5a3cb60ac049 - std[70759c8f55707aa4]::sys::backtrace::__rust_end_short_backtrace::<std[70759c8f55707aa4]::panicking::panic_handler::{closure#0}, !>
[INFO] [stdout]    9:     0x5a3cb60b441d - __rustc[8fa7c3cbc660c2b3]::rust_begin_unwind
[INFO] [stdout]   10:     0x5a3cb60efddc - core[df12db4294e9bfd3]::panicking::panic_fmt
[INFO] [stdout]   11:     0x5a3cb60efbb2 - core[df12db4294e9bfd3]::result::unwrap_failed
[INFO] [stdout]   12:     0x5a3cb601b7f3 - <audit[60536cfde1809537]::cli_surface::{closure#0} as core[df12db4294e9bfd3]::ops::function::FnOnce<()>>::call_once
[INFO] [stdout]   13:     0x5a3cb605754b - test[9d35eded1c95d3be]::__rust_begin_short_backtrace::<core[df12db4294e9bfd3]::result::Result<(), alloc[2182bb758b4b3781]::string::String>, fn() -> core[df12db4294e9bfd3]::result::Result<(), alloc[2182bb758b4b3781]::string::String>>
[INFO] [stdout]   14:     0x5a3cb6064bb5 - test[9d35eded1c95d3be]::run_test::{closure#0}
[INFO] [stdout]   15:     0x5a3cb605e474 - std[70759c8f55707aa4]::sys::backtrace::__rust_begin_short_backtrace::<test[9d35eded1c95d3be]::run_test::{closure#1}, ()>
[INFO] [stdout]   16:     0x5a3cb6067d12 - <std[70759c8f55707aa4]::thread::lifecycle::spawn_unchecked<test[9d35eded1c95d3be]::run_test::{closure#1}, ()>::{closure#1} as core[df12db4294e9bfd3]::ops::function::FnOnce<()>>::call_once::{shim:vtable#0}
[INFO] [stdout]   17:     0x5a3cb60d88b9 - <std[70759c8f55707aa4]::sys::thread::unix::Thread>::new::thread_start
[INFO] [stdout]   18:     0x7a49a5164dfa - <unknown>
[INFO] [stdout]   19:     0x7a49a51f83d4 - clone
[INFO] [stdout]   20:                0x0 - <unknown>
[INFO] [stdout] 
[INFO] [stdout] ---- target_untouched_and_no_write_opens stdout ----
[INFO] [stdout] 
[INFO] [stdout] thread 'target_untouched_and_no_write_opens' (3733) panicked at tests/audit.rs:145:56:
[INFO] [stdout] called `Result::unwrap()` on an `Err` value: Os { code: 2, kind: NotFound, message: "No such file or directory" }
[INFO] [stdout] stack backtrace:
[INFO] [stdout]    0:     0x5a3cb60d9861 - <<std[70759c8f55707aa4]::sys::backtrace::BacktraceLock>::print::DisplayBacktrace as core[df12db4294e9bfd3]::fmt::Display>::fmt
[INFO] [stdout]    1:     0x5a3cb60ef6aa - core[df12db4294e9bfd3]::fmt::write
[INFO] [stdout]    2:     0x5a3cb60de07c - <alloc[2182bb758b4b3781]::vec::Vec<u8> as core[df12db4294e9bfd3]::io::write::Write>::write_fmt
[INFO] [stdout]    3:     0x5a3cb60b35c6 - std[70759c8f55707aa4]::panicking::default_hook::{closure#0}
[INFO] [stdout]    4:     0x5a3cb60d09e9 - std[70759c8f55707aa4]::panicking::default_hook
[INFO] [stdout]    5:     0x5a3cb6064260 - test[9d35eded1c95d3be]::test_main_inner::<test[9d35eded1c95d3be]::test_main_static::{closure#0}>::{closure#0}
[INFO] [stdout]    6:     0x5a3cb60d0ba2 - std[70759c8f55707aa4]::panicking::panic_with_hook
[INFO] [stdout]    7:     0x5a3cb60b3672 - std[70759c8f55707aa4]::panicking::panic_handler::{closure#0}
[INFO] [stdout]    8:     0x5a3cb60ac049 - std[70759c8f55707aa4]::sys::backtrace::__rust_end_short_backtrace::<std[70759c8f55707aa4]::panicking::panic_handler::{closure#0}, !>
[INFO] [stdout]    9:     0x5a3cb60b441d - __rustc[8fa7c3cbc660c2b3]::rust_begin_unwind
[INFO] [stdout]   10:     0x5a3cb60efddc - core[df12db4294e9bfd3]::panicking::panic_fmt
[INFO] [stdout]   11:     0x5a3cb60efbb2 - core[df12db4294e9bfd3]::result::unwrap_failed
[INFO] [stdout]   12:     0x5a3cb603eb11 - <audit[60536cfde1809537]::target_untouched_and_no_write_opens::{closure#0} as core[df12db4294e9bfd3]::ops::function::FnOnce<()>>::call_once
[INFO] [stdout]   13:     0x5a3cb605754b - test[9d35eded1c95d3be]::__rust_begin_short_backtrace::<core[df12db4294e9bfd3]::result::Result<(), alloc[2182bb758b4b3781]::string::String>, fn() -> core[df12db4294e9bfd3]::result::Result<(), alloc[2182bb758b4b3781]::string::String>>
[INFO] [stdout]   14:     0x5a3cb6064bb5 - test[9d35eded1c95d3be]::run_test::{closure#0}
[INFO] [stdout]   15:     0x5a3cb605e474 - std[70759c8f55707aa4]::sys::backtrace::__rust_begin_short_backtrace::<test[9d35eded1c95d3be]::run_test::{closure#1}, ()>
[INFO] [stdout]   16:     0x5a3cb6067d12 - <std[70759c8f55707aa4]::thread::lifecycle::spawn_unchecked<test[9d35eded1c95d3be]::run_test::{closure#1}, ()>::{closure#1} as core[df12db4294e9bfd3]::ops::function::FnOnce<()>>::call_once::{shim:vtable#0}
[INFO] [stdout]   17:     0x5a3cb60d88b9 - <std[70759c8f55707aa4]::sys::thread::unix::Thread>::new::thread_start
[INFO] [stdout]   18:     0x7a49a5164dfa - <unknown>
[INFO] [stdout]   19:     0x7a49a51f83d4 - clone
[INFO] [stdout]   20:                0x0 - <unknown>
[INFO] [stdout] 
[INFO] [stdout] 
[INFO] [stdout] failures:
[INFO] [stdout]     cli_surface
[INFO] [stdout]     target_untouched_and_no_write_opens
[INFO] [stdout] 
[INFO] [stdout] test result: FAILED. 81 passed; 2 failed; 0 ignored; 0 measured; 0 filtered out; finished in 0.68s
[INFO] [stdout] 
[INFO] [stderr] error: test failed, to rerun pass `--test audit`
[INFO] running `Command { std: "docker" "inspect" "2c78bdf149af2bece20e5a9ae212ebb068d3eaf9a18f8256126a33209d11a3e4", kill_on_drop: false }`
[INFO] running `Command { std: "docker" "rm" "-f" "2c78bdf149af2bece20e5a9ae212ebb068d3eaf9a18f8256126a33209d11a3e4", kill_on_drop: false }`
[INFO] [stdout] 2c78bdf149af2bece20e5a9ae212ebb068d3eaf9a18f8256126a33209d11a3e4
