[INFO] fetching crate cxc_derive 0.2.0...
[INFO] testing cxc_derive-0.2.0 against 1.100.0-beta.1+cargoflags=--release for beta-release-1.100-2
[INFO] extracting crate cxc_derive 0.2.0 into /workspace/builds/worker-2-tc2/source
[INFO] started tweaking crates.io crate cxc_derive 0.2.0
[INFO] finished tweaking crates.io crate cxc_derive 0.2.0
[INFO] tweaked toml for crates.io crate cxc_derive 0.2.0 written to /workspace/builds/worker-2-tc2/source/Cargo.toml
[INFO] validating manifest of crates.io crate cxc_derive 0.2.0 on toolchain 1.100.0-beta.1
[INFO] running `Command { std: CARGO_HOME="/workspace/cargo-home" RUSTUP_HOME="/workspace/rustup-home" "/workspace/cargo-home/bin/cargo" "+1.100.0-beta.1" "metadata" "--manifest-path" "Cargo.toml" "--no-deps", kill_on_drop: false }`
[INFO] running `Command { std: CARGO_HOME="/workspace/cargo-home" RUSTUP_HOME="/workspace/rustup-home" "/workspace/cargo-home/bin/cargo" "+1.100.0-beta.1" "generate-lockfile" "--manifest-path" "Cargo.toml", kill_on_drop: false }`
[INFO] [stderr]     Blocking waiting for file lock on package cache
[INFO] [stderr]     Updating crates.io index
[INFO] [stderr]      Locking 4 packages to highest compatible versions
[INFO] [stderr]       Adding syn v1.0.109 (available: v3.0.9)
[INFO] running `Command { std: CARGO_HOME="/workspace/cargo-home" RUSTUP_HOME="/workspace/rustup-home" "/workspace/cargo-home/bin/cargo" "+1.100.0-beta.1" "fetch" "--manifest-path" "Cargo.toml", kill_on_drop: false }`
[INFO] [stderr] warning: Cargo.toml: `proc_macro` is deprecated in favor of `proc-macro` and will not work in the 2024 edition
[INFO] [stderr] (in the `cxc_derive` library target)
[INFO] [stderr] warning: `cxc_derive` (manifest) generated 1 warning
[INFO] running `Command { std: "docker" "create" "-v" "/var/lib/crater-agent-workspace/builds/worker-2-tc2/source:/opt/rustwide/workdir:ro,Z" "-v" "/var/lib/crater-agent-workspace/builds/worker-2-tc2/target:/opt/rustwide/target:rw,Z" "-v" "/var/lib/crater-agent-workspace/cargo-home:/opt/rustwide/cargo-home:ro,Z" "-v" "/var/lib/crater-agent-workspace/rustup-home:/opt/rustwide/rustup-home:ro,Z" "-m" "1610612736" "--network" "none" "ghcr.io/rust-lang/crates-build-env/linux@sha256:77db811e55d90add9212f6832c23229e3de5f1c1f9905e8cb07319ea15df73ac" "sleep" "infinity", kill_on_drop: false }`
[INFO] [stdout] ce342f33e4a035402853d523890e342020ae335b4441b4b4655b93885404a6fe
[INFO] running `Command { std: "docker" "start" "ce342f33e4a035402853d523890e342020ae335b4441b4b4655b93885404a6fe", kill_on_drop: false }`
[INFO] running `Command { std: "docker" "inspect" "ce342f33e4a035402853d523890e342020ae335b4441b4b4655b93885404a6fe", kill_on_drop: false }`
[INFO] running `Command { std: "docker" "exec" "-e" "SOURCE_DIR=/opt/rustwide/workdir" "-e" "CARGO_HOME=/opt/rustwide/cargo-home" "-e" "RUSTUP_HOME=/opt/rustwide/rustup-home" "-e" "CARGO_TARGET_DIR=/opt/rustwide/target" "-w" "/opt/rustwide/workdir" "--user" "0:0" "ce342f33e4a035402853d523890e342020ae335b4441b4b4655b93885404a6fe" "/opt/rustwide/cargo-home/bin/cargo" "+1.100.0-beta.1" "metadata" "--no-deps" "--format-version=1", kill_on_drop: false }`
[INFO] running `Command { std: "docker" "inspect" "ce342f33e4a035402853d523890e342020ae335b4441b4b4655b93885404a6fe", kill_on_drop: false }`
[INFO] running `Command { std: "docker" "exec" "-e" "SOURCE_DIR=/opt/rustwide/workdir" "-e" "CARGO_HOME=/opt/rustwide/cargo-home" "-e" "RUSTUP_HOME=/opt/rustwide/rustup-home" "-e" "CARGO_TARGET_DIR=/opt/rustwide/target" "-e" "CARGO_INCREMENTAL=0" "-e" "RUST_BACKTRACE=full" "-e" "RUSTFLAGS=--cap-lints=warn" "-e" "RUSTDOCFLAGS=--cap-lints=warn" "-w" "/opt/rustwide/workdir" "--user" "0:0" "ce342f33e4a035402853d523890e342020ae335b4441b4b4655b93885404a6fe" "/opt/rustwide/cargo-home/bin/cargo" "+1.100.0-beta.1" "build" "--frozen" "--message-format=json" "--release", kill_on_drop: false }`
[INFO] [stderr] warning: Cargo.toml: `proc_macro` is deprecated in favor of `proc-macro` and will not work in the 2024 edition
[INFO] [stderr] (in the `cxc_derive` library target)
[INFO] [stderr] warning: `cxc_derive` (manifest) generated 1 warning
[INFO] [stderr]    Compiling cxc_derive v0.2.0 (/opt/rustwide/workdir)
[INFO] [stderr]     Finished `release` profile [optimized] target(s) in 2.84s
[INFO] running `Command { std: "docker" "inspect" "ce342f33e4a035402853d523890e342020ae335b4441b4b4655b93885404a6fe", kill_on_drop: false }`
[INFO] running `Command { std: "docker" "exec" "-e" "SOURCE_DIR=/opt/rustwide/workdir" "-e" "CARGO_HOME=/opt/rustwide/cargo-home" "-e" "RUSTUP_HOME=/opt/rustwide/rustup-home" "-e" "CARGO_TARGET_DIR=/opt/rustwide/target" "-e" "CARGO_INCREMENTAL=0" "-e" "RUST_BACKTRACE=full" "-e" "RUSTFLAGS=--cap-lints=warn" "-e" "RUSTDOCFLAGS=--cap-lints=warn" "-w" "/opt/rustwide/workdir" "--user" "0:0" "ce342f33e4a035402853d523890e342020ae335b4441b4b4655b93885404a6fe" "/opt/rustwide/cargo-home/bin/cargo" "+1.100.0-beta.1" "test" "--frozen" "--no-run" "--message-format=json" "--release", kill_on_drop: false }`
[INFO] [stderr] warning: Cargo.toml: `proc_macro` is deprecated in favor of `proc-macro` and will not work in the 2024 edition
[INFO] [stderr] (in the `cxc_derive` library target)
[INFO] [stderr] warning: `cxc_derive` (manifest) generated 1 warning
[INFO] [stderr]    Compiling cxc_derive v0.2.0 (/opt/rustwide/workdir)
[INFO] [stderr]     Finished `release` profile [optimized] target(s) in 0.56s
[INFO] running `Command { std: "docker" "inspect" "ce342f33e4a035402853d523890e342020ae335b4441b4b4655b93885404a6fe", kill_on_drop: false }`
[INFO] running `Command { std: "docker" "exec" "-e" "SOURCE_DIR=/opt/rustwide/workdir" "-e" "CARGO_HOME=/opt/rustwide/cargo-home" "-e" "RUSTUP_HOME=/opt/rustwide/rustup-home" "-e" "CARGO_TARGET_DIR=/opt/rustwide/target" "-e" "CARGO_INCREMENTAL=0" "-e" "RUST_BACKTRACE=full" "-e" "RUSTFLAGS=--cap-lints=warn" "-e" "RUSTDOCFLAGS=--cap-lints=warn" "-w" "/opt/rustwide/workdir" "--user" "0:0" "ce342f33e4a035402853d523890e342020ae335b4441b4b4655b93885404a6fe" "/opt/rustwide/cargo-home/bin/cargo" "+1.100.0-beta.1" "test" "--frozen" "--release", kill_on_drop: false }`
[INFO] [stderr] warning: Cargo.toml: `proc_macro` is deprecated in favor of `proc-macro` and will not work in the 2024 edition
[INFO] [stderr] (in the `cxc_derive` library target)
[INFO] [stderr] warning: `cxc_derive` (manifest) generated 1 warning
[INFO] [stderr]     Finished `release` profile [optimized] target(s) in 0.03s
[INFO] [stderr]      Running unittests src/lib.rs (/opt/rustwide/target/release/build/cxc_derive/7bd7214c5dbcc5db/out/cxc_derive-7bd7214c5dbcc5db)
[INFO] [stderr]    Doc-tests cxc_derive
[INFO] [stdout] 
[INFO] [stdout] running 0 tests
[INFO] [stdout] 
[INFO] [stdout] test result: ok. 0 passed; 0 failed; 0 ignored; 0 measured; 0 filtered out; finished in 0.00s
[INFO] [stdout] 
[INFO] [stdout] 
[INFO] [stdout] running 1 test
[INFO] [stdout] test src/lib.rs - (line 3) ... FAILED
[INFO] [stdout] 
[INFO] [stdout] failures:
[INFO] [stdout] 
[INFO] [stdout] ---- src/lib.rs - (line 3) stdout ----
[INFO] [stdout] error[E0432]: unresolved import `cxc`
[INFO] [stdout]  --> src/lib.rs:4:5
[INFO] [stdout]   |
[INFO] [stdout] 4 | use cxc::Unit;
[INFO] [stdout]   |     ^^^ use of unresolved module or unlinked crate `cxc`
[INFO] [stdout]   |
[INFO] [stdout]   = help: if you wanted to use a crate named `cxc`, use `cargo add cxc` to add it to your `Cargo.toml`
[INFO] [stdout] 
[INFO] [stdout] error[E0432]: unresolved import `cxc`
[INFO] [stdout]  --> src/lib.rs:5:5
[INFO] [stdout]   |
[INFO] [stdout] 5 | use cxc::XcReflect;
[INFO] [stdout]   |     ^^^ use of unresolved module or unlinked crate `cxc`
[INFO] [stdout]   |
[INFO] [stdout]   = help: if you wanted to use a crate named `cxc`, use `cargo add cxc` to add it to your `Cargo.toml`
[INFO] [stdout] 
[INFO] [stdout] error: aborting due to 2 previous errors
[INFO] [stdout] 
[INFO] [stdout] For more information about this error, try `rustc --explain E0432`.
[INFO] [stdout] Couldn't compile the test.
[INFO] [stdout] 
[INFO] [stdout] failures:
[INFO] [stdout]     src/lib.rs - (line 3)
[INFO] [stdout] 
[INFO] [stdout] test result: FAILED. 0 passed; 1 failed; 0 ignored; 0 measured; 0 filtered out; finished in 0.07s
[INFO] [stdout] 
[INFO] [stderr] error: doctest failed, to rerun pass `--doc`
[INFO] running `Command { std: "docker" "inspect" "ce342f33e4a035402853d523890e342020ae335b4441b4b4655b93885404a6fe", kill_on_drop: false }`
[INFO] running `Command { std: "docker" "rm" "-f" "ce342f33e4a035402853d523890e342020ae335b4441b4b4655b93885404a6fe", kill_on_drop: false }`
[INFO] [stdout] ce342f33e4a035402853d523890e342020ae335b4441b4b4655b93885404a6fe
