[INFO] fetching crate cvss 3.0.0...
[INFO] testing cvss-3.0.0 against 1.99.0-beta.8+cargoflags=--release for beta-release-1.100-2
[INFO] extracting crate cvss 3.0.0 into /workspace/builds/worker-5-tc1/source
[INFO] started tweaking crates.io crate cvss 3.0.0
[INFO] removed 0 missing tests
[INFO] finished tweaking crates.io crate cvss 3.0.0
[INFO] tweaked toml for crates.io crate cvss 3.0.0 written to /workspace/builds/worker-5-tc1/source/Cargo.toml
[INFO] validating manifest of crates.io crate cvss 3.0.0 on toolchain 1.99.0-beta.8
[INFO] running `Command { std: CARGO_HOME="/workspace/cargo-home" RUSTUP_HOME="/workspace/rustup-home" "/workspace/cargo-home/bin/cargo" "+1.99.0-beta.8" "metadata" "--manifest-path" "Cargo.toml" "--no-deps", kill_on_drop: false }`
[INFO] crate crates.io crate cvss 3.0.0 already has a lockfile, it will not be regenerated
[INFO] running `Command { std: CARGO_HOME="/workspace/cargo-home" RUSTUP_HOME="/workspace/rustup-home" "/workspace/cargo-home/bin/cargo" "+1.99.0-beta.8" "fetch" "--manifest-path" "Cargo.toml", kill_on_drop: false }`
[INFO] running `Command { std: "docker" "create" "-v" "/var/lib/crater-agent-workspace/builds/worker-5-tc1/source:/opt/rustwide/workdir:ro,Z" "-v" "/var/lib/crater-agent-workspace/builds/worker-5-tc1/target:/opt/rustwide/target:rw,Z" "-v" "/var/lib/crater-agent-workspace/cargo-home:/opt/rustwide/cargo-home:ro,Z" "-v" "/var/lib/crater-agent-workspace/rustup-home:/opt/rustwide/rustup-home:ro,Z" "-m" "1610612736" "--network" "none" "ghcr.io/rust-lang/crates-build-env/linux@sha256:77db811e55d90add9212f6832c23229e3de5f1c1f9905e8cb07319ea15df73ac" "sleep" "infinity", kill_on_drop: false }`
[INFO] [stdout] be48104919bf4f66b8b67711cdae399dfa1c13c5b3b23def0e4366e515f10d92
[INFO] running `Command { std: "docker" "start" "be48104919bf4f66b8b67711cdae399dfa1c13c5b3b23def0e4366e515f10d92", kill_on_drop: false }`
[INFO] running `Command { std: "docker" "inspect" "be48104919bf4f66b8b67711cdae399dfa1c13c5b3b23def0e4366e515f10d92", kill_on_drop: false }`
[INFO] running `Command { std: "docker" "exec" "-e" "SOURCE_DIR=/opt/rustwide/workdir" "-e" "CARGO_HOME=/opt/rustwide/cargo-home" "-e" "RUSTUP_HOME=/opt/rustwide/rustup-home" "-e" "CARGO_TARGET_DIR=/opt/rustwide/target" "-w" "/opt/rustwide/workdir" "--user" "0:0" "be48104919bf4f66b8b67711cdae399dfa1c13c5b3b23def0e4366e515f10d92" "/opt/rustwide/cargo-home/bin/cargo" "+1.99.0-beta.8" "metadata" "--no-deps" "--format-version=1", kill_on_drop: false }`
[INFO] running `Command { std: "docker" "inspect" "be48104919bf4f66b8b67711cdae399dfa1c13c5b3b23def0e4366e515f10d92", kill_on_drop: false }`
[INFO] running `Command { std: "docker" "exec" "-e" "SOURCE_DIR=/opt/rustwide/workdir" "-e" "CARGO_HOME=/opt/rustwide/cargo-home" "-e" "RUSTUP_HOME=/opt/rustwide/rustup-home" "-e" "CARGO_TARGET_DIR=/opt/rustwide/target" "-e" "CARGO_INCREMENTAL=0" "-e" "RUST_BACKTRACE=full" "-e" "RUSTFLAGS=--cap-lints=warn" "-e" "RUSTDOCFLAGS=--cap-lints=warn" "-w" "/opt/rustwide/workdir" "--user" "0:0" "be48104919bf4f66b8b67711cdae399dfa1c13c5b3b23def0e4366e515f10d92" "/opt/rustwide/cargo-home/bin/cargo" "+1.99.0-beta.8" "build" "--frozen" "--message-format=json" "--release", kill_on_drop: false }`
[INFO] [stderr]    Compiling cvss v3.0.0 (/opt/rustwide/workdir)
[INFO] [stderr]     Finished `release` profile [optimized] target(s) in 2.62s
[INFO] running `Command { std: "docker" "inspect" "be48104919bf4f66b8b67711cdae399dfa1c13c5b3b23def0e4366e515f10d92", kill_on_drop: false }`
[INFO] running `Command { std: "docker" "exec" "-e" "SOURCE_DIR=/opt/rustwide/workdir" "-e" "CARGO_HOME=/opt/rustwide/cargo-home" "-e" "RUSTUP_HOME=/opt/rustwide/rustup-home" "-e" "CARGO_TARGET_DIR=/opt/rustwide/target" "-e" "CARGO_INCREMENTAL=0" "-e" "RUST_BACKTRACE=full" "-e" "RUSTFLAGS=--cap-lints=warn" "-e" "RUSTDOCFLAGS=--cap-lints=warn" "-w" "/opt/rustwide/workdir" "--user" "0:0" "be48104919bf4f66b8b67711cdae399dfa1c13c5b3b23def0e4366e515f10d92" "/opt/rustwide/cargo-home/bin/cargo" "+1.99.0-beta.8" "test" "--frozen" "--no-run" "--message-format=json" "--release", kill_on_drop: false }`
[INFO] [stderr]    Compiling cvss v3.0.0 (/opt/rustwide/workdir)
[INFO] [stderr]     Finished `release` profile [optimized] target(s) in 3.97s
[INFO] running `Command { std: "docker" "inspect" "be48104919bf4f66b8b67711cdae399dfa1c13c5b3b23def0e4366e515f10d92", kill_on_drop: false }`
[INFO] running `Command { std: "docker" "exec" "-e" "SOURCE_DIR=/opt/rustwide/workdir" "-e" "CARGO_HOME=/opt/rustwide/cargo-home" "-e" "RUSTUP_HOME=/opt/rustwide/rustup-home" "-e" "CARGO_TARGET_DIR=/opt/rustwide/target" "-e" "CARGO_INCREMENTAL=0" "-e" "RUST_BACKTRACE=full" "-e" "RUSTFLAGS=--cap-lints=warn" "-e" "RUSTDOCFLAGS=--cap-lints=warn" "-w" "/opt/rustwide/workdir" "--user" "0:0" "be48104919bf4f66b8b67711cdae399dfa1c13c5b3b23def0e4366e515f10d92" "/opt/rustwide/cargo-home/bin/cargo" "+1.99.0-beta.8" "test" "--frozen" "--release", kill_on_drop: false }`
[INFO] [stderr]     Finished `release` profile [optimized] target(s) in 0.02s
[INFO] [stderr]      Running unittests src/lib.rs (/opt/rustwide/target/release/deps/cvss-22a852c750b506f6)
[INFO] [stdout] 
[INFO] [stdout] running 24 tests
[INFO] [stdout] test v2::score::tests::roundup_epsilon_magnitude ... ok
[INFO] [stdout] test v2::vector::tests::temporal_tie_rounds_half_up ... ok
[INFO] [stdout] test v3::score::tests::roundup_rounds_up ... ok
[INFO] [stdout] test tests::test_parse_invalid ... ok
[INFO] [stdout] test v4::score::tests::into_severity ... ok
[INFO] [stdout] test v2::vector::tests::spec_cve_2003_0062 ... ok
[INFO] [stdout] test tests::test_parse_v3 ... ok
[INFO] [stdout] test v2::vector::tests::spec_cve_2002_0392 ... ok
[INFO] [stdout] test v3::score::tests::severity_boundaries ... ok
[INFO] [stdout] test v4::score::tests::round_v4_round ... ok
[INFO] [stdout] test v3::vector::tests::cvss30_vs_cvss31 ... ok
[INFO] [stdout] test v4::score::tests::round_v4_epsilon_magnitude ... ok
[INFO] [stdout] test v3::vector::tests::parse_full_cvss3 ... ok
[INFO] [stdout] test v4::score::tests::new_score ... ok
[INFO] [stdout] test v4::vector::tests::fails_to_parse_invalid_cvss4 ... ok
[INFO] [stdout] test v4::vector::tests::parse_base_cvss4 ... ok
[INFO] [stdout] test v4::vector::tests::parse_full_cvss4 ... ok
[INFO] [stdout] test v4::score::tests::display_score ... ok
[INFO] [stdout] test tests::test_parse_v4 ... ok
[INFO] [stdout] test v2::vector::tests::environmental_tie_rounds_half_up ... ok
[INFO] [stdout] test v2::vector::tests::published_scores_clamp_at_zero_but_intermediates_do_not ... ok
[INFO] [stdout] test v2::vector::tests::spec_cve_2003_0818 ... ok
[INFO] [stdout] test v3::score::tests::roundup_exact_tenth_unchanged ... ok
[INFO] [stderr]      Running tests/base.rs (/opt/rustwide/target/release/deps/base-e68b45211f491afb)
[INFO] [stdout] test v4::scoring::max_composed::tests::all_combination_are_valid_scoring_vectors ... ok
[INFO] [stdout] 
[INFO] [stdout] test result: ok. 24 passed; 0 failed; 0 ignored; 0 measured; 0 filtered out; finished in 0.05s
[INFO] [stdout] 
[INFO] [stdout] 
[INFO] [stdout] running 28 tests
[INFO] [stdout] test bad_prefix ... ok
[INFO] [stdout] test cve_2011_1265 ... ok
[INFO] [stdout] test cve_2009_0783 ... ok
[INFO] [stdout] test cve_2013_0375 ... ok
[INFO] [stdout] test cve_2010_0467 ... ok
[INFO] [stdout] test cve_2008_1447 ... ok
[INFO] [stdout] test cve_2012_1342 ... ok
[INFO] [stdout] test cve_2009_0658 ... ok
[INFO] [stdout] test cve_2014_0224 ... ok
[INFO] [stdout] test cve_2012_5376 ... ok
[INFO] [stdout] test cve_2014_0160 ... ok
[INFO] [stdout] test cve_2012_0384 ... ok
[INFO] [stdout] test cve_2012_1516 ... ok
[INFO] [stdout] test cve_2013_1937 ... ok
[INFO] [stdout] test cve_2013_6014 ... ok
[INFO] [stdout] test cve_2014_3566 ... ok
[INFO] [stdout] test cve_2014_2005 ... ok
[INFO] [stdout] test low_scope_unchanged ... ok
[INFO] [stdout] test no_impact_scope_changed ... ok
[INFO] [stdout] test cve_2014_2019 ... ok
[INFO] [stdout] test cve_2015_0970 ... ok
[INFO] [stdout] test cve_2015_1098 ... ok
[INFO] [stdout] test no_impact_scope_unchanged ... ok
[INFO] [stdout] test cve_2014_6271 ... ok
[INFO] [stdout] test cve_2014_9253 ... ok
[INFO] [stdout] test cvss_v3_0_prefix ... ok
[INFO] [stdout] test duplicate_metric_rejected ... ok
[INFO] [stdout] test low_scope_changed ... ok
[INFO] [stdout] 
[INFO] [stdout] test result: ok. 28 passed; 0 failed; 0 ignored; 0 measured; 0 filtered out; finished in 0.01s
[INFO] [stdout] 
[INFO] [stderr]      Running tests/redhat-v2.rs (/opt/rustwide/target/release/deps/redhat_v2-84fd4d6dc00d6678)
[INFO] [stdout] 
[INFO] [stdout] running 4 tests
[INFO] [stdout] test cvss_v2_calculator ... FAILED
[INFO] [stdout] test cvss_v2_random ... FAILED
[INFO] [stdout] test cvss_v2_simple ... FAILED
[INFO] [stdout] test cvss_v2_cvsslib ... FAILED
[INFO] [stdout] 
[INFO] [stdout] failures:
[INFO] [stdout] 
[INFO] [stdout] ---- cvss_v2_calculator stdout ----
[INFO] [stdout] 
[INFO] [stdout] thread 'cvss_v2_calculator' (390) panicked at tests/redhat-v2.rs:31:83:
[INFO] [stdout] called `Result::unwrap()` on an `Err` value: Os { code: 2, kind: NotFound, message: "No such file or directory" }
[INFO] [stdout] stack backtrace:
[INFO] [stdout]    0:     0x60d829cd4081 - <<std[70759c8f55707aa4]::sys::backtrace::BacktraceLock>::print::DisplayBacktrace as core[df12db4294e9bfd3]::fmt::Display>::fmt
[INFO] [stdout]    1:     0x60d829ce8a8a - core[df12db4294e9bfd3]::fmt::write
[INFO] [stdout]    2:     0x60d829cd851c - <alloc[2182bb758b4b3781]::vec::Vec<u8> as core[df12db4294e9bfd3]::io::write::Write>::write_fmt
[INFO] [stdout]    3:     0x60d829cb0306 - std[70759c8f55707aa4]::panicking::default_hook::{closure#0}
[INFO] [stdout]    4:     0x60d829ccc479 - std[70759c8f55707aa4]::panicking::default_hook
[INFO] [stdout]    5:     0x60d829c65410 - test[9d35eded1c95d3be]::test_main_inner::<test[9d35eded1c95d3be]::test_main_static::{closure#0}>::{closure#0}
[INFO] [stdout]    6:     0x60d829ccc632 - std[70759c8f55707aa4]::panicking::panic_with_hook
[INFO] [stdout]    7:     0x60d829cb03b2 - std[70759c8f55707aa4]::panicking::panic_handler::{closure#0}
[INFO] [stdout]    8:     0x60d829ca8fa9 - std[70759c8f55707aa4]::sys::backtrace::__rust_end_short_backtrace::<std[70759c8f55707aa4]::panicking::panic_handler::{closure#0}, !>
[INFO] [stdout]    9:     0x60d829cb0fad - __rustc[8fa7c3cbc660c2b3]::rust_begin_unwind
[INFO] [stdout]   10:     0x60d829ce91bc - core[df12db4294e9bfd3]::panicking::panic_fmt
[INFO] [stdout]   11:     0x60d829ce8f92 - core[df12db4294e9bfd3]::result::unwrap_failed
[INFO] [stdout]   12:     0x60d829c56f95 - redhat_v2[cbcac321ae658028]::run_tests_from_file
[INFO] [stdout]   13:     0x60d829c57f45 - <redhat_v2[cbcac321ae658028]::cvss_v2_calculator::{closure#0} as core[df12db4294e9bfd3]::ops::function::FnOnce<()>>::call_once
[INFO] [stdout]   14:     0x60d829c586fb - test[9d35eded1c95d3be]::__rust_begin_short_backtrace::<core[df12db4294e9bfd3]::result::Result<(), alloc[2182bb758b4b3781]::string::String>, fn() -> core[df12db4294e9bfd3]::result::Result<(), alloc[2182bb758b4b3781]::string::String>>
[INFO] [stdout]   15:     0x60d829c65d65 - test[9d35eded1c95d3be]::run_test::{closure#0}
[INFO] [stdout]   16:     0x60d829c5f624 - std[70759c8f55707aa4]::sys::backtrace::__rust_begin_short_backtrace::<test[9d35eded1c95d3be]::run_test::{closure#1}, ()>
[INFO] [stdout]   17:     0x60d829c68ec2 - <std[70759c8f55707aa4]::thread::lifecycle::spawn_unchecked<test[9d35eded1c95d3be]::run_test::{closure#1}, ()>::{closure#1} as core[df12db4294e9bfd3]::ops::function::FnOnce<()>>::call_once::{shim:vtable#0}
[INFO] [stdout]   18:     0x60d829cd35e9 - <std[70759c8f55707aa4]::sys::thread::unix::Thread>::new::thread_start
[INFO] [stdout]   19:     0x76e39a464dfa - <unknown>
[INFO] [stdout]   20:     0x76e39a4f83d4 - clone
[INFO] [stdout]   21:                0x0 - <unknown>
[INFO] [stdout] 
[INFO] [stdout] ---- cvss_v2_random stdout ----
[INFO] [stdout] 
[INFO] [stdout] thread 'cvss_v2_random' (392) panicked at tests/redhat-v2.rs:31:83:
[INFO] [stdout] called `Result::unwrap()` on an `Err` value: Os { code: 2, kind: NotFound, message: "No such file or directory" }
[INFO] [stdout] stack backtrace:
[INFO] [stdout]    0:     0x60d829cd4081 - <<std[70759c8f55707aa4]::sys::backtrace::BacktraceLock>::print::DisplayBacktrace as core[df12db4294e9bfd3]::fmt::Display>::fmt
[INFO] [stdout]    1:     0x60d829ce8a8a - core[df12db4294e9bfd3]::fmt::write
[INFO] [stdout]    2:     0x60d829cd851c - <alloc[2182bb758b4b3781]::vec::Vec<u8> as core[df12db4294e9bfd3]::io::write::Write>::write_fmt
[INFO] [stdout]    3:     0x60d829cb0306 - std[70759c8f55707aa4]::panicking::default_hook::{closure#0}
[INFO] [stdout]    4:     0x60d829ccc479 - std[70759c8f55707aa4]::panicking::default_hook
[INFO] [stdout]    5:     0x60d829c65410 - test[9d35eded1c95d3be]::test_main_inner::<test[9d35eded1c95d3be]::test_main_static::{closure#0}>::{closure#0}
[INFO] [stdout]    6:     0x60d829ccc632 - std[70759c8f55707aa4]::panicking::panic_with_hook
[INFO] [stdout]    7:     0x60d829cb03b2 - std[70759c8f55707aa4]::panicking::panic_handler::{closure#0}
[INFO] [stdout]    8:     0x60d829ca8fa9 - std[70759c8f55707aa4]::sys::backtrace::__rust_end_short_backtrace::<std[70759c8f55707aa4]::panicking::panic_handler::{closure#0}, !>
[INFO] [stdout]    9:     0x60d829cb0fad - __rustc[8fa7c3cbc660c2b3]::rust_begin_unwind
[INFO] [stdout]   10:     0x60d829ce91bc - core[df12db4294e9bfd3]::panicking::panic_fmt
[INFO] [stdout]   11:     0x60d829ce8f92 - core[df12db4294e9bfd3]::result::unwrap_failed
[INFO] [stdout]   12:     0x60d829c56f95 - redhat_v2[cbcac321ae658028]::run_tests_from_file
[INFO] [stdout]   13:     0x60d829c57eb5 - <redhat_v2[cbcac321ae658028]::cvss_v2_random::{closure#0} as core[df12db4294e9bfd3]::ops::function::FnOnce<()>>::call_once
[INFO] [stdout]   14:     0x60d829c586fb - test[9d35eded1c95d3be]::__rust_begin_short_backtrace::<core[df12db4294e9bfd3]::result::Result<(), alloc[2182bb758b4b3781]::string::String>, fn() -> core[df12db4294e9bfd3]::result::Result<(), alloc[2182bb758b4b3781]::string::String>>
[INFO] [stdout]   15:     0x60d829c65d65 - test[9d35eded1c95d3be]::run_test::{closure#0}
[INFO] [stdout]   16:     0x60d829c5f624 - std[70759c8f55707aa4]::sys::backtrace::__rust_begin_short_backtrace::<test[9d35eded1c95d3be]::run_test::{closure#1}, ()>
[INFO] [stdout]   17:     0x60d829c68ec2 - <std[70759c8f55707aa4]::thread::lifecycle::spawn_unchecked<test[9d35eded1c95d3be]::run_test::{closure#1}, ()>::{closure#1} as core[df12db4294e9bfd3]::ops::function::FnOnce<()>>::call_once::{shim:vtable#0}
[INFO] [stdout]   18:     0x60d829cd35e9 - <std[70759c8f55707aa4]::sys::thread::unix::Thread>::new::thread_start
[INFO] [stdout]   19:     0x76e39a464dfa - <unknown>
[INFO] [stdout]   20:     0x76e39a4f83d4 - clone
[INFO] [stdout]   21:                0x0 - <unknown>
[INFO] [stdout] 
[INFO] [stdout] ---- cvss_v2_simple stdout ----
[INFO] [stdout] 
[INFO] [stdout] thread 'cvss_v2_simple' (393) panicked at tests/redhat-v2.rs:31:83:
[INFO] [stdout] called `Result::unwrap()` on an `Err` value: Os { code: 2, kind: NotFound, message: "No such file or directory" }
[INFO] [stdout] stack backtrace:
[INFO] [stdout]    0:     0x60d829cd4081 - <<std[70759c8f55707aa4]::sys::backtrace::BacktraceLock>::print::DisplayBacktrace as core[df12db4294e9bfd3]::fmt::Display>::fmt
[INFO] [stdout]    1:     0x60d829ce8a8a - core[df12db4294e9bfd3]::fmt::write
[INFO] [stdout]    2:     0x60d829cd851c - <alloc[2182bb758b4b3781]::vec::Vec<u8> as core[df12db4294e9bfd3]::io::write::Write>::write_fmt
[INFO] [stdout]    3:     0x60d829cb0306 - std[70759c8f55707aa4]::panicking::default_hook::{closure#0}
[INFO] [stdout]    4:     0x60d829ccc479 - std[70759c8f55707aa4]::panicking::default_hook
[INFO] [stdout]    5:     0x60d829c65410 - test[9d35eded1c95d3be]::test_main_inner::<test[9d35eded1c95d3be]::test_main_static::{closure#0}>::{closure#0}
[INFO] [stdout]    6:     0x60d829ccc632 - std[70759c8f55707aa4]::panicking::panic_with_hook
[INFO] [stdout]    7:     0x60d829cb03b2 - std[70759c8f55707aa4]::panicking::panic_handler::{closure#0}
[INFO] [stdout]    8:     0x60d829ca8fa9 - std[70759c8f55707aa4]::sys::backtrace::__rust_end_short_backtrace::<std[70759c8f55707aa4]::panicking::panic_handler::{closure#0}, !>
[INFO] [stdout]    9:     0x60d829cb0fad - __rustc[8fa7c3cbc660c2b3]::rust_begin_unwind
[INFO] [stdout]   10:     0x60d829ce91bc - core[df12db4294e9bfd3]::panicking::panic_fmt
[INFO] [stdout]   11:     0x60d829ce8f92 - core[df12db4294e9bfd3]::result::unwrap_failed
[INFO] [stdout]   12:     0x60d829c56f95 - redhat_v2[cbcac321ae658028]::run_tests_from_file
[INFO] [stdout]   13:     0x60d829c57ee5 - <redhat_v2[cbcac321ae658028]::cvss_v2_simple::{closure#0} as core[df12db4294e9bfd3]::ops::function::FnOnce<()>>::call_once
[INFO] [stdout]   14:     0x60d829c586fb - test[9d35eded1c95d3be]::__rust_begin_short_backtrace::<core[df12db4294e9bfd3]::result::Result<(), alloc[2182bb758b4b3781]::string::String>, fn() -> core[df12db4294e9bfd3]::result::Result<(), alloc[2182bb758b4b3781]::string::String>>
[INFO] [stdout]   15:     0x60d829c65d65 - test[9d35eded1c95d3be]::run_test::{closure#0}
[INFO] [stdout]   16:     0x60d829c5f624 - std[70759c8f55707aa4]::sys::backtrace::__rust_begin_short_backtrace::<test[9d35eded1c95d3be]::run_test::{closure#1}, ()>
[INFO] [stdout]   17:     0x60d829c68ec2 - <std[70759c8f55707aa4]::thread::lifecycle::spawn_unchecked<test[9d35eded1c95d3be]::run_test::{closure#1}, ()>::{closure#1} as core[df12db4294e9bfd3]::ops::function::FnOnce<()>>::call_once::{shim:vtable#0}
[INFO] [stdout]   18:     0x60d829cd35e9 - <std[70759c8f55707aa4]::sys::thread::unix::Thread>::new::thread_start
[INFO] [stdout]   19:     0x76e39a464dfa - <unknown>
[INFO] [stdout]   20:     0x76e39a4f83d4 - clone
[INFO] [stdout]   21:                0x0 - <unknown>
[INFO] [stdout] 
[INFO] [stdout] ---- cvss_v2_cvsslib stdout ----
[INFO] [stdout] 
[INFO] [stdout] thread 'cvss_v2_cvsslib' (391) panicked at tests/redhat-v2.rs:31:83:
[INFO] [stdout] called `Result::unwrap()` on an `Err` value: Os { code: 2, kind: NotFound, message: "No such file or directory" }
[INFO] [stdout] stack backtrace:
[INFO] [stdout]    0:     0x60d829cd4081 - <<std[70759c8f55707aa4]::sys::backtrace::BacktraceLock>::print::DisplayBacktrace as core[df12db4294e9bfd3]::fmt::Display>::fmt
[INFO] [stdout]    1:     0x60d829ce8a8a - core[df12db4294e9bfd3]::fmt::write
[INFO] [stdout]    2:     0x60d829cd851c - <alloc[2182bb758b4b3781]::vec::Vec<u8> as core[df12db4294e9bfd3]::io::write::Write>::write_fmt
[INFO] [stdout]    3:     0x60d829cb0306 - std[70759c8f55707aa4]::panicking::default_hook::{closure#0}
[INFO] [stdout]    4:     0x60d829ccc479 - std[70759c8f55707aa4]::panicking::default_hook
[INFO] [stdout]    5:     0x60d829c65410 - test[9d35eded1c95d3be]::test_main_inner::<test[9d35eded1c95d3be]::test_main_static::{closure#0}>::{closure#0}
[INFO] [stdout]    6:     0x60d829ccc632 - std[70759c8f55707aa4]::panicking::panic_with_hook
[INFO] [stdout]    7:     0x60d829cb03b2 - std[70759c8f55707aa4]::panicking::panic_handler::{closure#0}
[INFO] [stdout]    8:     0x60d829ca8fa9 - std[70759c8f55707aa4]::sys::backtrace::__rust_end_short_backtrace::<std[70759c8f55707aa4]::panicking::panic_handler::{closure#0}, !>
[INFO] [stdout]    9:     0x60d829cb0fad - __rustc[8fa7c3cbc660c2b3]::rust_begin_unwind
[INFO] [stdout]   10:     0x60d829ce91bc - core[df12db4294e9bfd3]::panicking::panic_fmt
[INFO] [stdout]   11:     0x60d829ce8f92 - core[df12db4294e9bfd3]::result::unwrap_failed
[INFO] [stdout]   12:     0x60d829c56f95 - redhat_v2[cbcac321ae658028]::run_tests_from_file
[INFO] [stdout]   13:     0x60d829c57f15 - <redhat_v2[cbcac321ae658028]::cvss_v2_cvsslib::{closure#0} as core[df12db4294e9bfd3]::ops::function::FnOnce<()>>::call_once
[INFO] [stdout]   14:     0x60d829c586fb - test[9d35eded1c95d3be]::__rust_begin_short_backtrace::<core[df12db4294e9bfd3]::result::Result<(), alloc[2182bb758b4b3781]::string::String>, fn() -> core[df12db4294e9bfd3]::result::Result<(), alloc[2182bb758b4b3781]::string::String>>
[INFO] [stdout]   15:     0x60d829c65d65 - test[9d35eded1c95d3be]::run_test::{closure#0}
[INFO] [stdout]   16:     0x60d829c5f624 - std[70759c8f55707aa4]::sys::backtrace::__rust_begin_short_backtrace::<test[9d35eded1c95d3be]::run_test::{closure#1}, ()>
[INFO] [stdout]   17:     0x60d829c68ec2 - <std[70759c8f55707aa4]::thread::lifecycle::spawn_unchecked<test[9d35eded1c95d3be]::run_test::{closure#1}, ()>::{closure#1} as core[df12db4294e9bfd3]::ops::function::FnOnce<()>>::call_once::{shim:vtable#0}
[INFO] [stdout]   18:     0x60d829cd35e9 - <std[70759c8f55707aa4]::sys::thread::unix::Thread>::new::thread_start
[INFO] [stdout]   19:     0x76e39a464dfa - <unknown>
[INFO] [stdout]   20:     0x76e39a4f83d4 - clone
[INFO] [stdout]   21:                0x0 - <unknown>
[INFO] [stdout] 
[INFO] [stdout] 
[INFO] [stdout] failures:
[INFO] [stdout]     cvss_v2_calculator
[INFO] [stdout]     cvss_v2_cvsslib
[INFO] [stdout]     cvss_v2_random
[INFO] [stdout]     cvss_v2_simple
[INFO] [stdout] 
[INFO] [stdout] test result: FAILED. 0 passed; 4 failed; 0 ignored; 0 measured; 0 filtered out; finished in 0.00s
[INFO] [stdout] 
[INFO] [stderr] error: test failed, to rerun pass `--test redhat-v2`
[INFO] running `Command { std: "docker" "inspect" "be48104919bf4f66b8b67711cdae399dfa1c13c5b3b23def0e4366e515f10d92", kill_on_drop: false }`
[INFO] running `Command { std: "docker" "rm" "-f" "be48104919bf4f66b8b67711cdae399dfa1c13c5b3b23def0e4366e515f10d92", kill_on_drop: false }`
[INFO] [stdout] be48104919bf4f66b8b67711cdae399dfa1c13c5b3b23def0e4366e515f10d92
