[INFO] fetching crate cvrdt-exposition 0.2.0...
[INFO] testing cvrdt-exposition-0.2.0 against 1.100.0-beta.1+cargoflags=--release for beta-release-1.100-2
[INFO] extracting crate cvrdt-exposition 0.2.0 into /workspace/builds/worker-4-tc2/source
[INFO] started tweaking crates.io crate cvrdt-exposition 0.2.0
[INFO] finished tweaking crates.io crate cvrdt-exposition 0.2.0
[INFO] tweaked toml for crates.io crate cvrdt-exposition 0.2.0 written to /workspace/builds/worker-4-tc2/source/Cargo.toml
[INFO] validating manifest of crates.io crate cvrdt-exposition 0.2.0 on toolchain 1.100.0-beta.1
[INFO] running `Command { std: CARGO_HOME="/workspace/cargo-home" RUSTUP_HOME="/workspace/rustup-home" "/workspace/cargo-home/bin/cargo" "+1.100.0-beta.1" "metadata" "--manifest-path" "Cargo.toml" "--no-deps", kill_on_drop: false }`
[INFO] running `Command { std: CARGO_HOME="/workspace/cargo-home" RUSTUP_HOME="/workspace/rustup-home" "/workspace/cargo-home/bin/cargo" "+1.100.0-beta.1" "generate-lockfile" "--manifest-path" "Cargo.toml", kill_on_drop: false }`
[INFO] [stderr]     Blocking waiting for file lock on package cache
[INFO] [stderr]     Updating crates.io index
[INFO] [stderr]      Locking 50 packages to highest compatible versions
[INFO] running `Command { std: CARGO_HOME="/workspace/cargo-home" RUSTUP_HOME="/workspace/rustup-home" "/workspace/cargo-home/bin/cargo" "+1.100.0-beta.1" "fetch" "--manifest-path" "Cargo.toml", kill_on_drop: false }`
[INFO] running `Command { std: "docker" "create" "-v" "/var/lib/crater-agent-workspace/builds/worker-4-tc2/source:/opt/rustwide/workdir:ro,Z" "-v" "/var/lib/crater-agent-workspace/builds/worker-4-tc2/target:/opt/rustwide/target:rw,Z" "-v" "/var/lib/crater-agent-workspace/cargo-home:/opt/rustwide/cargo-home:ro,Z" "-v" "/var/lib/crater-agent-workspace/rustup-home:/opt/rustwide/rustup-home:ro,Z" "-m" "1610612736" "--network" "none" "ghcr.io/rust-lang/crates-build-env/linux@sha256:77db811e55d90add9212f6832c23229e3de5f1c1f9905e8cb07319ea15df73ac" "sleep" "infinity", kill_on_drop: false }`
[INFO] [stdout] f199f6e8651059980d55dc3148bfeae381cb626a66649953d1d80c162205959a
[INFO] running `Command { std: "docker" "start" "f199f6e8651059980d55dc3148bfeae381cb626a66649953d1d80c162205959a", kill_on_drop: false }`
[INFO] running `Command { std: "docker" "inspect" "f199f6e8651059980d55dc3148bfeae381cb626a66649953d1d80c162205959a", kill_on_drop: false }`
[INFO] running `Command { std: "docker" "exec" "-e" "SOURCE_DIR=/opt/rustwide/workdir" "-e" "CARGO_HOME=/opt/rustwide/cargo-home" "-e" "RUSTUP_HOME=/opt/rustwide/rustup-home" "-e" "CARGO_TARGET_DIR=/opt/rustwide/target" "-w" "/opt/rustwide/workdir" "--user" "0:0" "f199f6e8651059980d55dc3148bfeae381cb626a66649953d1d80c162205959a" "/opt/rustwide/cargo-home/bin/cargo" "+1.100.0-beta.1" "metadata" "--no-deps" "--format-version=1", kill_on_drop: false }`
[INFO] running `Command { std: "docker" "inspect" "f199f6e8651059980d55dc3148bfeae381cb626a66649953d1d80c162205959a", kill_on_drop: false }`
[INFO] running `Command { std: "docker" "exec" "-e" "SOURCE_DIR=/opt/rustwide/workdir" "-e" "CARGO_HOME=/opt/rustwide/cargo-home" "-e" "RUSTUP_HOME=/opt/rustwide/rustup-home" "-e" "CARGO_TARGET_DIR=/opt/rustwide/target" "-e" "CARGO_INCREMENTAL=0" "-e" "RUST_BACKTRACE=full" "-e" "RUSTFLAGS=--cap-lints=warn" "-e" "RUSTDOCFLAGS=--cap-lints=warn" "-w" "/opt/rustwide/workdir" "--user" "0:0" "f199f6e8651059980d55dc3148bfeae381cb626a66649953d1d80c162205959a" "/opt/rustwide/cargo-home/bin/cargo" "+1.100.0-beta.1" "build" "--frozen" "--message-format=json" "--release", kill_on_drop: false }`
[INFO] [stderr]    Compiling cvrdt-exposition v0.2.0 (/opt/rustwide/workdir)
[INFO] [stderr]     Finished `release` profile [optimized] target(s) in 0.27s
[INFO] running `Command { std: "docker" "inspect" "f199f6e8651059980d55dc3148bfeae381cb626a66649953d1d80c162205959a", kill_on_drop: false }`
[INFO] running `Command { std: "docker" "exec" "-e" "SOURCE_DIR=/opt/rustwide/workdir" "-e" "CARGO_HOME=/opt/rustwide/cargo-home" "-e" "RUSTUP_HOME=/opt/rustwide/rustup-home" "-e" "CARGO_TARGET_DIR=/opt/rustwide/target" "-e" "CARGO_INCREMENTAL=0" "-e" "RUST_BACKTRACE=full" "-e" "RUSTFLAGS=--cap-lints=warn" "-e" "RUSTDOCFLAGS=--cap-lints=warn" "-w" "/opt/rustwide/workdir" "--user" "0:0" "f199f6e8651059980d55dc3148bfeae381cb626a66649953d1d80c162205959a" "/opt/rustwide/cargo-home/bin/cargo" "+1.100.0-beta.1" "test" "--frozen" "--no-run" "--message-format=json" "--release", kill_on_drop: false }`
[INFO] [stderr]    Compiling libc v0.2.191
[INFO] [stderr]    Compiling rand_core v0.10.1
[INFO] [stderr]    Compiling cfg-if v1.0.5
[INFO] [stderr]    Compiling getrandom v0.4.3
[INFO] [stderr]    Compiling rustix v1.1.5
[INFO] [stderr]    Compiling autocfg v1.5.1
[INFO] [stderr]    Compiling bitflags v2.13.2
[INFO] [stderr]    Compiling linux-raw-sys v0.12.1
[INFO] [stderr]    Compiling fastrand v2.5.0
[INFO] [stderr]    Compiling once_cell v1.21.4
[INFO] [stderr]    Compiling cpufeatures v0.3.1
[INFO] [stderr]    Compiling quick-error v1.2.3
[INFO] [stderr]    Compiling bit-vec v0.10.1
[INFO] [stderr]    Compiling regex-syntax v0.8.11
[INFO] [stderr]    Compiling core_detect v1.0.0
[INFO] [stderr]    Compiling unarray v0.1.4
[INFO] [stderr]    Compiling cvrdt-exposition v0.2.0 (/opt/rustwide/workdir)
[INFO] [stderr]    Compiling chacha20 v0.10.2
[INFO] [stderr]    Compiling rand_xorshift v0.5.0
[INFO] [stderr]    Compiling num-traits v0.2.19
[INFO] [stderr]    Compiling bit-set v0.11.1
[INFO] [stderr]    Compiling wait-timeout v0.2.1
[INFO] [stderr]    Compiling rand v0.10.3
[INFO] [stderr]    Compiling tempfile v3.27.0
[INFO] [stderr]    Compiling rusty-fork v0.3.1
[INFO] [stderr]    Compiling proptest v1.12.0
[INFO] [stderr]     Finished `release` profile [optimized] target(s) in 47.45s
[INFO] running `Command { std: "docker" "inspect" "f199f6e8651059980d55dc3148bfeae381cb626a66649953d1d80c162205959a", kill_on_drop: false }`
[INFO] running `Command { std: "docker" "exec" "-e" "SOURCE_DIR=/opt/rustwide/workdir" "-e" "CARGO_HOME=/opt/rustwide/cargo-home" "-e" "RUSTUP_HOME=/opt/rustwide/rustup-home" "-e" "CARGO_TARGET_DIR=/opt/rustwide/target" "-e" "CARGO_INCREMENTAL=0" "-e" "RUST_BACKTRACE=full" "-e" "RUSTFLAGS=--cap-lints=warn" "-e" "RUSTDOCFLAGS=--cap-lints=warn" "-w" "/opt/rustwide/workdir" "--user" "0:0" "f199f6e8651059980d55dc3148bfeae381cb626a66649953d1d80c162205959a" "/opt/rustwide/cargo-home/bin/cargo" "+1.100.0-beta.1" "test" "--frozen" "--release", kill_on_drop: false }`
[INFO] [stderr]     Finished `release` profile [optimized] target(s) in 0.07s
[INFO] [stderr]      Running unittests src/lib.rs (/opt/rustwide/target/release/build/cvrdt-exposition/fa44ed5eabdea053/out/cvrdt_exposition-fa44ed5eabdea053)
[INFO] [stdout] 
[INFO] [stdout] running 26 tests
[INFO] [stdout] test g_counter::tests::add_monotonic ... ok
[INFO] [stdout] test g_counter::tests::merge_commutative ... ok
[INFO] [stdout] test one_way_boolean::tests::merge_associative ... ok
[INFO] [stdout] test pn_counter::tests::del_monotonic ... ok
[INFO] [stdout] test pn_counter::tests::add_monotonic ... ok
[INFO] [stdout] test one_way_boolean::tests::add_monotonic ... ok
[INFO] [stdout] test one_way_boolean::tests::merge_commutative ... ok
[INFO] [stdout] test one_way_boolean::tests::merge_idempotent ... ok
[INFO] [stdout] test g_counter::tests::merge_associative ... ok
[INFO] [stdout] test lww_register::tests::add_monotonic ... ok
[INFO] [stdout] test pn_counter::tests::merge_associative ... ok
[INFO] [stdout] test lww_register::tests::merge_idempotent ... ok
[INFO] [stdout] test lww_register::tests::merge_commutative ... ok
[INFO] [stdout] test g_counter::tests::merge_idempotent ... ok
[INFO] [stdout] test two_phase_set::tests::del_monotonic ... ok
[INFO] [stdout] test pn_counter::tests::merge_idempotent ... ok
[INFO] [stdout] test pn_counter::tests::merge_commutative ... ok
[INFO] [stdout] test lww_register::tests::merge_associative ... ok
[INFO] [stdout] test two_phase_set::tests::add_monotonic ... ok
[INFO] [stdout] test g_set::tests::add_monotonic ... ok
[INFO] [stdout] test g_set::tests::merge_idempotent ... ok
[INFO] [stdout] test g_set::tests::merge_associative ... ok
[INFO] [stdout] test g_set::tests::merge_commutative ... ok
[INFO] [stdout] test two_phase_set::tests::merge_commutative ... ok
[INFO] [stdout] test two_phase_set::tests::merge_idempotent ... ok
[INFO] [stdout] test two_phase_set::tests::merge_associative ... ok
[INFO] [stdout] 
[INFO] [stdout] test result: ok. 26 passed; 0 failed; 0 ignored; 0 measured; 0 filtered out; finished in 2.83s
[INFO] [stdout] 
[INFO] [stderr]    Doc-tests cvrdt_exposition
[INFO] [stdout] 
[INFO] [stdout] running 14 tests
[INFO] [stdout] test src/lib.rs - (line 66) ... ignored
[INFO] [stdout] test src/pn_counter.rs - pn_counter::PNCounter (line 62) ... FAILED
[INFO] [stdout] test src/two_phase_set.rs - two_phase_set::TwoPhaseSet (line 23) ... FAILED
[INFO] [stdout] test src/two_phase_set.rs - two_phase_set::TwoPhaseSet (line 11) ... ok
[INFO] [stdout] test src/pn_counter.rs - pn_counter::PNCounter (line 41) ... ok
[INFO] [stdout] test src/pn_counter.rs - pn_counter::PNCounter (line 33) ... ok
[INFO] [stdout] test src/g_counter.rs - g_counter::GCounter (line 20) ... ok
[INFO] [stdout] test src/g_counter.rs - g_counter::GCounter (line 43) ... ok
[INFO] [stdout] test src/lib.rs - (line 46) ... ok
[INFO] [stdout] test src/one_way_boolean.rs - one_way_boolean::OneWayBoolean (line 9) ... ok
[INFO] [stdout] test src/pn_counter.rs - pn_counter::PNCounter (line 22) ... ok
[INFO] [stdout] test src/lww_register.rs - lww_register::LWWRegister (line 11) ... ok
[INFO] [stdout] test src/lww_register.rs - lww_register::LWWRegister (line 29) ... ok
[INFO] [stdout] test src/g_set.rs - g_set::GSet (line 11) ... ok
[INFO] [stdout] 
[INFO] [stdout] failures:
[INFO] [stdout] 
[INFO] [stdout] ---- src/pn_counter.rs - pn_counter::PNCounter (line 62) stdout ----
[INFO] [stdout] Couldn't compile the test.
[INFO] [stdout] ---- src/two_phase_set.rs - two_phase_set::TwoPhaseSet (line 23) stdout ----
[INFO] [stdout] Couldn't compile the test.
[INFO] [stdout] 
[INFO] [stdout] failures:
[INFO] [stdout]     src/pn_counter.rs - pn_counter::PNCounter (line 62)
[INFO] [stdout]     src/two_phase_set.rs - two_phase_set::TwoPhaseSet (line 23)
[INFO] [stdout] 
[INFO] [stdout] test result: FAILED. 11 passed; 2 failed; 1 ignored; 0 measured; 0 filtered out; finished in 13.60s
[INFO] [stdout] 
[INFO] [stderr] error: doctest failed, to rerun pass `--doc`
[INFO] running `Command { std: "docker" "inspect" "f199f6e8651059980d55dc3148bfeae381cb626a66649953d1d80c162205959a", kill_on_drop: false }`
[INFO] running `Command { std: "docker" "rm" "-f" "f199f6e8651059980d55dc3148bfeae381cb626a66649953d1d80c162205959a", kill_on_drop: false }`
[INFO] [stdout] f199f6e8651059980d55dc3148bfeae381cb626a66649953d1d80c162205959a
