[INFO] fetching crate cuttlefish-rs 3.1.0...
[INFO] testing cuttlefish-rs-3.1.0 against 1.100.0-beta.1+cargoflags=--release for beta-release-1.100-2
[INFO] extracting crate cuttlefish-rs 3.1.0 into /workspace/builds/worker-4-tc2/source
[INFO] started tweaking crates.io crate cuttlefish-rs 3.1.0
[INFO] finished tweaking crates.io crate cuttlefish-rs 3.1.0
[INFO] tweaked toml for crates.io crate cuttlefish-rs 3.1.0 written to /workspace/builds/worker-4-tc2/source/Cargo.toml
[INFO] validating manifest of crates.io crate cuttlefish-rs 3.1.0 on toolchain 1.100.0-beta.1
[INFO] running `Command { std: CARGO_HOME="/workspace/cargo-home" RUSTUP_HOME="/workspace/rustup-home" "/workspace/cargo-home/bin/cargo" "+1.100.0-beta.1" "metadata" "--manifest-path" "Cargo.toml" "--no-deps", kill_on_drop: false }`
[INFO] crate crates.io crate cuttlefish-rs 3.1.0 already has a lockfile, it will not be regenerated
[INFO] running `Command { std: CARGO_HOME="/workspace/cargo-home" RUSTUP_HOME="/workspace/rustup-home" "/workspace/cargo-home/bin/cargo" "+1.100.0-beta.1" "fetch" "--manifest-path" "Cargo.toml", kill_on_drop: false }`
[INFO] [stderr] warning: `package.homepage` is redundant with `package.repository`
[INFO] [stderr]   --> Cargo.toml:57:12
[INFO] [stderr]    |
[INFO] [stderr] 57 | homepage = "https://github.com/COMBINE-lab/cuttlefish"
[INFO] [stderr]    |            ^^^^^^^^^^^^^^^^^^^^^^^^^^^^^^^^^^^^^^^^^^^
[INFO] [stderr] ...
[INFO] [stderr] 62 | repository = "https://github.com/COMBINE-lab/cuttlefish"
[INFO] [stderr]    |              -------------------------------------------
[INFO] [stderr]    |
[INFO] [stderr]    = note: `cargo::redundant_homepage` is set to `warn` by default
[INFO] [stderr] help: consider removing `package.homepage`
[INFO] [stderr] warning: `cuttlefish-rs` (manifest) generated 1 warning
[INFO] running `Command { std: "docker" "create" "-v" "/var/lib/crater-agent-workspace/builds/worker-4-tc2/source:/opt/rustwide/workdir:ro,Z" "-v" "/var/lib/crater-agent-workspace/builds/worker-4-tc2/target:/opt/rustwide/target:rw,Z" "-v" "/var/lib/crater-agent-workspace/cargo-home:/opt/rustwide/cargo-home:ro,Z" "-v" "/var/lib/crater-agent-workspace/rustup-home:/opt/rustwide/rustup-home:ro,Z" "-m" "1610612736" "--network" "none" "ghcr.io/rust-lang/crates-build-env/linux@sha256:77db811e55d90add9212f6832c23229e3de5f1c1f9905e8cb07319ea15df73ac" "sleep" "infinity", kill_on_drop: false }`
[INFO] [stdout] 6738d1616bd366dd177dabaf89a96bdb17171854a8755096f7e2b454bfad60a2
[INFO] running `Command { std: "docker" "start" "6738d1616bd366dd177dabaf89a96bdb17171854a8755096f7e2b454bfad60a2", kill_on_drop: false }`
[INFO] running `Command { std: "docker" "inspect" "6738d1616bd366dd177dabaf89a96bdb17171854a8755096f7e2b454bfad60a2", kill_on_drop: false }`
[INFO] running `Command { std: "docker" "exec" "-e" "SOURCE_DIR=/opt/rustwide/workdir" "-e" "CARGO_HOME=/opt/rustwide/cargo-home" "-e" "RUSTUP_HOME=/opt/rustwide/rustup-home" "-e" "CARGO_TARGET_DIR=/opt/rustwide/target" "-w" "/opt/rustwide/workdir" "--user" "0:0" "6738d1616bd366dd177dabaf89a96bdb17171854a8755096f7e2b454bfad60a2" "/opt/rustwide/cargo-home/bin/cargo" "+1.100.0-beta.1" "metadata" "--no-deps" "--format-version=1", kill_on_drop: false }`
[INFO] running `Command { std: "docker" "inspect" "6738d1616bd366dd177dabaf89a96bdb17171854a8755096f7e2b454bfad60a2", kill_on_drop: false }`
[INFO] running `Command { std: "docker" "exec" "-e" "SOURCE_DIR=/opt/rustwide/workdir" "-e" "CARGO_HOME=/opt/rustwide/cargo-home" "-e" "RUSTUP_HOME=/opt/rustwide/rustup-home" "-e" "CARGO_TARGET_DIR=/opt/rustwide/target" "-e" "CARGO_INCREMENTAL=0" "-e" "RUST_BACKTRACE=full" "-e" "RUSTFLAGS=--cap-lints=warn" "-e" "RUSTDOCFLAGS=--cap-lints=warn" "-w" "/opt/rustwide/workdir" "--user" "0:0" "6738d1616bd366dd177dabaf89a96bdb17171854a8755096f7e2b454bfad60a2" "/opt/rustwide/cargo-home/bin/cargo" "+1.100.0-beta.1" "build" "--frozen" "--message-format=json" "--release", kill_on_drop: false }`
[INFO] [stderr] warning: `package.homepage` is redundant with `package.repository`
[INFO] [stderr]   --> Cargo.toml:57:12
[INFO] [stderr]    |
[INFO] [stderr] 57 | homepage = "https://github.com/COMBINE-lab/cuttlefish"
[INFO] [stderr]    |            ^^^^^^^^^^^^^^^^^^^^^^^^^^^^^^^^^^^^^^^^^^^
[INFO] [stderr] ...
[INFO] [stderr] 62 | repository = "https://github.com/COMBINE-lab/cuttlefish"
[INFO] [stderr]    |              -------------------------------------------
[INFO] [stderr]    |
[INFO] [stderr]    = note: `cargo::redundant_homepage` is set to `warn` by default
[INFO] [stderr] help: consider removing `package.homepage`
[INFO] [stderr] warning: `cuttlefish-rs` (manifest) generated 1 warning
[INFO] [stderr]    Compiling crossbeam-utils v0.8.22
[INFO] [stderr]    Compiling crossbeam-epoch v0.9.20
[INFO] [stderr]    Compiling crossbeam-deque v0.8.7
[INFO] [stderr]    Compiling zlib-rs v0.6.7
[INFO] [stderr]    Compiling saa v5.6.0
[INFO] [stderr]    Compiling either v1.16.0
[INFO] [stderr]    Compiling lz4_flex v0.11.6
[INFO] [stderr]    Compiling xxhash-rust v0.8.16
[INFO] [stderr]    Compiling syn v2.0.119
[INFO] [stderr]    Compiling syn v3.0.3
[INFO] [stderr]    Compiling cpu-time v1.0.0
[INFO] [stderr]    Compiling scratch-probe v0.1.0
[INFO] [stderr]    Compiling sdd v4.8.8
[INFO] [stderr]    Compiling scc v3.8.4
[INFO] [stderr]    Compiling rayon-core v1.13.0
[INFO] [stderr]    Compiling rayon v1.12.0
[INFO] [stderr]    Compiling libz-rs-sys v0.6.7
[INFO] [stderr]    Compiling flate2 v1.1.9
[INFO] [stderr]    Compiling serde_derive v1.0.229
[INFO] [stderr]    Compiling darling_core v0.23.0
[INFO] [stderr]    Compiling prettyplease v0.2.37
[INFO] [stderr]    Compiling tracing-attributes v0.1.31
[INFO] [stderr]    Compiling serde v1.0.229
[INFO] [stderr]    Compiling tracing v0.1.44
[INFO] [stderr]    Compiling thread-broker v0.1.0
[INFO] [stderr]    Compiling darling_macro v0.23.0
[INFO] [stderr]    Compiling darling v0.23.0
[INFO] [stderr]    Compiling bon-macros v3.9.3
[INFO] [stderr]    Compiling bon v3.9.3
[INFO] [stderr]    Compiling rapidgzip-core v0.3.1
[INFO] [stderr]    Compiling cuttlefish-rs v3.1.0 (/opt/rustwide/workdir)
[INFO] [stderr]     Finished `release` profile [optimized] target(s) in 44.89s
[INFO] running `Command { std: "docker" "inspect" "6738d1616bd366dd177dabaf89a96bdb17171854a8755096f7e2b454bfad60a2", kill_on_drop: false }`
[INFO] running `Command { std: "docker" "exec" "-e" "SOURCE_DIR=/opt/rustwide/workdir" "-e" "CARGO_HOME=/opt/rustwide/cargo-home" "-e" "RUSTUP_HOME=/opt/rustwide/rustup-home" "-e" "CARGO_TARGET_DIR=/opt/rustwide/target" "-e" "CARGO_INCREMENTAL=0" "-e" "RUST_BACKTRACE=full" "-e" "RUSTFLAGS=--cap-lints=warn" "-e" "RUSTDOCFLAGS=--cap-lints=warn" "-w" "/opt/rustwide/workdir" "--user" "0:0" "6738d1616bd366dd177dabaf89a96bdb17171854a8755096f7e2b454bfad60a2" "/opt/rustwide/cargo-home/bin/cargo" "+1.100.0-beta.1" "test" "--frozen" "--no-run" "--message-format=json" "--release", kill_on_drop: false }`
[INFO] [stderr] warning: `package.homepage` is redundant with `package.repository`
[INFO] [stderr]   --> Cargo.toml:57:12
[INFO] [stderr]    |
[INFO] [stderr] 57 | homepage = "https://github.com/COMBINE-lab/cuttlefish"
[INFO] [stderr]    |            ^^^^^^^^^^^^^^^^^^^^^^^^^^^^^^^^^^^^^^^^^^^
[INFO] [stderr] ...
[INFO] [stderr] 62 | repository = "https://github.com/COMBINE-lab/cuttlefish"
[INFO] [stderr]    |              -------------------------------------------
[INFO] [stderr]    |
[INFO] [stderr]    = note: `cargo::redundant_homepage` is set to `warn` by default
[INFO] [stderr] help: consider removing `package.homepage`
[INFO] [stderr] warning: `cuttlefish-rs` (manifest) generated 1 warning
[INFO] [stderr]    Compiling cuttlefish-rs v3.1.0 (/opt/rustwide/workdir)
[INFO] [stderr]     Finished `release` profile [optimized] target(s) in 36.95s
[INFO] running `Command { std: "docker" "inspect" "6738d1616bd366dd177dabaf89a96bdb17171854a8755096f7e2b454bfad60a2", kill_on_drop: false }`
[INFO] running `Command { std: "docker" "exec" "-e" "SOURCE_DIR=/opt/rustwide/workdir" "-e" "CARGO_HOME=/opt/rustwide/cargo-home" "-e" "RUSTUP_HOME=/opt/rustwide/rustup-home" "-e" "CARGO_TARGET_DIR=/opt/rustwide/target" "-e" "CARGO_INCREMENTAL=0" "-e" "RUST_BACKTRACE=full" "-e" "RUSTFLAGS=--cap-lints=warn" "-e" "RUSTDOCFLAGS=--cap-lints=warn" "-w" "/opt/rustwide/workdir" "--user" "0:0" "6738d1616bd366dd177dabaf89a96bdb17171854a8755096f7e2b454bfad60a2" "/opt/rustwide/cargo-home/bin/cargo" "+1.100.0-beta.1" "test" "--frozen" "--release", kill_on_drop: false }`
[INFO] [stderr] warning: `package.homepage` is redundant with `package.repository`
[INFO] [stderr]   --> Cargo.toml:57:12
[INFO] [stderr]    |
[INFO] [stderr] 57 | homepage = "https://github.com/COMBINE-lab/cuttlefish"
[INFO] [stderr]    |            ^^^^^^^^^^^^^^^^^^^^^^^^^^^^^^^^^^^^^^^^^^^
[INFO] [stderr] ...
[INFO] [stderr] 62 | repository = "https://github.com/COMBINE-lab/cuttlefish"
[INFO] [stderr]    |              -------------------------------------------
[INFO] [stderr]    |
[INFO] [stderr]    = note: `cargo::redundant_homepage` is set to `warn` by default
[INFO] [stderr] help: consider removing `package.homepage`
[INFO] [stderr] warning: `cuttlefish-rs` (manifest) generated 1 warning
[INFO] [stderr]     Finished `release` profile [optimized] target(s) in 0.13s
[INFO] [stderr]      Running unittests src/lib.rs (/opt/rustwide/target/release/build/cuttlefish-rs/1ba2eb848b522b7c/out/cuttlefish_rs-1ba2eb848b522b7c)
[INFO] [stdout] 
[INFO] [stdout] running 104 tests
[INFO] [stdout] test block_io::tests::headers_the_writer_never_emits_are_errors ... ok
[INFO] [stdout] test buckets::tests::grouped_payloads_are_left_alone ... ok
[INFO] [stdout] test buckets::tests::packed_word_matches_scalar_reference ... ok
[INFO] [stdout] test block_io::tests::direct_blocks_and_small_blocks_interleave ... ok
[INFO] [stdout] test buckets::tests::releasing_segments_returns_blocks_to_the_filesystem ... ok
[INFO] [stdout] test buckets::tests::ungrouped_payloads_are_regrouped_by_source ... ok
[INFO] [stdout] test color::tests::bit_writer_round_trips_arbitrary_widths ... ok
[INFO] [stdout] test color::tests::color_runs_reverse_append_and_rotate_like_vertex_colors ... ok
[INFO] [stdout] test color::tests::dense_sets_encode_smaller_than_their_membership ... ok
[INFO] [stdout] test color::tests::color_run_sidecar_supports_range_streams ... ok
[INFO] [stdout] test color::tests::elias_codes_round_trip ... ok
[INFO] [stdout] test color::tests::hybrid_color_sets_round_trip_across_regimes ... ok
[INFO] [stdout] test block_io::tests::truncated_streams_are_errors ... ok
[INFO] [stdout] test buckets::tests::sliced_fragment_labels_match_per_label_packing ... ok
[INFO] [stdout] test buckets::tests::packed_words_match_the_scalar_packer ... ok
[INFO] [stdout] test discontinuity::materialized_offset_tests::benchmark_materialized_coordinate_round_trip ... ignored, manual materialization performance benchmark
[INFO] [stdout] test block_io::tests::a_block_is_one_write_call ... ok
[INFO] [stdout] test discontinuity::materialized_offset_tests::materialized_large_bucket_round_trip ... ignored, allocates a 4 GiB label buffer; run with --ignored --test-threads=1
[INFO] [stdout] test color::tests::saturated_atomic_table_bypasses_full_table_probes ... ok
[INFO] [stdout] test discontinuity::materialized_offset_tests::materialized_offset_rebasing_carries_without_changing_flags ... ok
[INFO] [stdout] test discontinuity::materialized_offset_tests::materialized_failed_tail_keeps_input_files ... ok
[INFO] [stdout] test discontinuity::materialized_offset_tests::materialized_offsets_round_trip_across_u32_and_u46_boundaries ... ok
[INFO] [stdout] test color::tests::repository_reader_indexes_every_record ... ok
[INFO] [stdout] test discontinuity::materialized_offset_tests::materialized_writer_checks_limit_before_appending_labels ... ok
[INFO] [stdout] test color::tests::repository_deduplicates_across_primary_overflow_handoff ... ok
[INFO] [stdout] test discontinuity::materialized_record_tests::appending_materialized_shards_rebases_labels_and_colors ... ok
[INFO] [stdout] test discontinuity::materialized_offset_tests::narrow_uncolored_shards_load_like_wide_shards ... ok
[INFO] [stdout] test discontinuity::materialized_offset_tests::materialized_loader_rejects_old_formats_and_out_of_bounds_labels ... ok
[INFO] [stdout] test discontinuity::materialized_record_tests::compact_discontinuity_edge_round_trips_in_24_bytes ... ok
[INFO] [stdout] test buckets::tests::colored_atlas_windows_preserve_global_source_order ... ok
[INFO] [stdout] test discontinuity::materialized_record_tests::compact_vertex_path_info_writers_agree ... ok
[INFO] [stdout] test discontinuity::materialized_record_tests::local_unitig_bucket_plan_accounts_for_concurrent_files ... ok
[INFO] [stdout] test buckets::tests::mid_source_hand_over_is_retained_and_regrouped ... ok
[INFO] [stdout] test discontinuity::materialized_record_tests::in_place_reverse_complement_matches_allocating_version ... ok
[INFO] [stdout] test buckets::tests::colored_label_references_round_trip ... ok
[INFO] [stdout] test buckets::tests::concurrent_colored_emitters_keep_sources_grouped ... ok
[INFO] [stdout] test discontinuity::materialized_record_tests::materialized_color_index_uses_thirty_bits ... ok
[INFO] [stdout] test discontinuity::resource::tests::parses_linux_status_values ... ok
[INFO] [stdout] test discontinuity::materialized_record_tests::compact_path_info_table_survives_collisions_and_generation_wraps ... ok
[INFO] [stdout] test color::tests::repository_deduplicates_hashes_and_round_trips_sparse_sets ... ok
[INFO] [stdout] test discontinuity::materialized_record_tests::materialized_coordinate_plan_respects_descriptor_budget ... ok
[INFO] [stdout] test discontinuity::materialized_record_tests::shared_materialized_batch_flush_thresholds ... ok
[INFO] [stdout] test discontinuity::materialized_record_tests::stitched_path_info_record_uses_compact_external_layout ... ok
[INFO] [stdout] test dna::tests::ascii_mapping_matches_cpp_encoding ... ok
[INFO] [stdout] test dna::tests::complement_table_matches_enum_path ... ok
[INFO] [stdout] test buckets::tests::deferred_uncolored_atlas_chunks_preserve_graph_buckets ... ok
[INFO] [stdout] test buckets::tests::colored_buckets_flush_directly_at_source_boundaries ... ok
[INFO] [stdout] test color::tests::atomic_table_publishes_one_value_to_concurrent_duplicates ... ok
[INFO] [stdout] test buckets::tests::colored_worker_tails_preserve_cpp_worker_order ... ok
[INFO] [stdout] test dna::tests::complements_are_involutions ... ok
[INFO] [stdout] test hash::tests::hash_is_seeded_and_stable ... ok
[INFO] [stdout] test hash::tests::hash_two_u64_matches_fast_hasher_writes ... ok
[INFO] [stdout] test input::tests::fastq_splits_and_counts_records ... ok
[INFO] [stdout] test hash::tests::hash_u64_matches_byte_hash ... ok
[INFO] [stdout] test discontinuity::materialized_record_tests::wide_discontinuity_edge_roundtrips_phantom_and_bucket ... ok
[INFO] [stdout] test dna::packed_label_tests::packed_labels_round_trip_at_every_length ... ok
[INFO] [stdout] test buckets::tests::uncolored_duplicates_are_dropped_only_at_cutoff_one ... ok
[INFO] [stdout] test input::tests::fasta_splits_on_non_actg ... ok
[INFO] [stdout] test hash::tests::wyhash_u64_matches_cpp_minimizer_hash ... ok
[INFO] [stdout] test discontinuity::materialized_record_tests::paged_external_range_index_matches_binary_search ... ok
[INFO] [stdout] test intermediates::tests::some_storage_compresses_without_timing ... ok
[INFO] [stdout] test input::tests::simd_byte_helpers_match_scalar ... ok
[INFO] [stdout] test intermediates::tests::explicit_settings_do_not_probe ... ok
[INFO] [stdout] test intermediates::tests::fast_storage_skips_compression_and_slow_storage_gets_it ... ok
[INFO] [stdout] test input::tests::parses_gzipped_fastq ... ok
[INFO] [stdout] test kmer::tests::one_word_hash_matches_cpp_wyhash ... ok
[INFO] [stdout] test input::tests::parses_headerless_wrapped_sequence ... ok
[INFO] [stdout] test kmer::tests::packed_reverse_complement_matches_basewise_reference ... ok
[INFO] [stdout] test input::tests::parallel_gzip_inflation_matches_serial ... ok
[INFO] [stdout] test intermediates::tests::a_builds_setting_reaches_its_writers ... ok
[INFO] [stdout] test minimizer::tests::canonical_is_symmetric_under_reverse_complement ... ok
[INFO] [stdout] test kmer::tests::reverse_complement_round_trips ... ok
[INFO] [stdout] test kmer::tests::round_trips_ascii ... ok
[INFO] [stdout] test params::tests::rejects_even_k_and_zero_cutoff ... ok
[INFO] [stdout] test params::tests::validates_current_cpp_defaults ... ok
[INFO] [stdout] test intermediates::tests::unmeasurable_storage_compresses ... ok
[INFO] [stdout] test kmer::tests::rolling_matches_reparse ... ok
[INFO] [stdout] test params::tests::rejects_zero_memory_budget ... ok
[INFO] [stdout] test minimizer::tests::minimizer_chooses_lowest_hash_then_lmer_then_offset ... ok
[INFO] [stdout] test state::tests::edge_frequency_saturates_and_respects_cutoff ... ok
[INFO] [stdout] test params::tests::ample_memory_budget_preserves_non_power_of_two_request ... ok
[INFO] [stdout] test params::tests::unrestricted_concurrency_follows_the_user_request ... ok
[INFO] [stdout] test params::tests::binding_memory_budget_only_reduces_constrained_phases ... ok
[INFO] [stdout] test state::tests::color_coordinate_packing_matches_limits ... ok
[INFO] [stdout] test subgraph::tests::canonical_cycle_label_normalizes_rotation_and_strand ... ok
[INFO] [stdout] test subgraph::tests::colored_contraction_extracts_source_sets_at_color_transitions ... ok
[INFO] [stdout] test params::tests::explicit_memory_budget_bounds_phase_concurrency ... ok
[INFO] [stdout] test partition::tests::emits_covering_weak_superkmers ... ok
[INFO] [stdout] test subgraph::tests::builds_state_from_record_label ... ok
[INFO] [stdout] test subgraph::tests::packed_prefix_decode_spans_word_boundary ... ok
[INFO] [stdout] test window_min::tests::window_minima_are_strand_invariant ... ok
[INFO] [stdout] test window_min::tests::poly_a_is_not_a_fixed_minimum ... ok
[INFO] [stdout] test partition::tests::rejects_non_power_of_two_graph_count ... ok
[INFO] [stdout] test partition::tests::streamed_partition_matches_direct_partition ... FAILED
[INFO] [stdout] test subgraph::tests::source_sorted_buckets_make_color_hashes_exact ... ok
[INFO] [stdout] test state::tests::presence_slots_match_counting_slots_at_cutoff_one ... ok
[INFO] [stdout] test input::tests::fasta_fast_paths_match_the_reference_parser ... ok
[INFO] [stdout] test window_min::tests::lmer_hash_is_a_bijection_on_small_inputs ... ok
[INFO] [stdout] test partition::tests::unreadable_input_aborts_unless_skipping_is_requested ... ok
[INFO] [stdout] test partition::tests::weak_superkmer_graphs_are_strand_invariant ... ok
[INFO] [stdout] test block_io::tests::streams_round_trip_across_block_boundaries ... ok
[INFO] [stdout] test window_min::tests::scans_match_the_specification ... ok
[INFO] [stdout] test discontinuity::materialized_record_tests::merging_concurrent_appends_transfers_extents_and_counts ... ok
[INFO] [stdout] test discontinuity::presence_slot_tests::presence_and_counting_states_contract_alike_at_cutoff_one ... ok
[INFO] [stdout] 
[INFO] [stdout] failures:
[INFO] [stdout] 
[INFO] [stdout] ---- partition::tests::streamed_partition_matches_direct_partition stdout ----
[INFO] [stdout] 
[INFO] [stdout] thread 'partition::tests::streamed_partition_matches_direct_partition' (919) panicked at src/partition.rs:1950:9:
[INFO] [stdout] missing fixture /opt/rustwide/workdir/../../data/refs2.fa
[INFO] [stdout] stack backtrace:
[INFO] [stdout]    0:     0x617ab1b9c5b1 - <<std[617be2ca0a6fd877]::sys::backtrace::BacktraceLock>::print::DisplayBacktrace as core[a373ad73a504971]::fmt::Display>::fmt
[INFO] [stdout]    1:     0x617ab1bb20ca - core[a373ad73a504971]::fmt::write
[INFO] [stdout]    2:     0x617ab1ba0c9c - <alloc[2e1b2a31b91974c5]::vec::Vec<u8> as core[a373ad73a504971]::io::write::Write>::write_fmt
[INFO] [stdout]    3:     0x617ab1b749e6 - std[617be2ca0a6fd877]::panicking::default_hook::{closure#0}
[INFO] [stdout]    4:     0x617ab1b92619 - std[617be2ca0a6fd877]::panicking::default_hook
[INFO] [stdout]    5:     0x617ab1add260 - test[aada8e7e76ba119b]::test_main_inner::{closure#0}
[INFO] [stdout]    6:     0x617ab1b92942 - std[617be2ca0a6fd877]::panicking::panic_with_hook
[INFO] [stdout]    7:     0x617ab1b74a92 - std[617be2ca0a6fd877]::panicking::panic_handler::{closure#0}
[INFO] [stdout]    8:     0x617ab1b6d459 - std[617be2ca0a6fd877]::sys::backtrace::__rust_end_short_backtrace::<std[617be2ca0a6fd877]::panicking::panic_handler::{closure#0}, !>
[INFO] [stdout]    9:     0x617ab1b7569d - __rustc[ea4f61d10b84890b]::rust_begin_unwind
[INFO] [stdout]   10:     0x617ab1bb282c - core[a373ad73a504971]::panicking::panic_fmt
[INFO] [stdout]   11:     0x617ab1a20f99 - <cuttlefish_rs[e35e2767226cba2d]::partition::tests::streamed_partition_matches_direct_partition::{closure#0} as core[a373ad73a504971]::ops::function::FnOnce<()>>::call_once
[INFO] [stdout]   12:     0x617ab1ad06ab - test[aada8e7e76ba119b]::__rust_begin_short_backtrace::<core[a373ad73a504971]::result::Result<(), alloc[2e1b2a31b91974c5]::string::String>, fn() -> core[a373ad73a504971]::result::Result<(), alloc[2e1b2a31b91974c5]::string::String>>
[INFO] [stdout]   13:     0x617ab1add885 - test[aada8e7e76ba119b]::run_test::{closure#0}
[INFO] [stdout]   14:     0x617ab1ad7174 - std[617be2ca0a6fd877]::sys::backtrace::__rust_begin_short_backtrace::<test[aada8e7e76ba119b]::run_test::{closure#1}, ()>
[INFO] [stdout]   15:     0x617ab1ae0912 - <std[617be2ca0a6fd877]::thread::lifecycle::spawn_unchecked<test[aada8e7e76ba119b]::run_test::{closure#1}, ()>::{closure#1} as core[a373ad73a504971]::ops::function::FnOnce<()>>::call_once::{shim:vtable#0}
[INFO] [stdout]   16:     0x617ab1b9b3df - <std[617be2ca0a6fd877]::sys::thread::unix::Thread>::new::thread_start
[INFO] [stdout]   17:     0x74ccc76f2dfa - <unknown>
[INFO] [stdout]   18:     0x74ccc77863d4 - clone
[INFO] [stdout]   19:                0x0 - <unknown>
[INFO] [stdout] 
[INFO] [stdout] 
[INFO] [stdout] failures:
[INFO] [stdout]     partition::tests::streamed_partition_matches_direct_partition
[INFO] [stdout] 
[INFO] [stdout] test result: FAILED. 101 passed; 1 failed; 2 ignored; 0 measured; 0 filtered out; finished in 0.46s
[INFO] [stdout] 
[INFO] [stderr] error: test failed, to rerun pass `--lib`
[INFO] running `Command { std: "docker" "inspect" "6738d1616bd366dd177dabaf89a96bdb17171854a8755096f7e2b454bfad60a2", kill_on_drop: false }`
[INFO] running `Command { std: "docker" "rm" "-f" "6738d1616bd366dd177dabaf89a96bdb17171854a8755096f7e2b454bfad60a2", kill_on_drop: false }`
[INFO] [stdout] 6738d1616bd366dd177dabaf89a96bdb17171854a8755096f7e2b454bfad60a2
