[INFO] fetching crate cuttlefish-core 0.9.0...
[INFO] testing cuttlefish-core-0.9.0 against 1.99.0-beta.8+cargoflags=--release for beta-release-1.100-2
[INFO] extracting crate cuttlefish-core 0.9.0 into /workspace/builds/worker-7-tc1/source
[INFO] started tweaking crates.io crate cuttlefish-core 0.9.0
[INFO] removed 0 missing tests
[INFO] finished tweaking crates.io crate cuttlefish-core 0.9.0
[INFO] tweaked toml for crates.io crate cuttlefish-core 0.9.0 written to /workspace/builds/worker-7-tc1/source/Cargo.toml
[INFO] validating manifest of crates.io crate cuttlefish-core 0.9.0 on toolchain 1.99.0-beta.8
[INFO] running `Command { std: CARGO_HOME="/workspace/cargo-home" RUSTUP_HOME="/workspace/rustup-home" "/workspace/cargo-home/bin/cargo" "+1.99.0-beta.8" "metadata" "--manifest-path" "Cargo.toml" "--no-deps", kill_on_drop: false }`
[INFO] crate crates.io crate cuttlefish-core 0.9.0 already has a lockfile, it will not be regenerated
[INFO] running `Command { std: CARGO_HOME="/workspace/cargo-home" RUSTUP_HOME="/workspace/rustup-home" "/workspace/cargo-home/bin/cargo" "+1.99.0-beta.8" "fetch" "--manifest-path" "Cargo.toml", kill_on_drop: false }`
[INFO] running `Command { std: "docker" "create" "-v" "/var/lib/crater-agent-workspace/builds/worker-7-tc1/source:/opt/rustwide/workdir:ro,Z" "-v" "/var/lib/crater-agent-workspace/builds/worker-7-tc1/target:/opt/rustwide/target:rw,Z" "-v" "/var/lib/crater-agent-workspace/cargo-home:/opt/rustwide/cargo-home:ro,Z" "-v" "/var/lib/crater-agent-workspace/rustup-home:/opt/rustwide/rustup-home:ro,Z" "-m" "1610612736" "--network" "none" "ghcr.io/rust-lang/crates-build-env/linux@sha256:77db811e55d90add9212f6832c23229e3de5f1c1f9905e8cb07319ea15df73ac" "sleep" "infinity", kill_on_drop: false }`
[INFO] [stdout] bf7a7134763e3b2bb315d30e2e1307b6fd6a46e1029f4e62cec2d6be8c5743d5
[INFO] running `Command { std: "docker" "start" "bf7a7134763e3b2bb315d30e2e1307b6fd6a46e1029f4e62cec2d6be8c5743d5", kill_on_drop: false }`
[INFO] running `Command { std: "docker" "inspect" "bf7a7134763e3b2bb315d30e2e1307b6fd6a46e1029f4e62cec2d6be8c5743d5", kill_on_drop: false }`
[INFO] running `Command { std: "docker" "exec" "-e" "SOURCE_DIR=/opt/rustwide/workdir" "-e" "CARGO_HOME=/opt/rustwide/cargo-home" "-e" "RUSTUP_HOME=/opt/rustwide/rustup-home" "-e" "CARGO_TARGET_DIR=/opt/rustwide/target" "-w" "/opt/rustwide/workdir" "--user" "0:0" "bf7a7134763e3b2bb315d30e2e1307b6fd6a46e1029f4e62cec2d6be8c5743d5" "/opt/rustwide/cargo-home/bin/cargo" "+1.99.0-beta.8" "metadata" "--no-deps" "--format-version=1", kill_on_drop: false }`
[INFO] running `Command { std: "docker" "inspect" "bf7a7134763e3b2bb315d30e2e1307b6fd6a46e1029f4e62cec2d6be8c5743d5", kill_on_drop: false }`
[INFO] running `Command { std: "docker" "exec" "-e" "SOURCE_DIR=/opt/rustwide/workdir" "-e" "CARGO_HOME=/opt/rustwide/cargo-home" "-e" "RUSTUP_HOME=/opt/rustwide/rustup-home" "-e" "CARGO_TARGET_DIR=/opt/rustwide/target" "-e" "CARGO_INCREMENTAL=0" "-e" "RUST_BACKTRACE=full" "-e" "RUSTFLAGS=--cap-lints=warn" "-e" "RUSTDOCFLAGS=--cap-lints=warn" "-w" "/opt/rustwide/workdir" "--user" "0:0" "bf7a7134763e3b2bb315d30e2e1307b6fd6a46e1029f4e62cec2d6be8c5743d5" "/opt/rustwide/cargo-home/bin/cargo" "+1.99.0-beta.8" "build" "--frozen" "--message-format=json" "--release", kill_on_drop: false }`
[INFO] [stderr]    Compiling syn v3.0.3
[INFO] [stderr]    Compiling thiserror-impl v2.0.20
[INFO] [stderr]    Compiling thiserror v2.0.20
[INFO] [stderr]    Compiling cuttlefish-core v0.9.0 (/opt/rustwide/workdir)
[INFO] [stderr]     Finished `release` profile [optimized] target(s) in 7.11s
[INFO] running `Command { std: "docker" "inspect" "bf7a7134763e3b2bb315d30e2e1307b6fd6a46e1029f4e62cec2d6be8c5743d5", kill_on_drop: false }`
[INFO] running `Command { std: "docker" "exec" "-e" "SOURCE_DIR=/opt/rustwide/workdir" "-e" "CARGO_HOME=/opt/rustwide/cargo-home" "-e" "RUSTUP_HOME=/opt/rustwide/rustup-home" "-e" "CARGO_TARGET_DIR=/opt/rustwide/target" "-e" "CARGO_INCREMENTAL=0" "-e" "RUST_BACKTRACE=full" "-e" "RUSTFLAGS=--cap-lints=warn" "-e" "RUSTDOCFLAGS=--cap-lints=warn" "-w" "/opt/rustwide/workdir" "--user" "0:0" "bf7a7134763e3b2bb315d30e2e1307b6fd6a46e1029f4e62cec2d6be8c5743d5" "/opt/rustwide/cargo-home/bin/cargo" "+1.99.0-beta.8" "test" "--frozen" "--no-run" "--message-format=json" "--release", kill_on_drop: false }`
[INFO] [stderr]    Compiling cuttlefish-core v0.9.0 (/opt/rustwide/workdir)
[INFO] [stderr]     Finished `release` profile [optimized] target(s) in 3.61s
[INFO] running `Command { std: "docker" "inspect" "bf7a7134763e3b2bb315d30e2e1307b6fd6a46e1029f4e62cec2d6be8c5743d5", kill_on_drop: false }`
[INFO] running `Command { std: "docker" "exec" "-e" "SOURCE_DIR=/opt/rustwide/workdir" "-e" "CARGO_HOME=/opt/rustwide/cargo-home" "-e" "RUSTUP_HOME=/opt/rustwide/rustup-home" "-e" "CARGO_TARGET_DIR=/opt/rustwide/target" "-e" "CARGO_INCREMENTAL=0" "-e" "RUST_BACKTRACE=full" "-e" "RUSTFLAGS=--cap-lints=warn" "-e" "RUSTDOCFLAGS=--cap-lints=warn" "-w" "/opt/rustwide/workdir" "--user" "0:0" "bf7a7134763e3b2bb315d30e2e1307b6fd6a46e1029f4e62cec2d6be8c5743d5" "/opt/rustwide/cargo-home/bin/cargo" "+1.99.0-beta.8" "test" "--frozen" "--release", kill_on_drop: false }`
[INFO] [stderr]     Finished `release` profile [optimized] target(s) in 0.06s
[INFO] [stderr]      Running unittests src/lib.rs (/opt/rustwide/target/release/deps/cuttlefish_core-b135fc2567795a75)
[INFO] [stdout] 
[INFO] [stdout] running 14 tests
[INFO] [stdout] test graph::is_simple_chain_tests::list_fan_in_is_not_simple ... ok
[INFO] [stdout] test graph::is_simple_chain_tests::record_fan_in_is_not_simple ... ok
[INFO] [stdout] test lex::comment_tests::the_spec_that_failed_in_the_field_now_parses ... ok
[INFO] [stdout] test lex::tests::a_lone_hyphen_is_still_an_error ... ok
[INFO] [stdout] test lex::comment_tests::a_single_slash_is_still_an_ordinary_identifier_character ... ok
[INFO] [stdout] test lex::comment_tests::both_comment_syntaxes_run_to_end_of_line ... ok
[INFO] [stdout] test lex::tests::an_arrow_lexes_as_one_token ... ok
[INFO] [stdout] test endpoint::tests::the_default_endpoint_is_absolute_and_non_empty ... ok
[INFO] [stdout] test graph::is_simple_chain_tests::fan_out_from_a_shared_predecessor_is_not_simple ... ok
[INFO] [stdout] test graph::is_simple_chain_tests::a_branches_decision_is_not_simple ... ok
[INFO] [stdout] test graph::is_simple_chain_tests::a_repeat_until_node_is_not_simple ... ok
[INFO] [stderr]      Running tests/graph.rs (/opt/rustwide/target/release/deps/graph-2d34343282944156)
[INFO] [stdout] test graph::is_simple_chain_tests::a_fan_out_node_is_not_simple_because_a_bundle_cannot_carry_over ... ok
[INFO] [stdout] test graph::is_simple_chain_tests::a_genuine_three_node_chain_is_simple ... ok
[INFO] [stdout] test lex::comment_tests::a_comment_ends_at_the_newline_and_not_before_or_after ... ok
[INFO] [stdout] 
[INFO] [stdout] test result: ok. 14 passed; 0 failed; 0 ignored; 0 measured; 0 filtered out; finished in 0.01s
[INFO] [stdout] 
[INFO] [stdout] 
[INFO] [stdout] running 9 tests
[INFO] [stdout] test a_single_node_with_no_input_parses ... ok
[INFO] [stdout] test branches_parse ... ok
[INFO] [stdout] test an_unknown_node_field_is_rejected_as_unknown_not_malformed ... ok
[INFO] [stdout] test from_node_input_parses ... ok
[INFO] [stdout] test repeat_until_with_max_iterations_parses ... ok
[INFO] [stdout] test list_fan_in_parses_in_order ... ok
[INFO] [stdout] test record_fan_in_parses ... ok
[INFO] [stdout] test repeat_until_without_max_iterations_is_rejected ... ok
[INFO] [stdout] test a_bare_ident_not_ending_in_dot_out_is_rejected_as_an_input ... ok
[INFO] [stdout] 
[INFO] [stdout] test result: ok. 9 passed; 0 failed; 0 ignored; 0 measured; 0 filtered out; finished in 0.01s
[INFO] [stdout] 
[INFO] [stderr]      Running tests/parse.rs (/opt/rustwide/target/release/deps/parse-f8d4822d3825d7b8)
[INFO] [stdout] 
[INFO] [stdout] running 49 tests
[INFO] [stdout] test a_node_can_declare_over_for_fan_out ... ok
[INFO] [stdout] test a_fetch_grant_that_is_not_http_is_refused ... ok
[INFO] [stdout] test a_manifest_outside_every_read_root_is_rejected ... ok
[INFO] [stdout] test a_comma_inside_a_path_is_just_text ... ok
[INFO] [stdout] test accepts_an_empty_capability_list ... ok
[INFO] [stdout] test a_node_can_declare_accept_checks ... ok
[INFO] [stdout] test a_syntax_error_says_what_was_expected_and_where ... ok
[INFO] [stdout] test a_schema_path_outside_every_read_root_is_rejected ... ok
[INFO] [stdout] test an_empty_nodes_block_is_rejected ... ok
[INFO] [stdout] test a_semicolon_inside_a_description_is_just_text ... ok
[INFO] [stdout] test a_trailing_semicolon_is_optional ... ok
[INFO] [stdout] test a_nodes_block_with_fan_in_parses ... ok
[INFO] [stdout] test a_node_without_accept_has_no_checks ... ok
[INFO] [stdout] test an_unknown_escape_is_rejected_rather_than_silently_kept ... ok
[INFO] [stdout] test a_ladder_cannot_escalate_twice ... ok
[INFO] [stdout] test block_is_sugar_for_a_one_node_graph ... ok
[INFO] [stdout] test a_node_can_declare_an_on_fail_ladder ... ok
[INFO] [stdout] test an_unterminated_string_is_reported_with_a_position ... ok
[INFO] [stdout] test any_provider_name_parses ... ok
[INFO] [stdout] test an_absolute_grant_covers_a_relative_manifest_once_both_are_resolved ... ok
[INFO] [stdout] test over_and_repeat_until_on_one_node_is_rejected ... ok
[INFO] [stdout] test an_embedding_model_is_optional_and_separate_from_the_chat_model ... ok
[INFO] [stdout] test a_node_without_on_fail_has_no_ladder ... ok
[INFO] [stdout] test parses_an_ollama_model_reference ... ok
[INFO] [stdout] test pipeline_field_is_no_longer_recognized ... ok
[INFO] [stdout] test an_ollama_tag_keeps_its_colon ... ok
[INFO] [stdout] test a_fetch_grant_is_a_url_prefix_kept_exactly_as_written ... ok
[INFO] [stdout] test braces_and_brackets_inside_strings_do_not_confuse_the_parser ... ok
[INFO] [stdout] test comments_are_ignored ... ok
[INFO] [stdout] test a_judge_can_name_its_own_model ... ok
[INFO] [stdout] test escalate_must_be_the_last_rung ... ok
[INFO] [stdout] test escapes_are_resolved ... ok
[INFO] [stdout] test a_leading_dot_slash_does_not_change_whether_a_manifest_is_covered ... ok
[INFO] [stdout] test rejects_an_unknown_data_policy ... ok
[INFO] [stdout] test rejects_an_unknown_field_rather_than_ignoring_it ... ok
[INFO] [stdout] test rejects_an_unquoted_string_field ... ok
[INFO] [stdout] test retry_zero_is_rejected ... ok
[INFO] [stdout] test tolerates_extra_whitespace_and_a_trailing_semicolon ... ok
[INFO] [stdout] test rejects_a_missing_required_field ... ok
[INFO] [stdout] test rejects_a_model_with_no_target ... ok
[INFO] [stdout] test rejects_a_provider_name_that_is_not_an_identifier ... ok
[INFO] [stdout] test rejects_a_misspelled_capability_kind ... ok
[INFO] [stdout] test provider_names_are_case_insensitive ... ok
[INFO] [stdout] test accepts_several_capabilities ... ok
[INFO] [stdout] test parses_every_field_of_the_sample ... ok
[INFO] [stdout] test rejects_a_spec_with_no_name ... ok
[INFO] [stdout] test rejects_a_capability_list_that_is_not_a_list ... ok
[INFO] [stdout] test rejects_input_with_no_spec_block ... ok
[INFO] [stdout] test the_repository_example_spec_parses ... FAILED
[INFO] [stdout] 
[INFO] [stdout] failures:
[INFO] [stdout] 
[INFO] [stdout] ---- the_repository_example_spec_parses stdout ----
[INFO] [stdout] 
[INFO] [stdout] thread 'the_repository_example_spec_parses' (363) panicked at tests/parse.rs:206:29:
[INFO] [stdout] reading /opt/rustwide/workdir/../../examples/summarize.cuttlefish: No such file or directory (os error 2)
[INFO] [stdout] stack backtrace:
[INFO] [stdout]    0:     0x5f2bbe87a391 - <<std[70759c8f55707aa4]::sys::backtrace::BacktraceLock>::print::DisplayBacktrace as core[df12db4294e9bfd3]::fmt::Display>::fmt
[INFO] [stdout]    1:     0x5f2bbe88fb2a - core[df12db4294e9bfd3]::fmt::write
[INFO] [stdout]    2:     0x5f2bbe87eaac - <alloc[2182bb758b4b3781]::vec::Vec<u8> as core[df12db4294e9bfd3]::io::write::Write>::write_fmt
[INFO] [stdout]    3:     0x5f2bbe854fb6 - std[70759c8f55707aa4]::panicking::default_hook::{closure#0}
[INFO] [stdout]    4:     0x5f2bbe871de9 - std[70759c8f55707aa4]::panicking::default_hook
[INFO] [stdout]    5:     0x5f2bbe800510 - test[9d35eded1c95d3be]::test_main_inner::<test[9d35eded1c95d3be]::test_main_static::{closure#0}>::{closure#0}
[INFO] [stdout]    6:     0x5f2bbe871fa2 - std[70759c8f55707aa4]::panicking::panic_with_hook
[INFO] [stdout]    7:     0x5f2bbe855062 - std[70759c8f55707aa4]::panicking::panic_handler::{closure#0}
[INFO] [stdout]    8:     0x5f2bbe84db39 - std[70759c8f55707aa4]::sys::backtrace::__rust_end_short_backtrace::<std[70759c8f55707aa4]::panicking::panic_handler::{closure#0}, !>
[INFO] [stdout]    9:     0x5f2bbe855c5d - __rustc[8fa7c3cbc660c2b3]::rust_begin_unwind
[INFO] [stdout]   10:     0x5f2bbe89025c - core[df12db4294e9bfd3]::panicking::panic_fmt
[INFO] [stdout]   11:     0x5f2bbe7e6ce9 - parse[ec707009ce91087]::the_repository_example_spec_parses::{closure#0}
[INFO] [stdout]   12:     0x5f2bbe7eb1c0 - <parse[ec707009ce91087]::the_repository_example_spec_parses::{closure#0} as core[df12db4294e9bfd3]::ops::function::FnOnce<()>>::call_once
[INFO] [stdout]   13:     0x5f2bbe7f37fb - test[9d35eded1c95d3be]::__rust_begin_short_backtrace::<core[df12db4294e9bfd3]::result::Result<(), alloc[2182bb758b4b3781]::string::String>, fn() -> core[df12db4294e9bfd3]::result::Result<(), alloc[2182bb758b4b3781]::string::String>>
[INFO] [stdout]   14:     0x5f2bbe800e65 - test[9d35eded1c95d3be]::run_test::{closure#0}
[INFO] [stdout]   15:     0x5f2bbe7fa724 - std[70759c8f55707aa4]::sys::backtrace::__rust_begin_short_backtrace::<test[9d35eded1c95d3be]::run_test::{closure#1}, ()>
[INFO] [stdout]   16:     0x5f2bbe803fc2 - <std[70759c8f55707aa4]::thread::lifecycle::spawn_unchecked<test[9d35eded1c95d3be]::run_test::{closure#1}, ()>::{closure#1} as core[df12db4294e9bfd3]::ops::function::FnOnce<()>>::call_once::{shim:vtable#0}
[INFO] [stdout]   17:     0x5f2bbe879709 - <std[70759c8f55707aa4]::sys::thread::unix::Thread>::new::thread_start
[INFO] [stdout]   18:     0x799f5ef28dfa - <unknown>
[INFO] [stdout]   19:     0x799f5efbc3d4 - clone
[INFO] [stdout]   20:                0x0 - <unknown>
[INFO] [stdout] 
[INFO] [stdout] 
[INFO] [stdout] failures:
[INFO] [stdout]     the_repository_example_spec_parses
[INFO] [stdout] 
[INFO] [stdout] test result: FAILED. 48 passed; 1 failed; 0 ignored; 0 measured; 0 filtered out; finished in 0.01s
[INFO] [stdout] 
[INFO] [stderr] error: test failed, to rerun pass `--test parse`
[INFO] running `Command { std: "docker" "inspect" "bf7a7134763e3b2bb315d30e2e1307b6fd6a46e1029f4e62cec2d6be8c5743d5", kill_on_drop: false }`
[INFO] running `Command { std: "docker" "rm" "-f" "bf7a7134763e3b2bb315d30e2e1307b6fd6a46e1029f4e62cec2d6be8c5743d5", kill_on_drop: false }`
[INFO] [stdout] bf7a7134763e3b2bb315d30e2e1307b6fd6a46e1029f4e62cec2d6be8c5743d5
