[INFO] fetching crate cutman 0.0.1...
[INFO] testing cutman-0.0.1 against 1.100.0-beta.1+cargoflags=--release for beta-release-1.100-2
[INFO] extracting crate cutman 0.0.1 into /workspace/builds/worker-5-tc2/source
[INFO] started tweaking crates.io crate cutman 0.0.1
[INFO] removed 0 missing tests
[INFO] finished tweaking crates.io crate cutman 0.0.1
[INFO] tweaked toml for crates.io crate cutman 0.0.1 written to /workspace/builds/worker-5-tc2/source/Cargo.toml
[INFO] validating manifest of crates.io crate cutman 0.0.1 on toolchain 1.100.0-beta.1
[INFO] running `Command { std: CARGO_HOME="/workspace/cargo-home" RUSTUP_HOME="/workspace/rustup-home" "/workspace/cargo-home/bin/cargo" "+1.100.0-beta.1" "metadata" "--manifest-path" "Cargo.toml" "--no-deps", kill_on_drop: false }`
[INFO] crate crates.io crate cutman 0.0.1 already has a lockfile, it will not be regenerated
[INFO] running `Command { std: CARGO_HOME="/workspace/cargo-home" RUSTUP_HOME="/workspace/rustup-home" "/workspace/cargo-home/bin/cargo" "+1.100.0-beta.1" "fetch" "--manifest-path" "Cargo.toml", kill_on_drop: false }`
[INFO] [stderr] warning: `package.homepage` is redundant with `package.repository`
[INFO] [stderr]    --> Cargo.toml:144:12
[INFO] [stderr]     |
[INFO] [stderr] 144 | homepage = "https://github.com/bantamhq/cutman"
[INFO] [stderr]     |            ^^^^^^^^^^^^^^^^^^^^^^^^^^^^^^^^^^^^
[INFO] [stderr] ...
[INFO] [stderr] 149 | repository = "https://github.com/bantamhq/cutman"
[INFO] [stderr]     |              ------------------------------------
[INFO] [stderr]     |
[INFO] [stderr]     = note: `cargo::redundant_homepage` is set to `warn` by default
[INFO] [stderr] help: consider removing `package.homepage`
[INFO] [stderr] warning: `cutman` (manifest) generated 1 warning
[INFO] running `Command { std: "docker" "create" "-v" "/var/lib/crater-agent-workspace/builds/worker-5-tc2/source:/opt/rustwide/workdir:ro,Z" "-v" "/var/lib/crater-agent-workspace/builds/worker-5-tc2/target:/opt/rustwide/target:rw,Z" "-v" "/var/lib/crater-agent-workspace/cargo-home:/opt/rustwide/cargo-home:ro,Z" "-v" "/var/lib/crater-agent-workspace/rustup-home:/opt/rustwide/rustup-home:ro,Z" "-m" "1610612736" "--network" "none" "ghcr.io/rust-lang/crates-build-env/linux@sha256:77db811e55d90add9212f6832c23229e3de5f1c1f9905e8cb07319ea15df73ac" "sleep" "infinity", kill_on_drop: false }`
[INFO] [stdout] 9fef1f91fb069ba9dd535cf86976d9788f873fc2096017a2d81bea9a09347dca
[INFO] running `Command { std: "docker" "start" "9fef1f91fb069ba9dd535cf86976d9788f873fc2096017a2d81bea9a09347dca", kill_on_drop: false }`
[INFO] running `Command { std: "docker" "inspect" "9fef1f91fb069ba9dd535cf86976d9788f873fc2096017a2d81bea9a09347dca", kill_on_drop: false }`
[INFO] running `Command { std: "docker" "exec" "-e" "SOURCE_DIR=/opt/rustwide/workdir" "-e" "CARGO_HOME=/opt/rustwide/cargo-home" "-e" "RUSTUP_HOME=/opt/rustwide/rustup-home" "-e" "CARGO_TARGET_DIR=/opt/rustwide/target" "-w" "/opt/rustwide/workdir" "--user" "0:0" "9fef1f91fb069ba9dd535cf86976d9788f873fc2096017a2d81bea9a09347dca" "/opt/rustwide/cargo-home/bin/cargo" "+1.100.0-beta.1" "metadata" "--no-deps" "--format-version=1", kill_on_drop: false }`
[INFO] running `Command { std: "docker" "inspect" "9fef1f91fb069ba9dd535cf86976d9788f873fc2096017a2d81bea9a09347dca", kill_on_drop: false }`
[INFO] running `Command { std: "docker" "exec" "-e" "SOURCE_DIR=/opt/rustwide/workdir" "-e" "CARGO_HOME=/opt/rustwide/cargo-home" "-e" "RUSTUP_HOME=/opt/rustwide/rustup-home" "-e" "CARGO_TARGET_DIR=/opt/rustwide/target" "-e" "CARGO_INCREMENTAL=0" "-e" "RUST_BACKTRACE=full" "-e" "RUSTFLAGS=--cap-lints=warn" "-e" "RUSTDOCFLAGS=--cap-lints=warn" "-w" "/opt/rustwide/workdir" "--user" "0:0" "9fef1f91fb069ba9dd535cf86976d9788f873fc2096017a2d81bea9a09347dca" "/opt/rustwide/cargo-home/bin/cargo" "+1.100.0-beta.1" "build" "--frozen" "--message-format=json" "--release", kill_on_drop: false }`
[INFO] [stderr] warning: `package.homepage` is redundant with `package.repository`
[INFO] [stderr]    --> Cargo.toml:144:12
[INFO] [stderr]     |
[INFO] [stderr] 144 | homepage = "https://github.com/bantamhq/cutman"
[INFO] [stderr]     |            ^^^^^^^^^^^^^^^^^^^^^^^^^^^^^^^^^^^^
[INFO] [stderr] ...
[INFO] [stderr] 149 | repository = "https://github.com/bantamhq/cutman"
[INFO] [stderr]     |              ------------------------------------
[INFO] [stderr]     |
[INFO] [stderr]     = note: `cargo::redundant_homepage` is set to `warn` by default
[INFO] [stderr] help: consider removing `package.homepage`
[INFO] [stderr] warning: `cutman` (manifest) generated 1 warning
[INFO] [stderr]    Compiling libc v0.2.180
[INFO] [stderr]    Compiling find-msvc-tools v0.1.8
[INFO] [stderr]    Compiling bytes v1.11.0
[INFO] [stderr]    Compiling serde_core v1.0.228
[INFO] [stderr]    Compiling proc-macro2 v1.0.106
[INFO] [stderr]    Compiling tracing-core v0.1.36
[INFO] [stderr]    Compiling futures-util v0.3.31
[INFO] [stderr]    Compiling sync_wrapper v1.0.2
[INFO] [stderr]    Compiling zerocopy v0.8.34
[INFO] [stderr]    Compiling zmij v1.0.17
[INFO] [stderr]    Compiling bitflags v2.10.0
[INFO] [stderr]    Compiling simd-adler32 v0.3.8
[INFO] [stderr]    Compiling ryu v1.0.22
[INFO] [stderr]    Compiling ipnet v2.11.0
[INFO] [stderr]    Compiling multer v3.1.0
[INFO] [stderr]    Compiling regex-syntax v0.8.8
[INFO] [stderr]    Compiling anstream v0.6.21
[INFO] [stderr]    Compiling miniz_oxide v0.8.9
[INFO] [stderr]    Compiling webpki-roots v1.0.5
[INFO] [stderr]    Compiling compression-core v0.4.31
[INFO] [stderr]    Compiling iri-string v0.7.10
[INFO] [stderr]    Compiling winnow v0.7.14
[INFO] [stderr]    Compiling anyhow v1.0.100
[INFO] [stderr]    Compiling clap_lex v0.7.7
[INFO] [stderr]    Compiling quote v1.0.44
[INFO] [stderr]    Compiling spin v0.9.8
[INFO] [stderr]    Compiling clap_builder v4.5.54
[INFO] [stderr]    Compiling syn v2.0.114
[INFO] [stderr]    Compiling http v1.4.0
[INFO] [stderr]    Compiling flate2 v1.1.8
[INFO] [stderr]    Compiling tracing-log v0.2.0
[INFO] [stderr]    Compiling newline-converter v0.3.0
[INFO] [stderr]    Compiling jobserver v0.1.34
[INFO] [stderr]    Compiling sharded-slab v0.1.7
[INFO] [stderr]    Compiling fxhash v0.2.1
[INFO] [stderr]    Compiling hashlink v0.10.0
[INFO] [stderr]    Compiling cc v1.2.54
[INFO] [stderr]    Compiling fuzzy-matcher v0.3.7
[INFO] [stderr]    Compiling errno v0.3.14
[INFO] [stderr]    Compiling parking_lot_core v0.9.12
[INFO] [stderr]    Compiling socket2 v0.6.2
[INFO] [stderr]    Compiling getrandom v0.2.17
[INFO] [stderr]    Compiling signal-hook-registry v1.4.8
[INFO] [stderr]    Compiling mio v1.1.1
[INFO] [stderr]    Compiling parking_lot v0.12.5
[INFO] [stderr]    Compiling http-body v1.0.1
[INFO] [stderr]    Compiling rand_core v0.6.4
[INFO] [stderr]    Compiling http-body-util v0.1.3
[INFO] [stderr]    Compiling signal-hook v0.3.18
[INFO] [stderr]    Compiling mio v0.8.11
[INFO] [stderr]    Compiling serde_json v1.0.149
[INFO] [stderr]    Compiling regex-automata v0.4.13
[INFO] [stderr]    Compiling password-hash v0.5.0
[INFO] [stderr]    Compiling serde_path_to_error v0.1.20
[INFO] [stderr]    Compiling getrandom v0.3.4
[INFO] [stderr]    Compiling compression-codecs v0.4.36
[INFO] [stderr]    Compiling blake2 v0.10.6
[INFO] [stderr]    Compiling signal-hook-mio v0.2.5
[INFO] [stderr]    Compiling ring v0.17.14
[INFO] [stderr]    Compiling libz-sys v1.1.23
[INFO] [stderr]    Compiling openssl-sys v0.9.111
[INFO] [stderr]    Compiling libssh2-sys v0.3.1
[INFO] [stderr]    Compiling libsqlite3-sys v0.31.0
[INFO] [stderr]    Compiling libgit2-sys v0.17.0+1.8.1
[INFO] [stderr]    Compiling crossterm v0.25.0
[INFO] [stderr]    Compiling unicode-width v0.1.14
[INFO] [stderr]    Compiling iana-time-zone v0.1.64
[INFO] [stderr]    Compiling openssl-probe v0.1.6
[INFO] [stderr]    Compiling nu-ansi-term v0.50.3
[INFO] [stderr]    Compiling fallible-iterator v0.3.0
[INFO] [stderr]    Compiling fallible-streaming-iterator v0.1.9
[INFO] [stderr]    Compiling argon2 v0.5.3
[INFO] [stderr]    Compiling uuid v1.20.0
[INFO] [stderr]    Compiling ppv-lite86 v0.2.21
[INFO] [stderr]    Compiling inquire v0.7.5
[INFO] [stderr]    Compiling sha2 v0.10.9
[INFO] [stderr]    Compiling rand_chacha v0.3.1
[INFO] [stderr]    Compiling urlencoding v2.1.3
[INFO] [stderr]    Compiling rand v0.8.5
[INFO] [stderr]    Compiling matchers v0.2.0
[INFO] [stderr]    Compiling synstructure v0.13.2
[INFO] [stderr]    Compiling zerofrom-derive v0.1.6
[INFO] [stderr]    Compiling yoke-derive v0.8.1
[INFO] [stderr]    Compiling zerovec-derive v0.11.2
[INFO] [stderr]    Compiling displaydoc v0.2.5
[INFO] [stderr]    Compiling tokio-macros v2.6.0
[INFO] [stderr]    Compiling serde_derive v1.0.228
[INFO] [stderr]    Compiling tracing-attributes v0.1.31
[INFO] [stderr]    Compiling thiserror-impl v2.0.18
[INFO] [stderr]    Compiling clap_derive v4.5.49
[INFO] [stderr]    Compiling axum-macros v0.5.0
[INFO] [stderr]    Compiling zerofrom v0.1.6
[INFO] [stderr]    Compiling tokio v1.49.0
[INFO] [stderr]    Compiling yoke v0.8.1
[INFO] [stderr]    Compiling zerovec v0.11.5
[INFO] [stderr]    Compiling zerotrie v0.2.3
[INFO] [stderr]    Compiling tracing v0.1.44
[INFO] [stderr]    Compiling axum-core v0.5.6
[INFO] [stderr]    Compiling thiserror v2.0.18
[INFO] [stderr]    Compiling tracing-subscriber v0.3.22
[INFO] [stderr]    Compiling tinystr v0.8.2
[INFO] [stderr]    Compiling potential_utf v0.1.4
[INFO] [stderr]    Compiling icu_collections v2.1.1
[INFO] [stderr]    Compiling icu_locale_core v2.1.1
[INFO] [stderr]    Compiling clap v4.5.54
[INFO] [stderr]    Compiling icu_provider v2.1.1
[INFO] [stderr]    Compiling rustls v0.23.36
[INFO] [stderr]    Compiling icu_properties v2.1.2
[INFO] [stderr]    Compiling icu_normalizer v2.1.1
[INFO] [stderr]    Compiling serde v1.0.228
[INFO] [stderr]    Compiling idna_adapter v1.2.1
[INFO] [stderr]    Compiling idna v1.1.0
[INFO] [stderr]    Compiling toml_datetime v0.6.11
[INFO] [stderr]    Compiling serde_spanned v0.6.9
[INFO] [stderr]    Compiling url v2.5.8
[INFO] [stderr]    Compiling serde_urlencoded v0.7.1
[INFO] [stderr]    Compiling toml_edit v0.22.27
[INFO] [stderr]    Compiling hyper v1.8.1
[INFO] [stderr]    Compiling tower v0.5.3
[INFO] [stderr]    Compiling tokio-util v0.7.18
[INFO] [stderr]    Compiling rustls-webpki v0.103.9
[INFO] [stderr]    Compiling tower-http v0.6.8
[INFO] [stderr]    Compiling async-compression v0.4.37
[INFO] [stderr]    Compiling serde_yaml v0.9.34+deprecated
[INFO] [stderr]    Compiling hyper-util v0.1.19
[INFO] [stderr]    Compiling chrono v0.4.43
[INFO] [stderr]    Compiling toml v0.8.23
[INFO] [stderr]    Compiling axum v0.8.8
[INFO] [stderr]    Compiling tokio-rustls v0.26.4
[INFO] [stderr]    Compiling hyper-rustls v0.27.7
[INFO] [stderr]    Compiling reqwest v0.12.28
[INFO] [stderr]    Compiling git2 v0.19.0
[INFO] [stderr]    Compiling rusqlite v0.33.0
[INFO] [stderr]    Compiling cutman v0.0.1 (/opt/rustwide/workdir)
[INFO] [stderr]     Finished `release` profile [optimized] target(s) in 4m 45s
[INFO] running `Command { std: "docker" "inspect" "9fef1f91fb069ba9dd535cf86976d9788f873fc2096017a2d81bea9a09347dca", kill_on_drop: false }`
[INFO] running `Command { std: "docker" "exec" "-e" "SOURCE_DIR=/opt/rustwide/workdir" "-e" "CARGO_HOME=/opt/rustwide/cargo-home" "-e" "RUSTUP_HOME=/opt/rustwide/rustup-home" "-e" "CARGO_TARGET_DIR=/opt/rustwide/target" "-e" "CARGO_INCREMENTAL=0" "-e" "RUST_BACKTRACE=full" "-e" "RUSTFLAGS=--cap-lints=warn" "-e" "RUSTDOCFLAGS=--cap-lints=warn" "-w" "/opt/rustwide/workdir" "--user" "0:0" "9fef1f91fb069ba9dd535cf86976d9788f873fc2096017a2d81bea9a09347dca" "/opt/rustwide/cargo-home/bin/cargo" "+1.100.0-beta.1" "test" "--frozen" "--no-run" "--message-format=json" "--release", kill_on_drop: false }`
[INFO] [stderr] warning: `package.homepage` is redundant with `package.repository`
[INFO] [stderr]    --> Cargo.toml:144:12
[INFO] [stderr]     |
[INFO] [stderr] 144 | homepage = "https://github.com/bantamhq/cutman"
[INFO] [stderr]     |            ^^^^^^^^^^^^^^^^^^^^^^^^^^^^^^^^^^^^
[INFO] [stderr] ...
[INFO] [stderr] 149 | repository = "https://github.com/bantamhq/cutman"
[INFO] [stderr]     |              ------------------------------------
[INFO] [stderr]     |
[INFO] [stderr]     = note: `cargo::redundant_homepage` is set to `warn` by default
[INFO] [stderr] help: consider removing `package.homepage`
[INFO] [stderr] warning: `cutman` (manifest) generated 1 warning
[INFO] [stderr]    Compiling regex-syntax v0.8.8
[INFO] [stderr]    Compiling tokio v1.49.0
[INFO] [stderr]    Compiling rustix v1.1.3
[INFO] [stderr]    Compiling predicates-core v1.0.9
[INFO] [stderr]    Compiling float-cmp v0.10.0
[INFO] [stderr]    Compiling doc-comment v0.3.4
[INFO] [stderr]    Compiling difflib v0.4.0
[INFO] [stderr]    Compiling normalize-line-endings v0.3.0
[INFO] [stderr]    Compiling termtree v0.5.1
[INFO] [stderr]    Compiling inquire v0.7.5
[INFO] [stderr]    Compiling rusqlite v0.33.0
[INFO] [stderr]    Compiling git2 v0.19.0
[INFO] [stderr]    Compiling assert_cmd v2.1.2
[INFO] [stderr]    Compiling wait-timeout v0.2.1
[INFO] [stderr]    Compiling predicates-tree v1.0.12
[INFO] [stderr]    Compiling regex-automata v0.4.13
[INFO] [stderr]    Compiling tempfile v3.24.0
[INFO] [stderr]    Compiling bstr v1.12.1
[INFO] [stderr]    Compiling regex v1.12.2
[INFO] [stderr]    Compiling matchers v0.2.0
[INFO] [stderr]    Compiling tracing-subscriber v0.3.22
[INFO] [stderr]    Compiling hyper v1.8.1
[INFO] [stderr]    Compiling tower v0.5.3
[INFO] [stderr]    Compiling tokio-rustls v0.26.4
[INFO] [stderr]    Compiling async-compression v0.4.37
[INFO] [stderr]    Compiling globset v0.4.18
[INFO] [stderr]    Compiling tokio-util v0.7.18
[INFO] [stderr]    Compiling predicates v3.1.3
[INFO] [stderr]    Compiling tower-http v0.6.8
[INFO] [stderr]    Compiling ignore v0.4.25
[INFO] [stderr]    Compiling hyper-util v0.1.19
[INFO] [stderr]    Compiling globwalk v0.9.1
[INFO] [stderr]    Compiling assert_fs v1.1.3
[INFO] [stderr]    Compiling hyper-rustls v0.27.7
[INFO] [stderr]    Compiling axum v0.8.8
[INFO] [stderr]    Compiling reqwest v0.12.28
[INFO] [stderr]    Compiling cutman v0.0.1 (/opt/rustwide/workdir)
[INFO] [stderr]     Finished `release` profile [optimized] target(s) in 1m 48s
[INFO] running `Command { std: "docker" "inspect" "9fef1f91fb069ba9dd535cf86976d9788f873fc2096017a2d81bea9a09347dca", kill_on_drop: false }`
[INFO] running `Command { std: "docker" "exec" "-e" "SOURCE_DIR=/opt/rustwide/workdir" "-e" "CARGO_HOME=/opt/rustwide/cargo-home" "-e" "RUSTUP_HOME=/opt/rustwide/rustup-home" "-e" "CARGO_TARGET_DIR=/opt/rustwide/target" "-e" "CARGO_INCREMENTAL=0" "-e" "RUST_BACKTRACE=full" "-e" "RUSTFLAGS=--cap-lints=warn" "-e" "RUSTDOCFLAGS=--cap-lints=warn" "-w" "/opt/rustwide/workdir" "--user" "0:0" "9fef1f91fb069ba9dd535cf86976d9788f873fc2096017a2d81bea9a09347dca" "/opt/rustwide/cargo-home/bin/cargo" "+1.100.0-beta.1" "test" "--frozen" "--release", kill_on_drop: false }`
[INFO] [stderr] warning: `package.homepage` is redundant with `package.repository`
[INFO] [stderr]    --> Cargo.toml:144:12
[INFO] [stderr]     |
[INFO] [stderr] 144 | homepage = "https://github.com/bantamhq/cutman"
[INFO] [stderr]     |            ^^^^^^^^^^^^^^^^^^^^^^^^^^^^^^^^^^^^
[INFO] [stderr] ...
[INFO] [stderr] 149 | repository = "https://github.com/bantamhq/cutman"
[INFO] [stderr]     |              ------------------------------------
[INFO] [stderr]     |
[INFO] [stderr]     = note: `cargo::redundant_homepage` is set to `warn` by default
[INFO] [stderr] help: consider removing `package.homepage`
[INFO] [stderr] warning: `cutman` (manifest) generated 1 warning
[INFO] [stderr]     Finished `release` profile [optimized] target(s) in 0.29s
[INFO] [stderr]      Running unittests src/lib.rs (/opt/rustwide/target/release/build/cutman/8f90b9f4a55a5441/out/cutman-8f90b9f4a55a5441)
[INFO] [stdout] 
[INFO] [stdout] running 27 tests
[INFO] [stdout] test auth::token::tests::test_parse_token_wrong_parts ... ok
[INFO] [stdout] test server::git::process::tests::test_format_pkt_line_header ... ok
[INFO] [stdout] test store::path::tests::test_normalize_path_collapses_slashes ... ok
[INFO] [stdout] test store::path::tests::test_normalize_path_basic ... ok
[INFO] [stdout] test store::path::tests::test_normalize_path_empty_error ... ok
[INFO] [stdout] test lfs::storage::tests::test_invalid_oid ... ok
[INFO] [stdout] test lfs::storage::tests::test_hash_mismatch ... ok
[INFO] [stdout] test server::git::process::tests::test_git_service_from_str ... ok
[INFO] [stdout] test lfs::storage::tests::test_is_valid_oid ... ok
[INFO] [stdout] test auth::token::tests::test_parse_token_valid ... ok
[INFO] [stdout] test auth::token::tests::test_parse_token_invalid_prefix ... ok
[INFO] [stdout] test server::git::process::tests::test_repo_path ... ok
[INFO] [stdout] test types::permission::tests::test_permission_has ... ok
[INFO] [stdout] test lfs::storage::tests::test_not_found ... ok
[INFO] [stdout] test types::permission::tests::test_parse_permission ... ok
[INFO] [stdout] test types::permission::tests::test_expand_implied ... ok
[INFO] [stdout] test store::path::tests::test_normalize_path_nested ... ok
[INFO] [stdout] test lfs::storage::tests::test_delete ... ok
[INFO] [stdout] test lfs::storage::tests::test_put_and_get ... ok
[INFO] [stdout] test store::sqlite::tests::test_initialize_creates_tables ... ok
[INFO] [stdout] test store::sqlite::tests::test_user_crud ... ok
[INFO] [stdout] test store::sqlite::tests::test_token_lookup_collision ... ok
[INFO] [stdout] test store::sqlite::tests::test_namespace_crud ... ok
[INFO] [stdout] test auth::token::tests::test_hash_is_phc_format ... ok
[INFO] [stdout] test auth::token::tests::test_token_generation_format ... ok
[INFO] [stdout] test auth::token::tests::test_token_verification_wrong_secret ... ok
[INFO] [stdout] test auth::token::tests::test_token_verification_correct ... ok
[INFO] [stderr]      Running tests/api.rs (/opt/rustwide/target/release/build/cutman/53d718be8008cbd3/out/api-53d718be8008cbd3)
[INFO] [stdout] 
[INFO] [stdout] test result: ok. 27 passed; 0 failed; 0 ignored; 0 measured; 0 filtered out; finished in 0.43s
[INFO] [stdout] 
[INFO] [stdout] 
[INFO] [stdout] running 1 test
[INFO] [stdout] test api_hurl_tests ... ok
[INFO] [stdout] 
[INFO] [stdout] test result: ok. 1 passed; 0 failed; 0 ignored; 0 measured; 0 filtered out; finished in 0.01s
[INFO] [stdout] 
[INFO] [stderr]      Running tests/cli.rs (/opt/rustwide/target/release/build/cutman/2b70c99b678c3c65/out/cli-2b70c99b678c3c65)
[INFO] [stdout] 
[INFO] [stdout] running 38 tests
[INFO] [stdout] test info_with_json_flag_outputs_valid_json ... ok
[INFO] [stdout] test permission_grant_accepts_single_permission_string ... ok
[INFO] [stdout] test init_preserves_existing_users_when_reinitialization_rejected ... ok
[INFO] [stdout] test init_rejects_second_initialization_with_existing_database ... ok
[INFO] [stdout] test namespace_remove_rejects_deletion_of_users_primary_namespace ... ok
[INFO] [stdout] test permission_repo_grant_in_non_interactive_mode_fails_without_permissions_flag ... ok
[INFO] [stdout] test namespace_remove_allows_deletion_of_shared_namespace ... ok
[INFO] [stdout] test permission_grant_rejects_invalid_permission_name ... ok
[INFO] [stdout] test permission_grant_trims_whitespace_around_permissions ... ok
[INFO] [stdout] test serve_requires_initialization ... ok
[INFO] [stdout] test permission_repo_revoke_in_non_interactive_mode_fails_without_repo_id_flag ... ok
[INFO] [stdout] test permission_revoke_in_non_interactive_mode_fails_without_namespace_id_flag ... ok
[INFO] [stdout] test namespace_add_in_non_interactive_mode_fails_without_name_flag ... ok
[INFO] [stdout] test permission_grant_parses_comma_separated_permissions ... ok
[INFO] [stdout] test namespace_remove_in_non_interactive_mode_fails_without_namespace_id_flag ... ok
[INFO] [stdout] test init_creates_database_file_and_admin_token_file ... ok
[INFO] [stdout] test permission_repo_grant_in_non_interactive_mode_fails_without_repo_id_flag ... ok
[INFO] [stdout] test permission_revoke_in_non_interactive_mode_fails_without_yes_flag ... ok
[INFO] [stdout] test permission_repo_grant_and_revoke_work ... ok
[INFO] [stdout] test permission_repo_revoke_in_non_interactive_mode_fails_without_yes_flag ... ok
[INFO] [stdout] test permission_revoke_removes_grant ... ok
[INFO] [stdout] test namespace_remove_in_non_interactive_mode_fails_without_yes_flag ... ok
[INFO] [stdout] test permission_grant_in_non_interactive_mode_fails_without_permissions_flag ... ok
[INFO] [stdout] test token_revoke_in_non_interactive_mode_fails_without_token_id_flag ... ok
[INFO] [stdout] test user_add_in_non_interactive_mode_fails_without_username_flag ... ok
[INFO] [stdout] test info_json_output_contains_users_namespaces_tokens_and_repos_fields ... ok
[INFO] [stdout] test token_create_with_expires_days_sets_expiration_date ... ok
[INFO] [stdout] test token_create_without_expires_days_defaults_to_non_expiring ... ok
[INFO] [stdout] test token_create_with_zero_expires_days_creates_non_expiring_token ... ok
[INFO] [stdout] test token_create_in_non_interactive_mode_fails_without_user_id_flag ... ok
[INFO] [stdout] test user_remove_deletes_users_primary_namespace ... ok
[INFO] [stdout] test token_revoke_in_non_interactive_mode_fails_without_yes_flag ... ok
[INFO] [stdout] test token_revoke_removes_token ... ok
[INFO] [stdout] test user_remove_in_non_interactive_mode_fails_without_yes_flag ... ok
[INFO] [stdout] test user_remove_deletes_all_namespace_grants_for_user ... ok
[INFO] [stdout] test user_remove_deletes_all_tokens_belonging_to_user ... ok
[INFO] [stdout] test user_remove_in_non_interactive_mode_fails_without_user_id_flag ... ok
[INFO] [stdout] test user_remove_leaves_other_users_tokens_and_grants_intact ... ok
[INFO] [stderr]      Running tests/cli_user.rs (/opt/rustwide/target/release/build/cutman/3d8bdfde22225888/out/cli_user-3d8bdfde22225888)
[INFO] [stdout] 
[INFO] [stdout] test result: ok. 38 passed; 0 failed; 0 ignored; 0 measured; 0 filtered out; finished in 3.10s
[INFO] [stdout] 
[INFO] [stdout] 
[INFO] [stdout] running 8 tests
[INFO] [stdout] test auth_login_requires_token_in_non_interactive_mode ... ok
[INFO] [stdout] test new_requires_login ... ok
[INFO] [stdout] test auth_login_requires_server_in_non_interactive_mode ... ok
[INFO] [stdout] test auth_login_rejects_invalid_token_format ... ok
[INFO] [stdout] test auth_login_and_credential_helper_roundtrip has been running for over 60 seconds
[INFO] [stdout] test repo_clone_clones_bare_repo has been running for over 60 seconds
[INFO] [stdout] test repo_tag_and_delete_flow has been running for over 60 seconds
[INFO] [stdout] test tag_create_and_delete_flow has been running for over 60 seconds
[INFO] [stdout] test repo_clone_clones_bare_repo ... FAILED
[INFO] [stdout] test tag_create_and_delete_flow ... FAILED
[INFO] [stdout] test repo_tag_and_delete_flow ... FAILED
[INFO] [stderr] error: test failed, to rerun pass `--test cli_user`
[INFO] [stdout] test auth_login_and_credential_helper_roundtrip ... FAILED
[INFO] [stdout] 
[INFO] [stdout] failures:
[INFO] [stdout] 
[INFO] [stdout] ---- repo_clone_clones_bare_repo stdout ----
[INFO] [stdout] 
[INFO] [stdout] thread 'repo_clone_clones_bare_repo' (5238) panicked at tests/common/test_server.rs:37:14:
[INFO] [stdout] run init: Os { code: 2, kind: NotFound, message: "No such file or directory" }
[INFO] [stdout] stack backtrace:
[INFO] [stdout]    0:     0x5b8be5b97f21 - <<std[617be2ca0a6fd877]::sys::backtrace::BacktraceLock>::print::DisplayBacktrace as core[a373ad73a504971]::fmt::Display>::fmt
[INFO] [stdout]    1:     0x5b8be5bb0bfa - core[a373ad73a504971]::fmt::write
[INFO] [stdout]    2:     0x5b8be5b9e08c - <alloc[2e1b2a31b91974c5]::vec::Vec<u8> as core[a373ad73a504971]::io::write::Write>::write_fmt
[INFO] [stdout]    3:     0x5b8be5b70de6 - std[617be2ca0a6fd877]::panicking::default_hook::{closure#0}
[INFO] [stdout]    4:     0x5b8be5b8ef09 - std[617be2ca0a6fd877]::panicking::default_hook
[INFO] [stdout]    5:     0x5b8be592af40 - test[aada8e7e76ba119b]::test_main_inner::{closure#0}
[INFO] [stdout]    6:     0x5b8be5b8f232 - std[617be2ca0a6fd877]::panicking::panic_with_hook
[INFO] [stdout]    7:     0x5b8be5b70e92 - std[617be2ca0a6fd877]::panicking::panic_handler::{closure#0}
[INFO] [stdout]    8:     0x5b8be5b69819 - std[617be2ca0a6fd877]::sys::backtrace::__rust_end_short_backtrace::<std[617be2ca0a6fd877]::panicking::panic_handler::{closure#0}, !>
[INFO] [stdout]    9:     0x5b8be5b71c8d - __rustc[ea4f61d10b84890b]::rust_begin_unwind
[INFO] [stdout]   10:     0x5b8be5bb13dc - core[a373ad73a504971]::panicking::panic_fmt
[INFO] [stdout]   11:     0x5b8be5bb11b2 - core[a373ad73a504971]::result::unwrap_failed
[INFO] [stdout]   12:     0x5b8be590659b - <cli_user[b38e24f160500b0c]::common::test_server::TestServer>::start::{closure#0}
[INFO] [stdout]   13:     0x5b8be5903464 - cli_user[b38e24f160500b0c]::repo_clone_clones_bare_repo::{closure#0}
[INFO] [stdout]   14:     0x5b8be5912f43 - <tokio[cf35e7e9721334c6]::runtime::scheduler::current_thread::Context>::enter::<core[a373ad73a504971]::task::poll::Poll<()>, <tokio[cf35e7e9721334c6]::runtime::scheduler::current_thread::CoreGuard>::block_on<core[a373ad73a504971]::pin::Pin<&mut core[a373ad73a504971]::pin::Pin<&mut dyn core[a373ad73a504971]::future::future::Future<Output = ()>>>>::{closure#0}::{closure#0}>
[INFO] [stdout]   15:     0x5b8be591868c - <tokio[cf35e7e9721334c6]::runtime::context::scoped::Scoped<tokio[cf35e7e9721334c6]::runtime::scheduler::Context>>::set::<<tokio[cf35e7e9721334c6]::runtime::scheduler::current_thread::CoreGuard>::enter<<tokio[cf35e7e9721334c6]::runtime::scheduler::current_thread::CoreGuard>::block_on<core[a373ad73a504971]::pin::Pin<&mut core[a373ad73a504971]::pin::Pin<&mut dyn core[a373ad73a504971]::future::future::Future<Output = ()>>>>::{closure#0}, core[a373ad73a504971]::option::Option<()>>::{closure#0}, (alloc[2e1b2a31b91974c5]::boxed::Box<tokio[cf35e7e9721334c6]::runtime::scheduler::current_thread::Core>, core[a373ad73a504971]::option::Option<()>)>
[INFO] [stdout]   16:     0x5b8be5913297 - <tokio[cf35e7e9721334c6]::runtime::scheduler::current_thread::CoreGuard>::block_on::<core[a373ad73a504971]::pin::Pin<&mut core[a373ad73a504971]::pin::Pin<&mut dyn core[a373ad73a504971]::future::future::Future<Output = ()>>>>
[INFO] [stdout]   17:     0x5b8be5919e7d - tokio[cf35e7e9721334c6]::runtime::context::runtime::enter_runtime::<<tokio[cf35e7e9721334c6]::runtime::scheduler::current_thread::CurrentThread>::block_on<core[a373ad73a504971]::pin::Pin<&mut dyn core[a373ad73a504971]::future::future::Future<Output = ()>>>::{closure#0}, ()>
[INFO] [stdout]   18:     0x5b8be5912e25 - <tokio[cf35e7e9721334c6]::runtime::runtime::Runtime>::block_on::<core[a373ad73a504971]::pin::Pin<&mut dyn core[a373ad73a504971]::future::future::Future<Output = ()>>>
[INFO] [stdout]   19:     0x5b8be59082ee - <cli_user[b38e24f160500b0c]::repo_clone_clones_bare_repo::{closure#0} as core[a373ad73a504971]::ops::function::FnOnce<()>>::call_once
[INFO] [stdout]   20:     0x5b8be591e38b - test[aada8e7e76ba119b]::__rust_begin_short_backtrace::<core[a373ad73a504971]::result::Result<(), alloc[2e1b2a31b91974c5]::string::String>, fn() -> core[a373ad73a504971]::result::Result<(), alloc[2e1b2a31b91974c5]::string::String>>
[INFO] [stdout]   21:     0x5b8be592b565 - test[aada8e7e76ba119b]::run_test::{closure#0}
[INFO] [stdout]   22:     0x5b8be5924e54 - std[617be2ca0a6fd877]::sys::backtrace::__rust_begin_short_backtrace::<test[aada8e7e76ba119b]::run_test::{closure#1}, ()>
[INFO] [stdout]   23:     0x5b8be592e5f2 - <std[617be2ca0a6fd877]::thread::lifecycle::spawn_unchecked<test[aada8e7e76ba119b]::run_test::{closure#1}, ()>::{closure#1} as core[a373ad73a504971]::ops::function::FnOnce<()>>::call_once::{shim:vtable#0}
[INFO] [stdout]   24:     0x5b8be5b96bbf - <std[617be2ca0a6fd877]::sys::thread::unix::Thread>::new::thread_start
[INFO] [stdout]   25:     0x7570b0c47dfa - <unknown>
[INFO] [stdout]   26:     0x7570b0cdb3d4 - clone
[INFO] [stdout]   27:                0x0 - <unknown>
[INFO] [stdout] 
[INFO] [stdout] ---- tag_create_and_delete_flow stdout ----
[INFO] [stdout] 
[INFO] [stdout] thread 'tag_create_and_delete_flow' (5241) panicked at tests/common/test_server.rs:37:14:
[INFO] [stdout] run init: Os { code: 2, kind: NotFound, message: "No such file or directory" }
[INFO] [stdout] stack backtrace:
[INFO] [stdout]    0:     0x5b8be5b97f21 - <<std[617be2ca0a6fd877]::sys::backtrace::BacktraceLock>::print::DisplayBacktrace as core[a373ad73a504971]::fmt::Display>::fmt
[INFO] [stdout]    1:     0x5b8be5bb0bfa - core[a373ad73a504971]::fmt::write
[INFO] [stdout]    2:     0x5b8be5b9e08c - <alloc[2e1b2a31b91974c5]::vec::Vec<u8> as core[a373ad73a504971]::io::write::Write>::write_fmt
[INFO] [stdout]    3:     0x5b8be5b70de6 - std[617be2ca0a6fd877]::panicking::default_hook::{closure#0}
[INFO] [stdout]    4:     0x5b8be5b8ef09 - std[617be2ca0a6fd877]::panicking::default_hook
[INFO] [stdout]    5:     0x5b8be592af40 - test[aada8e7e76ba119b]::test_main_inner::{closure#0}
[INFO] [stdout]    6:     0x5b8be5b8f232 - std[617be2ca0a6fd877]::panicking::panic_with_hook
[INFO] [stdout]    7:     0x5b8be5b70e92 - std[617be2ca0a6fd877]::panicking::panic_handler::{closure#0}
[INFO] [stdout]    8:     0x5b8be5b69819 - std[617be2ca0a6fd877]::sys::backtrace::__rust_end_short_backtrace::<std[617be2ca0a6fd877]::panicking::panic_handler::{closure#0}, !>
[INFO] [stdout]    9:     0x5b8be5b71c8d - __rustc[ea4f61d10b84890b]::rust_begin_unwind
[INFO] [stdout]   10:     0x5b8be5bb13dc - core[a373ad73a504971]::panicking::panic_fmt
[INFO] [stdout]   11:     0x5b8be5bb11b2 - core[a373ad73a504971]::result::unwrap_failed
[INFO] [stdout]   12:     0x5b8be590659b - <cli_user[b38e24f160500b0c]::common::test_server::TestServer>::start::{closure#0}
[INFO] [stdout]   13:     0x5b8be5901c76 - cli_user[b38e24f160500b0c]::tag_create_and_delete_flow::{closure#0}
[INFO] [stdout]   14:     0x5b8be5912f43 - <tokio[cf35e7e9721334c6]::runtime::scheduler::current_thread::Context>::enter::<core[a373ad73a504971]::task::poll::Poll<()>, <tokio[cf35e7e9721334c6]::runtime::scheduler::current_thread::CoreGuard>::block_on<core[a373ad73a504971]::pin::Pin<&mut core[a373ad73a504971]::pin::Pin<&mut dyn core[a373ad73a504971]::future::future::Future<Output = ()>>>>::{closure#0}::{closure#0}>
[INFO] [stdout]   15:     0x5b8be591868c - <tokio[cf35e7e9721334c6]::runtime::context::scoped::Scoped<tokio[cf35e7e9721334c6]::runtime::scheduler::Context>>::set::<<tokio[cf35e7e9721334c6]::runtime::scheduler::current_thread::CoreGuard>::enter<<tokio[cf35e7e9721334c6]::runtime::scheduler::current_thread::CoreGuard>::block_on<core[a373ad73a504971]::pin::Pin<&mut core[a373ad73a504971]::pin::Pin<&mut dyn core[a373ad73a504971]::future::future::Future<Output = ()>>>>::{closure#0}, core[a373ad73a504971]::option::Option<()>>::{closure#0}, (alloc[2e1b2a31b91974c5]::boxed::Box<tokio[cf35e7e9721334c6]::runtime::scheduler::current_thread::Core>, core[a373ad73a504971]::option::Option<()>)>
[INFO] [stdout]   16:     0x5b8be5913297 - <tokio[cf35e7e9721334c6]::runtime::scheduler::current_thread::CoreGuard>::block_on::<core[a373ad73a504971]::pin::Pin<&mut core[a373ad73a504971]::pin::Pin<&mut dyn core[a373ad73a504971]::future::future::Future<Output = ()>>>>
[INFO] [stdout]   17:     0x5b8be5919e7d - tokio[cf35e7e9721334c6]::runtime::context::runtime::enter_runtime::<<tokio[cf35e7e9721334c6]::runtime::scheduler::current_thread::CurrentThread>::block_on<core[a373ad73a504971]::pin::Pin<&mut dyn core[a373ad73a504971]::future::future::Future<Output = ()>>>::{closure#0}, ()>
[INFO] [stdout]   18:     0x5b8be5912e25 - <tokio[cf35e7e9721334c6]::runtime::runtime::Runtime>::block_on::<core[a373ad73a504971]::pin::Pin<&mut dyn core[a373ad73a504971]::future::future::Future<Output = ()>>>
[INFO] [stdout]   19:     0x5b8be590818e - <cli_user[b38e24f160500b0c]::tag_create_and_delete_flow::{closure#0} as core[a373ad73a504971]::ops::function::FnOnce<()>>::call_once
[INFO] [stdout]   20:     0x5b8be591e38b - test[aada8e7e76ba119b]::__rust_begin_short_backtrace::<core[a373ad73a504971]::result::Result<(), alloc[2e1b2a31b91974c5]::string::String>, fn() -> core[a373ad73a504971]::result::Result<(), alloc[2e1b2a31b91974c5]::string::String>>
[INFO] [stdout]   21:     0x5b8be592b565 - test[aada8e7e76ba119b]::run_test::{closure#0}
[INFO] [stdout]   22:     0x5b8be5924e54 - std[617be2ca0a6fd877]::sys::backtrace::__rust_begin_short_backtrace::<test[aada8e7e76ba119b]::run_test::{closure#1}, ()>
[INFO] [stdout]   23:     0x5b8be592e5f2 - <std[617be2ca0a6fd877]::thread::lifecycle::spawn_unchecked<test[aada8e7e76ba119b]::run_test::{closure#1}, ()>::{closure#1} as core[a373ad73a504971]::ops::function::FnOnce<()>>::call_once::{shim:vtable#0}
[INFO] [stdout]   24:     0x5b8be5b96bbf - <std[617be2ca0a6fd877]::sys::thread::unix::Thread>::new::thread_start
[INFO] [stdout]   25:     0x7570b0c47dfa - <unknown>
[INFO] [stdout]   26:     0x7570b0cdb3d4 - clone
[INFO] [stdout]   27:                0x0 - <unknown>
[INFO] [stdout] 
[INFO] [stdout] ---- repo_tag_and_delete_flow stdout ----
[INFO] [stdout] 
[INFO] [stdout] thread 'repo_tag_and_delete_flow' (5239) panicked at tests/common/test_server.rs:37:14:
[INFO] [stdout] run init: Os { code: 2, kind: NotFound, message: "No such file or directory" }
[INFO] [stdout] stack backtrace:
[INFO] [stdout]    0:     0x5b8be5b97f21 - <<std[617be2ca0a6fd877]::sys::backtrace::BacktraceLock>::print::DisplayBacktrace as core[a373ad73a504971]::fmt::Display>::fmt
[INFO] [stdout]    1:     0x5b8be5bb0bfa - core[a373ad73a504971]::fmt::write
[INFO] [stdout]    2:     0x5b8be5b9e08c - <alloc[2e1b2a31b91974c5]::vec::Vec<u8> as core[a373ad73a504971]::io::write::Write>::write_fmt
[INFO] [stdout]    3:     0x5b8be5b70de6 - std[617be2ca0a6fd877]::panicking::default_hook::{closure#0}
[INFO] [stdout]    4:     0x5b8be5b8ef09 - std[617be2ca0a6fd877]::panicking::default_hook
[INFO] [stdout]    5:     0x5b8be592af40 - test[aada8e7e76ba119b]::test_main_inner::{closure#0}
[INFO] [stdout]    6:     0x5b8be5b8f232 - std[617be2ca0a6fd877]::panicking::panic_with_hook
[INFO] [stdout]    7:     0x5b8be5b70e92 - std[617be2ca0a6fd877]::panicking::panic_handler::{closure#0}
[INFO] [stdout]    8:     0x5b8be5b69819 - std[617be2ca0a6fd877]::sys::backtrace::__rust_end_short_backtrace::<std[617be2ca0a6fd877]::panicking::panic_handler::{closure#0}, !>
[INFO] [stdout]    9:     0x5b8be5b71c8d - __rustc[ea4f61d10b84890b]::rust_begin_unwind
[INFO] [stdout]   10:     0x5b8be5bb13dc - core[a373ad73a504971]::panicking::panic_fmt
[INFO] [stdout]   11:     0x5b8be5bb11b2 - core[a373ad73a504971]::result::unwrap_failed
[INFO] [stdout]   12:     0x5b8be590659b - <cli_user[b38e24f160500b0c]::common::test_server::TestServer>::start::{closure#0}
[INFO] [stdout]   13:     0x5b8be58ffa0f - cli_user[b38e24f160500b0c]::repo_tag_and_delete_flow::{closure#0}
[INFO] [stdout]   14:     0x5b8be5912f43 - <tokio[cf35e7e9721334c6]::runtime::scheduler::current_thread::Context>::enter::<core[a373ad73a504971]::task::poll::Poll<()>, <tokio[cf35e7e9721334c6]::runtime::scheduler::current_thread::CoreGuard>::block_on<core[a373ad73a504971]::pin::Pin<&mut core[a373ad73a504971]::pin::Pin<&mut dyn core[a373ad73a504971]::future::future::Future<Output = ()>>>>::{closure#0}::{closure#0}>
[INFO] [stdout]   15:     0x5b8be591868c - <tokio[cf35e7e9721334c6]::runtime::context::scoped::Scoped<tokio[cf35e7e9721334c6]::runtime::scheduler::Context>>::set::<<tokio[cf35e7e9721334c6]::runtime::scheduler::current_thread::CoreGuard>::enter<<tokio[cf35e7e9721334c6]::runtime::scheduler::current_thread::CoreGuard>::block_on<core[a373ad73a504971]::pin::Pin<&mut core[a373ad73a504971]::pin::Pin<&mut dyn core[a373ad73a504971]::future::future::Future<Output = ()>>>>::{closure#0}, core[a373ad73a504971]::option::Option<()>>::{closure#0}, (alloc[2e1b2a31b91974c5]::boxed::Box<tokio[cf35e7e9721334c6]::runtime::scheduler::current_thread::Core>, core[a373ad73a504971]::option::Option<()>)>
[INFO] [stdout]   16:     0x5b8be5913297 - <tokio[cf35e7e9721334c6]::runtime::scheduler::current_thread::CoreGuard>::block_on::<core[a373ad73a504971]::pin::Pin<&mut core[a373ad73a504971]::pin::Pin<&mut dyn core[a373ad73a504971]::future::future::Future<Output = ()>>>>
[INFO] [stdout]   17:     0x5b8be5919e7d - tokio[cf35e7e9721334c6]::runtime::context::runtime::enter_runtime::<<tokio[cf35e7e9721334c6]::runtime::scheduler::current_thread::CurrentThread>::block_on<core[a373ad73a504971]::pin::Pin<&mut dyn core[a373ad73a504971]::future::future::Future<Output = ()>>>::{closure#0}, ()>
[INFO] [stdout]   18:     0x5b8be5912e25 - <tokio[cf35e7e9721334c6]::runtime::runtime::Runtime>::block_on::<core[a373ad73a504971]::pin::Pin<&mut dyn core[a373ad73a504971]::future::future::Future<Output = ()>>>
[INFO] [stdout]   19:     0x5b8be590802e - <cli_user[b38e24f160500b0c]::repo_tag_and_delete_flow::{closure#0} as core[a373ad73a504971]::ops::function::FnOnce<()>>::call_once
[INFO] [stdout]   20:     0x5b8be591e38b - test[aada8e7e76ba119b]::__rust_begin_short_backtrace::<core[a373ad73a504971]::result::Result<(), alloc[2e1b2a31b91974c5]::string::String>, fn() -> core[a373ad73a504971]::result::Result<(), alloc[2e1b2a31b91974c5]::string::String>>
[INFO] [stdout]   21:     0x5b8be592b565 - test[aada8e7e76ba119b]::run_test::{closure#0}
[INFO] [stdout]   22:     0x5b8be5924e54 - std[617be2ca0a6fd877]::sys::backtrace::__rust_begin_short_backtrace::<test[aada8e7e76ba119b]::run_test::{closure#1}, ()>
[INFO] [stdout]   23:     0x5b8be592e5f2 - <std[617be2ca0a6fd877]::thread::lifecycle::spawn_unchecked<test[aada8e7e76ba119b]::run_test::{closure#1}, ()>::{closure#1} as core[a373ad73a504971]::ops::function::FnOnce<()>>::call_once::{shim:vtable#0}
[INFO] [stdout]   24:     0x5b8be5b96bbf - <std[617be2ca0a6fd877]::sys::thread::unix::Thread>::new::thread_start
[INFO] [stdout]   25:     0x7570b0c47dfa - <unknown>
[INFO] [stdout]   26:     0x7570b0cdb3d4 - clone
[INFO] [stdout]   27:                0x0 - <unknown>
[INFO] [stdout] 
[INFO] [stdout] ---- auth_login_and_credential_helper_roundtrip stdout ----
[INFO] [stdout] 
[INFO] [stdout] thread 'auth_login_and_credential_helper_roundtrip' (5233) panicked at tests/common/test_server.rs:37:14:
[INFO] [stdout] run init: Os { code: 2, kind: NotFound, message: "No such file or directory" }
[INFO] [stdout] stack backtrace:
[INFO] [stdout]    0:     0x5b8be5b97f21 - <<std[617be2ca0a6fd877]::sys::backtrace::BacktraceLock>::print::DisplayBacktrace as core[a373ad73a504971]::fmt::Display>::fmt
[INFO] [stdout]    1:     0x5b8be5bb0bfa - core[a373ad73a504971]::fmt::write
[INFO] [stdout]    2:     0x5b8be5b9e08c - <alloc[2e1b2a31b91974c5]::vec::Vec<u8> as core[a373ad73a504971]::io::write::Write>::write_fmt
[INFO] [stdout]    3:     0x5b8be5b70de6 - std[617be2ca0a6fd877]::panicking::default_hook::{closure#0}
[INFO] [stdout]    4:     0x5b8be5b8ef09 - std[617be2ca0a6fd877]::panicking::default_hook
[INFO] [stdout]    5:     0x5b8be592af40 - test[aada8e7e76ba119b]::test_main_inner::{closure#0}
[INFO] [stdout]    6:     0x5b8be5b8f232 - std[617be2ca0a6fd877]::panicking::panic_with_hook
[INFO] [stdout]    7:     0x5b8be5b70e92 - std[617be2ca0a6fd877]::panicking::panic_handler::{closure#0}
[INFO] [stdout]    8:     0x5b8be5b69819 - std[617be2ca0a6fd877]::sys::backtrace::__rust_end_short_backtrace::<std[617be2ca0a6fd877]::panicking::panic_handler::{closure#0}, !>
[INFO] [stdout]    9:     0x5b8be5b71c8d - __rustc[ea4f61d10b84890b]::rust_begin_unwind
[INFO] [stdout]   10:     0x5b8be5bb13dc - core[a373ad73a504971]::panicking::panic_fmt
[INFO] [stdout]   11:     0x5b8be5bb11b2 - core[a373ad73a504971]::result::unwrap_failed
[INFO] [stdout]   12:     0x5b8be590659b - <cli_user[b38e24f160500b0c]::common::test_server::TestServer>::start::{closure#0}
[INFO] [stdout]   13:     0x5b8be5904609 - cli_user[b38e24f160500b0c]::auth_login_and_credential_helper_roundtrip::{closure#0}
[INFO] [stdout]   14:     0x5b8be5912f43 - <tokio[cf35e7e9721334c6]::runtime::scheduler::current_thread::Context>::enter::<core[a373ad73a504971]::task::poll::Poll<()>, <tokio[cf35e7e9721334c6]::runtime::scheduler::current_thread::CoreGuard>::block_on<core[a373ad73a504971]::pin::Pin<&mut core[a373ad73a504971]::pin::Pin<&mut dyn core[a373ad73a504971]::future::future::Future<Output = ()>>>>::{closure#0}::{closure#0}>
[INFO] [stdout]   15:     0x5b8be591868c - <tokio[cf35e7e9721334c6]::runtime::context::scoped::Scoped<tokio[cf35e7e9721334c6]::runtime::scheduler::Context>>::set::<<tokio[cf35e7e9721334c6]::runtime::scheduler::current_thread::CoreGuard>::enter<<tokio[cf35e7e9721334c6]::runtime::scheduler::current_thread::CoreGuard>::block_on<core[a373ad73a504971]::pin::Pin<&mut core[a373ad73a504971]::pin::Pin<&mut dyn core[a373ad73a504971]::future::future::Future<Output = ()>>>>::{closure#0}, core[a373ad73a504971]::option::Option<()>>::{closure#0}, (alloc[2e1b2a31b91974c5]::boxed::Box<tokio[cf35e7e9721334c6]::runtime::scheduler::current_thread::Core>, core[a373ad73a504971]::option::Option<()>)>
[INFO] [stdout]   16:     0x5b8be5913297 - <tokio[cf35e7e9721334c6]::runtime::scheduler::current_thread::CoreGuard>::block_on::<core[a373ad73a504971]::pin::Pin<&mut core[a373ad73a504971]::pin::Pin<&mut dyn core[a373ad73a504971]::future::future::Future<Output = ()>>>>
[INFO] [stdout]   17:     0x5b8be5919e7d - tokio[cf35e7e9721334c6]::runtime::context::runtime::enter_runtime::<<tokio[cf35e7e9721334c6]::runtime::scheduler::current_thread::CurrentThread>::block_on<core[a373ad73a504971]::pin::Pin<&mut dyn core[a373ad73a504971]::future::future::Future<Output = ()>>>::{closure#0}, ()>
[INFO] [stdout]   18:     0x5b8be5912e25 - <tokio[cf35e7e9721334c6]::runtime::runtime::Runtime>::block_on::<core[a373ad73a504971]::pin::Pin<&mut dyn core[a373ad73a504971]::future::future::Future<Output = ()>>>
[INFO] [stdout]   19:     0x5b8be59088de - <cli_user[b38e24f160500b0c]::auth_login_and_credential_helper_roundtrip::{closure#0} as core[a373ad73a504971]::ops::function::FnOnce<()>>::call_once
[INFO] [stdout]   20:     0x5b8be591e38b - test[aada8e7e76ba119b]::__rust_begin_short_backtrace::<core[a373ad73a504971]::result::Result<(), alloc[2e1b2a31b91974c5]::string::String>, fn() -> core[a373ad73a504971]::result::Result<(), alloc[2e1b2a31b91974c5]::string::String>>
[INFO] [stdout]   21:     0x5b8be592b565 - test[aada8e7e76ba119b]::run_test::{closure#0}
[INFO] [stdout]   22:     0x5b8be5924e54 - std[617be2ca0a6fd877]::sys::backtrace::__rust_begin_short_backtrace::<test[aada8e7e76ba119b]::run_test::{closure#1}, ()>
[INFO] [stdout]   23:     0x5b8be592e5f2 - <std[617be2ca0a6fd877]::thread::lifecycle::spawn_unchecked<test[aada8e7e76ba119b]::run_test::{closure#1}, ()>::{closure#1} as core[a373ad73a504971]::ops::function::FnOnce<()>>::call_once::{shim:vtable#0}
[INFO] [stdout]   24:     0x5b8be5b96bbf - <std[617be2ca0a6fd877]::sys::thread::unix::Thread>::new::thread_start
[INFO] [stdout]   25:     0x7570b0c47dfa - <unknown>
[INFO] [stdout]   26:     0x7570b0cdb3d4 - clone
[INFO] [stdout]   27:                0x0 - <unknown>
[INFO] [stdout] 
[INFO] [stdout] 
[INFO] [stdout] failures:
[INFO] [stdout]     auth_login_and_credential_helper_roundtrip
[INFO] [stdout]     repo_clone_clones_bare_repo
[INFO] [stdout]     repo_tag_and_delete_flow
[INFO] [stdout]     tag_create_and_delete_flow
[INFO] [stdout] 
[INFO] [stdout] test result: FAILED. 4 passed; 4 failed; 0 ignored; 0 measured; 0 filtered out; finished in 67.56s
[INFO] [stdout] 
[INFO] running `Command { std: "docker" "inspect" "9fef1f91fb069ba9dd535cf86976d9788f873fc2096017a2d81bea9a09347dca", kill_on_drop: false }`
[INFO] running `Command { std: "docker" "rm" "-f" "9fef1f91fb069ba9dd535cf86976d9788f873fc2096017a2d81bea9a09347dca", kill_on_drop: false }`
[INFO] [stdout] 9fef1f91fb069ba9dd535cf86976d9788f873fc2096017a2d81bea9a09347dca
