[INFO] fetching crate curlux 0.4.3...
[INFO] testing curlux-0.4.3 against 1.99.0-beta.8+cargoflags=--release for beta-release-1.100-2
[INFO] extracting crate curlux 0.4.3 into /workspace/builds/worker-4-tc1/source
[INFO] started tweaking crates.io crate curlux 0.4.3
[INFO] removed 0 missing tests
[INFO] finished tweaking crates.io crate curlux 0.4.3
[INFO] tweaked toml for crates.io crate curlux 0.4.3 written to /workspace/builds/worker-4-tc1/source/Cargo.toml
[INFO] validating manifest of crates.io crate curlux 0.4.3 on toolchain 1.99.0-beta.8
[INFO] running `Command { std: CARGO_HOME="/workspace/cargo-home" RUSTUP_HOME="/workspace/rustup-home" "/workspace/cargo-home/bin/cargo" "+1.99.0-beta.8" "metadata" "--manifest-path" "Cargo.toml" "--no-deps", kill_on_drop: false }`
[INFO] crate crates.io crate curlux 0.4.3 already has a lockfile, it will not be regenerated
[INFO] running `Command { std: CARGO_HOME="/workspace/cargo-home" RUSTUP_HOME="/workspace/rustup-home" "/workspace/cargo-home/bin/cargo" "+1.99.0-beta.8" "fetch" "--manifest-path" "Cargo.toml", kill_on_drop: false }`
[INFO] [stderr]  Downloading crates ...
[INFO] [stderr]   Downloaded cookie_store v0.21.0
[INFO] [stderr]   Downloaded publicsuffix v2.2.3
[INFO] [stderr]   Downloaded rustix v0.38.36
[INFO] running `Command { std: "docker" "create" "-v" "/var/lib/crater-agent-workspace/builds/worker-4-tc1/source:/opt/rustwide/workdir:ro,Z" "-v" "/var/lib/crater-agent-workspace/builds/worker-4-tc1/target:/opt/rustwide/target:rw,Z" "-v" "/var/lib/crater-agent-workspace/cargo-home:/opt/rustwide/cargo-home:ro,Z" "-v" "/var/lib/crater-agent-workspace/rustup-home:/opt/rustwide/rustup-home:ro,Z" "-m" "1610612736" "--network" "none" "ghcr.io/rust-lang/crates-build-env/linux@sha256:77db811e55d90add9212f6832c23229e3de5f1c1f9905e8cb07319ea15df73ac" "sleep" "infinity", kill_on_drop: false }`
[INFO] [stdout] 2c88443c1fb6725472721c4343a426fc34160a8c6ef5f533833185b3a2154b32
[INFO] running `Command { std: "docker" "start" "2c88443c1fb6725472721c4343a426fc34160a8c6ef5f533833185b3a2154b32", kill_on_drop: false }`
[INFO] running `Command { std: "docker" "inspect" "2c88443c1fb6725472721c4343a426fc34160a8c6ef5f533833185b3a2154b32", kill_on_drop: false }`
[INFO] running `Command { std: "docker" "exec" "-e" "SOURCE_DIR=/opt/rustwide/workdir" "-e" "CARGO_HOME=/opt/rustwide/cargo-home" "-e" "RUSTUP_HOME=/opt/rustwide/rustup-home" "-e" "CARGO_TARGET_DIR=/opt/rustwide/target" "-w" "/opt/rustwide/workdir" "--user" "0:0" "2c88443c1fb6725472721c4343a426fc34160a8c6ef5f533833185b3a2154b32" "/opt/rustwide/cargo-home/bin/cargo" "+1.99.0-beta.8" "metadata" "--no-deps" "--format-version=1", kill_on_drop: false }`
[INFO] running `Command { std: "docker" "inspect" "2c88443c1fb6725472721c4343a426fc34160a8c6ef5f533833185b3a2154b32", kill_on_drop: false }`
[INFO] running `Command { std: "docker" "exec" "-e" "SOURCE_DIR=/opt/rustwide/workdir" "-e" "CARGO_HOME=/opt/rustwide/cargo-home" "-e" "RUSTUP_HOME=/opt/rustwide/rustup-home" "-e" "CARGO_TARGET_DIR=/opt/rustwide/target" "-e" "CARGO_INCREMENTAL=0" "-e" "RUST_BACKTRACE=full" "-e" "RUSTFLAGS=--cap-lints=warn" "-e" "RUSTDOCFLAGS=--cap-lints=warn" "-w" "/opt/rustwide/workdir" "--user" "0:0" "2c88443c1fb6725472721c4343a426fc34160a8c6ef5f533833185b3a2154b32" "/opt/rustwide/cargo-home/bin/cargo" "+1.99.0-beta.8" "build" "--frozen" "--message-format=json" "--release", kill_on_drop: false }`
[INFO] [stderr]    Compiling libc v0.2.158
[INFO] [stderr]    Compiling proc-macro2 v1.0.86
[INFO] [stderr]    Compiling unicode-ident v1.0.13
[INFO] [stderr]    Compiling version_check v0.9.5
[INFO] [stderr]    Compiling itoa v1.0.11
[INFO] [stderr]    Compiling bytes v1.7.1
[INFO] [stderr]    Compiling pin-project-lite v0.2.14
[INFO] [stderr]    Compiling autocfg v1.3.0
[INFO] [stderr]    Compiling futures-core v0.3.30
[INFO] [stderr]    Compiling shlex v1.3.0
[INFO] [stderr]    Compiling vcpkg v0.2.15
[INFO] [stderr]    Compiling futures-sink v0.3.30
[INFO] [stderr]    Compiling once_cell v1.19.0
[INFO] [stderr]    Compiling pkg-config v0.3.30
[INFO] [stderr]    Compiling memchr v2.7.4
[INFO] [stderr]    Compiling fnv v1.0.7
[INFO] [stderr]    Compiling tinyvec_macros v0.1.1
[INFO] [stderr]    Compiling futures-io v0.3.30
[INFO] [stderr]    Compiling cc v1.1.18
[INFO] [stderr]    Compiling futures-task v0.3.30
[INFO] [stderr]    Compiling pin-utils v0.1.0
[INFO] [stderr]    Compiling tinyvec v1.8.0
[INFO] [stderr]    Compiling percent-encoding v2.3.1
[INFO] [stderr]    Compiling httparse v1.9.4
[INFO] [stderr]    Compiling tracing-core v0.1.32
[INFO] [stderr]    Compiling unicode-bidi v0.3.15
[INFO] [stderr]    Compiling hashbrown v0.14.5
[INFO] [stderr]    Compiling serde v1.0.210
[INFO] [stderr]    Compiling unicase v2.7.0
[INFO] [stderr]    Compiling cfg-if v1.0.0
[INFO] [stderr]    Compiling slab v0.4.9
[INFO] [stderr]    Compiling equivalent v1.0.1
[INFO] [stderr]    Compiling openssl v0.10.66
[INFO] [stderr]    Compiling foreign-types-shared v0.1.1
[INFO] [stderr]    Compiling foreign-types v0.3.2
[INFO] [stderr]    Compiling native-tls v0.2.12
[INFO] [stderr]    Compiling time-core v0.1.2
[INFO] [stderr]    Compiling bitflags v2.6.0
[INFO] [stderr]    Compiling num-conv v0.1.0
[INFO] [stderr]    Compiling log v0.4.22
[INFO] [stderr]    Compiling powerfmt v0.2.0
[INFO] [stderr]    Compiling atomic-waker v1.1.2
[INFO] [stderr]    Compiling try-lock v0.2.5
[INFO] [stderr]    Compiling time-macros v0.2.18
[INFO] [stderr]    Compiling deranged v0.3.11
[INFO] [stderr]    Compiling want v0.3.1
[INFO] [stderr]    Compiling tracing v0.1.40
[INFO] [stderr]    Compiling socket2 v0.5.7
[INFO] [stderr]    Compiling mio v1.0.2
[INFO] [stderr]    Compiling http v1.1.0
[INFO] [stderr]    Compiling cookie v0.18.1
[INFO] [stderr]    Compiling quote v1.0.37
[INFO] [stderr]    Compiling futures-util v0.3.30
[INFO] [stderr]    Compiling form_urlencoded v1.2.1
[INFO] [stderr]    Compiling futures-channel v0.3.30
[INFO] [stderr]    Compiling unicode-normalization v0.1.23
[INFO] [stderr]    Compiling ryu v1.0.18
[INFO] [stderr]    Compiling tower-service v0.3.3
[INFO] [stderr]    Compiling syn v2.0.77
[INFO] [stderr]    Compiling tower-layer v0.3.3
[INFO] [stderr]    Compiling openssl-probe v0.1.5
[INFO] [stderr]    Compiling tokio v1.40.0
[INFO] [stderr]    Compiling serde_json v1.0.128
[INFO] [stderr]    Compiling indexmap v2.5.0
[INFO] [stderr]    Compiling utf8parse v0.2.2
[INFO] [stderr]    Compiling smallvec v1.13.2
[INFO] [stderr]    Compiling anstyle-parse v0.2.5
[INFO] [stderr]    Compiling idna v0.3.0
[INFO] [stderr]    Compiling openssl-sys v0.9.103
[INFO] [stderr]    Compiling idna v0.5.0
[INFO] [stderr]    Compiling mime_guess v2.0.5
[INFO] [stderr]    Compiling is_terminal_polyfill v1.70.1
[INFO] [stderr]    Compiling anstyle-query v1.1.1
[INFO] [stderr]    Compiling psl-types v2.0.11
[INFO] [stderr]    Compiling colorchoice v1.0.2
[INFO] [stderr]    Compiling anstyle v1.0.8
[INFO] [stderr]    Compiling clap_lex v0.7.2
[INFO] [stderr]    Compiling rustls-pki-types v1.8.0
[INFO] [stderr]    Compiling base64 v0.22.1
[INFO] [stderr]    Compiling url v2.5.2
[INFO] [stderr]    Compiling mime v0.3.17
[INFO] [stderr]    Compiling http-body v1.0.1
[INFO] [stderr]    Compiling time v0.3.36
[INFO] [stderr]    Compiling anstream v0.6.15
[INFO] [stderr]    Compiling strsim v0.11.1
[INFO] [stderr]    Compiling encoding_rs v0.8.34
[INFO] [stderr]    Compiling sync_wrapper v1.0.1
[INFO] [stderr]    Compiling publicsuffix v2.2.3
[INFO] [stderr]    Compiling rustls-pemfile v2.1.3
[INFO] [stderr]    Compiling clap_builder v4.5.17
[INFO] [stderr]    Compiling ipnet v2.10.0
[INFO] [stderr]    Compiling serde_urlencoded v0.7.1
[INFO] [stderr]    Compiling http-body-util v0.1.2
[INFO] [stderr]    Compiling clap v4.5.17
[INFO] [stderr]    Compiling openssl-macros v0.1.1
[INFO] [stderr]    Compiling pin-project-internal v1.1.5
[INFO] [stderr]    Compiling serde_derive v1.0.210
[INFO] [stderr]    Compiling tokio-util v0.7.12
[INFO] [stderr]    Compiling pin-project v1.1.5
[INFO] [stderr]    Compiling tower v0.4.13
[INFO] [stderr]    Compiling h2 v0.4.6
[INFO] [stderr]    Compiling cookie_store v0.21.0
[INFO] [stderr]    Compiling tokio-native-tls v0.3.1
[INFO] [stderr]    Compiling hyper v1.4.1
[INFO] [stderr]    Compiling hyper-util v0.1.8
[INFO] [stderr]    Compiling hyper-tls v0.6.0
[INFO] [stderr]    Compiling reqwest v0.12.7
[INFO] [stderr]    Compiling curlux v0.4.3 (/opt/rustwide/workdir)
[INFO] [stdout] warning: unused imports: `Arg` and `Command`
[INFO] [stdout]  --> src/main.rs:1:12
[INFO] [stdout]   |
[INFO] [stdout] 1 | use clap::{Arg, Command};
[INFO] [stdout]   |            ^^^  ^^^^^^^
[INFO] [stdout]   |
[INFO] [stdout]   = note: `#[warn(unused_imports)]` (part of `#[warn(unused)]`) on by default
[INFO] [stdout] 
[INFO] [stdout] 
[INFO] [stdout] warning: unused imports: `Client`, `RequestBuilder`, and `Response`
[INFO] [stdout]  --> src/main.rs:2:25
[INFO] [stdout]   |
[INFO] [stdout] 2 | use reqwest::blocking::{Client, RequestBuilder, Response};
[INFO] [stdout]   |                         ^^^^^^  ^^^^^^^^^^^^^^  ^^^^^^^^
[INFO] [stdout] 
[INFO] [stdout] 
[INFO] [stderr]     Finished `release` profile [optimized] target(s) in 1m 07s
[INFO] running `Command { std: "docker" "inspect" "2c88443c1fb6725472721c4343a426fc34160a8c6ef5f533833185b3a2154b32", kill_on_drop: false }`
[INFO] running `Command { std: "docker" "exec" "-e" "SOURCE_DIR=/opt/rustwide/workdir" "-e" "CARGO_HOME=/opt/rustwide/cargo-home" "-e" "RUSTUP_HOME=/opt/rustwide/rustup-home" "-e" "CARGO_TARGET_DIR=/opt/rustwide/target" "-e" "CARGO_INCREMENTAL=0" "-e" "RUST_BACKTRACE=full" "-e" "RUSTFLAGS=--cap-lints=warn" "-e" "RUSTDOCFLAGS=--cap-lints=warn" "-w" "/opt/rustwide/workdir" "--user" "0:0" "2c88443c1fb6725472721c4343a426fc34160a8c6ef5f533833185b3a2154b32" "/opt/rustwide/cargo-home/bin/cargo" "+1.99.0-beta.8" "test" "--frozen" "--no-run" "--message-format=json" "--release", kill_on_drop: false }`
[INFO] [stderr]    Compiling libc v0.2.158
[INFO] [stderr]    Compiling itoa v1.0.11
[INFO] [stderr]    Compiling bytes v1.7.1
[INFO] [stderr]    Compiling pin-project-lite v0.2.14
[INFO] [stderr]    Compiling futures-core v0.3.30
[INFO] [stderr]    Compiling futures-sink v0.3.30
[INFO] [stderr]    Compiling once_cell v1.19.0
[INFO] [stderr]    Compiling memchr v2.7.4
[INFO] [stderr]    Compiling slab v0.4.9
[INFO] [stderr]    Compiling fnv v1.0.7
[INFO] [stderr]    Compiling tinyvec_macros v0.1.1
[INFO] [stderr]    Compiling pin-utils v0.1.0
[INFO] [stderr]    Compiling futures-task v0.3.30
[INFO] [stderr]    Compiling futures-io v0.3.30
[INFO] [stderr]    Compiling equivalent v1.0.1
[INFO] [stderr]    Compiling foreign-types-shared v0.1.1
[INFO] [stderr]    Compiling tinyvec v1.8.0
[INFO] [stderr]    Compiling percent-encoding v2.3.1
[INFO] [stderr]    Compiling cfg-if v1.0.0
[INFO] [stderr]    Compiling unicode-bidi v0.3.15
[INFO] [stderr]    Compiling hashbrown v0.14.5
[INFO] [stderr]    Compiling foreign-types v0.3.2
[INFO] [stderr]    Compiling bitflags v2.6.0
[INFO] [stderr]    Compiling atomic-waker v1.1.2
[INFO] [stderr]    Compiling powerfmt v0.2.0
[INFO] [stderr]    Compiling log v0.4.22
[INFO] [stderr]    Compiling try-lock v0.2.5
[INFO] [stderr]    Compiling pin-project v1.1.5
[INFO] [stderr]    Compiling tracing-core v0.1.32
[INFO] [stderr]    Compiling futures-channel v0.3.30
[INFO] [stderr]    Compiling httparse v1.9.4
[INFO] [stderr]    Compiling serde v1.0.210
[INFO] [stderr]    Compiling want v0.3.1
[INFO] [stderr]    Compiling form_urlencoded v1.2.1
[INFO] [stderr]    Compiling deranged v0.3.11
[INFO] [stderr]    Compiling ryu v1.0.18
[INFO] [stderr]    Compiling tower-service v0.3.3
[INFO] [stderr]    Compiling num-conv v0.1.0
[INFO] [stderr]    Compiling openssl-probe v0.1.5
[INFO] [stderr]    Compiling tower-layer v0.3.3
[INFO] [stderr]    Compiling smallvec v1.13.2
[INFO] [stderr]    Compiling time-core v0.1.2
[INFO] [stderr]    Compiling utf8parse v0.2.2
[INFO] [stderr]    Compiling colorchoice v1.0.2
[INFO] [stderr]    Compiling anstyle-query v1.1.1
[INFO] [stderr]    Compiling psl-types v2.0.11
[INFO] [stderr]    Compiling anstyle-parse v0.2.5
[INFO] [stderr]    Compiling tracing v0.1.40
[INFO] [stderr]    Compiling anstyle v1.0.8
[INFO] [stderr]    Compiling is_terminal_polyfill v1.70.1
[INFO] [stderr]    Compiling unicase v2.7.0
[INFO] [stderr]    Compiling strsim v0.11.1
[INFO] [stderr]    Compiling rustls-pki-types v1.8.0
[INFO] [stderr]    Compiling clap_lex v0.7.2
[INFO] [stderr]    Compiling mime v0.3.17
[INFO] [stderr]    Compiling futures-util v0.3.30
[INFO] [stderr]    Compiling anstream v0.6.15
[INFO] [stderr]    Compiling base64 v0.22.1
[INFO] [stderr]    Compiling http v1.1.0
[INFO] [stderr]    Compiling mime_guess v2.0.5
[INFO] [stderr]    Compiling indexmap v2.5.0
[INFO] [stderr]    Compiling socket2 v0.5.7
[INFO] [stderr]    Compiling mio v1.0.2
[INFO] [stderr]    Compiling openssl-sys v0.9.103
[INFO] [stderr]    Compiling sync_wrapper v1.0.1
[INFO] [stderr]    Compiling encoding_rs v0.8.34
[INFO] [stderr]    Compiling unicode-normalization v0.1.23
[INFO] [stderr]    Compiling clap_builder v4.5.17
[INFO] [stderr]    Compiling rustls-pemfile v2.1.3
[INFO] [stderr]    Compiling ipnet v2.10.0
[INFO] [stdout] warning: unused imports: `Arg` and `Command`
[INFO] [stdout]  --> src/main.rs:1:12
[INFO] [stdout]   |
[INFO] [stdout] 1 | use clap::{Arg, Command};
[INFO] [stdout]   |            ^^^  ^^^^^^^
[INFO] [stdout]   |
[INFO] [stdout]   = note: `#[warn(unused_imports)]` (part of `#[warn(unused)]`) on by default
[INFO] [stdout] 
[INFO] [stdout] 
[INFO] [stdout] warning: unused imports: `Client`, `RequestBuilder`, and `Response`
[INFO] [stdout]  --> src/main.rs:2:25
[INFO] [stdout]   |
[INFO] [stdout] 2 | use reqwest::blocking::{Client, RequestBuilder, Response};
[INFO] [stdout]   |                         ^^^^^^  ^^^^^^^^^^^^^^  ^^^^^^^^
[INFO] [stdout] 
[INFO] [stdout] 
[INFO] [stderr]    Compiling tokio v1.40.0
[INFO] [stderr]    Compiling idna v0.5.0
[INFO] [stderr]    Compiling idna v0.3.0
[INFO] [stderr]    Compiling time v0.3.36
[INFO] [stderr]    Compiling http-body v1.0.1
[INFO] [stderr]    Compiling url v2.5.2
[INFO] [stderr]    Compiling publicsuffix v2.2.3
[INFO] [stderr]    Compiling openssl v0.10.66
[INFO] [stderr]    Compiling cookie v0.18.1
[INFO] [stderr]    Compiling http-body-util v0.1.2
[INFO] [stderr]    Compiling serde_json v1.0.128
[INFO] [stderr]    Compiling serde_urlencoded v0.7.1
[INFO] [stderr]    Compiling clap v4.5.17
[INFO] [stderr]    Compiling cookie_store v0.21.0
[INFO] [stderr]    Compiling native-tls v0.2.12
[INFO] [stderr]    Compiling tokio-util v0.7.12
[INFO] [stderr]    Compiling tower v0.4.13
[INFO] [stderr]    Compiling tokio-native-tls v0.3.1
[INFO] [stderr]    Compiling h2 v0.4.6
[INFO] [stderr]    Compiling hyper v1.4.1
[INFO] [stderr]    Compiling hyper-util v0.1.8
[INFO] [stderr]    Compiling hyper-tls v0.6.0
[INFO] [stderr]    Compiling reqwest v0.12.7
[INFO] [stderr]    Compiling curlux v0.4.3 (/opt/rustwide/workdir)
[INFO] [stdout] warning: function `test_timeout` is never used
[INFO] [stdout]   --> tests/integration_test.rs:99:4
[INFO] [stdout]    |
[INFO] [stdout] 99 | fn test_timeout() {
[INFO] [stdout]    |    ^^^^^^^^^^^^
[INFO] [stdout]    |
[INFO] [stdout]    = note: `#[warn(dead_code)]` (part of `#[warn(unused)]`) on by default
[INFO] [stdout] 
[INFO] [stdout] 
[INFO] [stdout] warning: function `test_retry_mechanism` is never used
[INFO] [stdout]    --> tests/integration_test.rs:113:4
[INFO] [stdout]     |
[INFO] [stdout] 113 | fn test_retry_mechanism() {
[INFO] [stdout]     |    ^^^^^^^^^^^^^^^^^^^^
[INFO] [stdout] 
[INFO] [stdout] 
[INFO] [stdout] warning: unused imports: `Arg` and `Command`
[INFO] [stdout]  --> src/main.rs:1:12
[INFO] [stdout]   |
[INFO] [stdout] 1 | use clap::{Arg, Command};
[INFO] [stdout]   |            ^^^  ^^^^^^^
[INFO] [stdout]   |
[INFO] [stdout]   = note: `#[warn(unused_imports)]` (part of `#[warn(unused)]`) on by default
[INFO] [stdout] 
[INFO] [stdout] 
[INFO] [stdout] warning: unused imports: `Client`, `RequestBuilder`, and `Response`
[INFO] [stdout]  --> src/main.rs:2:25
[INFO] [stdout]   |
[INFO] [stdout] 2 | use reqwest::blocking::{Client, RequestBuilder, Response};
[INFO] [stdout]   |                         ^^^^^^  ^^^^^^^^^^^^^^  ^^^^^^^^
[INFO] [stdout] 
[INFO] [stdout] 
[INFO] [stderr]     Finished `release` profile [optimized] target(s) in 47.78s
[INFO] running `Command { std: "docker" "inspect" "2c88443c1fb6725472721c4343a426fc34160a8c6ef5f533833185b3a2154b32", kill_on_drop: false }`
[INFO] running `Command { std: "docker" "exec" "-e" "SOURCE_DIR=/opt/rustwide/workdir" "-e" "CARGO_HOME=/opt/rustwide/cargo-home" "-e" "RUSTUP_HOME=/opt/rustwide/rustup-home" "-e" "CARGO_TARGET_DIR=/opt/rustwide/target" "-e" "CARGO_INCREMENTAL=0" "-e" "RUST_BACKTRACE=full" "-e" "RUSTFLAGS=--cap-lints=warn" "-e" "RUSTDOCFLAGS=--cap-lints=warn" "-w" "/opt/rustwide/workdir" "--user" "0:0" "2c88443c1fb6725472721c4343a426fc34160a8c6ef5f533833185b3a2154b32" "/opt/rustwide/cargo-home/bin/cargo" "+1.99.0-beta.8" "test" "--frozen" "--release", kill_on_drop: false }`
[INFO] [stderr] warning: function `test_timeout` is never used
[INFO] [stderr]   --> tests/integration_test.rs:99:4
[INFO] [stderr]    |
[INFO] [stderr] 99 | fn test_timeout() {
[INFO] [stderr]    |    ^^^^^^^^^^^^
[INFO] [stderr]    |
[INFO] [stderr]    = note: `#[warn(dead_code)]` (part of `#[warn(unused)]`) on by default
[INFO] [stderr] 
[INFO] [stderr] warning: function `test_retry_mechanism` is never used
[INFO] [stderr]    --> tests/integration_test.rs:113:4
[INFO] [stderr]     |
[INFO] [stderr] 113 | fn test_retry_mechanism() {
[INFO] [stderr]     |    ^^^^^^^^^^^^^^^^^^^^
[INFO] [stderr] 
[INFO] [stderr] warning: unused imports: `Arg` and `Command`
[INFO] [stderr]  --> src/main.rs:1:12
[INFO] [stderr]   |
[INFO] [stderr] 1 | use clap::{Arg, Command};
[INFO] [stderr]   |            ^^^  ^^^^^^^
[INFO] [stderr]   |
[INFO] [stderr]   = note: `#[warn(unused_imports)]` (part of `#[warn(unused)]`) on by default
[INFO] [stderr] 
[INFO] [stderr] warning: unused imports: `Client`, `RequestBuilder`, and `Response`
[INFO] [stderr]  --> src/main.rs:2:25
[INFO] [stderr]   |
[INFO] [stderr] 2 | use reqwest::blocking::{Client, RequestBuilder, Response};
[INFO] [stderr]   |                         ^^^^^^  ^^^^^^^^^^^^^^  ^^^^^^^^
[INFO] [stderr] 
[INFO] [stderr] warning: `curlux` (test "integration_test") generated 2 warnings
[INFO] [stderr] warning: `curlux` (bin "curlux" test) generated 2 warnings (run `cargo fix --bin "curlux" -p curlux --tests` to apply 2 suggestions)
[INFO] [stderr] warning: `curlux` (bin "curlux") generated 2 warnings (2 duplicates)
[INFO] [stderr]     Finished `release` profile [optimized] target(s) in 0.22s
[INFO] [stderr]      Running unittests src/main.rs (/opt/rustwide/target/release/deps/curlux-ed0ce9a87c26b15b)
[INFO] [stdout] 
[INFO] [stdout] running 0 tests
[INFO] [stdout] 
[INFO] [stdout] test result: ok. 0 passed; 0 failed; 0 ignored; 0 measured; 0 filtered out; finished in 0.00s
[INFO] [stdout] 
[INFO] [stdout] 
[INFO] [stdout] running 9 tests
[INFO] [stderr]      Running tests/integration_test.rs (/opt/rustwide/target/release/deps/integration_test-74f7c778e57a046e)
[INFO] [stdout] test test_basic_auth ... FAILED
[INFO] [stdout] test test_verbose_mode ... FAILED
[INFO] [stdout] test test_custom_headers ... FAILED
[INFO] [stdout] test test_follow_redirects ... FAILED
[INFO] [stdout] test test_file_download ... FAILED
[INFO] [stdout] test test_form_data ... FAILED
[INFO] [stdout] test test_store_response ... FAILED
[INFO] [stdout] test test_basic_get_request ... FAILED
[INFO] [stdout] test test_post_request_with_data ... FAILED
[INFO] [stdout] 
[INFO] [stdout] failures:
[INFO] [stdout] 
[INFO] [stdout] ---- test_basic_auth stdout ----
[INFO] [stdout] 
[INFO] [stdout] thread 'test_basic_auth' (2138) panicked at tests/integration_test.rs:80:5:
[INFO] [stdout] assertion failed: stdout.contains("authenticated")
[INFO] [stdout] stack backtrace:
[INFO] [stdout]    0:     0x5fae0d493b17 - <unknown>
[INFO] [stdout]    1:     0x5fae0d47de04 - <unknown>
[INFO] [stdout]    2:     0x5fae0d4930db - <unknown>
[INFO] [stdout]    3:     0x5fae0d492cd9 - <unknown>
[INFO] [stdout]    4:     0x5fae0d49295a - <unknown>
[INFO] [stdout]    5:     0x5fae0d492493 - <unknown>
[INFO] [stdout]    6:     0x5fae0d4b8612 - <unknown>
[INFO] [stdout]    7:     0x5fae0d4b8599 - <unknown>
[INFO] [stdout]    8:     0x5fae0d4b8a9c - <unknown>
[INFO] [stdout]    9:     0x5fae0d47dc9b - <unknown>
[INFO] [stdout]   10:     0x5fae0d47f6d1 - <unknown>
[INFO] [stdout]   11:     0x5fae0d47b5dc - <unknown>
[INFO] [stdout]   12:     0x5fae0d4cec5b - <unknown>
[INFO] [stdout]   13:     0x5fae0d4cb162 - <unknown>
[INFO] [stdout]   14:     0x5fae0d4ca98c - <unknown>
[INFO] [stdout]   15:     0x5fae0d4e55ec - <unknown>
[INFO] [stdout]   16:     0x5fae0d4b9d9a - <unknown>
[INFO] [stdout]   17:     0x721a236a8dfa - <unknown>
[INFO] [stdout]   18:     0x721a2373c3d4 - clone
[INFO] [stdout]   19:                0x0 - <unknown>
[INFO] [stdout] 
[INFO] [stdout] ---- test_verbose_mode stdout ----
[INFO] [stdout] 
[INFO] [stdout] thread 'test_verbose_mode' (2146) panicked at tests/integration_test.rs:94:5:
[INFO] [stdout] assertion failed: stdout.contains("Status Code")
[INFO] [stdout] stack backtrace:
[INFO] [stdout]    0:     0x5fae0d493b17 - <unknown>
[INFO] [stdout]    1:     0x5fae0d47de04 - <unknown>
[INFO] [stdout]    2:     0x5fae0d4930db - <unknown>
[INFO] [stdout]    3:     0x5fae0d492cd9 - <unknown>
[INFO] [stdout]    4:     0x5fae0d49295a - <unknown>
[INFO] [stdout]    5:     0x5fae0d492493 - <unknown>
[INFO] [stdout]    6:     0x5fae0d4b8612 - <unknown>
[INFO] [stdout]    7:     0x5fae0d4b8599 - <unknown>
[INFO] [stdout]    8:     0x5fae0d4b8a9c - <unknown>
[INFO] [stdout]    9:     0x5fae0d47dc9b - <unknown>
[INFO] [stdout]   10:     0x5fae0d47f6d1 - <unknown>
[INFO] [stdout]   11:     0x5fae0d47b76f - <unknown>
[INFO] [stdout]   12:     0x5fae0d4cec5b - <unknown>
[INFO] [stdout]   13:     0x5fae0d4cb162 - <unknown>
[INFO] [stdout]   14:     0x5fae0d4ca98c - <unknown>
[INFO] [stdout]   15:     0x5fae0d4e55ec - <unknown>
[INFO] [stdout]   16:     0x5fae0d4b9d9a - <unknown>
[INFO] [stdout]   17:     0x721a236a8dfa - <unknown>
[INFO] [stdout]   18:     0x721a2373c3d4 - clone
[INFO] [stdout]   19:                0x0 - <unknown>
[INFO] [stdout] 
[INFO] [stdout] ---- test_custom_headers stdout ----
[INFO] [stdout] 
[INFO] [stdout] thread 'test_custom_headers' (2140) panicked at tests/integration_test.rs:47:5:
[INFO] [stdout] assertion failed: stdout.contains("X-Test-Header")
[INFO] [stdout] stack backtrace:
[INFO] [stdout]    0:     0x5fae0d493b17 - <unknown>
[INFO] [stdout]    1:     0x5fae0d47de04 - <unknown>
[INFO] [stdout]    2:     0x5fae0d4930db - <unknown>
[INFO] [stdout]    3:     0x5fae0d492cd9 - <unknown>
[INFO] [stdout]    4:     0x5fae0d49295a - <unknown>
[INFO] [stdout]    5:     0x5fae0d492493 - <unknown>
[INFO] [stdout]    6:     0x5fae0d4b8612 - <unknown>
[INFO] [stdout]    7:     0x5fae0d4b8599 - <unknown>
[INFO] [stdout]    8:     0x5fae0d4b8a9c - <unknown>
[INFO] [stdout]    9:     0x5fae0d47dc9b - <unknown>
[INFO] [stdout]   10:     0x5fae0d47f6d1 - <unknown>
[INFO] [stdout]   11:     0x5fae0d47ba6a - <unknown>
[INFO] [stdout]   12:     0x5fae0d4cec5b - <unknown>
[INFO] [stdout]   13:     0x5fae0d4cb162 - <unknown>
[INFO] [stdout]   14:     0x5fae0d4ca98c - <unknown>
[INFO] [stdout]   15:     0x5fae0d4e55ec - <unknown>
[INFO] [stdout]   16:     0x5fae0d4b9d9a - <unknown>
[INFO] [stdout]   17:     0x721a236a8dfa - <unknown>
[INFO] [stdout]   18:     0x721a2373c3d4 - clone
[INFO] [stdout]   19:                0x0 - <unknown>
[INFO] [stdout] 
[INFO] [stdout] ---- test_follow_redirects stdout ----
[INFO] [stdout] 
[INFO] [stdout] thread 'test_follow_redirects' (2142) panicked at tests/integration_test.rs:158:5:
[INFO] [stdout] assertion failed: stdout.contains("httpbin.org")
[INFO] [stdout] stack backtrace:
[INFO] [stdout]    0:     0x5fae0d493b17 - <unknown>
[INFO] [stdout]    1:     0x5fae0d47de04 - <unknown>
[INFO] [stdout]    2:     0x5fae0d4930db - <unknown>
[INFO] [stdout]    3:     0x5fae0d492cd9 - <unknown>
[INFO] [stdout]    4:     0x5fae0d49295a - <unknown>
[INFO] [stdout]    5:     0x5fae0d492493 - <unknown>
[INFO] [stdout]    6:     0x5fae0d4b8612 - <unknown>
[INFO] [stdout]    7:     0x5fae0d4b8599 - <unknown>
[INFO] [stdout]    8:     0x5fae0d4b8a9c - <unknown>
[INFO] [stdout]    9:     0x5fae0d47dc9b - <unknown>
[INFO] [stdout]   10:     0x5fae0d47f6d1 - <unknown>
[INFO] [stdout]   11:     0x5fae0d47c439 - <unknown>
[INFO] [stdout]   12:     0x5fae0d4cec5b - <unknown>
[INFO] [stdout]   13:     0x5fae0d4cb162 - <unknown>
[INFO] [stdout]   14:     0x5fae0d4ca98c - <unknown>
[INFO] [stdout]   15:     0x5fae0d4e55ec - <unknown>
[INFO] [stdout]   16:     0x5fae0d4b9d9a - <unknown>
[INFO] [stdout]   17:     0x721a236a8dfa - <unknown>
[INFO] [stdout]   18:     0x721a2373c3d4 - clone
[INFO] [stdout]   19:                0x0 - <unknown>
[INFO] [stdout] 
[INFO] [stdout] ---- test_file_download stdout ----
[INFO] [stdout] 
[INFO] [stdout] thread 'test_file_download' (2141) panicked at tests/integration_test.rs:63:5:
[INFO] [stdout] assertion failed: Path::new(test_file).exists()
[INFO] [stdout] stack backtrace:
[INFO] [stdout]    0:     0x5fae0d493b17 - <unknown>
[INFO] [stdout]    1:     0x5fae0d47de04 - <unknown>
[INFO] [stdout]    2:     0x5fae0d4930db - <unknown>
[INFO] [stdout]    3:     0x5fae0d492cd9 - <unknown>
[INFO] [stdout]    4:     0x5fae0d49295a - <unknown>
[INFO] [stdout]    5:     0x5fae0d492493 - <unknown>
[INFO] [stdout]    6:     0x5fae0d4b8612 - <unknown>
[INFO] [stdout]    7:     0x5fae0d4b8599 - <unknown>
[INFO] [stdout]    8:     0x5fae0d4b8a9c - <unknown>
[INFO] [stdout]    9:     0x5fae0d47dc9b - <unknown>
[INFO] [stdout]   10:     0x5fae0d47f6d1 - <unknown>
[INFO] [stdout]   11:     0x5fae0d47b8ae - <unknown>
[INFO] [stdout]   12:     0x5fae0d4cec5b - <unknown>
[INFO] [stdout]   13:     0x5fae0d4cb162 - <unknown>
[INFO] [stdout]   14:     0x5fae0d4ca98c - <unknown>
[INFO] [stdout]   15:     0x5fae0d4e55ec - <unknown>
[INFO] [stdout]   16:     0x5fae0d4b9d9a - <unknown>
[INFO] [stdout]   17:     0x721a236a8dfa - <unknown>
[INFO] [stdout]   18:     0x721a2373c3d4 - clone
[INFO] [stdout]   19:                0x0 - <unknown>
[INFO] [stdout] 
[INFO] [stdout] ---- test_form_data stdout ----
[INFO] [stdout] 
[INFO] [stdout] thread 'test_form_data' (2143) panicked at tests/integration_test.rs:140:5:
[INFO] [stdout] assertion failed: stdout.contains("form")
[INFO] [stdout] stack backtrace:
[INFO] [stdout]    0:     0x5fae0d493b17 - <unknown>
[INFO] [stdout]    1:     0x5fae0d47de04 - <unknown>
[INFO] [stdout]    2:     0x5fae0d4930db - <unknown>
[INFO] [stdout]    3:     0x5fae0d492cd9 - <unknown>
[INFO] [stdout]    4:     0x5fae0d49295a - <unknown>
[INFO] [stdout]    5:     0x5fae0d492493 - <unknown>
[INFO] [stdout]    6:     0x5fae0d4b8612 - <unknown>
[INFO] [stdout]    7:     0x5fae0d4b8599 - <unknown>
[INFO] [stdout]    8:     0x5fae0d4b8a9c - <unknown>
[INFO] [stdout]    9:     0x5fae0d47dc9b - <unknown>
[INFO] [stdout]   10:     0x5fae0d47f6d1 - <unknown>
[INFO] [stdout]   11:     0x5fae0d47b47e - <unknown>
[INFO] [stdout]   12:     0x5fae0d4cec5b - <unknown>
[INFO] [stdout]   13:     0x5fae0d4cb162 - <unknown>
[INFO] [stdout]   14:     0x5fae0d4ca98c - <unknown>
[INFO] [stdout]   15:     0x5fae0d4e55ec - <unknown>
[INFO] [stdout]   16:     0x5fae0d4b9d9a - <unknown>
[INFO] [stdout]   17:     0x721a236a8dfa - <unknown>
[INFO] [stdout]   18:     0x721a2373c3d4 - clone
[INFO] [stdout]   19:                0x0 - <unknown>
[INFO] [stdout] 
[INFO] [stdout] ---- test_store_response stdout ----
[INFO] [stdout] 
[INFO] [stdout] thread 'test_store_response' (2145) panicked at tests/integration_test.rs:173:5:
[INFO] [stdout] assertion failed: Path::new(test_file).exists()
[INFO] [stdout] stack backtrace:
[INFO] [stdout]    0:     0x5fae0d493b17 - <unknown>
[INFO] [stdout]    1:     0x5fae0d47de04 - <unknown>
[INFO] [stdout]    2:     0x5fae0d4930db - <unknown>
[INFO] [stdout]    3:     0x5fae0d492cd9 - <unknown>
[INFO] [stdout]    4:     0x5fae0d49295a - <unknown>
[INFO] [stdout]    5:     0x5fae0d492493 - <unknown>
[INFO] [stdout]    6:     0x5fae0d4b8612 - <unknown>
[INFO] [stdout]    7:     0x5fae0d4b8599 - <unknown>
[INFO] [stdout]    8:     0x5fae0d4b8a9c - <unknown>
[INFO] [stdout]    9:     0x5fae0d47dc9b - <unknown>
[INFO] [stdout]   10:     0x5fae0d47f6d1 - <unknown>
[INFO] [stdout]   11:     0x5fae0d47c20c - <unknown>
[INFO] [stdout]   12:     0x5fae0d4cec5b - <unknown>
[INFO] [stdout]   13:     0x5fae0d4cb162 - <unknown>
[INFO] [stdout]   14:     0x5fae0d4ca98c - <unknown>
[INFO] [stdout]   15:     0x5fae0d4e55ec - <unknown>
[INFO] [stdout]   16:     0x5fae0d4b9d9a - <unknown>
[INFO] [stdout]   17:     0x721a236a8dfa - <unknown>
[INFO] [stdout]   18:     0x721a2373c3d4 - clone
[INFO] [stdout]   19:                0x0 - <unknown>
[INFO] [stdout] 
[INFO] [stdout] ---- test_basic_get_request stdout ----
[INFO] [stdout] 
[INFO] [stdout] thread 'test_basic_get_request' (2139) panicked at tests/integration_test.rs:16:5:
[INFO] [stdout] assertion failed: stdout.contains("httpbin.org")
[INFO] [stdout] stack backtrace:
[INFO] [stdout]    0:     0x5fae0d493b17 - <unknown>
[INFO] [stdout]    1:     0x5fae0d47de04 - <unknown>
[INFO] [stdout]    2:     0x5fae0d4930db - <unknown>
[INFO] [stdout]    3:     0x5fae0d492cd9 - <unknown>
[INFO] [stdout]    4:     0x5fae0d49295a - <unknown>
[INFO] [stdout]    5:     0x5fae0d492493 - <unknown>
[INFO] [stdout]    6:     0x5fae0d4b8612 - <unknown>
[INFO] [stdout]    7:     0x5fae0d4b8599 - <unknown>
[INFO] [stdout]    8:     0x5fae0d4b8a9c - <unknown>
[INFO] [stdout]    9:     0x5fae0d47dc9b - <unknown>
[INFO] [stdout]   10:     0x5fae0d47f6d1 - <unknown>
[INFO] [stdout]   11:     0x5fae0d47c56d - <unknown>
[INFO] [stdout]   12:     0x5fae0d4cec5b - <unknown>
[INFO] [stdout]   13:     0x5fae0d4cb162 - <unknown>
[INFO] [stdout]   14:     0x5fae0d4ca98c - <unknown>
[INFO] [stdout]   15:     0x5fae0d4e55ec - <unknown>
[INFO] [stdout]   16:     0x5fae0d4b9d9a - <unknown>
[INFO] [stdout]   17:     0x721a236a8dfa - <unknown>
[INFO] [stdout]   18:     0x721a2373c3d4 - clone
[INFO] [stdout]   19:                0x0 - <unknown>
[INFO] [stdout] 
[INFO] [stdout] ---- test_post_request_with_data stdout ----
[INFO] [stdout] 
[INFO] [stdout] thread 'test_post_request_with_data' (2144) panicked at tests/integration_test.rs:32:5:
[INFO] [stdout] assertion failed: stdout.contains("key")
[INFO] [stdout] stack backtrace:
[INFO] [stdout]    0:     0x5fae0d493b17 - <unknown>
[INFO] [stdout]    1:     0x5fae0d47de04 - <unknown>
[INFO] [stdout]    2:     0x5fae0d4930db - <unknown>
[INFO] [stdout]    3:     0x5fae0d492cd9 - <unknown>
[INFO] [stdout]    4:     0x5fae0d49295a - <unknown>
[INFO] [stdout]    5:     0x5fae0d492493 - <unknown>
[INFO] [stdout]    6:     0x5fae0d4b8612 - <unknown>
[INFO] [stdout]    7:     0x5fae0d4b8599 - <unknown>
[INFO] [stdout]    8:     0x5fae0d4b8a9c - <unknown>
[INFO] [stdout]    9:     0x5fae0d47dc9b - <unknown>
[INFO] [stdout]   10:     0x5fae0d47f6d1 - <unknown>
[INFO] [stdout]   11:     0x5fae0d47c728 - <unknown>
[INFO] [stdout]   12:     0x5fae0d4cec5b - <unknown>
[INFO] [stdout]   13:     0x5fae0d4cb162 - <unknown>
[INFO] [stdout]   14:     0x5fae0d4ca98c - <unknown>
[INFO] [stdout]   15:     0x5fae0d4e55ec - <unknown>
[INFO] [stdout]   16:     0x5fae0d4b9d9a - <unknown>
[INFO] [stdout]   17:     0x721a236a8dfa - <unknown>
[INFO] [stdout]   18:     0x721a2373c3d4 - clone
[INFO] [stdout]   19:                0x0 - <unknown>
[INFO] [stdout] 
[INFO] [stdout] 
[INFO] [stdout] failures:
[INFO] [stdout]     test_basic_auth
[INFO] [stdout]     test_basic_get_request
[INFO] [stdout]     test_custom_headers
[INFO] [stdout]     test_file_download
[INFO] [stdout]     test_follow_redirects
[INFO] [stdout]     test_form_data
[INFO] [stdout]     test_post_request_with_data
[INFO] [stdout]     test_store_response
[INFO] [stdout]     test_verbose_mode
[INFO] [stdout] 
[INFO] [stdout] test result: FAILED. 0 passed; 9 failed; 0 ignored; 0 measured; 0 filtered out; finished in 0.18s
[INFO] [stdout] 
[INFO] [stderr] error: test failed, to rerun pass `--test integration_test`
[INFO] running `Command { std: "docker" "inspect" "2c88443c1fb6725472721c4343a426fc34160a8c6ef5f533833185b3a2154b32", kill_on_drop: false }`
[INFO] running `Command { std: "docker" "rm" "-f" "2c88443c1fb6725472721c4343a426fc34160a8c6ef5f533833185b3a2154b32", kill_on_drop: false }`
[INFO] [stdout] 2c88443c1fb6725472721c4343a426fc34160a8c6ef5f533833185b3a2154b32
